[INFO] fetching crate vertex_enumeration 0.1.3...
[INFO] testing vertex_enumeration-0.1.3 against 1.100.0-beta.1+cargoflags=--release for beta-release-1.100-2
[INFO] extracting crate vertex_enumeration 0.1.3 into /workspace/builds/worker-5-tc2/source
[INFO] started tweaking crates.io crate vertex_enumeration 0.1.3
[INFO] finished tweaking crates.io crate vertex_enumeration 0.1.3
[INFO] tweaked toml for crates.io crate vertex_enumeration 0.1.3 written to /workspace/builds/worker-5-tc2/source/Cargo.toml
[INFO] validating manifest of crates.io crate vertex_enumeration 0.1.3 on toolchain 1.100.0-beta.1
[INFO] running `Command { std: CARGO_HOME="/workspace/cargo-home" RUSTUP_HOME="/workspace/rustup-home" "/workspace/cargo-home/bin/cargo" "+1.100.0-beta.1" "metadata" "--manifest-path" "Cargo.toml" "--no-deps", kill_on_drop: false }`
[INFO] crate crates.io crate vertex_enumeration 0.1.3 already has a lockfile, it will not be regenerated
[INFO] running `Command { std: CARGO_HOME="/workspace/cargo-home" RUSTUP_HOME="/workspace/rustup-home" "/workspace/cargo-home/bin/cargo" "+1.100.0-beta.1" "fetch" "--manifest-path" "Cargo.toml", kill_on_drop: false }`
[INFO] running `Command { std: "docker" "create" "-v" "/var/lib/crater-agent-workspace/builds/worker-5-tc2/source:/opt/rustwide/workdir:ro,Z" "-v" "/var/lib/crater-agent-workspace/builds/worker-5-tc2/target:/opt/rustwide/target:rw,Z" "-v" "/var/lib/crater-agent-workspace/cargo-home:/opt/rustwide/cargo-home:ro,Z" "-v" "/var/lib/crater-agent-workspace/rustup-home:/opt/rustwide/rustup-home:ro,Z" "-m" "1610612736" "--network" "none" "ghcr.io/rust-lang/crates-build-env/linux@sha256:77db811e55d90add9212f6832c23229e3de5f1c1f9905e8cb07319ea15df73ac" "sleep" "infinity", kill_on_drop: false }`
[INFO] [stdout] 85a435be829d49f7ae6b52310cfc6f45d2776e55fa5c5c02c936d24a1f1af854
[INFO] running `Command { std: "docker" "start" "85a435be829d49f7ae6b52310cfc6f45d2776e55fa5c5c02c936d24a1f1af854", kill_on_drop: false }`
[INFO] running `Command { std: "docker" "inspect" "85a435be829d49f7ae6b52310cfc6f45d2776e55fa5c5c02c936d24a1f1af854", kill_on_drop: false }`
[INFO] running `Command { std: "docker" "exec" "-e" "SOURCE_DIR=/opt/rustwide/workdir" "-e" "CARGO_HOME=/opt/rustwide/cargo-home" "-e" "RUSTUP_HOME=/opt/rustwide/rustup-home" "-e" "CARGO_TARGET_DIR=/opt/rustwide/target" "-w" "/opt/rustwide/workdir" "--user" "0:0" "85a435be829d49f7ae6b52310cfc6f45d2776e55fa5c5c02c936d24a1f1af854" "/opt/rustwide/cargo-home/bin/cargo" "+1.100.0-beta.1" "metadata" "--no-deps" "--format-version=1", kill_on_drop: false }`
[INFO] running `Command { std: "docker" "inspect" "85a435be829d49f7ae6b52310cfc6f45d2776e55fa5c5c02c936d24a1f1af854", kill_on_drop: false }`
[INFO] running `Command { std: "docker" "exec" "-e" "SOURCE_DIR=/opt/rustwide/workdir" "-e" "CARGO_HOME=/opt/rustwide/cargo-home" "-e" "RUSTUP_HOME=/opt/rustwide/rustup-home" "-e" "CARGO_TARGET_DIR=/opt/rustwide/target" "-e" "CARGO_INCREMENTAL=0" "-e" "RUST_BACKTRACE=full" "-e" "RUSTFLAGS=--cap-lints=warn" "-e" "RUSTDOCFLAGS=--cap-lints=warn" "-w" "/opt/rustwide/workdir" "--user" "0:0" "85a435be829d49f7ae6b52310cfc6f45d2776e55fa5c5c02c936d24a1f1af854" "/opt/rustwide/cargo-home/bin/cargo" "+1.100.0-beta.1" "build" "--frozen" "--message-format=json" "--release", kill_on_drop: false }`
[INFO] [stderr]    Compiling num-traits v0.2.19
[INFO] [stderr]    Compiling bytemuck v1.25.2
[INFO] [stderr]    Compiling matrixmultiply v0.3.11
[INFO] [stderr]    Compiling syn v2.0.119
[INFO] [stderr]    Compiling safe_arch v0.7.4
[INFO] [stderr]    Compiling wide v0.7.33
[INFO] [stderr]    Compiling num-integer v0.1.47
[INFO] [stderr]    Compiling num-complex v0.4.6
[INFO] [stderr]    Compiling approx v0.5.1
[INFO] [stderr]    Compiling num-bigint v0.4.8
[INFO] [stderr]    Compiling num-iter v0.1.46
[INFO] [stderr]    Compiling misc_iterators v0.3.3
[INFO] [stderr]    Compiling simba v0.9.1
[INFO] [stderr]    Compiling nalgebra-macros v0.3.0
[INFO] [stderr]    Compiling num-rational v0.4.2
[INFO] [stderr]    Compiling num v0.4.3
[INFO] [stderr]    Compiling linear_isomorphic v0.4.0
[INFO] [stderr]    Compiling pga v0.1.0
[INFO] [stderr]    Compiling euclidean v0.2.0
[INFO] [stderr]    Compiling nalgebra v0.34.2
[INFO] [stderr]    Compiling vertex_enumeration v0.1.3 (/opt/rustwide/workdir)
[INFO] [stderr]     Finished `release` profile [optimized] target(s) in 23.44s
[INFO] running `Command { std: "docker" "inspect" "85a435be829d49f7ae6b52310cfc6f45d2776e55fa5c5c02c936d24a1f1af854", kill_on_drop: false }`
[INFO] running `Command { std: "docker" "exec" "-e" "SOURCE_DIR=/opt/rustwide/workdir" "-e" "CARGO_HOME=/opt/rustwide/cargo-home" "-e" "RUSTUP_HOME=/opt/rustwide/rustup-home" "-e" "CARGO_TARGET_DIR=/opt/rustwide/target" "-e" "CARGO_INCREMENTAL=0" "-e" "RUST_BACKTRACE=full" "-e" "RUSTFLAGS=--cap-lints=warn" "-e" "RUSTDOCFLAGS=--cap-lints=warn" "-w" "/opt/rustwide/workdir" "--user" "0:0" "85a435be829d49f7ae6b52310cfc6f45d2776e55fa5c5c02c936d24a1f1af854" "/opt/rustwide/cargo-home/bin/cargo" "+1.100.0-beta.1" "test" "--frozen" "--no-run" "--message-format=json" "--release", kill_on_drop: false }`
[INFO] [stderr]    Compiling num-traits v0.2.19
[INFO] [stderr]    Compiling zerocopy v0.8.56
[INFO] [stderr]    Compiling crossbeam-deque v0.8.7
[INFO] [stderr]    Compiling serde v1.0.229
[INFO] [stderr]    Compiling serde_json v1.0.151
[INFO] [stderr]    Compiling itertools v0.13.0
[INFO] [stderr]    Compiling crossbeam-epoch v0.9.20
[INFO] [stderr]    Compiling syn v3.0.4
[INFO] [stderr]    Compiling indexmap v2.14.0
[INFO] [stderr]    Compiling clap_builder v4.6.6
[INFO] [stderr]    Compiling regex-automata v0.4.18
[INFO] [stderr]    Compiling itertools v0.10.5
[INFO] [stderr]    Compiling zerocopy-derive v0.8.56
[INFO] [stderr]    Compiling nalgebra-macros v0.2.2
[INFO] [stderr]    Compiling is-terminal v0.4.17
[INFO] [stderr]    Compiling itertools v0.14.0
[INFO] [stderr]    Compiling rayon-core v1.13.0
[INFO] [stderr]    Compiling num-integer v0.1.47
[INFO] [stderr]    Compiling num-complex v0.4.6
[INFO] [stderr]    Compiling approx v0.5.1
[INFO] [stderr]    Compiling plotters v0.3.7
[INFO] [stderr]    Compiling ordered-float v5.5.0
[INFO] [stderr]    Compiling rayon v1.12.0
[INFO] [stderr]    Compiling priority-queue v2.7.0
[INFO] [stderr]    Compiling num-bigint v0.4.8
[INFO] [stderr]    Compiling num-iter v0.1.46
[INFO] [stderr]    Compiling simba v0.9.1
[INFO] [stderr]    Compiling misc_iterators v0.3.3
[INFO] [stderr]    Compiling criterion-plot v0.5.0
[INFO] [stderr]    Compiling regex v1.13.1
[INFO] [stderr]    Compiling clap v4.6.6
[INFO] [stderr]    Compiling serde_derive v1.0.229
[INFO] [stderr]    Compiling num-rational v0.4.2
[INFO] [stderr]    Compiling num v0.4.3
[INFO] [stderr]    Compiling linear_isomorphic v0.4.0
[INFO] [stderr]    Compiling linear_isomorphic v0.3.3
[INFO] [stderr]    Compiling euclidean v0.2.0
[INFO] [stderr]    Compiling pga v0.1.0
[INFO] [stderr]    Compiling tinytemplate v1.2.1
[INFO] [stderr]    Compiling nalgebra v0.34.2
[INFO] [stderr]    Compiling nalgebra v0.33.3
[INFO] [stderr]    Compiling half v2.7.1
[INFO] [stderr]    Compiling ciborium-ll v0.2.2
[INFO] [stderr]    Compiling ciborium v0.2.2
[INFO] [stderr]    Compiling criterion v0.5.1
[INFO] [stderr]    Compiling wavefront_loader v0.2.4
[INFO] [stderr]    Compiling vertex_enumeration v0.1.3 (/opt/rustwide/workdir)
[INFO] [stderr]    Compiling wavefront_loader v0.1.5
[INFO] [stderr]    Compiling polyhedron v0.1.3
[INFO] [stderr]     Finished `release` profile [optimized] target(s) in 59.26s
[INFO] running `Command { std: "docker" "inspect" "85a435be829d49f7ae6b52310cfc6f45d2776e55fa5c5c02c936d24a1f1af854", kill_on_drop: false }`
[INFO] running `Command { std: "docker" "exec" "-e" "SOURCE_DIR=/opt/rustwide/workdir" "-e" "CARGO_HOME=/opt/rustwide/cargo-home" "-e" "RUSTUP_HOME=/opt/rustwide/rustup-home" "-e" "CARGO_TARGET_DIR=/opt/rustwide/target" "-e" "CARGO_INCREMENTAL=0" "-e" "RUST_BACKTRACE=full" "-e" "RUSTFLAGS=--cap-lints=warn" "-e" "RUSTDOCFLAGS=--cap-lints=warn" "-w" "/opt/rustwide/workdir" "--user" "0:0" "85a435be829d49f7ae6b52310cfc6f45d2776e55fa5c5c02c936d24a1f1af854" "/opt/rustwide/cargo-home/bin/cargo" "+1.100.0-beta.1" "test" "--frozen" "--release", kill_on_drop: false }`
[INFO] [stderr]     Finished `release` profile [optimized] target(s) in 0.17s
[INFO] [stderr]      Running unittests src/lib.rs (/opt/rustwide/target/release/build/vertex_enumeration/786a58d07f0d64f4/out/vertex_enumeration-786a58d07f0d64f4)
[INFO] [stdout] 
[INFO] [stdout] running 8 tests
[INFO] [stdout] test test::test_aabb ... ok
[INFO] [stdout] test halfspace_enumeration::tests::test_vertex_enumeration_from_half_spaces_degenerate ... FAILED
[INFO] [stdout] test halfspace_enumeration::tests::test_vertex_enumeration_from_half_spaces_long ... FAILED
[INFO] [stdout] test test::test_icosahedron ... FAILED
[INFO] [stdout] test halfspace_enumeration::tests::test_vertex_enumeration_from_half_spaces ... FAILED
[INFO] [stdout] test halfspace_enumeration::tests::test_vertex_enumeration_from_half_spaces_edge_case ... FAILED
[INFO] [stdout] test test::test_cube ... FAILED
[INFO] [stdout] test test::test_200_face_polytope ... FAILED
[INFO] [stdout] 
[INFO] [stdout] failures:
[INFO] [stdout] 
[INFO] [stdout] ---- halfspace_enumeration::tests::test_vertex_enumeration_from_half_spaces_degenerate stdout ----
[INFO] [stdout] 
[INFO] [stdout] thread 'halfspace_enumeration::tests::test_vertex_enumeration_from_half_spaces_degenerate' (1380) panicked at /opt/rustwide/cargo-home/registry/src/index.crates.io-1949cf8c6b5b557f/wavefront_loader-0.2.4/src/lib.rs:184:79:
[INFO] [stdout] called `Result::unwrap()` on an `Err` value: Os { code: 30, kind: ReadOnlyFilesystem, message: "Read-only file system" }
[INFO] [stdout] stack backtrace:
[INFO] [stdout]    0:     0x63636f404831 - <<std[617be2ca0a6fd877]::sys::backtrace::BacktraceLock>::print::DisplayBacktrace as core[a373ad73a504971]::fmt::Display>::fmt
[INFO] [stdout]    1:     0x63636f41888a - core[a373ad73a504971]::fmt::write
[INFO] [stdout]    2:     0x63636f408a4c - <alloc[2e1b2a31b91974c5]::vec::Vec<u8> as core[a373ad73a504971]::io::write::Write>::write_fmt
[INFO] [stdout]    3:     0x63636f3e0466 - std[617be2ca0a6fd877]::panicking::default_hook::{closure#0}
[INFO] [stdout]    4:     0x63636f3fcec9 - std[617be2ca0a6fd877]::panicking::default_hook
[INFO] [stdout]    5:     0x63636f398b00 - test[aada8e7e76ba119b]::test_main_inner::{closure#0}
[INFO] [stdout]    6:     0x63636f3fd082 - std[617be2ca0a6fd877]::panicking::panic_with_hook
[INFO] [stdout]    7:     0x63636f3e0512 - std[617be2ca0a6fd877]::panicking::panic_handler::{closure#0}
[INFO] [stdout]    8:     0x63636f3d9109 - std[617be2ca0a6fd877]::sys::backtrace::__rust_end_short_backtrace::<std[617be2ca0a6fd877]::panicking::panic_handler::{closure#0}, !>
[INFO] [stdout]    9:     0x63636f3e111d - __rustc[ea4f61d10b84890b]::rust_begin_unwind
[INFO] [stdout]   10:     0x63636f418fbc - core[a373ad73a504971]::panicking::panic_fmt
[INFO] [stdout]   11:     0x63636f418d92 - core[a373ad73a504971]::result::unwrap_failed
[INFO] [stdout]   12:     0x63636f37c395 - <wavefront_loader[12c4fa7e8eae9566]::ObjData>::export::<(&alloc[2e1b2a31b91974c5]::vec::Vec<nalgebra[13935cad4c4df8af]::base::matrix::Matrix<f64, nalgebra[13935cad4c4df8af]::base::dimension::Const<3usize>, nalgebra[13935cad4c4df8af]::base::dimension::Const<1usize>, nalgebra[13935cad4c4df8af]::base::array_storage::ArrayStorage<f64, 3usize, 1usize>>>, &alloc[2e1b2a31b91974c5]::vec::Vec<alloc[2e1b2a31b91974c5]::vec::Vec<usize>>)>
[INFO] [stdout]   13:     0x63636f37b5b8 - <vertex_enumeration[e37dcb6d092243de]::halfspace_enumeration::tests::test_vertex_enumeration_from_half_spaces_degenerate::{closure#0} as core[a373ad73a504971]::ops::function::FnOnce<()>>::call_once
[INFO] [stdout]   14:     0x63636f38bf4b - test[aada8e7e76ba119b]::__rust_begin_short_backtrace::<core[a373ad73a504971]::result::Result<(), alloc[2e1b2a31b91974c5]::string::String>, fn() -> core[a373ad73a504971]::result::Result<(), alloc[2e1b2a31b91974c5]::string::String>>
[INFO] [stdout]   15:     0x63636f399125 - test[aada8e7e76ba119b]::run_test::{closure#0}
[INFO] [stdout]   16:     0x63636f392a14 - std[617be2ca0a6fd877]::sys::backtrace::__rust_begin_short_backtrace::<test[aada8e7e76ba119b]::run_test::{closure#1}, ()>
[INFO] [stdout]   17:     0x63636f39c1b2 - <std[617be2ca0a6fd877]::thread::lifecycle::spawn_unchecked<test[aada8e7e76ba119b]::run_test::{closure#1}, ()>::{closure#1} as core[a373ad73a504971]::ops::function::FnOnce<()>>::call_once::{shim:vtable#0}
[INFO] [stdout]   18:     0x63636f40408f - <std[617be2ca0a6fd877]::sys::thread::unix::Thread>::new::thread_start
[INFO] [stdout]   19:     0x7c4bc470ddfa - <unknown>
[INFO] [stdout]   20:     0x7c4bc47a13d4 - clone
[INFO] [stdout]   21:                0x0 - <unknown>
[INFO] [stdout] 
[INFO] [stdout] ---- halfspace_enumeration::tests::test_vertex_enumeration_from_half_spaces_long stdout ----
[INFO] [stdout] 
[INFO] [stdout] thread 'halfspace_enumeration::tests::test_vertex_enumeration_from_half_spaces_long' (1382) panicked at /opt/rustwide/cargo-home/registry/src/index.crates.io-1949cf8c6b5b557f/wavefront_loader-0.2.4/src/lib.rs:184:79:
[INFO] [stdout] called `Result::unwrap()` on an `Err` value: Os { code: 30, kind: ReadOnlyFilesystem, message: "Read-only file system" }
[INFO] [stdout] stack backtrace:
[INFO] [stdout]    0:     0x63636f404831 - <<std[617be2ca0a6fd877]::sys::backtrace::BacktraceLock>::print::DisplayBacktrace as core[a373ad73a504971]::fmt::Display>::fmt
[INFO] [stdout]    1:     0x63636f41888a - core[a373ad73a504971]::fmt::write
[INFO] [stdout]    2:     0x63636f408a4c - <alloc[2e1b2a31b91974c5]::vec::Vec<u8> as core[a373ad73a504971]::io::write::Write>::write_fmt
[INFO] [stdout]    3:     0x63636f3e0466 - std[617be2ca0a6fd877]::panicking::default_hook::{closure#0}
[INFO] [stdout]    4:     0x63636f3fcec9 - std[617be2ca0a6fd877]::panicking::default_hook
[INFO] [stdout]    5:     0x63636f398b00 - test[aada8e7e76ba119b]::test_main_inner::{closure#0}
[INFO] [stdout]    6:     0x63636f3fd082 - std[617be2ca0a6fd877]::panicking::panic_with_hook
[INFO] [stdout]    7:     0x63636f3e0512 - std[617be2ca0a6fd877]::panicking::panic_handler::{closure#0}
[INFO] [stdout]    8:     0x63636f3d9109 - std[617be2ca0a6fd877]::sys::backtrace::__rust_end_short_backtrace::<std[617be2ca0a6fd877]::panicking::panic_handler::{closure#0}, !>
[INFO] [stdout]    9:     0x63636f3e111d - __rustc[ea4f61d10b84890b]::rust_begin_unwind
[INFO] [stdout]   10:     0x63636f418fbc - core[a373ad73a504971]::panicking::panic_fmt
[INFO] [stdout]   11:     0x63636f418d92 - core[a373ad73a504971]::result::unwrap_failed
[INFO] [stdout]   12:     0x63636f37b8f1 - <wavefront_loader[12c4fa7e8eae9566]::ObjData>::export::<alloc[2e1b2a31b91974c5]::vec::Vec<nalgebra[13935cad4c4df8af]::base::matrix::Matrix<f64, nalgebra[13935cad4c4df8af]::base::dimension::Const<1usize>, nalgebra[13935cad4c4df8af]::base::dimension::Const<3usize>, nalgebra[13935cad4c4df8af]::base::array_storage::ArrayStorage<f64, 1usize, 3usize>>>>
[INFO] [stdout]   13:     0x63636f37a50f - <vertex_enumeration[e37dcb6d092243de]::halfspace_enumeration::tests::test_vertex_enumeration_from_half_spaces_long::{closure#0} as core[a373ad73a504971]::ops::function::FnOnce<()>>::call_once
[INFO] [stdout]   14:     0x63636f38bf4b - test[aada8e7e76ba119b]::__rust_begin_short_backtrace::<core[a373ad73a504971]::result::Result<(), alloc[2e1b2a31b91974c5]::string::String>, fn() -> core[a373ad73a504971]::result::Result<(), alloc[2e1b2a31b91974c5]::string::String>>
[INFO] [stdout]   15:     0x63636f399125 - test[aada8e7e76ba119b]::run_test::{closure#0}
[INFO] [stdout]   16:     0x63636f392a14 - std[617be2ca0a6fd877]::sys::backtrace::__rust_begin_short_backtrace::<test[aada8e7e76ba119b]::run_test::{closure#1}, ()>
[INFO] [stdout]   17:     0x63636f39c1b2 - <std[617be2ca0a6fd877]::thread::lifecycle::spawn_unchecked<test[aada8e7e76ba119b]::run_test::{closure#1}, ()>::{closure#1} as core[a373ad73a504971]::ops::function::FnOnce<()>>::call_once::{shim:vtable#0}
[INFO] [stdout]   18:     0x63636f40408f - <std[617be2ca0a6fd877]::sys::thread::unix::Thread>::new::thread_start
[INFO] [stdout]   19:     0x7c4bc470ddfa - <unknown>
[INFO] [stdout]   20:     0x7c4bc47a13d4 - clone
[INFO] [stdout]   21:                0x0 - <unknown>
[INFO] [stdout] 
[INFO] [stdout] ---- test::test_icosahedron stdout ----
[INFO] [stdout] 
[INFO] [stdout] thread 'test::test_icosahedron' (1386) panicked at /opt/rustwide/cargo-home/registry/src/index.crates.io-1949cf8c6b5b557f/wavefront_loader-0.2.4/src/lib.rs:184:79:
[INFO] [stdout] called `Result::unwrap()` on an `Err` value: Os { code: 30, kind: ReadOnlyFilesystem, message: "Read-only file system" }
[INFO] [stdout] stack backtrace:
[INFO] [stdout]    0:     0x63636f404831 - <<std[617be2ca0a6fd877]::sys::backtrace::BacktraceLock>::print::DisplayBacktrace as core[a373ad73a504971]::fmt::Display>::fmt
[INFO] [stdout]    1:     0x63636f41888a - core[a373ad73a504971]::fmt::write
[INFO] [stdout]    2:     0x63636f408a4c - <alloc[2e1b2a31b91974c5]::vec::Vec<u8> as core[a373ad73a504971]::io::write::Write>::write_fmt
[INFO] [stdout]    3:     0x63636f3e0466 - std[617be2ca0a6fd877]::panicking::default_hook::{closure#0}
[INFO] [stdout]    4:     0x63636f3fcec9 - std[617be2ca0a6fd877]::panicking::default_hook
[INFO] [stdout]    5:     0x63636f398b00 - test[aada8e7e76ba119b]::test_main_inner::{closure#0}
[INFO] [stdout]    6:     0x63636f3fd082 - std[617be2ca0a6fd877]::panicking::panic_with_hook
[INFO] [stdout]    7:     0x63636f3e0512 - std[617be2ca0a6fd877]::panicking::panic_handler::{closure#0}
[INFO] [stdout]    8:     0x63636f3d9109 - std[617be2ca0a6fd877]::sys::backtrace::__rust_end_short_backtrace::<std[617be2ca0a6fd877]::panicking::panic_handler::{closure#0}, !>
[INFO] [stdout]    9:     0x63636f3e111d - __rustc[ea4f61d10b84890b]::rust_begin_unwind
[INFO] [stdout]   10:     0x63636f418fbc - core[a373ad73a504971]::panicking::panic_fmt
[INFO] [stdout]   11:     0x63636f418d92 - core[a373ad73a504971]::result::unwrap_failed
[INFO] [stdout]   12:     0x63636f37c395 - <wavefront_loader[12c4fa7e8eae9566]::ObjData>::export::<(&alloc[2e1b2a31b91974c5]::vec::Vec<nalgebra[13935cad4c4df8af]::base::matrix::Matrix<f64, nalgebra[13935cad4c4df8af]::base::dimension::Const<3usize>, nalgebra[13935cad4c4df8af]::base::dimension::Const<1usize>, nalgebra[13935cad4c4df8af]::base::array_storage::ArrayStorage<f64, 3usize, 1usize>>>, &alloc[2e1b2a31b91974c5]::vec::Vec<alloc[2e1b2a31b91974c5]::vec::Vec<usize>>)>
[INFO] [stdout]   13:     0x63636f386f57 - <vertex_enumeration[e37dcb6d092243de]::test::test_icosahedron::{closure#0} as core[a373ad73a504971]::ops::function::FnOnce<()>>::call_once
[INFO] [stdout]   14:     0x63636f38bf4b - test[aada8e7e76ba119b]::__rust_begin_short_backtrace::<core[a373ad73a504971]::result::Result<(), alloc[2e1b2a31b91974c5]::string::String>, fn() -> core[a373ad73a504971]::result::Result<(), alloc[2e1b2a31b91974c5]::string::String>>
[INFO] [stdout]   15:     0x63636f399125 - test[aada8e7e76ba119b]::run_test::{closure#0}
[INFO] [stdout]   16:     0x63636f392a14 - std[617be2ca0a6fd877]::sys::backtrace::__rust_begin_short_backtrace::<test[aada8e7e76ba119b]::run_test::{closure#1}, ()>
[INFO] [stdout]   17:     0x63636f39c1b2 - <std[617be2ca0a6fd877]::thread::lifecycle::spawn_unchecked<test[aada8e7e76ba119b]::run_test::{closure#1}, ()>::{closure#1} as core[a373ad73a504971]::ops::function::FnOnce<()>>::call_once::{shim:vtable#0}
[INFO] [stdout]   18:     0x63636f40408f - <std[617be2ca0a6fd877]::sys::thread::unix::Thread>::new::thread_start
[INFO] [stdout]   19:     0x7c4bc470ddfa - <unknown>
[INFO] [stdout]   20:     0x7c4bc47a13d4 - clone
[INFO] [stdout]   21:                0x0 - <unknown>
[INFO] [stdout] 
[INFO] [stdout] ---- halfspace_enumeration::tests::test_vertex_enumeration_from_half_spaces stdout ----
[INFO] [stdout] 
[INFO] [stdout] thread 'halfspace_enumeration::tests::test_vertex_enumeration_from_half_spaces' (1379) panicked at /opt/rustwide/cargo-home/registry/src/index.crates.io-1949cf8c6b5b557f/wavefront_loader-0.2.4/src/lib.rs:184:79:
[INFO] [stdout] called `Result::unwrap()` on an `Err` value: Os { code: 30, kind: ReadOnlyFilesystem, message: "Read-only file system" }
[INFO] [stdout] stack backtrace:
[INFO] [stdout]    0:     0x63636f404831 - <<std[617be2ca0a6fd877]::sys::backtrace::BacktraceLock>::print::DisplayBacktrace as core[a373ad73a504971]::fmt::Display>::fmt
[INFO] [stdout]    1:     0x63636f41888a - core[a373ad73a504971]::fmt::write
[INFO] [stdout]    2:     0x63636f408a4c - <alloc[2e1b2a31b91974c5]::vec::Vec<u8> as core[a373ad73a504971]::io::write::Write>::write_fmt
[INFO] [stdout]    3:     0x63636f3e0466 - std[617be2ca0a6fd877]::panicking::default_hook::{closure#0}
[INFO] [stdout]    4:     0x63636f3fcec9 - std[617be2ca0a6fd877]::panicking::default_hook
[INFO] [stdout]    5:     0x63636f398b00 - test[aada8e7e76ba119b]::test_main_inner::{closure#0}
[INFO] [stdout]    6:     0x63636f3fd082 - std[617be2ca0a6fd877]::panicking::panic_with_hook
[INFO] [stdout]    7:     0x63636f3e0512 - std[617be2ca0a6fd877]::panicking::panic_handler::{closure#0}
[INFO] [stdout]    8:     0x63636f3d9109 - std[617be2ca0a6fd877]::sys::backtrace::__rust_end_short_backtrace::<std[617be2ca0a6fd877]::panicking::panic_handler::{closure#0}, !>
[INFO] [stdout]    9:     0x63636f3e111d - __rustc[ea4f61d10b84890b]::rust_begin_unwind
[INFO] [stdout]   10:     0x63636f418fbc - core[a373ad73a504971]::panicking::panic_fmt
[INFO] [stdout]   11:     0x63636f418d92 - core[a373ad73a504971]::result::unwrap_failed
[INFO] [stdout]   12:     0x63636f37c395 - <wavefront_loader[12c4fa7e8eae9566]::ObjData>::export::<(&alloc[2e1b2a31b91974c5]::vec::Vec<nalgebra[13935cad4c4df8af]::base::matrix::Matrix<f64, nalgebra[13935cad4c4df8af]::base::dimension::Const<3usize>, nalgebra[13935cad4c4df8af]::base::dimension::Const<1usize>, nalgebra[13935cad4c4df8af]::base::array_storage::ArrayStorage<f64, 3usize, 1usize>>>, &alloc[2e1b2a31b91974c5]::vec::Vec<alloc[2e1b2a31b91974c5]::vec::Vec<usize>>)>
[INFO] [stdout]   13:     0x63636f379a72 - <vertex_enumeration[e37dcb6d092243de]::halfspace_enumeration::tests::test_vertex_enumeration_from_half_spaces::{closure#0} as core[a373ad73a504971]::ops::function::FnOnce<()>>::call_once
[INFO] [stdout]   14:     0x63636f38bf4b - test[aada8e7e76ba119b]::__rust_begin_short_backtrace::<core[a373ad73a504971]::result::Result<(), alloc[2e1b2a31b91974c5]::string::String>, fn() -> core[a373ad73a504971]::result::Result<(), alloc[2e1b2a31b91974c5]::string::String>>
[INFO] [stdout]   15:     0x63636f399125 - test[aada8e7e76ba119b]::run_test::{closure#0}
[INFO] [stdout]   16:     0x63636f392a14 - std[617be2ca0a6fd877]::sys::backtrace::__rust_begin_short_backtrace::<test[aada8e7e76ba119b]::run_test::{closure#1}, ()>
[INFO] [stdout]   17:     0x63636f39c1b2 - <std[617be2ca0a6fd877]::thread::lifecycle::spawn_unchecked<test[aada8e7e76ba119b]::run_test::{closure#1}, ()>::{closure#1} as core[a373ad73a504971]::ops::function::FnOnce<()>>::call_once::{shim:vtable#0}
[INFO] [stdout]   18:     0x63636f40408f - <std[617be2ca0a6fd877]::sys::thread::unix::Thread>::new::thread_start
[INFO] [stdout]   19:     0x7c4bc470ddfa - <unknown>
[INFO] [stdout]   20:     0x7c4bc47a13d4 - clone
[INFO] [stdout]   21:                0x0 - <unknown>
[INFO] [stdout] 
[INFO] [stdout] ---- halfspace_enumeration::tests::test_vertex_enumeration_from_half_spaces_edge_case stdout ----
[INFO] [stdout] 
[INFO] [stdout] thread 'halfspace_enumeration::tests::test_vertex_enumeration_from_half_spaces_edge_case' (1381) panicked at /opt/rustwide/cargo-home/registry/src/index.crates.io-1949cf8c6b5b557f/polyhedron-0.1.3/src/lib.rs:912:43:
[INFO] [stdout] called `Option::unwrap()` on a `None` value
[INFO] [stdout] stack backtrace:
[INFO] [stdout]    0:     0x63636f404831 - <<std[617be2ca0a6fd877]::sys::backtrace::BacktraceLock>::print::DisplayBacktrace as core[a373ad73a504971]::fmt::Display>::fmt
[INFO] [stdout]    1:     0x63636f41888a - core[a373ad73a504971]::fmt::write
[INFO] [stdout]    2:     0x63636f408a4c - <alloc[2e1b2a31b91974c5]::vec::Vec<u8> as core[a373ad73a504971]::io::write::Write>::write_fmt
[INFO] [stdout]    3:     0x63636f3e0466 - std[617be2ca0a6fd877]::panicking::default_hook::{closure#0}
[INFO] [stdout]    4:     0x63636f3fcec9 - std[617be2ca0a6fd877]::panicking::default_hook
[INFO] [stdout]    5:     0x63636f398b00 - test[aada8e7e76ba119b]::test_main_inner::{closure#0}
[INFO] [stdout]    6:     0x63636f3fd082 - std[617be2ca0a6fd877]::panicking::panic_with_hook
[INFO] [stdout]    7:     0x63636f3e0544 - std[617be2ca0a6fd877]::panicking::panic_handler::{closure#0}
[INFO] [stdout]    8:     0x63636f3d9109 - std[617be2ca0a6fd877]::sys::backtrace::__rust_end_short_backtrace::<std[617be2ca0a6fd877]::panicking::panic_handler::{closure#0}, !>
[INFO] [stdout]    9:     0x63636f3e111d - __rustc[ea4f61d10b84890b]::rust_begin_unwind
[INFO] [stdout]   10:     0x63636f418fbc - core[a373ad73a504971]::panicking::panic_fmt
[INFO] [stdout]   11:     0x63636f418f82 - core[a373ad73a504971]::panicking::panic
[INFO] [stdout]   12:     0x63636f418d39 - core[a373ad73a504971]::option::unwrap_failed
[INFO] [stdout]   13:     0x63636f37e9b7 - <polyhedron[fceca59999396a31]::PolyHedron<(alloc[2e1b2a31b91974c5]::vec::Vec<nalgebra[13935cad4c4df8af]::base::matrix::Matrix<f64, nalgebra[13935cad4c4df8af]::base::dimension::Const<3usize>, nalgebra[13935cad4c4df8af]::base::dimension::Const<1usize>, nalgebra[13935cad4c4df8af]::base::array_storage::ArrayStorage<f64, 3usize, 1usize>>>, (), ()), true>>::from_face_slice::<usize>
[INFO] [stdout]   14:     0x63636f37af78 - <vertex_enumeration[e37dcb6d092243de]::halfspace_enumeration::tests::test_vertex_enumeration_from_half_spaces_edge_case::{closure#0} as core[a373ad73a504971]::ops::function::FnOnce<()>>::call_once
[INFO] [stdout]   15:     0x63636f38bf4b - test[aada8e7e76ba119b]::__rust_begin_short_backtrace::<core[a373ad73a504971]::result::Result<(), alloc[2e1b2a31b91974c5]::string::String>, fn() -> core[a373ad73a504971]::result::Result<(), alloc[2e1b2a31b91974c5]::string::String>>
[INFO] [stdout]   16:     0x63636f399125 - test[aada8e7e76ba119b]::run_test::{closure#0}
[INFO] [stdout]   17:     0x63636f392a14 - std[617be2ca0a6fd877]::sys::backtrace::__rust_begin_short_backtrace::<test[aada8e7e76ba119b]::run_test::{closure#1}, ()>
[INFO] [stdout]   18:     0x63636f39c1b2 - <std[617be2ca0a6fd877]::thread::lifecycle::spawn_unchecked<test[aada8e7e76ba119b]::run_test::{closure#1}, ()>::{closure#1} as core[a373ad73a504971]::ops::function::FnOnce<()>>::call_once::{shim:vtable#0}
[INFO] [stdout]   19:     0x63636f40408f - <std[617be2ca0a6fd877]::sys::thread::unix::Thread>::new::thread_start
[INFO] [stdout]   20:     0x7c4bc470ddfa - <unknown>
[INFO] [stdout]   21:     0x7c4bc47a13d4 - clone
[INFO] [stdout]   22:                0x0 - <unknown>
[INFO] [stdout] 
[INFO] [stdout] ---- test::test_cube stdout ----
[INFO] [stdout] 
[INFO] [stdout] thread 'test::test_cube' (1385) panicked at /opt/rustwide/cargo-home/registry/src/index.crates.io-1949cf8c6b5b557f/wavefront_loader-0.2.4/src/lib.rs:184:79:
[INFO] [stdout] called `Result::unwrap()` on an `Err` value: Os { code: 30, kind: ReadOnlyFilesystem, message: "Read-only file system" }
[INFO] [stdout] stack backtrace:
[INFO] [stdout]    0:     0x63636f404831 - <<std[617be2ca0a6fd877]::sys::backtrace::BacktraceLock>::print::DisplayBacktrace as core[a373ad73a504971]::fmt::Display>::fmt
[INFO] [stdout]    1:     0x63636f41888a - core[a373ad73a504971]::fmt::write
[INFO] [stdout]    2:     0x63636f408a4c - <alloc[2e1b2a31b91974c5]::vec::Vec<u8> as core[a373ad73a504971]::io::write::Write>::write_fmt
[INFO] [stdout]    3:     0x63636f3e0466 - std[617be2ca0a6fd877]::panicking::default_hook::{closure#0}
[INFO] [stdout]    4:     0x63636f3fcec9 - std[617be2ca0a6fd877]::panicking::default_hook
[INFO] [stdout]    5:     0x63636f398b00 - test[aada8e7e76ba119b]::test_main_inner::{closure#0}
[INFO] [stdout]    6:     0x63636f3fd082 - std[617be2ca0a6fd877]::panicking::panic_with_hook
[INFO] [stdout]    7:     0x63636f3e0512 - std[617be2ca0a6fd877]::panicking::panic_handler::{closure#0}
[INFO] [stdout]    8:     0x63636f3d9109 - std[617be2ca0a6fd877]::sys::backtrace::__rust_end_short_backtrace::<std[617be2ca0a6fd877]::panicking::panic_handler::{closure#0}, !>
[INFO] [stdout]    9:     0x63636f3e111d - __rustc[ea4f61d10b84890b]::rust_begin_unwind
[INFO] [stdout]   10:     0x63636f418fbc - core[a373ad73a504971]::panicking::panic_fmt
[INFO] [stdout]   11:     0x63636f418d92 - core[a373ad73a504971]::result::unwrap_failed
[INFO] [stdout]   12:     0x63636f37c395 - <wavefront_loader[12c4fa7e8eae9566]::ObjData>::export::<(&alloc[2e1b2a31b91974c5]::vec::Vec<nalgebra[13935cad4c4df8af]::base::matrix::Matrix<f64, nalgebra[13935cad4c4df8af]::base::dimension::Const<3usize>, nalgebra[13935cad4c4df8af]::base::dimension::Const<1usize>, nalgebra[13935cad4c4df8af]::base::array_storage::ArrayStorage<f64, 3usize, 1usize>>>, &alloc[2e1b2a31b91974c5]::vec::Vec<alloc[2e1b2a31b91974c5]::vec::Vec<usize>>)>
[INFO] [stdout]   13:     0x63636f388135 - <vertex_enumeration[e37dcb6d092243de]::test::test_cube::{closure#0} as core[a373ad73a504971]::ops::function::FnOnce<()>>::call_once
[INFO] [stdout]   14:     0x63636f38bf4b - test[aada8e7e76ba119b]::__rust_begin_short_backtrace::<core[a373ad73a504971]::result::Result<(), alloc[2e1b2a31b91974c5]::string::String>, fn() -> core[a373ad73a504971]::result::Result<(), alloc[2e1b2a31b91974c5]::string::String>>
[INFO] [stdout]   15:     0x63636f399125 - test[aada8e7e76ba119b]::run_test::{closure#0}
[INFO] [stdout]   16:     0x63636f392a14 - std[617be2ca0a6fd877]::sys::backtrace::__rust_begin_short_backtrace::<test[aada8e7e76ba119b]::run_test::{closure#1}, ()>
[INFO] [stdout]   17:     0x63636f39c1b2 - <std[617be2ca0a6fd877]::thread::lifecycle::spawn_unchecked<test[aada8e7e76ba119b]::run_test::{closure#1}, ()>::{closure#1} as core[a373ad73a504971]::ops::function::FnOnce<()>>::call_once::{shim:vtable#0}
[INFO] [stdout]   18:     0x63636f40408f - <std[617be2ca0a6fd877]::sys::thread::unix::Thread>::new::thread_start
[INFO] [stdout]   19:     0x7c4bc470ddfa - <unknown>
[INFO] [stdout]   20:     0x7c4bc47a13d4 - clone
[INFO] [stdout]   21:                0x0 - <unknown>
[INFO] [stdout] 
[INFO] [stdout] ---- test::test_200_face_polytope stdout ----
[INFO] [stdout] 
[INFO] [stdout] thread 'test::test_200_face_polytope' (1383) panicked at /opt/rustwide/cargo-home/registry/src/index.crates.io-1949cf8c6b5b557f/wavefront_loader-0.2.4/src/lib.rs:184:79:
[INFO] [stdout] called `Result::unwrap()` on an `Err` value: Os { code: 30, kind: ReadOnlyFilesystem, message: "Read-only file system" }
[INFO] [stdout] stack backtrace:
[INFO] [stdout]    0:     0x63636f404831 - <<std[617be2ca0a6fd877]::sys::backtrace::BacktraceLock>::print::DisplayBacktrace as core[a373ad73a504971]::fmt::Display>::fmt
[INFO] [stdout]    1:     0x63636f41888a - core[a373ad73a504971]::fmt::write
[INFO] [stdout]    2:     0x63636f408a4c - <alloc[2e1b2a31b91974c5]::vec::Vec<u8> as core[a373ad73a504971]::io::write::Write>::write_fmt
[INFO] [stdout]    3:     0x63636f3e0466 - std[617be2ca0a6fd877]::panicking::default_hook::{closure#0}
[INFO] [stdout]    4:     0x63636f3fcec9 - std[617be2ca0a6fd877]::panicking::default_hook
[INFO] [stdout]    5:     0x63636f398b00 - test[aada8e7e76ba119b]::test_main_inner::{closure#0}
[INFO] [stdout]    6:     0x63636f3fd082 - std[617be2ca0a6fd877]::panicking::panic_with_hook
[INFO] [stdout]    7:     0x63636f3e0512 - std[617be2ca0a6fd877]::panicking::panic_handler::{closure#0}
[INFO] [stdout]    8:     0x63636f3d9109 - std[617be2ca0a6fd877]::sys::backtrace::__rust_end_short_backtrace::<std[617be2ca0a6fd877]::panicking::panic_handler::{closure#0}, !>
[INFO] [stdout]    9:     0x63636f3e111d - __rustc[ea4f61d10b84890b]::rust_begin_unwind
[INFO] [stdout]   10:     0x63636f418fbc - core[a373ad73a504971]::panicking::panic_fmt
[INFO] [stdout]   11:     0x63636f418d92 - core[a373ad73a504971]::result::unwrap_failed
[INFO] [stdout]   12:     0x63636f37c395 - <wavefront_loader[12c4fa7e8eae9566]::ObjData>::export::<(&alloc[2e1b2a31b91974c5]::vec::Vec<nalgebra[13935cad4c4df8af]::base::matrix::Matrix<f64, nalgebra[13935cad4c4df8af]::base::dimension::Const<3usize>, nalgebra[13935cad4c4df8af]::base::dimension::Const<1usize>, nalgebra[13935cad4c4df8af]::base::array_storage::ArrayStorage<f64, 3usize, 1usize>>>, &alloc[2e1b2a31b91974c5]::vec::Vec<alloc[2e1b2a31b91974c5]::vec::Vec<usize>>)>
[INFO] [stdout]   13:     0x63636f387461 - <vertex_enumeration[e37dcb6d092243de]::test::test_200_face_polytope::{closure#0} as core[a373ad73a504971]::ops::function::FnOnce<()>>::call_once
[INFO] [stdout]   14:     0x63636f38bf4b - test[aada8e7e76ba119b]::__rust_begin_short_backtrace::<core[a373ad73a504971]::result::Result<(), alloc[2e1b2a31b91974c5]::string::String>, fn() -> core[a373ad73a504971]::result::Result<(), alloc[2e1b2a31b91974c5]::string::String>>
[INFO] [stdout]   15:     0x63636f399125 - test[aada8e7e76ba119b]::run_test::{closure#0}
[INFO] [stdout]   16:     0x63636f392a14 - std[617be2ca0a6fd877]::sys::backtrace::__rust_begin_short_backtrace::<test[aada8e7e76ba119b]::run_test::{closure#1}, ()>
[INFO] [stdout]   17:     0x63636f39c1b2 - <std[617be2ca0a6fd877]::thread::lifecycle::spawn_unchecked<test[aada8e7e76ba119b]::run_test::{closure#1}, ()>::{closure#1} as core[a373ad73a504971]::ops::function::FnOnce<()>>::call_once::{shim:vtable#0}
[INFO] [stdout]   18:     0x63636f40408f - <std[617be2ca0a6fd877]::sys::thread::unix::Thread>::new::thread_start
[INFO] [stdout]   19:     0x7c4bc470ddfa - <unknown>
[INFO] [stdout]   20:     0x7c4bc47a13d4 - clone
[INFO] [stdout]   21:                0x0 - <unknown>
[INFO] [stdout] 
[INFO] [stdout] 
[INFO] [stdout] failures:
[INFO] [stdout]     halfspace_enumeration::tests::test_vertex_enumeration_from_half_spaces
[INFO] [stdout]     halfspace_enumeration::tests::test_vertex_enumeration_from_half_spaces_degenerate
[INFO] [stdout]     halfspace_enumeration::tests::test_vertex_enumeration_from_half_spaces_edge_case
[INFO] [stdout]     halfspace_enumeration::tests::test_vertex_enumeration_from_half_spaces_long
[INFO] [stdout]     test::test_200_face_polytope
[INFO] [stdout]     test::test_cube
[INFO] [stdout]     test::test_icosahedron
[INFO] [stdout] 
[INFO] [stdout] test result: FAILED. 1 passed; 7 failed; 0 ignored; 0 measured; 0 filtered out; finished in 0.02s
[INFO] [stdout] 
[INFO] [stderr] error: test failed, to rerun pass `--lib`
[INFO] running `Command { std: "docker" "inspect" "85a435be829d49f7ae6b52310cfc6f45d2776e55fa5c5c02c936d24a1f1af854", kill_on_drop: false }`
[INFO] running `Command { std: "docker" "rm" "-f" "85a435be829d49f7ae6b52310cfc6f45d2776e55fa5c5c02c936d24a1f1af854", kill_on_drop: false }`
[INFO] [stdout] 85a435be829d49f7ae6b52310cfc6f45d2776e55fa5c5c02c936d24a1f1af854
