[INFO] fetching crate veriwasm 0.1.4...
[INFO] testing veriwasm-0.1.4 against 1.100.0-beta.1+cargoflags=--release for beta-release-1.100-2
[INFO] extracting crate veriwasm 0.1.4 into /workspace/builds/worker-5-tc2/source
[INFO] started tweaking crates.io crate veriwasm 0.1.4
[INFO] finished tweaking crates.io crate veriwasm 0.1.4
[INFO] tweaked toml for crates.io crate veriwasm 0.1.4 written to /workspace/builds/worker-5-tc2/source/Cargo.toml
[INFO] validating manifest of crates.io crate veriwasm 0.1.4 on toolchain 1.100.0-beta.1
[INFO] running `Command { std: CARGO_HOME="/workspace/cargo-home" RUSTUP_HOME="/workspace/rustup-home" "/workspace/cargo-home/bin/cargo" "+1.100.0-beta.1" "metadata" "--manifest-path" "Cargo.toml" "--no-deps", kill_on_drop: false }`
[INFO] crate crates.io crate veriwasm 0.1.4 already has a lockfile, it will not be regenerated
[INFO] running `Command { std: CARGO_HOME="/workspace/cargo-home" RUSTUP_HOME="/workspace/rustup-home" "/workspace/cargo-home/bin/cargo" "+1.100.0-beta.1" "fetch" "--manifest-path" "Cargo.toml", kill_on_drop: false }`
[INFO] running `Command { std: "docker" "create" "-v" "/var/lib/crater-agent-workspace/builds/worker-5-tc2/source:/opt/rustwide/workdir:ro,Z" "-v" "/var/lib/crater-agent-workspace/builds/worker-5-tc2/target:/opt/rustwide/target:rw,Z" "-v" "/var/lib/crater-agent-workspace/cargo-home:/opt/rustwide/cargo-home:ro,Z" "-v" "/var/lib/crater-agent-workspace/rustup-home:/opt/rustwide/rustup-home:ro,Z" "-m" "1610612736" "--network" "none" "ghcr.io/rust-lang/crates-build-env/linux@sha256:77db811e55d90add9212f6832c23229e3de5f1c1f9905e8cb07319ea15df73ac" "sleep" "infinity", kill_on_drop: false }`
[INFO] [stdout] ea6e1a8c6154214cf7461b6730c0de54f41170f353d45dd2b4266fe0b79fd1b2
[INFO] running `Command { std: "docker" "start" "ea6e1a8c6154214cf7461b6730c0de54f41170f353d45dd2b4266fe0b79fd1b2", kill_on_drop: false }`
[INFO] running `Command { std: "docker" "inspect" "ea6e1a8c6154214cf7461b6730c0de54f41170f353d45dd2b4266fe0b79fd1b2", kill_on_drop: false }`
[INFO] running `Command { std: "docker" "exec" "-e" "SOURCE_DIR=/opt/rustwide/workdir" "-e" "CARGO_HOME=/opt/rustwide/cargo-home" "-e" "RUSTUP_HOME=/opt/rustwide/rustup-home" "-e" "CARGO_TARGET_DIR=/opt/rustwide/target" "-w" "/opt/rustwide/workdir" "--user" "0:0" "ea6e1a8c6154214cf7461b6730c0de54f41170f353d45dd2b4266fe0b79fd1b2" "/opt/rustwide/cargo-home/bin/cargo" "+1.100.0-beta.1" "metadata" "--no-deps" "--format-version=1", kill_on_drop: false }`
[INFO] running `Command { std: "docker" "inspect" "ea6e1a8c6154214cf7461b6730c0de54f41170f353d45dd2b4266fe0b79fd1b2", kill_on_drop: false }`
[INFO] running `Command { std: "docker" "exec" "-e" "SOURCE_DIR=/opt/rustwide/workdir" "-e" "CARGO_HOME=/opt/rustwide/cargo-home" "-e" "RUSTUP_HOME=/opt/rustwide/rustup-home" "-e" "CARGO_TARGET_DIR=/opt/rustwide/target" "-e" "CARGO_INCREMENTAL=0" "-e" "RUST_BACKTRACE=full" "-e" "RUSTFLAGS=--cap-lints=warn" "-e" "RUSTDOCFLAGS=--cap-lints=warn" "-w" "/opt/rustwide/workdir" "--user" "0:0" "ea6e1a8c6154214cf7461b6730c0de54f41170f353d45dd2b4266fe0b79fd1b2" "/opt/rustwide/cargo-home/bin/cargo" "+1.100.0-beta.1" "build" "--frozen" "--message-format=json" "--release", kill_on_drop: false }`
[INFO] [stderr]    Compiling proc-macro2 v1.0.30
[INFO] [stderr]    Compiling syn v1.0.80
[INFO] [stderr]    Compiling libc v0.2.105
[INFO] [stderr]    Compiling autocfg v1.0.1
[INFO] [stderr]    Compiling serde_derive v1.0.130
[INFO] [stderr]    Compiling serde v1.0.130
[INFO] [stderr]    Compiling log v0.4.14
[INFO] [stderr]    Compiling typenum v1.14.0
[INFO] [stderr]    Compiling ryu v1.0.5
[INFO] [stderr]    Compiling proc-macro2 v0.4.30
[INFO] [stderr]    Compiling lazy_static v1.4.0
[INFO] [stderr]    Compiling unicode-xid v0.1.0
[INFO] [stderr]    Compiling bitflags v1.3.2
[INFO] [stderr]    Compiling parking_lot_core v0.8.5
[INFO] [stderr]    Compiling generic-array v0.14.4
[INFO] [stderr]    Compiling instant v0.1.12
[INFO] [stderr]    Compiling scopeguard v1.1.0
[INFO] [stderr]    Compiling syn v0.15.44
[INFO] [stderr]    Compiling smallvec v1.7.0
[INFO] [stderr]    Compiling serde_json v1.0.68
[INFO] [stderr]    Compiling lock_api v0.4.5
[INFO] [stderr]    Compiling scroll v0.9.2
[INFO] [stderr]    Compiling plain v0.2.3
[INFO] [stderr]    Compiling crc32fast v1.2.1
[INFO] [stderr]    Compiling num-traits v0.2.14
[INFO] [stderr]    Compiling miniz_oxide v0.4.4
[INFO] [stderr]    Compiling subtle v2.4.1
[INFO] [stderr]    Compiling itoa v0.4.8
[INFO] [stderr]    Compiling radium v0.5.3
[INFO] [stderr]    Compiling memchr v2.4.1
[INFO] [stderr]    Compiling adler v1.0.2
[INFO] [stderr]    Compiling unicode-xid v0.0.4
[INFO] [stderr]    Compiling opaque-debug v0.3.0
[INFO] [stderr]    Compiling cpufeatures v0.2.1
[INFO] [stderr]    Compiling synom v0.11.3
[INFO] [stderr]    Compiling memoffset v0.5.6
[INFO] [stderr]    Compiling wyz v0.2.0
[INFO] [stderr]    Compiling funty v1.1.0
[INFO] [stderr]    Compiling quote v1.0.10
[INFO] [stderr]    Compiling nix v0.12.1
[INFO] [stderr]    Compiling either v1.6.1
[INFO] [stderr]    Compiling yaxpeax-x86 v1.1.1
[INFO] [stderr]    Compiling quote v0.3.15
[INFO] [stderr]    Compiling anyhow v1.0.44
[INFO] [stderr]    Compiling proc-maps v0.1.9
[INFO] [stderr]    Compiling tap v1.0.1
[INFO] [stderr]    Compiling quote v0.6.13
[INFO] [stderr]    Compiling serde-big-array v0.2.0
[INFO] [stderr]    Compiling syn v0.11.11
[INFO] [stderr]    Compiling tracing-core v0.1.21
[INFO] [stderr]    Compiling ordermap v0.3.5
[INFO] [stderr]    Compiling uuid v0.7.4
[INFO] [stderr]    Compiling unicode-width v0.1.9
[INFO] [stderr]    Compiling regex-syntax v0.6.25
[INFO] [stderr]    Compiling numtoa v0.1.0
[INFO] [stderr]    Compiling pin-project-lite v0.2.7
[INFO] [stderr]    Compiling signal-hook-registry v1.4.0
[INFO] [stderr]    Compiling mio v0.7.14
[INFO] [stderr]    Compiling atty v0.2.14
[INFO] [stderr]    Compiling parking_lot v0.11.2
[INFO] [stderr]    Compiling aho-corasick v0.7.18
[INFO] [stderr]    Compiling signal-hook v0.1.17
[INFO] [stderr]    Compiling flate2 v1.0.22
[INFO] [stderr]    Compiling num-traits v0.1.43
[INFO] [stderr]    Compiling rpassword v5.0.1
[INFO] [stderr]    Compiling getrandom v0.2.3
[INFO] [stderr]    Compiling crossterm v0.19.0
[INFO] [stderr]    Compiling bitvec v0.19.5
[INFO] [stderr]    Compiling byteorder v1.4.3
[INFO] [stderr]    Compiling parity-wasm v0.40.3
[INFO] [stderr]    Compiling fixedbitset v0.1.9
[INFO] [stderr]    Compiling petgraph v0.4.13
[INFO] [stderr]    Compiling enum-primitive-derive v0.1.2
[INFO] [stderr]    Compiling termion v1.5.6
[INFO] [stderr]    Compiling termios v0.2.2
[INFO] [stderr]    Compiling digest v0.9.0
[INFO] [stderr]    Compiling crypto-mac v0.10.1
[INFO] [stderr]    Compiling block-buffer v0.9.0
[INFO] [stderr]    Compiling cipher v0.2.5
[INFO] [stderr]    Compiling hmac v0.10.1
[INFO] [stderr]    Compiling sha2 v0.9.8
[INFO] [stderr]    Compiling pbkdf2 v0.6.0
[INFO] [stderr]    Compiling textwrap v0.11.0
[INFO] [stderr]    Compiling salsa20 v0.7.2
[INFO] [stderr]    Compiling itertools v0.6.5
[INFO] [stderr]    Compiling siphasher v0.3.7
[INFO] [stderr]    Compiling scrypt v0.5.0
[INFO] [stderr]    Compiling minisign v0.5.23
[INFO] [stderr]    Compiling wasmparser v0.57.0
[INFO] [stderr]    Compiling cranelift-entity v0.51.0
[INFO] [stderr]    Compiling humantime v2.1.0
[INFO] [stderr]    Compiling termcolor v1.1.2
[INFO] [stderr]    Compiling elfkit v0.0.4
[INFO] [stderr]    Compiling clap v2.33.3
[INFO] [stderr]    Compiling colored v2.0.0
[INFO] [stderr]    Compiling itertools v0.10.1
[INFO] [stderr]    Compiling regex v1.5.4
[INFO] [stderr]    Compiling scroll_derive v0.9.5
[INFO] [stderr]    Compiling derivative v1.0.4
[INFO] [stderr]    Compiling object v0.21.1
[INFO] [stderr]    Compiling goblin v0.0.24
[INFO] [stderr]    Compiling goblin v0.0.20
[INFO] [stderr]    Compiling synstructure v0.12.6
[INFO] [stderr]    Compiling env_logger v0.8.4
[INFO] [stderr]    Compiling failure_derive v0.1.8
[INFO] [stderr]    Compiling tracing-attributes v0.1.18
[INFO] [stderr]    Compiling scroll_derive v0.10.5
[INFO] [stderr]    Compiling thiserror-impl v1.0.30
[INFO] [stderr]    Compiling num-derive v0.3.3
[INFO] [stderr]    Compiling failure v0.1.8
[INFO] [stderr]    Compiling scroll v0.10.2
[INFO] [stderr]    Compiling tracing v0.1.29
[INFO] [stderr]    Compiling goblin v0.4.3
[INFO] [stderr]    Compiling thiserror v1.0.30
[INFO] [stderr]    Compiling yaxpeax-arch v0.2.7
[INFO] [stderr]    Compiling bincode v1.3.3
[INFO] [stderr]    Compiling yaxpeax-pic17 v0.1.1
[INFO] [stderr]    Compiling yaxpeax-msp430 v0.1.1
[INFO] [stderr]    Compiling yaxpeax-arm v0.1.3
[INFO] [stderr]    Compiling yaxpeax-pic18 v0.1.1
[INFO] [stderr]    Compiling target-lexicon v0.8.1
[INFO] [stderr]    Compiling object v0.14.1
[INFO] [stderr]    Compiling lucet-module v0.5.1
[INFO] [stderr]    Compiling yaxpeax-core v0.0.4-vw-tweaks
[INFO] [stderr]    Compiling veriwasm v0.1.4 (/opt/rustwide/workdir)
[INFO] [stdout] warning: hiding a lifetime that's elided elsewhere is confusing
[INFO] [stdout]    --> src/loaders/lucet.rs:162:40
[INFO] [stdout]     |
[INFO] [stdout] 162 | pub fn load_lucet_module_data(program: &ModuleData) -> lucet_module::ModuleData {
[INFO] [stdout]     |                                        ^^^^^^^^^^^     ^^^^^^^^^^^^^^^^^^^^^^^^ the same lifetime is hidden here
[INFO] [stdout]     |                                        |
[INFO] [stdout]     |                                        the lifetime is elided here
[INFO] [stdout]     |
[INFO] [stdout]     = help: the same lifetime is referred to in inconsistent ways, making the signature confusing
[INFO] [stdout]     = note: `#[warn(mismatched_lifetime_syntaxes)]` on by default
[INFO] [stdout] help: use `'_` for type paths
[INFO] [stdout]     |
[INFO] [stdout] 162 | pub fn load_lucet_module_data(program: &ModuleData) -> lucet_module::ModuleData<'_> {
[INFO] [stdout]     |                                                                                ++++
[INFO] [stdout] 
[INFO] [stdout] 
[INFO] [stderr] warning: unused dependency `colored`
[INFO] [stderr]  --> Cargo.toml:7:15
[INFO] [stderr]   |
[INFO] [stderr] 7 | [dependencies.colored]
[INFO] [stderr]   |               ^^^^^^^^
[INFO] [stderr]   |
[INFO] [stderr]   = note: `cargo::unused_dependencies` is set to `warn` by default
[INFO] [stderr] help: consider removing the dependency on `colored`
[INFO] [stderr] warning: unused dependency `object`
[INFO] [stderr]   --> Cargo.toml:28:15
[INFO] [stderr]    |
[INFO] [stderr] 28 | [dependencies.object]
[INFO] [stderr]    |               ^^^^^^^
[INFO] [stderr]    |
[INFO] [stderr] help: consider removing the dependency on `object`
[INFO] [stderr] warning: `veriwasm` (manifest) generated 2 warnings
[INFO] [stderr]     Finished `release` profile [optimized] target(s) in 1m 45s
[INFO] [stderr] warning: the following packages contain code that will be rejected by a future version of Rust: syn v0.11.11, wasmparser v0.57.0
[INFO] [stderr] note: to see what the problems were, use the option `--future-incompat-report`, or run `cargo report future-incompatibilities --id 4`
[INFO] running `Command { std: "docker" "inspect" "ea6e1a8c6154214cf7461b6730c0de54f41170f353d45dd2b4266fe0b79fd1b2", kill_on_drop: false }`
[INFO] running `Command { std: "docker" "exec" "-e" "SOURCE_DIR=/opt/rustwide/workdir" "-e" "CARGO_HOME=/opt/rustwide/cargo-home" "-e" "RUSTUP_HOME=/opt/rustwide/rustup-home" "-e" "CARGO_TARGET_DIR=/opt/rustwide/target" "-e" "CARGO_INCREMENTAL=0" "-e" "RUST_BACKTRACE=full" "-e" "RUSTFLAGS=--cap-lints=warn" "-e" "RUSTDOCFLAGS=--cap-lints=warn" "-w" "/opt/rustwide/workdir" "--user" "0:0" "ea6e1a8c6154214cf7461b6730c0de54f41170f353d45dd2b4266fe0b79fd1b2" "/opt/rustwide/cargo-home/bin/cargo" "+1.100.0-beta.1" "test" "--frozen" "--no-run" "--message-format=json" "--release", kill_on_drop: false }`
[INFO] [stderr]    Compiling veriwasm v0.1.4 (/opt/rustwide/workdir)
[INFO] [stdout] warning: hiding a lifetime that's elided elsewhere is confusing
[INFO] [stdout]    --> src/loaders/lucet.rs:162:40
[INFO] [stdout]     |
[INFO] [stdout] 162 | pub fn load_lucet_module_data(program: &ModuleData) -> lucet_module::ModuleData {
[INFO] [stdout]     |                                        ^^^^^^^^^^^     ^^^^^^^^^^^^^^^^^^^^^^^^ the same lifetime is hidden here
[INFO] [stdout]     |                                        |
[INFO] [stdout]     |                                        the lifetime is elided here
[INFO] [stdout]     |
[INFO] [stdout]     = help: the same lifetime is referred to in inconsistent ways, making the signature confusing
[INFO] [stdout]     = note: `#[warn(mismatched_lifetime_syntaxes)]` on by default
[INFO] [stdout] help: use `'_` for type paths
[INFO] [stdout]     |
[INFO] [stdout] 162 | pub fn load_lucet_module_data(program: &ModuleData) -> lucet_module::ModuleData<'_> {
[INFO] [stdout]     |                                                                                ++++
[INFO] [stdout] 
[INFO] [stdout] 
[INFO] [stdout] warning: hiding a lifetime that's elided elsewhere is confusing
[INFO] [stdout]    --> src/loaders/lucet.rs:162:40
[INFO] [stdout]     |
[INFO] [stdout] 162 | pub fn load_lucet_module_data(program: &ModuleData) -> lucet_module::ModuleData {
[INFO] [stdout]     |                                        ^^^^^^^^^^^     ^^^^^^^^^^^^^^^^^^^^^^^^ the same lifetime is hidden here
[INFO] [stdout]     |                                        |
[INFO] [stdout]     |                                        the lifetime is elided here
[INFO] [stdout]     |
[INFO] [stdout]     = help: the same lifetime is referred to in inconsistent ways, making the signature confusing
[INFO] [stdout]     = note: `#[warn(mismatched_lifetime_syntaxes)]` on by default
[INFO] [stdout] help: use `'_` for type paths
[INFO] [stdout]     |
[INFO] [stdout] 162 | pub fn load_lucet_module_data(program: &ModuleData) -> lucet_module::ModuleData<'_> {
[INFO] [stdout]     |                                                                                ++++
[INFO] [stdout] 
[INFO] [stdout] 
[INFO] [stderr] warning: unused dependency `colored`
[INFO] [stderr]  --> Cargo.toml:7:15
[INFO] [stderr]   |
[INFO] [stderr] 7 | [dependencies.colored]
[INFO] [stderr]   |               ^^^^^^^^
[INFO] [stderr]   |
[INFO] [stderr]   = note: `cargo::unused_dependencies` is set to `warn` by default
[INFO] [stderr] help: consider removing the dependency on `colored`
[INFO] [stderr] warning: unused dependency `object`
[INFO] [stderr]   --> Cargo.toml:28:15
[INFO] [stderr]    |
[INFO] [stderr] 28 | [dependencies.object]
[INFO] [stderr]    |               ^^^^^^^
[INFO] [stderr]    |
[INFO] [stderr] help: consider removing the dependency on `object`
[INFO] [stderr] warning: `veriwasm` (manifest) generated 2 warnings
[INFO] [stderr]     Finished `release` profile [optimized] target(s) in 2.39s
[INFO] [stderr] warning: the following packages contain code that will be rejected by a future version of Rust: syn v0.11.11, wasmparser v0.57.0
[INFO] [stderr] note: to see what the problems were, use the option `--future-incompat-report`, or run `cargo report future-incompatibilities --id 4`
[INFO] running `Command { std: "docker" "inspect" "ea6e1a8c6154214cf7461b6730c0de54f41170f353d45dd2b4266fe0b79fd1b2", kill_on_drop: false }`
[INFO] running `Command { std: "docker" "exec" "-e" "SOURCE_DIR=/opt/rustwide/workdir" "-e" "CARGO_HOME=/opt/rustwide/cargo-home" "-e" "RUSTUP_HOME=/opt/rustwide/rustup-home" "-e" "CARGO_TARGET_DIR=/opt/rustwide/target" "-e" "CARGO_INCREMENTAL=0" "-e" "RUST_BACKTRACE=full" "-e" "RUSTFLAGS=--cap-lints=warn" "-e" "RUSTDOCFLAGS=--cap-lints=warn" "-w" "/opt/rustwide/workdir" "--user" "0:0" "ea6e1a8c6154214cf7461b6730c0de54f41170f353d45dd2b4266fe0b79fd1b2" "/opt/rustwide/cargo-home/bin/cargo" "+1.100.0-beta.1" "test" "--frozen" "--release", kill_on_drop: false }`
[INFO] [stderr] warning: hiding a lifetime that's elided elsewhere is confusing
[INFO] [stderr]    --> src/loaders/lucet.rs:162:40
[INFO] [stderr]     |
[INFO] [stderr] 162 | pub fn load_lucet_module_data(program: &ModuleData) -> lucet_module::ModuleData {
[INFO] [stderr]     |                                        ^^^^^^^^^^^     ^^^^^^^^^^^^^^^^^^^^^^^^ the same lifetime is hidden here
[INFO] [stderr]     |                                        |
[INFO] [stderr]     |                                        the lifetime is elided here
[INFO] [stderr]     |
[INFO] [stderr]     = help: the same lifetime is referred to in inconsistent ways, making the signature confusing
[INFO] [stderr]     = note: `#[warn(mismatched_lifetime_syntaxes)]` on by default
[INFO] [stderr] help: use `'_` for type paths
[INFO] [stderr]     |
[INFO] [stderr] 162 | pub fn load_lucet_module_data(program: &ModuleData) -> lucet_module::ModuleData<'_> {
[INFO] [stderr]     |                                                                                ++++
[INFO] [stderr] 
[INFO] [stderr] warning: `veriwasm` (lib) generated 1 warning (run `cargo fix --lib -p veriwasm` to apply 1 suggestion)
[INFO] [stderr] warning: `veriwasm` (lib test) generated 1 warning (1 duplicate)
[INFO] [stderr] warning: unused dependency `colored`
[INFO] [stderr]  --> Cargo.toml:7:15
[INFO] [stderr]   |
[INFO] [stderr] 7 | [dependencies.colored]
[INFO] [stderr]   |               ^^^^^^^^
[INFO] [stderr]   |
[INFO] [stderr]   = note: `cargo::unused_dependencies` is set to `warn` by default
[INFO] [stderr] help: consider removing the dependency on `colored`
[INFO] [stderr] warning: unused dependency `object`
[INFO] [stderr]   --> Cargo.toml:28:15
[INFO] [stderr]    |
[INFO] [stderr] 28 | [dependencies.object]
[INFO] [stderr]    |               ^^^^^^^
[INFO] [stderr]    |
[INFO] [stderr] help: consider removing the dependency on `object`
[INFO] [stderr] warning: `veriwasm` (manifest) generated 2 warnings
[INFO] [stderr]     Finished `release` profile [optimized] target(s) in 0.16s
[INFO] [stderr] warning: the following packages contain code that will be rejected by a future version of Rust: syn v0.11.11, wasmparser v0.57.0
[INFO] [stderr] note: to see what the problems were, use the option `--future-incompat-report`, or run `cargo report future-incompatibilities --id 4`
[INFO] [stderr]      Running unittests src/lib.rs (/opt/rustwide/target/release/build/veriwasm/a056524b7b97ac38/out/veriwasm-a056524b7b97ac38)
[INFO] [stdout] 
[INFO] [stdout] running 9 tests
[INFO] [stdout] test lattices::stackgrowthlattice::stack_growth_lattice_test ... ok
[INFO] [stdout] test lattices::switchlattice::switch_lattice_test ... ok
[INFO] [stdout] test lattices::heaplattice::heap_lattice_test ... ok
[INFO] [stdout] test lattices::stacklattice::stack_lattice_test_overlapping_entries ... ok
[INFO] [stdout] test lattices::calllattice::call_lattice_test ... ok
[INFO] [stdout] test lattices::u32_lattice_test ... ok
[INFO] [stdout] test lattices::stacklattice::stack_lattice_test_eq ... ok
[INFO] [stdout] test lattices::stacklattice::stack_lattice_test_ord ... ok
[INFO] [stdout] test lattices::boolean_lattice_test ... ok
[INFO] [stderr]      Running unittests src/bin/veriwasm.rs (/opt/rustwide/target/release/build/veriwasm/929e716714824574/out/veriwasm-929e716714824574)
[INFO] [stdout] 
[INFO] [stdout] test result: ok. 9 passed; 0 failed; 0 ignored; 0 measured; 0 filtered out; finished in 0.00s
[INFO] [stdout] 
[INFO] [stdout] 
[INFO] [stderr]      Running tests/testing.rs (/opt/rustwide/target/release/build/veriwasm/ff710d446be8f1f6/out/testing-ff710d446be8f1f6)
[INFO] [stdout] running 0 tests
[INFO] [stdout] 
[INFO] [stdout] test result: ok. 0 passed; 0 failed; 0 ignored; 0 measured; 0 filtered out; finished in 0.00s
[INFO] [stdout] 
[INFO] [stdout] 
[INFO] [stdout] running 30 tests
[INFO] [stdout] test negative_test_12 - should panic ... FAILED
[INFO] [stdout] test negative_test_13 - should panic ... FAILED
[INFO] [stdout] test negative_test_2 - should panic ... FAILED
[INFO] [stdout] test negative_test_4 - should panic ... FAILED
[INFO] [stdout] test full_test_libogg ... FAILED
[INFO] [stdout] test negative_test_nacl_323_1 - should panic ... FAILED
[INFO] [stdout] test negative_test_5 - should panic ... FAILED
[INFO] [stdout] test negative_test_3 - should panic ... FAILED
[INFO] [stdout] test negative_test_1 - should panic ... FAILED
[INFO] [stdout] test negative_test_8 - should panic ... FAILED
[INFO] [stdout] test negative_test_zerocost_2 - should panic ... FAILED
[INFO] [stdout] test negative_test_zerocost_3 - should panic ... FAILED
[INFO] [stdout] test negative_test_9 - should panic ... FAILED
[INFO] [stdout] test full_test_soundtouch ... FAILED
[INFO] [stdout] test negative_test_zerocost_4 - should panic ... FAILED
[INFO] [stdout] test negative_test_14 - should panic ... FAILED
[INFO] [stdout] test negative_test_7 - should panic ... FAILED
[INFO] [stdout] test negative_test_6 - should panic ... FAILED
[INFO] [stdout] test negative_test_nacl_323_2 - should panic ... FAILED
[INFO] [stdout] test full_test_libexpat ... FAILED
[INFO] [stdout] test negative_test_nacl_23 - should panic ... FAILED
[INFO] [stdout] test full_test_graphiteogghunspell ... FAILED
[INFO] [stdout] test negative_test_zerocost_5 - should panic ... FAILED
[INFO] [stdout] test negative_test_zerocost_6 - should panic ... FAILED
[INFO] [stdout] test negative_test_misfit_1 - should panic ... FAILED
[INFO] [stdout] test negative_test_zerocost_7 - should panic ... FAILED
[INFO] [stdout] test negative_test_10 - should panic ... FAILED
[INFO] [stdout] test negative_test_zerocost_1 - should panic ... FAILED
[INFO] [stdout] test negative_test_zerocost_8 - should panic ... FAILED
[INFO] [stdout] test negative_test_zerocost_9 - should panic ... FAILED
[INFO] [stdout] 
[INFO] [stdout] failures:
[INFO] [stdout] 
[INFO] [stdout] ---- negative_test_12 stdout ----
[INFO] [stdout] 
[INFO] [stdout] thread 'negative_test_12' (2959) panicked at /opt/rustwide/cargo-home/registry/src/index.crates.io-1949cf8c6b5b557f/yaxpeax-core-0.0.4-vw-tweaks/src/memory/reader/mod.rs:19:61:
[INFO] [stdout] called `Result::unwrap()` on an `Err` value: Os { code: 2, kind: NotFound, message: "No such file or directory" }
[INFO] [stdout] stack backtrace:
[INFO] [stdout]    0:     0x5c00eabd9be1 - <<std[617be2ca0a6fd877]::sys::backtrace::BacktraceLock>::print::DisplayBacktrace as core[a373ad73a504971]::fmt::Display>::fmt
[INFO] [stdout]    1:     0x5c00eabf006a - core[a373ad73a504971]::fmt::write
[INFO] [stdout]    2:     0x5c00eabde1fc - <alloc[2e1b2a31b91974c5]::vec::Vec<u8> as core[a373ad73a504971]::io::write::Write>::write_fmt
[INFO] [stdout]    3:     0x5c00eabb5d16 - std[617be2ca0a6fd877]::panicking::default_hook::{closure#0}
[INFO] [stdout]    4:     0x5c00eabd2099 - std[617be2ca0a6fd877]::panicking::default_hook
[INFO] [stdout]    5:     0x5c00eaa93740 - test[aada8e7e76ba119b]::test_main_inner::{closure#0}
[INFO] [stdout]    6:     0x5c00eabd2252 - std[617be2ca0a6fd877]::panicking::panic_with_hook
[INFO] [stdout]    7:     0x5c00eabb5dc2 - std[617be2ca0a6fd877]::panicking::panic_handler::{closure#0}
[INFO] [stdout]    8:     0x5c00eabaeaa9 - std[617be2ca0a6fd877]::sys::backtrace::__rust_end_short_backtrace::<std[617be2ca0a6fd877]::panicking::panic_handler::{closure#0}, !>
[INFO] [stdout]    9:     0x5c00eabb69cd - __rustc[ea4f61d10b84890b]::rust_begin_unwind
[INFO] [stdout]   10:     0x5c00eabf07cc - core[a373ad73a504971]::panicking::panic_fmt
[INFO] [stdout]   11:     0x5c00eabf05a2 - core[a373ad73a504971]::result::unwrap_failed
[INFO] [stdout]   12:     0x5c00eab73efc - yaxpeax_core[34fc140670dbc555]::memory::reader::load_from_path
[INFO] [stdout]   13:     0x5c00eab2b8c3 - veriwasm[91c8e3e2d0d066cf]::loaders::load_program
[INFO] [stdout]   14:     0x5c00eaa084fa - testing[696f36313b35f943]::negative_test_helper
[INFO] [stdout]   15:     0x5c00eaa09385 - <testing[696f36313b35f943]::negative_test_12::{closure#0} as core[a373ad73a504971]::ops::function::FnOnce<()>>::call_once
[INFO] [stdout]   16:     0x5c00eaa86b8b - test[aada8e7e76ba119b]::__rust_begin_short_backtrace::<core[a373ad73a504971]::result::Result<(), alloc[2e1b2a31b91974c5]::string::String>, fn() -> core[a373ad73a504971]::result::Result<(), alloc[2e1b2a31b91974c5]::string::String>>
[INFO] [stdout]   17:     0x5c00eaa93d65 - test[aada8e7e76ba119b]::run_test::{closure#0}
[INFO] [stdout]   18:     0x5c00eaa8d654 - std[617be2ca0a6fd877]::sys::backtrace::__rust_begin_short_backtrace::<test[aada8e7e76ba119b]::run_test::{closure#1}, ()>
[INFO] [stdout]   19:     0x5c00eaa96df2 - <std[617be2ca0a6fd877]::thread::lifecycle::spawn_unchecked<test[aada8e7e76ba119b]::run_test::{closure#1}, ()>::{closure#1} as core[a373ad73a504971]::ops::function::FnOnce<()>>::call_once::{shim:vtable#0}
[INFO] [stdout]   20:     0x5c00eabd925f - <std[617be2ca0a6fd877]::sys::thread::unix::Thread>::new::thread_start
[INFO] [stdout]   21:     0x7c9f8bb4edfa - <unknown>
[INFO] [stdout]   22:     0x7c9f8bbe23d4 - clone
[INFO] [stdout]   23:                0x0 - <unknown>
[INFO] [stdout] note: panic did not contain expected string
[INFO] [stdout]       panic message: "called `Result::unwrap()` on an `Err` value: Os { code: 2, kind: NotFound, message: \"No such file or directory\" }"
[INFO] [stdout]  expected substring: "not implemented"
[INFO] [stdout] ---- negative_test_13 stdout ----
[INFO] [stdout] 
[INFO] [stdout] thread 'negative_test_13' (2960) panicked at /opt/rustwide/cargo-home/registry/src/index.crates.io-1949cf8c6b5b557f/yaxpeax-core-0.0.4-vw-tweaks/src/memory/reader/mod.rs:19:61:
[INFO] [stdout] called `Result::unwrap()` on an `Err` value: Os { code: 2, kind: NotFound, message: "No such file or directory" }
[INFO] [stdout] stack backtrace:
[INFO] [stdout]    0:     0x5c00eabd9be1 - <<std[617be2ca0a6fd877]::sys::backtrace::BacktraceLock>::print::DisplayBacktrace as core[a373ad73a504971]::fmt::Display>::fmt
[INFO] [stdout]    1:     0x5c00eabf006a - core[a373ad73a504971]::fmt::write
[INFO] [stdout]    2:     0x5c00eabde1fc - <alloc[2e1b2a31b91974c5]::vec::Vec<u8> as core[a373ad73a504971]::io::write::Write>::write_fmt
[INFO] [stdout]    3:     0x5c00eabb5d16 - std[617be2ca0a6fd877]::panicking::default_hook::{closure#0}
[INFO] [stdout]    4:     0x5c00eabd2099 - std[617be2ca0a6fd877]::panicking::default_hook
[INFO] [stdout]    5:     0x5c00eaa93740 - test[aada8e7e76ba119b]::test_main_inner::{closure#0}
[INFO] [stdout]    6:     0x5c00eabd2252 - std[617be2ca0a6fd877]::panicking::panic_with_hook
[INFO] [stdout]    7:     0x5c00eabb5dc2 - std[617be2ca0a6fd877]::panicking::panic_handler::{closure#0}
[INFO] [stdout]    8:     0x5c00eabaeaa9 - std[617be2ca0a6fd877]::sys::backtrace::__rust_end_short_backtrace::<std[617be2ca0a6fd877]::panicking::panic_handler::{closure#0}, !>
[INFO] [stdout]    9:     0x5c00eabb69cd - __rustc[ea4f61d10b84890b]::rust_begin_unwind
[INFO] [stdout]   10:     0x5c00eabf07cc - core[a373ad73a504971]::panicking::panic_fmt
[INFO] [stdout]   11:     0x5c00eabf05a2 - core[a373ad73a504971]::result::unwrap_failed
[INFO] [stdout]   12:     0x5c00eab73efc - yaxpeax_core[34fc140670dbc555]::memory::reader::load_from_path
[INFO] [stdout]   13:     0x5c00eab2b8c3 - veriwasm[91c8e3e2d0d066cf]::loaders::load_program
[INFO] [stdout]   14:     0x5c00eaa084fa - testing[696f36313b35f943]::negative_test_helper
[INFO] [stdout]   15:     0x5c00eaa093b5 - <testing[696f36313b35f943]::negative_test_13::{closure#0} as core[a373ad73a504971]::ops::function::FnOnce<()>>::call_once
[INFO] [stdout]   16:     0x5c00eaa86b8b - test[aada8e7e76ba119b]::__rust_begin_short_backtrace::<core[a373ad73a504971]::result::Result<(), alloc[2e1b2a31b91974c5]::string::String>, fn() -> core[a373ad73a504971]::result::Result<(), alloc[2e1b2a31b91974c5]::string::String>>
[INFO] [stdout]   17:     0x5c00eaa93d65 - test[aada8e7e76ba119b]::run_test::{closure#0}
[INFO] [stdout]   18:     0x5c00eaa8d654 - std[617be2ca0a6fd877]::sys::backtrace::__rust_begin_short_backtrace::<test[aada8e7e76ba119b]::run_test::{closure#1}, ()>
[INFO] [stdout]   19:     0x5c00eaa96df2 - <std[617be2ca0a6fd877]::thread::lifecycle::spawn_unchecked<test[aada8e7e76ba119b]::run_test::{closure#1}, ()>::{closure#1} as core[a373ad73a504971]::ops::function::FnOnce<()>>::call_once::{shim:vtable#0}
[INFO] [stdout]   20:     0x5c00eabd925f - <std[617be2ca0a6fd877]::sys::thread::unix::Thread>::new::thread_start
[INFO] [stdout]   21:     0x7c9f8bb4edfa - <unknown>
[INFO] [stdout]   22:     0x7c9f8bbe23d4 - clone
[INFO] [stdout]   23:                0x0 - <unknown>
[INFO] [stdout] note: panic did not contain expected string
[INFO] [stdout]       panic message: "called `Result::unwrap()` on an `Err` value: Os { code: 2, kind: NotFound, message: \"No such file or directory\" }"
[INFO] [stdout]  expected substring: "not implemented"
[INFO] [stdout] ---- negative_test_2 stdout ----
[INFO] [stdout] 
[INFO] [stdout] thread 'negative_test_2' (2962) panicked at /opt/rustwide/cargo-home/registry/src/index.crates.io-1949cf8c6b5b557f/yaxpeax-core-0.0.4-vw-tweaks/src/memory/reader/mod.rs:19:61:
[INFO] [stdout] called `Result::unwrap()` on an `Err` value: Os { code: 2, kind: NotFound, message: "No such file or directory" }
[INFO] [stdout] stack backtrace:
[INFO] [stdout]    0:     0x5c00eabd9be1 - <<std[617be2ca0a6fd877]::sys::backtrace::BacktraceLock>::print::DisplayBacktrace as core[a373ad73a504971]::fmt::Display>::fmt
[INFO] [stdout]    1:     0x5c00eabf006a - core[a373ad73a504971]::fmt::write
[INFO] [stdout]    2:     0x5c00eabde1fc - <alloc[2e1b2a31b91974c5]::vec::Vec<u8> as core[a373ad73a504971]::io::write::Write>::write_fmt
[INFO] [stdout]    3:     0x5c00eabb5d16 - std[617be2ca0a6fd877]::panicking::default_hook::{closure#0}
[INFO] [stdout]    4:     0x5c00eabd2099 - std[617be2ca0a6fd877]::panicking::default_hook
[INFO] [stdout]    5:     0x5c00eaa93740 - test[aada8e7e76ba119b]::test_main_inner::{closure#0}
[INFO] [stdout]    6:     0x5c00eabd2252 - std[617be2ca0a6fd877]::panicking::panic_with_hook
[INFO] [stdout]    7:     0x5c00eabb5dc2 - std[617be2ca0a6fd877]::panicking::panic_handler::{closure#0}
[INFO] [stdout]    8:     0x5c00eabaeaa9 - std[617be2ca0a6fd877]::sys::backtrace::__rust_end_short_backtrace::<std[617be2ca0a6fd877]::panicking::panic_handler::{closure#0}, !>
[INFO] [stdout]    9:     0x5c00eabb69cd - __rustc[ea4f61d10b84890b]::rust_begin_unwind
[INFO] [stdout]   10:     0x5c00eabf07cc - core[a373ad73a504971]::panicking::panic_fmt
[INFO] [stdout]   11:     0x5c00eabf05a2 - core[a373ad73a504971]::result::unwrap_failed
[INFO] [stdout]   12:     0x5c00eab73efc - yaxpeax_core[34fc140670dbc555]::memory::reader::load_from_path
[INFO] [stdout]   13:     0x5c00eab2b8c3 - veriwasm[91c8e3e2d0d066cf]::loaders::load_program
[INFO] [stdout]   14:     0x5c00eaa084fa - testing[696f36313b35f943]::negative_test_helper
[INFO] [stdout]   15:     0x5c00eaa091a5 - <testing[696f36313b35f943]::negative_test_2::{closure#0} as core[a373ad73a504971]::ops::function::FnOnce<()>>::call_once
[INFO] [stdout]   16:     0x5c00eaa86b8b - test[aada8e7e76ba119b]::__rust_begin_short_backtrace::<core[a373ad73a504971]::result::Result<(), alloc[2e1b2a31b91974c5]::string::String>, fn() -> core[a373ad73a504971]::result::Result<(), alloc[2e1b2a31b91974c5]::string::String>>
[INFO] [stdout]   17:     0x5c00eaa93d65 - test[aada8e7e76ba119b]::run_test::{closure#0}
[INFO] [stdout]   18:     0x5c00eaa8d654 - std[617be2ca0a6fd877]::sys::backtrace::__rust_begin_short_backtrace::<test[aada8e7e76ba119b]::run_test::{closure#1}, ()>
[INFO] [stdout]   19:     0x5c00eaa96df2 - <std[617be2ca0a6fd877]::thread::lifecycle::spawn_unchecked<test[aada8e7e76ba119b]::run_test::{closure#1}, ()>::{closure#1} as core[a373ad73a504971]::ops::function::FnOnce<()>>::call_once::{shim:vtable#0}
[INFO] [stdout]   20:     0x5c00eabd925f - <std[617be2ca0a6fd877]::sys::thread::unix::Thread>::new::thread_start
[INFO] [stdout]   21:     0x7c9f8bb4edfa - <unknown>
[INFO] [stdout]   22:     0x7c9f8bbe23d4 - clone
[INFO] [stdout]   23:                0x0 - <unknown>
[INFO] [stdout] note: panic did not contain expected string
[INFO] [stdout]       panic message: "called `Result::unwrap()` on an `Err` value: Os { code: 2, kind: NotFound, message: \"No such file or directory\" }"
[INFO] [stderr] error: test failed, to rerun pass `--test testing`
[INFO] [stdout]  expected substring: "Not Stack Safe"
[INFO] [stdout] ---- negative_test_4 stdout ----
[INFO] [stdout] 
[INFO] [stdout] thread 'negative_test_4' (2964) panicked at /opt/rustwide/cargo-home/registry/src/index.crates.io-1949cf8c6b5b557f/yaxpeax-core-0.0.4-vw-tweaks/src/memory/reader/mod.rs:19:61:
[INFO] [stdout] called `Result::unwrap()` on an `Err` value: Os { code: 2, kind: NotFound, message: "No such file or directory" }
[INFO] [stdout] stack backtrace:
[INFO] [stdout]    0:     0x5c00eabd9be1 - <<std[617be2ca0a6fd877]::sys::backtrace::BacktraceLock>::print::DisplayBacktrace as core[a373ad73a504971]::fmt::Display>::fmt
[INFO] [stdout]    1:     0x5c00eabf006a - core[a373ad73a504971]::fmt::write
[INFO] [stdout]    2:     0x5c00eabde1fc - <alloc[2e1b2a31b91974c5]::vec::Vec<u8> as core[a373ad73a504971]::io::write::Write>::write_fmt
[INFO] [stdout]    3:     0x5c00eabb5d16 - std[617be2ca0a6fd877]::panicking::default_hook::{closure#0}
[INFO] [stdout]    4:     0x5c00eabd2099 - std[617be2ca0a6fd877]::panicking::default_hook
[INFO] [stdout]    5:     0x5c00eaa93740 - test[aada8e7e76ba119b]::test_main_inner::{closure#0}
[INFO] [stdout]    6:     0x5c00eabd2252 - std[617be2ca0a6fd877]::panicking::panic_with_hook
[INFO] [stdout]    7:     0x5c00eabb5dc2 - std[617be2ca0a6fd877]::panicking::panic_handler::{closure#0}
[INFO] [stdout]    8:     0x5c00eabaeaa9 - std[617be2ca0a6fd877]::sys::backtrace::__rust_end_short_backtrace::<std[617be2ca0a6fd877]::panicking::panic_handler::{closure#0}, !>
[INFO] [stdout]    9:     0x5c00eabb69cd - __rustc[ea4f61d10b84890b]::rust_begin_unwind
[INFO] [stdout]   10:     0x5c00eabf07cc - core[a373ad73a504971]::panicking::panic_fmt
[INFO] [stdout]   11:     0x5c00eabf05a2 - core[a373ad73a504971]::result::unwrap_failed
[INFO] [stdout]   12:     0x5c00eab73efc - yaxpeax_core[34fc140670dbc555]::memory::reader::load_from_path
[INFO] [stdout]   13:     0x5c00eab2b8c3 - veriwasm[91c8e3e2d0d066cf]::loaders::load_program
[INFO] [stdout]   14:     0x5c00eaa084fa - testing[696f36313b35f943]::negative_test_helper
[INFO] [stdout]   15:     0x5c00eaa09205 - <testing[696f36313b35f943]::negative_test_4::{closure#0} as core[a373ad73a504971]::ops::function::FnOnce<()>>::call_once
[INFO] [stdout]   16:     0x5c00eaa86b8b - test[aada8e7e76ba119b]::__rust_begin_short_backtrace::<core[a373ad73a504971]::result::Result<(), alloc[2e1b2a31b91974c5]::string::String>, fn() -> core[a373ad73a504971]::result::Result<(), alloc[2e1b2a31b91974c5]::string::String>>
[INFO] [stdout]   17:     0x5c00eaa93d65 - test[aada8e7e76ba119b]::run_test::{closure#0}
[INFO] [stdout]   18:     0x5c00eaa8d654 - std[617be2ca0a6fd877]::sys::backtrace::__rust_begin_short_backtrace::<test[aada8e7e76ba119b]::run_test::{closure#1}, ()>
[INFO] [stdout]   19:     0x5c00eaa96df2 - <std[617be2ca0a6fd877]::thread::lifecycle::spawn_unchecked<test[aada8e7e76ba119b]::run_test::{closure#1}, ()>::{closure#1} as core[a373ad73a504971]::ops::function::FnOnce<()>>::call_once::{shim:vtable#0}
[INFO] [stdout]   20:     0x5c00eabd925f - <std[617be2ca0a6fd877]::sys::thread::unix::Thread>::new::thread_start
[INFO] [stdout]   21:     0x7c9f8bb4edfa - <unknown>
[INFO] [stdout]   22:     0x7c9f8bbe23d4 - clone
[INFO] [stdout]   23:                0x0 - <unknown>
[INFO] [stdout] note: panic did not contain expected string
[INFO] [stdout]       panic message: "called `Result::unwrap()` on an `Err` value: Os { code: 2, kind: NotFound, message: \"No such file or directory\" }"
[INFO] [stdout]  expected substring: "Jump Targets Broken, target = None"
[INFO] [stdout] ---- full_test_libogg stdout ----
[INFO] [stdout] 
[INFO] [stdout] thread 'full_test_libogg' (2955) panicked at /opt/rustwide/cargo-home/registry/src/index.crates.io-1949cf8c6b5b557f/yaxpeax-core-0.0.4-vw-tweaks/src/memory/reader/mod.rs:19:61:
[INFO] [stdout] called `Result::unwrap()` on an `Err` value: Os { code: 2, kind: NotFound, message: "No such file or directory" }
[INFO] [stdout] stack backtrace:
[INFO] [stdout]    0:     0x5c00eabd9be1 - <<std[617be2ca0a6fd877]::sys::backtrace::BacktraceLock>::print::DisplayBacktrace as core[a373ad73a504971]::fmt::Display>::fmt
[INFO] [stdout]    1:     0x5c00eabf006a - core[a373ad73a504971]::fmt::write
[INFO] [stdout]    2:     0x5c00eabde1fc - <alloc[2e1b2a31b91974c5]::vec::Vec<u8> as core[a373ad73a504971]::io::write::Write>::write_fmt
[INFO] [stdout]    3:     0x5c00eabb5d16 - std[617be2ca0a6fd877]::panicking::default_hook::{closure#0}
[INFO] [stdout]    4:     0x5c00eabd2099 - std[617be2ca0a6fd877]::panicking::default_hook
[INFO] [stdout]    5:     0x5c00eaa93740 - test[aada8e7e76ba119b]::test_main_inner::{closure#0}
[INFO] [stdout]    6:     0x5c00eabd2252 - std[617be2ca0a6fd877]::panicking::panic_with_hook
[INFO] [stdout]    7:     0x5c00eabb5dc2 - std[617be2ca0a6fd877]::panicking::panic_handler::{closure#0}
[INFO] [stdout]    8:     0x5c00eabaeaa9 - std[617be2ca0a6fd877]::sys::backtrace::__rust_end_short_backtrace::<std[617be2ca0a6fd877]::panicking::panic_handler::{closure#0}, !>
[INFO] [stdout]    9:     0x5c00eabb69cd - __rustc[ea4f61d10b84890b]::rust_begin_unwind
[INFO] [stdout]   10:     0x5c00eabf07cc - core[a373ad73a504971]::panicking::panic_fmt
[INFO] [stdout]   11:     0x5c00eabf05a2 - core[a373ad73a504971]::result::unwrap_failed
[INFO] [stdout]   12:     0x5c00eab73efc - yaxpeax_core[34fc140670dbc555]::memory::reader::load_from_path
[INFO] [stdout]   13:     0x5c00eab2b8c3 - veriwasm[91c8e3e2d0d066cf]::loaders::load_program
[INFO] [stdout]   14:     0x5c00eab3ca4e - veriwasm[91c8e3e2d0d066cf]::runner::run
[INFO] [stdout]   15:     0x5c00eaa08398 - testing[696f36313b35f943]::full_test_helper
[INFO] [stdout]   16:     0x5c00eaa09325 - <testing[696f36313b35f943]::full_test_libogg::{closure#0} as core[a373ad73a504971]::ops::function::FnOnce<()>>::call_once
[INFO] [stdout]   17:     0x5c00eaa86b8b - test[aada8e7e76ba119b]::__rust_begin_short_backtrace::<core[a373ad73a504971]::result::Result<(), alloc[2e1b2a31b91974c5]::string::String>, fn() -> core[a373ad73a504971]::result::Result<(), alloc[2e1b2a31b91974c5]::string::String>>
[INFO] [stdout]   18:     0x5c00eaa93d65 - test[aada8e7e76ba119b]::run_test::{closure#0}
[INFO] [stdout]   19:     0x5c00eaa8d654 - std[617be2ca0a6fd877]::sys::backtrace::__rust_begin_short_backtrace::<test[aada8e7e76ba119b]::run_test::{closure#1}, ()>
[INFO] [stdout]   20:     0x5c00eaa96df2 - <std[617be2ca0a6fd877]::thread::lifecycle::spawn_unchecked<test[aada8e7e76ba119b]::run_test::{closure#1}, ()>::{closure#1} as core[a373ad73a504971]::ops::function::FnOnce<()>>::call_once::{shim:vtable#0}
[INFO] [stdout]   21:     0x5c00eabd925f - <std[617be2ca0a6fd877]::sys::thread::unix::Thread>::new::thread_start
[INFO] [stdout]   22:     0x7c9f8bb4edfa - <unknown>
[INFO] [stdout]   23:     0x7c9f8bbe23d4 - clone
[INFO] [stdout]   24:                0x0 - <unknown>
[INFO] [stdout] 
[INFO] [stdout] ---- negative_test_nacl_323_1 stdout ----
[INFO] [stdout] 
[INFO] [stdout] thread 'negative_test_nacl_323_1' (2972) panicked at /opt/rustwide/cargo-home/registry/src/index.crates.io-1949cf8c6b5b557f/yaxpeax-core-0.0.4-vw-tweaks/src/memory/reader/mod.rs:19:61:
[INFO] [stdout] called `Result::unwrap()` on an `Err` value: Os { code: 2, kind: NotFound, message: "No such file or directory" }
[INFO] [stdout] stack backtrace:
[INFO] [stdout]    0:     0x5c00eabd9be1 - <<std[617be2ca0a6fd877]::sys::backtrace::BacktraceLock>::print::DisplayBacktrace as core[a373ad73a504971]::fmt::Display>::fmt
[INFO] [stdout]    1:     0x5c00eabf006a - core[a373ad73a504971]::fmt::write
[INFO] [stdout]    2:     0x5c00eabde1fc - <alloc[2e1b2a31b91974c5]::vec::Vec<u8> as core[a373ad73a504971]::io::write::Write>::write_fmt
[INFO] [stdout]    3:     0x5c00eabb5d16 - std[617be2ca0a6fd877]::panicking::default_hook::{closure#0}
[INFO] [stdout]    4:     0x5c00eabd2099 - std[617be2ca0a6fd877]::panicking::default_hook
[INFO] [stdout]    5:     0x5c00eaa93740 - test[aada8e7e76ba119b]::test_main_inner::{closure#0}
[INFO] [stdout]    6:     0x5c00eabd2252 - std[617be2ca0a6fd877]::panicking::panic_with_hook
[INFO] [stdout]    7:     0x5c00eabb5dc2 - std[617be2ca0a6fd877]::panicking::panic_handler::{closure#0}
[INFO] [stdout]    8:     0x5c00eabaeaa9 - std[617be2ca0a6fd877]::sys::backtrace::__rust_end_short_backtrace::<std[617be2ca0a6fd877]::panicking::panic_handler::{closure#0}, !>
[INFO] [stdout]    9:     0x5c00eabb69cd - __rustc[ea4f61d10b84890b]::rust_begin_unwind
[INFO] [stdout]   10:     0x5c00eabf07cc - core[a373ad73a504971]::panicking::panic_fmt
[INFO] [stdout]   11:     0x5c00eabf05a2 - core[a373ad73a504971]::result::unwrap_failed
[INFO] [stdout]   12:     0x5c00eab73efc - yaxpeax_core[34fc140670dbc555]::memory::reader::load_from_path
[INFO] [stdout]   13:     0x5c00eab2b8c3 - veriwasm[91c8e3e2d0d066cf]::loaders::load_program
[INFO] [stdout]   14:     0x5c00eaa084fa - testing[696f36313b35f943]::negative_test_helper
[INFO] [stdout]   15:     0x5c00eaa094d5 - <testing[696f36313b35f943]::negative_test_nacl_323_1::{closure#0} as core[a373ad73a504971]::ops::function::FnOnce<()>>::call_once
[INFO] [stdout]   16:     0x5c00eaa86b8b - test[aada8e7e76ba119b]::__rust_begin_short_backtrace::<core[a373ad73a504971]::result::Result<(), alloc[2e1b2a31b91974c5]::string::String>, fn() -> core[a373ad73a504971]::result::Result<(), alloc[2e1b2a31b91974c5]::string::String>>
[INFO] [stdout]   17:     0x5c00eaa93d65 - test[aada8e7e76ba119b]::run_test::{closure#0}
[INFO] [stdout]   18:     0x5c00eaa8d654 - std[617be2ca0a6fd877]::sys::backtrace::__rust_begin_short_backtrace::<test[aada8e7e76ba119b]::run_test::{closure#1}, ()>
[INFO] [stdout]   19:     0x5c00eaa96df2 - <std[617be2ca0a6fd877]::thread::lifecycle::spawn_unchecked<test[aada8e7e76ba119b]::run_test::{closure#1}, ()>::{closure#1} as core[a373ad73a504971]::ops::function::FnOnce<()>>::call_once::{shim:vtable#0}
[INFO] [stdout]   20:     0x5c00eabd925f - <std[617be2ca0a6fd877]::sys::thread::unix::Thread>::new::thread_start
[INFO] [stdout]   21:     0x7c9f8bb4edfa - <unknown>
[INFO] [stdout]   22:     0x7c9f8bbe23d4 - clone
[INFO] [stdout]   23:                0x0 - <unknown>
[INFO] [stdout] note: panic did not contain expected string
[INFO] [stdout]       panic message: "called `Result::unwrap()` on an `Err` value: Os { code: 2, kind: NotFound, message: \"No such file or directory\" }"
[INFO] [stdout]  expected substring: "not implemented"
[INFO] [stdout] ---- negative_test_5 stdout ----
[INFO] [stdout] 
[INFO] [stdout] thread 'negative_test_5' (2965) panicked at /opt/rustwide/cargo-home/registry/src/index.crates.io-1949cf8c6b5b557f/yaxpeax-core-0.0.4-vw-tweaks/src/memory/reader/mod.rs:19:61:
[INFO] [stdout] called `Result::unwrap()` on an `Err` value: Os { code: 2, kind: NotFound, message: "No such file or directory" }
[INFO] [stdout] stack backtrace:
[INFO] [stdout]    0:     0x5c00eabd9be1 - <<std[617be2ca0a6fd877]::sys::backtrace::BacktraceLock>::print::DisplayBacktrace as core[a373ad73a504971]::fmt::Display>::fmt
[INFO] [stdout]    1:     0x5c00eabf006a - core[a373ad73a504971]::fmt::write
[INFO] [stdout]    2:     0x5c00eabde1fc - <alloc[2e1b2a31b91974c5]::vec::Vec<u8> as core[a373ad73a504971]::io::write::Write>::write_fmt
[INFO] [stdout]    3:     0x5c00eabb5d16 - std[617be2ca0a6fd877]::panicking::default_hook::{closure#0}
[INFO] [stdout]    4:     0x5c00eabd2099 - std[617be2ca0a6fd877]::panicking::default_hook
[INFO] [stdout]    5:     0x5c00eaa93740 - test[aada8e7e76ba119b]::test_main_inner::{closure#0}
[INFO] [stdout]    6:     0x5c00eabd2252 - std[617be2ca0a6fd877]::panicking::panic_with_hook
[INFO] [stdout]    7:     0x5c00eabb5dc2 - std[617be2ca0a6fd877]::panicking::panic_handler::{closure#0}
[INFO] [stdout]    8:     0x5c00eabaeaa9 - std[617be2ca0a6fd877]::sys::backtrace::__rust_end_short_backtrace::<std[617be2ca0a6fd877]::panicking::panic_handler::{closure#0}, !>
[INFO] [stdout]    9:     0x5c00eabb69cd - __rustc[ea4f61d10b84890b]::rust_begin_unwind
[INFO] [stdout]   10:     0x5c00eabf07cc - core[a373ad73a504971]::panicking::panic_fmt
[INFO] [stdout]   11:     0x5c00eabf05a2 - core[a373ad73a504971]::result::unwrap_failed
[INFO] [stdout]   12:     0x5c00eab73efc - yaxpeax_core[34fc140670dbc555]::memory::reader::load_from_path
[INFO] [stdout]   13:     0x5c00eab2b8c3 - veriwasm[91c8e3e2d0d066cf]::loaders::load_program
[INFO] [stdout]   14:     0x5c00eaa084fa - testing[696f36313b35f943]::negative_test_helper
[INFO] [stdout]   15:     0x5c00eaa09235 - <testing[696f36313b35f943]::negative_test_5::{closure#0} as core[a373ad73a504971]::ops::function::FnOnce<()>>::call_once
[INFO] [stdout]   16:     0x5c00eaa86b8b - test[aada8e7e76ba119b]::__rust_begin_short_backtrace::<core[a373ad73a504971]::result::Result<(), alloc[2e1b2a31b91974c5]::string::String>, fn() -> core[a373ad73a504971]::result::Result<(), alloc[2e1b2a31b91974c5]::string::String>>
[INFO] [stdout]   17:     0x5c00eaa93d65 - test[aada8e7e76ba119b]::run_test::{closure#0}
[INFO] [stdout]   18:     0x5c00eaa8d654 - std[617be2ca0a6fd877]::sys::backtrace::__rust_begin_short_backtrace::<test[aada8e7e76ba119b]::run_test::{closure#1}, ()>
[INFO] [stdout]   19:     0x5c00eaa96df2 - <std[617be2ca0a6fd877]::thread::lifecycle::spawn_unchecked<test[aada8e7e76ba119b]::run_test::{closure#1}, ()>::{closure#1} as core[a373ad73a504971]::ops::function::FnOnce<()>>::call_once::{shim:vtable#0}
[INFO] [stdout]   20:     0x5c00eabd925f - <std[617be2ca0a6fd877]::sys::thread::unix::Thread>::new::thread_start
[INFO] [stdout]   21:     0x7c9f8bb4edfa - <unknown>
[INFO] [stdout]   22:     0x7c9f8bbe23d4 - clone
[INFO] [stdout]   23:                0x0 - <unknown>
[INFO] [stdout] note: panic did not contain expected string
[INFO] [stdout]       panic message: "called `Result::unwrap()` on an `Err` value: Os { code: 2, kind: NotFound, message: \"No such file or directory\" }"
[INFO] [stdout]  expected substring: "Not Call Safe"
[INFO] [stdout] ---- negative_test_3 stdout ----
[INFO] [stdout] 
[INFO] [stdout] thread 'negative_test_3' (2963) panicked at /opt/rustwide/cargo-home/registry/src/index.crates.io-1949cf8c6b5b557f/yaxpeax-core-0.0.4-vw-tweaks/src/memory/reader/mod.rs:19:61:
[INFO] [stdout] called `Result::unwrap()` on an `Err` value: Os { code: 2, kind: NotFound, message: "No such file or directory" }
[INFO] [stdout] stack backtrace:
[INFO] [stdout]    0:     0x5c00eabd9be1 - <<std[617be2ca0a6fd877]::sys::backtrace::BacktraceLock>::print::DisplayBacktrace as core[a373ad73a504971]::fmt::Display>::fmt
[INFO] [stdout]    1:     0x5c00eabf006a - core[a373ad73a504971]::fmt::write
[INFO] [stdout]    2:     0x5c00eabde1fc - <alloc[2e1b2a31b91974c5]::vec::Vec<u8> as core[a373ad73a504971]::io::write::Write>::write_fmt
[INFO] [stdout]    3:     0x5c00eabb5d16 - std[617be2ca0a6fd877]::panicking::default_hook::{closure#0}
[INFO] [stdout]    4:     0x5c00eabd2099 - std[617be2ca0a6fd877]::panicking::default_hook
[INFO] [stdout]    5:     0x5c00eaa93740 - test[aada8e7e76ba119b]::test_main_inner::{closure#0}
[INFO] [stdout]    6:     0x5c00eabd2252 - std[617be2ca0a6fd877]::panicking::panic_with_hook
[INFO] [stdout]    7:     0x5c00eabb5dc2 - std[617be2ca0a6fd877]::panicking::panic_handler::{closure#0}
[INFO] [stdout]    8:     0x5c00eabaeaa9 - std[617be2ca0a6fd877]::sys::backtrace::__rust_end_short_backtrace::<std[617be2ca0a6fd877]::panicking::panic_handler::{closure#0}, !>
[INFO] [stdout]    9:     0x5c00eabb69cd - __rustc[ea4f61d10b84890b]::rust_begin_unwind
[INFO] [stdout]   10:     0x5c00eabf07cc - core[a373ad73a504971]::panicking::panic_fmt
[INFO] [stdout]   11:     0x5c00eabf05a2 - core[a373ad73a504971]::result::unwrap_failed
[INFO] [stdout]   12:     0x5c00eab73efc - yaxpeax_core[34fc140670dbc555]::memory::reader::load_from_path
[INFO] [stdout]   13:     0x5c00eab2b8c3 - veriwasm[91c8e3e2d0d066cf]::loaders::load_program
[INFO] [stdout]   14:     0x5c00eaa084fa - testing[696f36313b35f943]::negative_test_helper
[INFO] [stdout]   15:     0x5c00eaa091d5 - <testing[696f36313b35f943]::negative_test_3::{closure#0} as core[a373ad73a504971]::ops::function::FnOnce<()>>::call_once
[INFO] [stdout]   16:     0x5c00eaa86b8b - test[aada8e7e76ba119b]::__rust_begin_short_backtrace::<core[a373ad73a504971]::result::Result<(), alloc[2e1b2a31b91974c5]::string::String>, fn() -> core[a373ad73a504971]::result::Result<(), alloc[2e1b2a31b91974c5]::string::String>>
[INFO] [stdout]   17:     0x5c00eaa93d65 - test[aada8e7e76ba119b]::run_test::{closure#0}
[INFO] [stdout]   18:     0x5c00eaa8d654 - std[617be2ca0a6fd877]::sys::backtrace::__rust_begin_short_backtrace::<test[aada8e7e76ba119b]::run_test::{closure#1}, ()>
[INFO] [stdout]   19:     0x5c00eaa96df2 - <std[617be2ca0a6fd877]::thread::lifecycle::spawn_unchecked<test[aada8e7e76ba119b]::run_test::{closure#1}, ()>::{closure#1} as core[a373ad73a504971]::ops::function::FnOnce<()>>::call_once::{shim:vtable#0}
[INFO] [stdout]   20:     0x5c00eabd925f - <std[617be2ca0a6fd877]::sys::thread::unix::Thread>::new::thread_start
[INFO] [stdout]   21:     0x7c9f8bb4edfa - <unknown>
[INFO] [stdout]   22:     0x7c9f8bbe23d4 - clone
[INFO] [stdout]   23:                0x0 - <unknown>
[INFO] [stdout] note: panic did not contain expected string
[INFO] [stdout]       panic message: "called `Result::unwrap()` on an `Err` value: Os { code: 2, kind: NotFound, message: \"No such file or directory\" }"
[INFO] [stdout]  expected substring: "Not Stack Safe"
[INFO] [stdout] ---- negative_test_1 stdout ----
[INFO] [stdout] 
[INFO] [stdout] thread 'negative_test_1' (2957) panicked at /opt/rustwide/cargo-home/registry/src/index.crates.io-1949cf8c6b5b557f/yaxpeax-core-0.0.4-vw-tweaks/src/memory/reader/mod.rs:19:61:
[INFO] [stdout] called `Result::unwrap()` on an `Err` value: Os { code: 2, kind: NotFound, message: "No such file or directory" }
[INFO] [stdout] stack backtrace:
[INFO] [stdout]    0:     0x5c00eabd9be1 - <<std[617be2ca0a6fd877]::sys::backtrace::BacktraceLock>::print::DisplayBacktrace as core[a373ad73a504971]::fmt::Display>::fmt
[INFO] [stdout]    1:     0x5c00eabf006a - core[a373ad73a504971]::fmt::write
[INFO] [stdout]    2:     0x5c00eabde1fc - <alloc[2e1b2a31b91974c5]::vec::Vec<u8> as core[a373ad73a504971]::io::write::Write>::write_fmt
[INFO] [stdout]    3:     0x5c00eabb5d16 - std[617be2ca0a6fd877]::panicking::default_hook::{closure#0}
[INFO] [stdout]    4:     0x5c00eabd2099 - std[617be2ca0a6fd877]::panicking::default_hook
[INFO] [stdout]    5:     0x5c00eaa93740 - test[aada8e7e76ba119b]::test_main_inner::{closure#0}
[INFO] [stdout]    6:     0x5c00eabd2252 - std[617be2ca0a6fd877]::panicking::panic_with_hook
[INFO] [stdout]    7:     0x5c00eabb5dc2 - std[617be2ca0a6fd877]::panicking::panic_handler::{closure#0}
[INFO] [stdout]    8:     0x5c00eabaeaa9 - std[617be2ca0a6fd877]::sys::backtrace::__rust_end_short_backtrace::<std[617be2ca0a6fd877]::panicking::panic_handler::{closure#0}, !>
[INFO] [stdout]    9:     0x5c00eabb69cd - __rustc[ea4f61d10b84890b]::rust_begin_unwind
[INFO] [stdout]   10:     0x5c00eabf07cc - core[a373ad73a504971]::panicking::panic_fmt
[INFO] [stdout]   11:     0x5c00eabf05a2 - core[a373ad73a504971]::result::unwrap_failed
[INFO] [stdout]   12:     0x5c00eab73efc - yaxpeax_core[34fc140670dbc555]::memory::reader::load_from_path
[INFO] [stdout]   13:     0x5c00eab2b8c3 - veriwasm[91c8e3e2d0d066cf]::loaders::load_program
[INFO] [stdout]   14:     0x5c00eaa084fa - testing[696f36313b35f943]::negative_test_helper
[INFO] [stdout]   15:     0x5c00eaa09175 - <testing[696f36313b35f943]::negative_test_1::{closure#0} as core[a373ad73a504971]::ops::function::FnOnce<()>>::call_once
[INFO] [stdout]   16:     0x5c00eaa86b8b - test[aada8e7e76ba119b]::__rust_begin_short_backtrace::<core[a373ad73a504971]::result::Result<(), alloc[2e1b2a31b91974c5]::string::String>, fn() -> core[a373ad73a504971]::result::Result<(), alloc[2e1b2a31b91974c5]::string::String>>
[INFO] [stdout]   17:     0x5c00eaa93d65 - test[aada8e7e76ba119b]::run_test::{closure#0}
[INFO] [stdout]   18:     0x5c00eaa8d654 - std[617be2ca0a6fd877]::sys::backtrace::__rust_begin_short_backtrace::<test[aada8e7e76ba119b]::run_test::{closure#1}, ()>
[INFO] [stdout]   19:     0x5c00eaa96df2 - <std[617be2ca0a6fd877]::thread::lifecycle::spawn_unchecked<test[aada8e7e76ba119b]::run_test::{closure#1}, ()>::{closure#1} as core[a373ad73a504971]::ops::function::FnOnce<()>>::call_once::{shim:vtable#0}
[INFO] [stdout]   20:     0x5c00eabd925f - <std[617be2ca0a6fd877]::sys::thread::unix::Thread>::new::thread_start
[INFO] [stdout]   21:     0x7c9f8bb4edfa - <unknown>
[INFO] [stdout]   22:     0x7c9f8bbe23d4 - clone
[INFO] [stdout]   23:                0x0 - <unknown>
[INFO] [stdout] note: panic did not contain expected string
[INFO] [stdout]       panic message: "called `Result::unwrap()` on an `Err` value: Os { code: 2, kind: NotFound, message: \"No such file or directory\" }"
[INFO] [stdout]  expected substring: "Not Stack Safe"
[INFO] [stdout] ---- negative_test_8 stdout ----
[INFO] [stdout] 
[INFO] [stdout] thread 'negative_test_8' (2968) panicked at /opt/rustwide/cargo-home/registry/src/index.crates.io-1949cf8c6b5b557f/yaxpeax-core-0.0.4-vw-tweaks/src/memory/reader/mod.rs:19:61:
[INFO] [stdout] called `Result::unwrap()` on an `Err` value: Os { code: 2, kind: NotFound, message: "No such file or directory" }
[INFO] [stdout] stack backtrace:
[INFO] [stdout]    0:     0x5c00eabd9be1 - <<std[617be2ca0a6fd877]::sys::backtrace::BacktraceLock>::print::DisplayBacktrace as core[a373ad73a504971]::fmt::Display>::fmt
[INFO] [stdout]    1:     0x5c00eabf006a - core[a373ad73a504971]::fmt::write
[INFO] [stdout]    2:     0x5c00eabde1fc - <alloc[2e1b2a31b91974c5]::vec::Vec<u8> as core[a373ad73a504971]::io::write::Write>::write_fmt
[INFO] [stdout]    3:     0x5c00eabb5d16 - std[617be2ca0a6fd877]::panicking::default_hook::{closure#0}
[INFO] [stdout]    4:     0x5c00eabd2099 - std[617be2ca0a6fd877]::panicking::default_hook
[INFO] [stdout]    5:     0x5c00eaa93740 - test[aada8e7e76ba119b]::test_main_inner::{closure#0}
[INFO] [stdout]    6:     0x5c00eabd2252 - std[617be2ca0a6fd877]::panicking::panic_with_hook
[INFO] [stdout]    7:     0x5c00eabb5dc2 - std[617be2ca0a6fd877]::panicking::panic_handler::{closure#0}
[INFO] [stdout]    8:     0x5c00eabaeaa9 - std[617be2ca0a6fd877]::sys::backtrace::__rust_end_short_backtrace::<std[617be2ca0a6fd877]::panicking::panic_handler::{closure#0}, !>
[INFO] [stdout]    9:     0x5c00eabb69cd - __rustc[ea4f61d10b84890b]::rust_begin_unwind
[INFO] [stdout]   10:     0x5c00eabf07cc - core[a373ad73a504971]::panicking::panic_fmt
[INFO] [stdout]   11:     0x5c00eabf05a2 - core[a373ad73a504971]::result::unwrap_failed
[INFO] [stdout]   12:     0x5c00eab73efc - yaxpeax_core[34fc140670dbc555]::memory::reader::load_from_path
[INFO] [stdout]   13:     0x5c00eab2b8c3 - veriwasm[91c8e3e2d0d066cf]::loaders::load_program
[INFO] [stdout]   14:     0x5c00eaa084fa - testing[696f36313b35f943]::negative_test_helper
[INFO] [stdout]   15:     0x5c00eaa092c5 - <testing[696f36313b35f943]::negative_test_8::{closure#0} as core[a373ad73a504971]::ops::function::FnOnce<()>>::call_once
[INFO] [stdout]   16:     0x5c00eaa86b8b - test[aada8e7e76ba119b]::__rust_begin_short_backtrace::<core[a373ad73a504971]::result::Result<(), alloc[2e1b2a31b91974c5]::string::String>, fn() -> core[a373ad73a504971]::result::Result<(), alloc[2e1b2a31b91974c5]::string::String>>
[INFO] [stdout]   17:     0x5c00eaa93d65 - test[aada8e7e76ba119b]::run_test::{closure#0}
[INFO] [stdout]   18:     0x5c00eaa8d654 - std[617be2ca0a6fd877]::sys::backtrace::__rust_begin_short_backtrace::<test[aada8e7e76ba119b]::run_test::{closure#1}, ()>
[INFO] [stdout]   19:     0x5c00eaa96df2 - <std[617be2ca0a6fd877]::thread::lifecycle::spawn_unchecked<test[aada8e7e76ba119b]::run_test::{closure#1}, ()>::{closure#1} as core[a373ad73a504971]::ops::function::FnOnce<()>>::call_once::{shim:vtable#0}
[INFO] [stdout]   20:     0x5c00eabd925f - <std[617be2ca0a6fd877]::sys::thread::unix::Thread>::new::thread_start
[INFO] [stdout]   21:     0x7c9f8bb4edfa - <unknown>
[INFO] [stdout]   22:     0x7c9f8bbe23d4 - clone
[INFO] [stdout]   23:                0x0 - <unknown>
[INFO] [stdout] note: panic did not contain expected string
[INFO] [stdout]       panic message: "called `Result::unwrap()` on an `Err` value: Os { code: 2, kind: NotFound, message: \"No such file or directory\" }"
[INFO] [stdout]  expected substring: "Not Heap Safe"
[INFO] [stdout] ---- negative_test_zerocost_2 stdout ----
[INFO] [stdout] 
[INFO] [stdout] thread 'negative_test_zerocost_2' (2975) panicked at /opt/rustwide/cargo-home/registry/src/index.crates.io-1949cf8c6b5b557f/yaxpeax-core-0.0.4-vw-tweaks/src/memory/reader/mod.rs:19:61:
[INFO] [stdout] called `Result::unwrap()` on an `Err` value: Os { code: 2, kind: NotFound, message: "No such file or directory" }
[INFO] [stdout] stack backtrace:
[INFO] [stdout]    0:     0x5c00eabd9be1 - <<std[617be2ca0a6fd877]::sys::backtrace::BacktraceLock>::print::DisplayBacktrace as core[a373ad73a504971]::fmt::Display>::fmt
[INFO] [stdout]    1:     0x5c00eabf006a - core[a373ad73a504971]::fmt::write
[INFO] [stdout]    2:     0x5c00eabde1fc - <alloc[2e1b2a31b91974c5]::vec::Vec<u8> as core[a373ad73a504971]::io::write::Write>::write_fmt
[INFO] [stdout]    3:     0x5c00eabb5d16 - std[617be2ca0a6fd877]::panicking::default_hook::{closure#0}
[INFO] [stdout]    4:     0x5c00eabd2099 - std[617be2ca0a6fd877]::panicking::default_hook
[INFO] [stdout]    5:     0x5c00eaa93740 - test[aada8e7e76ba119b]::test_main_inner::{closure#0}
[INFO] [stdout]    6:     0x5c00eabd2252 - std[617be2ca0a6fd877]::panicking::panic_with_hook
[INFO] [stdout]    7:     0x5c00eabb5dc2 - std[617be2ca0a6fd877]::panicking::panic_handler::{closure#0}
[INFO] [stdout]    8:     0x5c00eabaeaa9 - std[617be2ca0a6fd877]::sys::backtrace::__rust_end_short_backtrace::<std[617be2ca0a6fd877]::panicking::panic_handler::{closure#0}, !>
[INFO] [stdout]    9:     0x5c00eabb69cd - __rustc[ea4f61d10b84890b]::rust_begin_unwind
[INFO] [stdout]   10:     0x5c00eabf07cc - core[a373ad73a504971]::panicking::panic_fmt
[INFO] [stdout]   11:     0x5c00eabf05a2 - core[a373ad73a504971]::result::unwrap_failed
[INFO] [stdout]   12:     0x5c00eab73efc - yaxpeax_core[34fc140670dbc555]::memory::reader::load_from_path
[INFO] [stdout]   13:     0x5c00eab2b8c3 - veriwasm[91c8e3e2d0d066cf]::loaders::load_program
[INFO] [stdout]   14:     0x5c00eaa08e03 - testing[696f36313b35f943]::negative_test_with_locals
[INFO] [stdout]   15:     0x5c00eaa09550 - <testing[696f36313b35f943]::negative_test_zerocost_2::{closure#0} as core[a373ad73a504971]::ops::function::FnOnce<()>>::call_once
[INFO] [stdout]   16:     0x5c00eaa86b8b - test[aada8e7e76ba119b]::__rust_begin_short_backtrace::<core[a373ad73a504971]::result::Result<(), alloc[2e1b2a31b91974c5]::string::String>, fn() -> core[a373ad73a504971]::result::Result<(), alloc[2e1b2a31b91974c5]::string::String>>
[INFO] [stdout]   17:     0x5c00eaa93d65 - test[aada8e7e76ba119b]::run_test::{closure#0}
[INFO] [stdout]   18:     0x5c00eaa8d654 - std[617be2ca0a6fd877]::sys::backtrace::__rust_begin_short_backtrace::<test[aada8e7e76ba119b]::run_test::{closure#1}, ()>
[INFO] [stdout]   19:     0x5c00eaa96df2 - <std[617be2ca0a6fd877]::thread::lifecycle::spawn_unchecked<test[aada8e7e76ba119b]::run_test::{closure#1}, ()>::{closure#1} as core[a373ad73a504971]::ops::function::FnOnce<()>>::call_once::{shim:vtable#0}
[INFO] [stdout]   20:     0x5c00eabd925f - <std[617be2ca0a6fd877]::sys::thread::unix::Thread>::new::thread_start
[INFO] [stdout]   21:     0x7c9f8bb4edfa - <unknown>
[INFO] [stdout]   22:     0x7c9f8bbe23d4 - clone
[INFO] [stdout]   23:                0x0 - <unknown>
[INFO] [stdout] note: panic did not contain expected string
[INFO] [stdout]       panic message: "called `Result::unwrap()` on an `Err` value: Os { code: 2, kind: NotFound, message: \"No such file or directory\" }"
[INFO] [stdout]  expected substring: "Not Stack Safe"
[INFO] [stdout] ---- negative_test_zerocost_3 stdout ----
[INFO] [stdout] 
[INFO] [stdout] thread 'negative_test_zerocost_3' (2976) panicked at /opt/rustwide/cargo-home/registry/src/index.crates.io-1949cf8c6b5b557f/yaxpeax-core-0.0.4-vw-tweaks/src/memory/reader/mod.rs:19:61:
[INFO] [stdout] called `Result::unwrap()` on an `Err` value: Os { code: 2, kind: NotFound, message: "No such file or directory" }
[INFO] [stdout] stack backtrace:
[INFO] [stdout]    0:     0x5c00eabd9be1 - <<std[617be2ca0a6fd877]::sys::backtrace::BacktraceLock>::print::DisplayBacktrace as core[a373ad73a504971]::fmt::Display>::fmt
[INFO] [stdout]    1:     0x5c00eabf006a - core[a373ad73a504971]::fmt::write
[INFO] [stdout]    2:     0x5c00eabde1fc - <alloc[2e1b2a31b91974c5]::vec::Vec<u8> as core[a373ad73a504971]::io::write::Write>::write_fmt
[INFO] [stdout]    3:     0x5c00eabb5d16 - std[617be2ca0a6fd877]::panicking::default_hook::{closure#0}
[INFO] [stdout]    4:     0x5c00eabd2099 - std[617be2ca0a6fd877]::panicking::default_hook
[INFO] [stdout]    5:     0x5c00eaa93740 - test[aada8e7e76ba119b]::test_main_inner::{closure#0}
[INFO] [stdout]    6:     0x5c00eabd2252 - std[617be2ca0a6fd877]::panicking::panic_with_hook
[INFO] [stdout]    7:     0x5c00eabb5dc2 - std[617be2ca0a6fd877]::panicking::panic_handler::{closure#0}
[INFO] [stdout]    8:     0x5c00eabaeaa9 - std[617be2ca0a6fd877]::sys::backtrace::__rust_end_short_backtrace::<std[617be2ca0a6fd877]::panicking::panic_handler::{closure#0}, !>
[INFO] [stdout]    9:     0x5c00eabb69cd - __rustc[ea4f61d10b84890b]::rust_begin_unwind
[INFO] [stdout]   10:     0x5c00eabf07cc - core[a373ad73a504971]::panicking::panic_fmt
[INFO] [stdout]   11:     0x5c00eabf05a2 - core[a373ad73a504971]::result::unwrap_failed
[INFO] [stdout]   12:     0x5c00eab73efc - yaxpeax_core[34fc140670dbc555]::memory::reader::load_from_path
[INFO] [stdout]   13:     0x5c00eab2b8c3 - veriwasm[91c8e3e2d0d066cf]::loaders::load_program
[INFO] [stdout]   14:     0x5c00eaa08e03 - testing[696f36313b35f943]::negative_test_with_locals
[INFO] [stdout]   15:     0x5c00eaa09570 - <testing[696f36313b35f943]::negative_test_zerocost_3::{closure#0} as core[a373ad73a504971]::ops::function::FnOnce<()>>::call_once
[INFO] [stdout]   16:     0x5c00eaa86b8b - test[aada8e7e76ba119b]::__rust_begin_short_backtrace::<core[a373ad73a504971]::result::Result<(), alloc[2e1b2a31b91974c5]::string::String>, fn() -> core[a373ad73a504971]::result::Result<(), alloc[2e1b2a31b91974c5]::string::String>>
[INFO] [stdout]   17:     0x5c00eaa93d65 - test[aada8e7e76ba119b]::run_test::{closure#0}
[INFO] [stdout]   18:     0x5c00eaa8d654 - std[617be2ca0a6fd877]::sys::backtrace::__rust_begin_short_backtrace::<test[aada8e7e76ba119b]::run_test::{closure#1}, ()>
[INFO] [stdout]   19:     0x5c00eaa96df2 - <std[617be2ca0a6fd877]::thread::lifecycle::spawn_unchecked<test[aada8e7e76ba119b]::run_test::{closure#1}, ()>::{closure#1} as core[a373ad73a504971]::ops::function::FnOnce<()>>::call_once::{shim:vtable#0}
[INFO] [stdout]   20:     0x5c00eabd925f - <std[617be2ca0a6fd877]::sys::thread::unix::Thread>::new::thread_start
[INFO] [stdout]   21:     0x7c9f8bb4edfa - <unknown>
[INFO] [stdout]   22:     0x7c9f8bbe23d4 - clone
[INFO] [stdout]   23:                0x0 - <unknown>
[INFO] [stdout] note: panic did not contain expected string
[INFO] [stdout]       panic message: "called `Result::unwrap()` on an `Err` value: Os { code: 2, kind: NotFound, message: \"No such file or directory\" }"
[INFO] [stdout]  expected substring: "Not Stack Safe"
[INFO] [stdout] ---- negative_test_9 stdout ----
[INFO] [stdout] 
[INFO] [stdout] thread 'negative_test_9' (2969) panicked at /opt/rustwide/cargo-home/registry/src/index.crates.io-1949cf8c6b5b557f/yaxpeax-core-0.0.4-vw-tweaks/src/memory/reader/mod.rs:19:61:
[INFO] [stdout] called `Result::unwrap()` on an `Err` value: Os { code: 2, kind: NotFound, message: "No such file or directory" }
[INFO] [stdout] stack backtrace:
[INFO] [stdout]    0:     0x5c00eabd9be1 - <<std[617be2ca0a6fd877]::sys::backtrace::BacktraceLock>::print::DisplayBacktrace as core[a373ad73a504971]::fmt::Display>::fmt
[INFO] [stdout]    1:     0x5c00eabf006a - core[a373ad73a504971]::fmt::write
[INFO] [stdout]    2:     0x5c00eabde1fc - <alloc[2e1b2a31b91974c5]::vec::Vec<u8> as core[a373ad73a504971]::io::write::Write>::write_fmt
[INFO] [stdout]    3:     0x5c00eabb5d16 - std[617be2ca0a6fd877]::panicking::default_hook::{closure#0}
[INFO] [stdout]    4:     0x5c00eabd2099 - std[617be2ca0a6fd877]::panicking::default_hook
[INFO] [stdout]    5:     0x5c00eaa93740 - test[aada8e7e76ba119b]::test_main_inner::{closure#0}
[INFO] [stdout]    6:     0x5c00eabd2252 - std[617be2ca0a6fd877]::panicking::panic_with_hook
[INFO] [stdout]    7:     0x5c00eabb5dc2 - std[617be2ca0a6fd877]::panicking::panic_handler::{closure#0}
[INFO] [stdout]    8:     0x5c00eabaeaa9 - std[617be2ca0a6fd877]::sys::backtrace::__rust_end_short_backtrace::<std[617be2ca0a6fd877]::panicking::panic_handler::{closure#0}, !>
[INFO] [stdout]    9:     0x5c00eabb69cd - __rustc[ea4f61d10b84890b]::rust_begin_unwind
[INFO] [stdout]   10:     0x5c00eabf07cc - core[a373ad73a504971]::panicking::panic_fmt
[INFO] [stdout]   11:     0x5c00eabf05a2 - core[a373ad73a504971]::result::unwrap_failed
[INFO] [stdout]   12:     0x5c00eab73efc - yaxpeax_core[34fc140670dbc555]::memory::reader::load_from_path
[INFO] [stdout]   13:     0x5c00eab2b8c3 - veriwasm[91c8e3e2d0d066cf]::loaders::load_program
[INFO] [stdout]   14:     0x5c00eaa084fa - testing[696f36313b35f943]::negative_test_helper
[INFO] [stdout]   15:     0x5c00eaa092f5 - <testing[696f36313b35f943]::negative_test_9::{closure#0} as core[a373ad73a504971]::ops::function::FnOnce<()>>::call_once
[INFO] [stdout]   16:     0x5c00eaa86b8b - test[aada8e7e76ba119b]::__rust_begin_short_backtrace::<core[a373ad73a504971]::result::Result<(), alloc[2e1b2a31b91974c5]::string::String>, fn() -> core[a373ad73a504971]::result::Result<(), alloc[2e1b2a31b91974c5]::string::String>>
[INFO] [stdout]   17:     0x5c00eaa93d65 - test[aada8e7e76ba119b]::run_test::{closure#0}
[INFO] [stdout]   18:     0x5c00eaa8d654 - std[617be2ca0a6fd877]::sys::backtrace::__rust_begin_short_backtrace::<test[aada8e7e76ba119b]::run_test::{closure#1}, ()>
[INFO] [stdout]   19:     0x5c00eaa96df2 - <std[617be2ca0a6fd877]::thread::lifecycle::spawn_unchecked<test[aada8e7e76ba119b]::run_test::{closure#1}, ()>::{closure#1} as core[a373ad73a504971]::ops::function::FnOnce<()>>::call_once::{shim:vtable#0}
[INFO] [stdout]   20:     0x5c00eabd925f - <std[617be2ca0a6fd877]::sys::thread::unix::Thread>::new::thread_start
[INFO] [stdout]   21:     0x7c9f8bb4edfa - <unknown>
[INFO] [stdout]   22:     0x7c9f8bbe23d4 - clone
[INFO] [stdout]   23:                0x0 - <unknown>
[INFO] [stdout] note: panic did not contain expected string
[INFO] [stdout]       panic message: "called `Result::unwrap()` on an `Err` value: Os { code: 2, kind: NotFound, message: \"No such file or directory\" }"
[INFO] [stdout]  expected substring: "Not Heap Safe"
[INFO] [stdout] ---- full_test_soundtouch stdout ----
[INFO] [stdout] 
[INFO] [stdout] thread 'full_test_soundtouch' (2956) panicked at /opt/rustwide/cargo-home/registry/src/index.crates.io-1949cf8c6b5b557f/yaxpeax-core-0.0.4-vw-tweaks/src/memory/reader/mod.rs:19:61:
[INFO] [stdout] called `Result::unwrap()` on an `Err` value: Os { code: 2, kind: NotFound, message: "No such file or directory" }
[INFO] [stdout] stack backtrace:
[INFO] [stdout]    0:     0x5c00eabd9be1 - <<std[617be2ca0a6fd877]::sys::backtrace::BacktraceLock>::print::DisplayBacktrace as core[a373ad73a504971]::fmt::Display>::fmt
[INFO] [stdout]    1:     0x5c00eabf006a - core[a373ad73a504971]::fmt::write
[INFO] [stdout]    2:     0x5c00eabde1fc - <alloc[2e1b2a31b91974c5]::vec::Vec<u8> as core[a373ad73a504971]::io::write::Write>::write_fmt
[INFO] [stdout]    3:     0x5c00eabb5d16 - std[617be2ca0a6fd877]::panicking::default_hook::{closure#0}
[INFO] [stdout]    4:     0x5c00eabd2099 - std[617be2ca0a6fd877]::panicking::default_hook
[INFO] [stdout]    5:     0x5c00eaa93740 - test[aada8e7e76ba119b]::test_main_inner::{closure#0}
[INFO] [stdout]    6:     0x5c00eabd2252 - std[617be2ca0a6fd877]::panicking::panic_with_hook
[INFO] [stdout]    7:     0x5c00eabb5dc2 - std[617be2ca0a6fd877]::panicking::panic_handler::{closure#0}
[INFO] [stdout]    8:     0x5c00eabaeaa9 - std[617be2ca0a6fd877]::sys::backtrace::__rust_end_short_backtrace::<std[617be2ca0a6fd877]::panicking::panic_handler::{closure#0}, !>
[INFO] [stdout]    9:     0x5c00eabb69cd - __rustc[ea4f61d10b84890b]::rust_begin_unwind
[INFO] [stdout]   10:     0x5c00eabf07cc - core[a373ad73a504971]::panicking::panic_fmt
[INFO] [stdout]   11:     0x5c00eabf05a2 - core[a373ad73a504971]::result::unwrap_failed
[INFO] [stdout]   12:     0x5c00eab73efc - yaxpeax_core[34fc140670dbc555]::memory::reader::load_from_path
[INFO] [stdout]   13:     0x5c00eab2b8c3 - veriwasm[91c8e3e2d0d066cf]::loaders::load_program
[INFO] [stdout]   14:     0x5c00eab3ca4e - veriwasm[91c8e3e2d0d066cf]::runner::run
[INFO] [stdout]   15:     0x5c00eaa08398 - testing[696f36313b35f943]::full_test_helper
[INFO] [stdout]   16:     0x5c00eaa09445 - <testing[696f36313b35f943]::full_test_soundtouch::{closure#0} as core[a373ad73a504971]::ops::function::FnOnce<()>>::call_once
[INFO] [stdout]   17:     0x5c00eaa86b8b - test[aada8e7e76ba119b]::__rust_begin_short_backtrace::<core[a373ad73a504971]::result::Result<(), alloc[2e1b2a31b91974c5]::string::String>, fn() -> core[a373ad73a504971]::result::Result<(), alloc[2e1b2a31b91974c5]::string::String>>
[INFO] [stdout]   18:     0x5c00eaa93d65 - test[aada8e7e76ba119b]::run_test::{closure#0}
[INFO] [stdout]   19:     0x5c00eaa8d654 - std[617be2ca0a6fd877]::sys::backtrace::__rust_begin_short_backtrace::<test[aada8e7e76ba119b]::run_test::{closure#1}, ()>
[INFO] [stdout]   20:     0x5c00eaa96df2 - <std[617be2ca0a6fd877]::thread::lifecycle::spawn_unchecked<test[aada8e7e76ba119b]::run_test::{closure#1}, ()>::{closure#1} as core[a373ad73a504971]::ops::function::FnOnce<()>>::call_once::{shim:vtable#0}
[INFO] [stdout]   21:     0x5c00eabd925f - <std[617be2ca0a6fd877]::sys::thread::unix::Thread>::new::thread_start
[INFO] [stdout]   22:     0x7c9f8bb4edfa - <unknown>
[INFO] [stdout]   23:     0x7c9f8bbe23d4 - clone
[INFO] [stdout]   24:                0x0 - <unknown>
[INFO] [stdout] 
[INFO] [stdout] ---- negative_test_zerocost_4 stdout ----
[INFO] [stdout] 
[INFO] [stdout] thread 'negative_test_zerocost_4' (2977) panicked at /opt/rustwide/cargo-home/registry/src/index.crates.io-1949cf8c6b5b557f/yaxpeax-core-0.0.4-vw-tweaks/src/memory/reader/mod.rs:19:61:
[INFO] [stdout] called `Result::unwrap()` on an `Err` value: Os { code: 2, kind: NotFound, message: "No such file or directory" }
[INFO] [stdout] stack backtrace:
[INFO] [stdout]    0:     0x5c00eabd9be1 - <<std[617be2ca0a6fd877]::sys::backtrace::BacktraceLock>::print::DisplayBacktrace as core[a373ad73a504971]::fmt::Display>::fmt
[INFO] [stdout]    1:     0x5c00eabf006a - core[a373ad73a504971]::fmt::write
[INFO] [stdout]    2:     0x5c00eabde1fc - <alloc[2e1b2a31b91974c5]::vec::Vec<u8> as core[a373ad73a504971]::io::write::Write>::write_fmt
[INFO] [stdout]    3:     0x5c00eabb5d16 - std[617be2ca0a6fd877]::panicking::default_hook::{closure#0}
[INFO] [stdout]    4:     0x5c00eabd2099 - std[617be2ca0a6fd877]::panicking::default_hook
[INFO] [stdout]    5:     0x5c00eaa93740 - test[aada8e7e76ba119b]::test_main_inner::{closure#0}
[INFO] [stdout]    6:     0x5c00eabd2252 - std[617be2ca0a6fd877]::panicking::panic_with_hook
[INFO] [stdout]    7:     0x5c00eabb5dc2 - std[617be2ca0a6fd877]::panicking::panic_handler::{closure#0}
[INFO] [stdout]    8:     0x5c00eabaeaa9 - std[617be2ca0a6fd877]::sys::backtrace::__rust_end_short_backtrace::<std[617be2ca0a6fd877]::panicking::panic_handler::{closure#0}, !>
[INFO] [stdout]    9:     0x5c00eabb69cd - __rustc[ea4f61d10b84890b]::rust_begin_unwind
[INFO] [stdout]   10:     0x5c00eabf07cc - core[a373ad73a504971]::panicking::panic_fmt
[INFO] [stdout]   11:     0x5c00eabf05a2 - core[a373ad73a504971]::result::unwrap_failed
[INFO] [stdout]   12:     0x5c00eab73efc - yaxpeax_core[34fc140670dbc555]::memory::reader::load_from_path
[INFO] [stdout]   13:     0x5c00eab2b8c3 - veriwasm[91c8e3e2d0d066cf]::loaders::load_program
[INFO] [stdout]   14:     0x5c00eaa08e03 - testing[696f36313b35f943]::negative_test_with_locals
[INFO] [stdout]   15:     0x5c00eaa09590 - <testing[696f36313b35f943]::negative_test_zerocost_4::{closure#0} as core[a373ad73a504971]::ops::function::FnOnce<()>>::call_once
[INFO] [stdout]   16:     0x5c00eaa86b8b - test[aada8e7e76ba119b]::__rust_begin_short_backtrace::<core[a373ad73a504971]::result::Result<(), alloc[2e1b2a31b91974c5]::string::String>, fn() -> core[a373ad73a504971]::result::Result<(), alloc[2e1b2a31b91974c5]::string::String>>
[INFO] [stdout]   17:     0x5c00eaa93d65 - test[aada8e7e76ba119b]::run_test::{closure#0}
[INFO] [stdout]   18:     0x5c00eaa8d654 - std[617be2ca0a6fd877]::sys::backtrace::__rust_begin_short_backtrace::<test[aada8e7e76ba119b]::run_test::{closure#1}, ()>
[INFO] [stdout]   19:     0x5c00eaa96df2 - <std[617be2ca0a6fd877]::thread::lifecycle::spawn_unchecked<test[aada8e7e76ba119b]::run_test::{closure#1}, ()>::{closure#1} as core[a373ad73a504971]::ops::function::FnOnce<()>>::call_once::{shim:vtable#0}
[INFO] [stdout]   20:     0x5c00eabd925f - <std[617be2ca0a6fd877]::sys::thread::unix::Thread>::new::thread_start
[INFO] [stdout]   21:     0x7c9f8bb4edfa - <unknown>
[INFO] [stdout]   22:     0x7c9f8bbe23d4 - clone
[INFO] [stdout]   23:                0x0 - <unknown>
[INFO] [stdout] note: panic did not contain expected string
[INFO] [stdout]       panic message: "called `Result::unwrap()` on an `Err` value: Os { code: 2, kind: NotFound, message: \"No such file or directory\" }"
[INFO] [stdout]  expected substring: "Not Locals Safe"
[INFO] [stdout] ---- negative_test_14 stdout ----
[INFO] [stdout] 
[INFO] [stdout] thread 'negative_test_14' (2961) panicked at /opt/rustwide/cargo-home/registry/src/index.crates.io-1949cf8c6b5b557f/yaxpeax-core-0.0.4-vw-tweaks/src/memory/reader/mod.rs:19:61:
[INFO] [stdout] called `Result::unwrap()` on an `Err` value: Os { code: 2, kind: NotFound, message: "No such file or directory" }
[INFO] [stdout] stack backtrace:
[INFO] [stdout]    0:     0x5c00eabd9be1 - <<std[617be2ca0a6fd877]::sys::backtrace::BacktraceLock>::print::DisplayBacktrace as core[a373ad73a504971]::fmt::Display>::fmt
[INFO] [stdout]    1:     0x5c00eabf006a - core[a373ad73a504971]::fmt::write
[INFO] [stdout]    2:     0x5c00eabde1fc - <alloc[2e1b2a31b91974c5]::vec::Vec<u8> as core[a373ad73a504971]::io::write::Write>::write_fmt
[INFO] [stdout]    3:     0x5c00eabb5d16 - std[617be2ca0a6fd877]::panicking::default_hook::{closure#0}
[INFO] [stdout]    4:     0x5c00eabd2099 - std[617be2ca0a6fd877]::panicking::default_hook
[INFO] [stdout]    5:     0x5c00eaa93740 - test[aada8e7e76ba119b]::test_main_inner::{closure#0}
[INFO] [stdout]    6:     0x5c00eabd2252 - std[617be2ca0a6fd877]::panicking::panic_with_hook
[INFO] [stdout]    7:     0x5c00eabb5dc2 - std[617be2ca0a6fd877]::panicking::panic_handler::{closure#0}
[INFO] [stdout]    8:     0x5c00eabaeaa9 - std[617be2ca0a6fd877]::sys::backtrace::__rust_end_short_backtrace::<std[617be2ca0a6fd877]::panicking::panic_handler::{closure#0}, !>
[INFO] [stdout]    9:     0x5c00eabb69cd - __rustc[ea4f61d10b84890b]::rust_begin_unwind
[INFO] [stdout]   10:     0x5c00eabf07cc - core[a373ad73a504971]::panicking::panic_fmt
[INFO] [stdout]   11:     0x5c00eabf05a2 - core[a373ad73a504971]::result::unwrap_failed
[INFO] [stdout]   12:     0x5c00eab73efc - yaxpeax_core[34fc140670dbc555]::memory::reader::load_from_path
[INFO] [stdout]   13:     0x5c00eab2b8c3 - veriwasm[91c8e3e2d0d066cf]::loaders::load_program
[INFO] [stdout]   14:     0x5c00eaa084fa - testing[696f36313b35f943]::negative_test_helper
[INFO] [stdout]   15:     0x5c00eaa093e5 - <testing[696f36313b35f943]::negative_test_14::{closure#0} as core[a373ad73a504971]::ops::function::FnOnce<()>>::call_once
[INFO] [stdout]   16:     0x5c00eaa86b8b - test[aada8e7e76ba119b]::__rust_begin_short_backtrace::<core[a373ad73a504971]::result::Result<(), alloc[2e1b2a31b91974c5]::string::String>, fn() -> core[a373ad73a504971]::result::Result<(), alloc[2e1b2a31b91974c5]::string::String>>
[INFO] [stdout]   17:     0x5c00eaa93d65 - test[aada8e7e76ba119b]::run_test::{closure#0}
[INFO] [stdout]   18:     0x5c00eaa8d654 - std[617be2ca0a6fd877]::sys::backtrace::__rust_begin_short_backtrace::<test[aada8e7e76ba119b]::run_test::{closure#1}, ()>
[INFO] [stdout]   19:     0x5c00eaa96df2 - <std[617be2ca0a6fd877]::thread::lifecycle::spawn_unchecked<test[aada8e7e76ba119b]::run_test::{closure#1}, ()>::{closure#1} as core[a373ad73a504971]::ops::function::FnOnce<()>>::call_once::{shim:vtable#0}
[INFO] [stdout]   20:     0x5c00eabd925f - <std[617be2ca0a6fd877]::sys::thread::unix::Thread>::new::thread_start
[INFO] [stdout]   21:     0x7c9f8bb4edfa - <unknown>
[INFO] [stdout]   22:     0x7c9f8bbe23d4 - clone
[INFO] [stdout]   23:                0x0 - <unknown>
[INFO] [stdout] note: panic did not contain expected string
[INFO] [stdout]       panic message: "called `Result::unwrap()` on an `Err` value: Os { code: 2, kind: NotFound, message: \"No such file or directory\" }"
[INFO] [stdout]  expected substring: "Not Stack Safe"
[INFO] [stdout] ---- negative_test_7 stdout ----
[INFO] [stdout] 
[INFO] [stdout] thread 'negative_test_7' (2967) panicked at /opt/rustwide/cargo-home/registry/src/index.crates.io-1949cf8c6b5b557f/yaxpeax-core-0.0.4-vw-tweaks/src/memory/reader/mod.rs:19:61:
[INFO] [stdout] called `Result::unwrap()` on an `Err` value: Os { code: 2, kind: NotFound, message: "No such file or directory" }
[INFO] [stdout] stack backtrace:
[INFO] [stdout]    0:     0x5c00eabd9be1 - <<std[617be2ca0a6fd877]::sys::backtrace::BacktraceLock>::print::DisplayBacktrace as core[a373ad73a504971]::fmt::Display>::fmt
[INFO] [stdout]    1:     0x5c00eabf006a - core[a373ad73a504971]::fmt::write
[INFO] [stdout]    2:     0x5c00eabde1fc - <alloc[2e1b2a31b91974c5]::vec::Vec<u8> as core[a373ad73a504971]::io::write::Write>::write_fmt
[INFO] [stdout]    3:     0x5c00eabb5d16 - std[617be2ca0a6fd877]::panicking::default_hook::{closure#0}
[INFO] [stdout]    4:     0x5c00eabd2099 - std[617be2ca0a6fd877]::panicking::default_hook
[INFO] [stdout]    5:     0x5c00eaa93740 - test[aada8e7e76ba119b]::test_main_inner::{closure#0}
[INFO] [stdout]    6:     0x5c00eabd2252 - std[617be2ca0a6fd877]::panicking::panic_with_hook
[INFO] [stdout]    7:     0x5c00eabb5dc2 - std[617be2ca0a6fd877]::panicking::panic_handler::{closure#0}
[INFO] [stdout]    8:     0x5c00eabaeaa9 - std[617be2ca0a6fd877]::sys::backtrace::__rust_end_short_backtrace::<std[617be2ca0a6fd877]::panicking::panic_handler::{closure#0}, !>
[INFO] [stdout]    9:     0x5c00eabb69cd - __rustc[ea4f61d10b84890b]::rust_begin_unwind
[INFO] [stdout]   10:     0x5c00eabf07cc - core[a373ad73a504971]::panicking::panic_fmt
[INFO] [stdout]   11:     0x5c00eabf05a2 - core[a373ad73a504971]::result::unwrap_failed
[INFO] [stdout]   12:     0x5c00eab73efc - yaxpeax_core[34fc140670dbc555]::memory::reader::load_from_path
[INFO] [stdout]   13:     0x5c00eab2b8c3 - veriwasm[91c8e3e2d0d066cf]::loaders::load_program
[INFO] [stdout]   14:     0x5c00eaa084fa - testing[696f36313b35f943]::negative_test_helper
[INFO] [stdout]   15:     0x5c00eaa09295 - <testing[696f36313b35f943]::negative_test_7::{closure#0} as core[a373ad73a504971]::ops::function::FnOnce<()>>::call_once
[INFO] [stdout]   16:     0x5c00eaa86b8b - test[aada8e7e76ba119b]::__rust_begin_short_backtrace::<core[a373ad73a504971]::result::Result<(), alloc[2e1b2a31b91974c5]::string::String>, fn() -> core[a373ad73a504971]::result::Result<(), alloc[2e1b2a31b91974c5]::string::String>>
[INFO] [stdout]   17:     0x5c00eaa93d65 - test[aada8e7e76ba119b]::run_test::{closure#0}
[INFO] [stdout]   18:     0x5c00eaa8d654 - std[617be2ca0a6fd877]::sys::backtrace::__rust_begin_short_backtrace::<test[aada8e7e76ba119b]::run_test::{closure#1}, ()>
[INFO] [stdout]   19:     0x5c00eaa96df2 - <std[617be2ca0a6fd877]::thread::lifecycle::spawn_unchecked<test[aada8e7e76ba119b]::run_test::{closure#1}, ()>::{closure#1} as core[a373ad73a504971]::ops::function::FnOnce<()>>::call_once::{shim:vtable#0}
[INFO] [stdout]   20:     0x5c00eabd925f - <std[617be2ca0a6fd877]::sys::thread::unix::Thread>::new::thread_start
[INFO] [stdout]   21:     0x7c9f8bb4edfa - <unknown>
[INFO] [stdout]   22:     0x7c9f8bbe23d4 - clone
[INFO] [stdout]   23:                0x0 - <unknown>
[INFO] [stdout] note: panic did not contain expected string
[INFO] [stdout]       panic message: "called `Result::unwrap()` on an `Err` value: Os { code: 2, kind: NotFound, message: \"No such file or directory\" }"
[INFO] [stdout]  expected substring: "Not Heap Safe"
[INFO] [stdout] ---- negative_test_6 stdout ----
[INFO] [stdout] 
[INFO] [stdout] thread 'negative_test_6' (2966) panicked at /opt/rustwide/cargo-home/registry/src/index.crates.io-1949cf8c6b5b557f/yaxpeax-core-0.0.4-vw-tweaks/src/memory/reader/mod.rs:19:61:
[INFO] [stdout] called `Result::unwrap()` on an `Err` value: Os { code: 2, kind: NotFound, message: "No such file or directory" }
[INFO] [stdout] stack backtrace:
[INFO] [stdout]    0:     0x5c00eabd9be1 - <<std[617be2ca0a6fd877]::sys::backtrace::BacktraceLock>::print::DisplayBacktrace as core[a373ad73a504971]::fmt::Display>::fmt
[INFO] [stdout]    1:     0x5c00eabf006a - core[a373ad73a504971]::fmt::write
[INFO] [stdout]    2:     0x5c00eabde1fc - <alloc[2e1b2a31b91974c5]::vec::Vec<u8> as core[a373ad73a504971]::io::write::Write>::write_fmt
[INFO] [stdout]    3:     0x5c00eabb5d16 - std[617be2ca0a6fd877]::panicking::default_hook::{closure#0}
[INFO] [stdout]    4:     0x5c00eabd2099 - std[617be2ca0a6fd877]::panicking::default_hook
[INFO] [stdout]    5:     0x5c00eaa93740 - test[aada8e7e76ba119b]::test_main_inner::{closure#0}
[INFO] [stdout]    6:     0x5c00eabd2252 - std[617be2ca0a6fd877]::panicking::panic_with_hook
[INFO] [stdout]    7:     0x5c00eabb5dc2 - std[617be2ca0a6fd877]::panicking::panic_handler::{closure#0}
[INFO] [stdout]    8:     0x5c00eabaeaa9 - std[617be2ca0a6fd877]::sys::backtrace::__rust_end_short_backtrace::<std[617be2ca0a6fd877]::panicking::panic_handler::{closure#0}, !>
[INFO] [stdout]    9:     0x5c00eabb69cd - __rustc[ea4f61d10b84890b]::rust_begin_unwind
[INFO] [stdout]   10:     0x5c00eabf07cc - core[a373ad73a504971]::panicking::panic_fmt
[INFO] [stdout]   11:     0x5c00eabf05a2 - core[a373ad73a504971]::result::unwrap_failed
[INFO] [stdout]   12:     0x5c00eab73efc - yaxpeax_core[34fc140670dbc555]::memory::reader::load_from_path
[INFO] [stdout]   13:     0x5c00eab2b8c3 - veriwasm[91c8e3e2d0d066cf]::loaders::load_program
[INFO] [stdout]   14:     0x5c00eaa084fa - testing[696f36313b35f943]::negative_test_helper
[INFO] [stdout]   15:     0x5c00eaa09265 - <testing[696f36313b35f943]::negative_test_6::{closure#0} as core[a373ad73a504971]::ops::function::FnOnce<()>>::call_once
[INFO] [stdout]   16:     0x5c00eaa86b8b - test[aada8e7e76ba119b]::__rust_begin_short_backtrace::<core[a373ad73a504971]::result::Result<(), alloc[2e1b2a31b91974c5]::string::String>, fn() -> core[a373ad73a504971]::result::Result<(), alloc[2e1b2a31b91974c5]::string::String>>
[INFO] [stdout]   17:     0x5c00eaa93d65 - test[aada8e7e76ba119b]::run_test::{closure#0}
[INFO] [stdout]   18:     0x5c00eaa8d654 - std[617be2ca0a6fd877]::sys::backtrace::__rust_begin_short_backtrace::<test[aada8e7e76ba119b]::run_test::{closure#1}, ()>
[INFO] [stdout]   19:     0x5c00eaa96df2 - <std[617be2ca0a6fd877]::thread::lifecycle::spawn_unchecked<test[aada8e7e76ba119b]::run_test::{closure#1}, ()>::{closure#1} as core[a373ad73a504971]::ops::function::FnOnce<()>>::call_once::{shim:vtable#0}
[INFO] [stdout]   20:     0x5c00eabd925f - <std[617be2ca0a6fd877]::sys::thread::unix::Thread>::new::thread_start
[INFO] [stdout]   21:     0x7c9f8bb4edfa - <unknown>
[INFO] [stdout]   22:     0x7c9f8bbe23d4 - clone
[INFO] [stdout]   23:                0x0 - <unknown>
[INFO] [stdout] note: panic did not contain expected string
[INFO] [stdout]       panic message: "called `Result::unwrap()` on an `Err` value: Os { code: 2, kind: NotFound, message: \"No such file or directory\" }"
[INFO] [stdout]  expected substring: "Jump Targets Broken, target = None"
[INFO] [stdout] ---- negative_test_nacl_323_2 stdout ----
[INFO] [stdout] 
[INFO] [stdout] thread 'negative_test_nacl_323_2' (2973) panicked at /opt/rustwide/cargo-home/registry/src/index.crates.io-1949cf8c6b5b557f/yaxpeax-core-0.0.4-vw-tweaks/src/memory/reader/mod.rs:19:61:
[INFO] [stdout] called `Result::unwrap()` on an `Err` value: Os { code: 2, kind: NotFound, message: "No such file or directory" }
[INFO] [stdout] stack backtrace:
[INFO] [stdout]    0:     0x5c00eabd9be1 - <<std[617be2ca0a6fd877]::sys::backtrace::BacktraceLock>::print::DisplayBacktrace as core[a373ad73a504971]::fmt::Display>::fmt
[INFO] [stdout]    1:     0x5c00eabf006a - core[a373ad73a504971]::fmt::write
[INFO] [stdout]    2:     0x5c00eabde1fc - <alloc[2e1b2a31b91974c5]::vec::Vec<u8> as core[a373ad73a504971]::io::write::Write>::write_fmt
[INFO] [stdout]    3:     0x5c00eabb5d16 - std[617be2ca0a6fd877]::panicking::default_hook::{closure#0}
[INFO] [stdout]    4:     0x5c00eabd2099 - std[617be2ca0a6fd877]::panicking::default_hook
[INFO] [stdout]    5:     0x5c00eaa93740 - test[aada8e7e76ba119b]::test_main_inner::{closure#0}
[INFO] [stdout]    6:     0x5c00eabd2252 - std[617be2ca0a6fd877]::panicking::panic_with_hook
[INFO] [stdout]    7:     0x5c00eabb5dc2 - std[617be2ca0a6fd877]::panicking::panic_handler::{closure#0}
[INFO] [stdout]    8:     0x5c00eabaeaa9 - std[617be2ca0a6fd877]::sys::backtrace::__rust_end_short_backtrace::<std[617be2ca0a6fd877]::panicking::panic_handler::{closure#0}, !>
[INFO] [stdout]    9:     0x5c00eabb69cd - __rustc[ea4f61d10b84890b]::rust_begin_unwind
[INFO] [stdout]   10:     0x5c00eabf07cc - core[a373ad73a504971]::panicking::panic_fmt
[INFO] [stdout]   11:     0x5c00eabf05a2 - core[a373ad73a504971]::result::unwrap_failed
[INFO] [stdout]   12:     0x5c00eab73efc - yaxpeax_core[34fc140670dbc555]::memory::reader::load_from_path
[INFO] [stdout]   13:     0x5c00eab2b8c3 - veriwasm[91c8e3e2d0d066cf]::loaders::load_program
[INFO] [stdout]   14:     0x5c00eaa084fa - testing[696f36313b35f943]::negative_test_helper
[INFO] [stdout]   15:     0x5c00eaa09505 - <testing[696f36313b35f943]::negative_test_nacl_323_2::{closure#0} as core[a373ad73a504971]::ops::function::FnOnce<()>>::call_once
[INFO] [stdout]   16:     0x5c00eaa86b8b - test[aada8e7e76ba119b]::__rust_begin_short_backtrace::<core[a373ad73a504971]::result::Result<(), alloc[2e1b2a31b91974c5]::string::String>, fn() -> core[a373ad73a504971]::result::Result<(), alloc[2e1b2a31b91974c5]::string::String>>
[INFO] [stdout]   17:     0x5c00eaa93d65 - test[aada8e7e76ba119b]::run_test::{closure#0}
[INFO] [stdout]   18:     0x5c00eaa8d654 - std[617be2ca0a6fd877]::sys::backtrace::__rust_begin_short_backtrace::<test[aada8e7e76ba119b]::run_test::{closure#1}, ()>
[INFO] [stdout]   19:     0x5c00eaa96df2 - <std[617be2ca0a6fd877]::thread::lifecycle::spawn_unchecked<test[aada8e7e76ba119b]::run_test::{closure#1}, ()>::{closure#1} as core[a373ad73a504971]::ops::function::FnOnce<()>>::call_once::{shim:vtable#0}
[INFO] [stdout]   20:     0x5c00eabd925f - <std[617be2ca0a6fd877]::sys::thread::unix::Thread>::new::thread_start
[INFO] [stdout]   21:     0x7c9f8bb4edfa - <unknown>
[INFO] [stdout]   22:     0x7c9f8bbe23d4 - clone
[INFO] [stdout]   23:                0x0 - <unknown>
[INFO] [stdout] note: panic did not contain expected string
[INFO] [stdout]       panic message: "called `Result::unwrap()` on an `Err` value: Os { code: 2, kind: NotFound, message: \"No such file or directory\" }"
[INFO] [stdout]  expected substring: "not implemented"
[INFO] [stdout] ---- full_test_libexpat stdout ----
[INFO] [stdout] 
[INFO] [stdout] thread 'full_test_libexpat' (2954) panicked at /opt/rustwide/cargo-home/registry/src/index.crates.io-1949cf8c6b5b557f/yaxpeax-core-0.0.4-vw-tweaks/src/memory/reader/mod.rs:19:61:
[INFO] [stdout] called `Result::unwrap()` on an `Err` value: Os { code: 2, kind: NotFound, message: "No such file or directory" }
[INFO] [stdout] stack backtrace:
[INFO] [stdout]    0:     0x5c00eabd9be1 - <<std[617be2ca0a6fd877]::sys::backtrace::BacktraceLock>::print::DisplayBacktrace as core[a373ad73a504971]::fmt::Display>::fmt
[INFO] [stdout]    1:     0x5c00eabf006a - core[a373ad73a504971]::fmt::write
[INFO] [stdout]    2:     0x5c00eabde1fc - <alloc[2e1b2a31b91974c5]::vec::Vec<u8> as core[a373ad73a504971]::io::write::Write>::write_fmt
[INFO] [stdout]    3:     0x5c00eabb5d16 - std[617be2ca0a6fd877]::panicking::default_hook::{closure#0}
[INFO] [stdout]    4:     0x5c00eabd2099 - std[617be2ca0a6fd877]::panicking::default_hook
[INFO] [stdout]    5:     0x5c00eaa93740 - test[aada8e7e76ba119b]::test_main_inner::{closure#0}
[INFO] [stdout]    6:     0x5c00eabd2252 - std[617be2ca0a6fd877]::panicking::panic_with_hook
[INFO] [stdout]    7:     0x5c00eabb5dc2 - std[617be2ca0a6fd877]::panicking::panic_handler::{closure#0}
[INFO] [stdout]    8:     0x5c00eabaeaa9 - std[617be2ca0a6fd877]::sys::backtrace::__rust_end_short_backtrace::<std[617be2ca0a6fd877]::panicking::panic_handler::{closure#0}, !>
[INFO] [stdout]    9:     0x5c00eabb69cd - __rustc[ea4f61d10b84890b]::rust_begin_unwind
[INFO] [stdout]   10:     0x5c00eabf07cc - core[a373ad73a504971]::panicking::panic_fmt
[INFO] [stdout]   11:     0x5c00eabf05a2 - core[a373ad73a504971]::result::unwrap_failed
[INFO] [stdout]   12:     0x5c00eab73efc - yaxpeax_core[34fc140670dbc555]::memory::reader::load_from_path
[INFO] [stdout]   13:     0x5c00eab2b8c3 - veriwasm[91c8e3e2d0d066cf]::loaders::load_program
[INFO] [stdout]   14:     0x5c00eab3ca4e - veriwasm[91c8e3e2d0d066cf]::runner::run
[INFO] [stdout]   15:     0x5c00eaa08398 - testing[696f36313b35f943]::full_test_helper
[INFO] [stdout]   16:     0x5c00eaa09415 - <testing[696f36313b35f943]::full_test_libexpat::{closure#0} as core[a373ad73a504971]::ops::function::FnOnce<()>>::call_once
[INFO] [stdout]   17:     0x5c00eaa86b8b - test[aada8e7e76ba119b]::__rust_begin_short_backtrace::<core[a373ad73a504971]::result::Result<(), alloc[2e1b2a31b91974c5]::string::String>, fn() -> core[a373ad73a504971]::result::Result<(), alloc[2e1b2a31b91974c5]::string::String>>
[INFO] [stdout]   18:     0x5c00eaa93d65 - test[aada8e7e76ba119b]::run_test::{closure#0}
[INFO] [stdout]   19:     0x5c00eaa8d654 - std[617be2ca0a6fd877]::sys::backtrace::__rust_begin_short_backtrace::<test[aada8e7e76ba119b]::run_test::{closure#1}, ()>
[INFO] [stdout]   20:     0x5c00eaa96df2 - <std[617be2ca0a6fd877]::thread::lifecycle::spawn_unchecked<test[aada8e7e76ba119b]::run_test::{closure#1}, ()>::{closure#1} as core[a373ad73a504971]::ops::function::FnOnce<()>>::call_once::{shim:vtable#0}
[INFO] [stdout]   21:     0x5c00eabd925f - <std[617be2ca0a6fd877]::sys::thread::unix::Thread>::new::thread_start
[INFO] [stdout]   22:     0x7c9f8bb4edfa - <unknown>
[INFO] [stdout]   23:     0x7c9f8bbe23d4 - clone
[INFO] [stdout]   24:                0x0 - <unknown>
[INFO] [stdout] 
[INFO] [stdout] ---- negative_test_nacl_23 stdout ----
[INFO] [stdout] 
[INFO] [stdout] thread 'negative_test_nacl_23' (2971) panicked at /opt/rustwide/cargo-home/registry/src/index.crates.io-1949cf8c6b5b557f/yaxpeax-core-0.0.4-vw-tweaks/src/memory/reader/mod.rs:19:61:
[INFO] [stdout] called `Result::unwrap()` on an `Err` value: Os { code: 2, kind: NotFound, message: "No such file or directory" }
[INFO] [stdout] stack backtrace:
[INFO] [stdout]    0:     0x5c00eabd9be1 - <<std[617be2ca0a6fd877]::sys::backtrace::BacktraceLock>::print::DisplayBacktrace as core[a373ad73a504971]::fmt::Display>::fmt
[INFO] [stdout]    1:     0x5c00eabf006a - core[a373ad73a504971]::fmt::write
[INFO] [stdout]    2:     0x5c00eabde1fc - <alloc[2e1b2a31b91974c5]::vec::Vec<u8> as core[a373ad73a504971]::io::write::Write>::write_fmt
[INFO] [stdout]    3:     0x5c00eabb5d16 - std[617be2ca0a6fd877]::panicking::default_hook::{closure#0}
[INFO] [stdout]    4:     0x5c00eabd2099 - std[617be2ca0a6fd877]::panicking::default_hook
[INFO] [stdout]    5:     0x5c00eaa93740 - test[aada8e7e76ba119b]::test_main_inner::{closure#0}
[INFO] [stdout]    6:     0x5c00eabd2252 - std[617be2ca0a6fd877]::panicking::panic_with_hook
[INFO] [stdout]    7:     0x5c00eabb5dc2 - std[617be2ca0a6fd877]::panicking::panic_handler::{closure#0}
[INFO] [stdout]    8:     0x5c00eabaeaa9 - std[617be2ca0a6fd877]::sys::backtrace::__rust_end_short_backtrace::<std[617be2ca0a6fd877]::panicking::panic_handler::{closure#0}, !>
[INFO] [stdout]    9:     0x5c00eabb69cd - __rustc[ea4f61d10b84890b]::rust_begin_unwind
[INFO] [stdout]   10:     0x5c00eabf07cc - core[a373ad73a504971]::panicking::panic_fmt
[INFO] [stdout]   11:     0x5c00eabf05a2 - core[a373ad73a504971]::result::unwrap_failed
[INFO] [stdout]   12:     0x5c00eab73efc - yaxpeax_core[34fc140670dbc555]::memory::reader::load_from_path
[INFO] [stdout]   13:     0x5c00eab2b8c3 - veriwasm[91c8e3e2d0d066cf]::loaders::load_program
[INFO] [stdout]   14:     0x5c00eaa084fa - testing[696f36313b35f943]::negative_test_helper
[INFO] [stdout]   15:     0x5c00eaa09475 - <testing[696f36313b35f943]::negative_test_nacl_23::{closure#0} as core[a373ad73a504971]::ops::function::FnOnce<()>>::call_once
[INFO] [stdout]   16:     0x5c00eaa86b8b - test[aada8e7e76ba119b]::__rust_begin_short_backtrace::<core[a373ad73a504971]::result::Result<(), alloc[2e1b2a31b91974c5]::string::String>, fn() -> core[a373ad73a504971]::result::Result<(), alloc[2e1b2a31b91974c5]::string::String>>
[INFO] [stdout]   17:     0x5c00eaa93d65 - test[aada8e7e76ba119b]::run_test::{closure#0}
[INFO] [stdout]   18:     0x5c00eaa8d654 - std[617be2ca0a6fd877]::sys::backtrace::__rust_begin_short_backtrace::<test[aada8e7e76ba119b]::run_test::{closure#1}, ()>
[INFO] [stdout]   19:     0x5c00eaa96df2 - <std[617be2ca0a6fd877]::thread::lifecycle::spawn_unchecked<test[aada8e7e76ba119b]::run_test::{closure#1}, ()>::{closure#1} as core[a373ad73a504971]::ops::function::FnOnce<()>>::call_once::{shim:vtable#0}
[INFO] [stdout]   20:     0x5c00eabd925f - <std[617be2ca0a6fd877]::sys::thread::unix::Thread>::new::thread_start
[INFO] [stdout]   21:     0x7c9f8bb4edfa - <unknown>
[INFO] [stdout]   22:     0x7c9f8bbe23d4 - clone
[INFO] [stdout]   23:                0x0 - <unknown>
[INFO] [stdout] note: panic did not contain expected string
[INFO] [stdout]       panic message: "called `Result::unwrap()` on an `Err` value: Os { code: 2, kind: NotFound, message: \"No such file or directory\" }"
[INFO] [stdout]  expected substring: "Not Call Safe"
[INFO] [stdout] ---- full_test_graphiteogghunspell stdout ----
[INFO] [stdout] 
[INFO] [stdout] thread 'full_test_graphiteogghunspell' (2953) panicked at /opt/rustwide/cargo-home/registry/src/index.crates.io-1949cf8c6b5b557f/yaxpeax-core-0.0.4-vw-tweaks/src/memory/reader/mod.rs:19:61:
[INFO] [stdout] called `Result::unwrap()` on an `Err` value: Os { code: 2, kind: NotFound, message: "No such file or directory" }
[INFO] [stdout] stack backtrace:
[INFO] [stdout]    0:     0x5c00eabd9be1 - <<std[617be2ca0a6fd877]::sys::backtrace::BacktraceLock>::print::DisplayBacktrace as core[a373ad73a504971]::fmt::Display>::fmt
[INFO] [stdout]    1:     0x5c00eabf006a - core[a373ad73a504971]::fmt::write
[INFO] [stdout]    2:     0x5c00eabde1fc - <alloc[2e1b2a31b91974c5]::vec::Vec<u8> as core[a373ad73a504971]::io::write::Write>::write_fmt
[INFO] [stdout]    3:     0x5c00eabb5d16 - std[617be2ca0a6fd877]::panicking::default_hook::{closure#0}
[INFO] [stdout]    4:     0x5c00eabd2099 - std[617be2ca0a6fd877]::panicking::default_hook
[INFO] [stdout]    5:     0x5c00eaa93740 - test[aada8e7e76ba119b]::test_main_inner::{closure#0}
[INFO] [stdout]    6:     0x5c00eabd2252 - std[617be2ca0a6fd877]::panicking::panic_with_hook
[INFO] [stdout]    7:     0x5c00eabb5dc2 - std[617be2ca0a6fd877]::panicking::panic_handler::{closure#0}
[INFO] [stdout]    8:     0x5c00eabaeaa9 - std[617be2ca0a6fd877]::sys::backtrace::__rust_end_short_backtrace::<std[617be2ca0a6fd877]::panicking::panic_handler::{closure#0}, !>
[INFO] [stdout]    9:     0x5c00eabb69cd - __rustc[ea4f61d10b84890b]::rust_begin_unwind
[INFO] [stdout]   10:     0x5c00eabf07cc - core[a373ad73a504971]::panicking::panic_fmt
[INFO] [stdout]   11:     0x5c00eabf05a2 - core[a373ad73a504971]::result::unwrap_failed
[INFO] [stdout]   12:     0x5c00eab73efc - yaxpeax_core[34fc140670dbc555]::memory::reader::load_from_path
[INFO] [stdout]   13:     0x5c00eab2b8c3 - veriwasm[91c8e3e2d0d066cf]::loaders::load_program
[INFO] [stdout]   14:     0x5c00eab3ca4e - veriwasm[91c8e3e2d0d066cf]::runner::run
[INFO] [stdout]   15:     0x5c00eaa08398 - testing[696f36313b35f943]::full_test_helper
[INFO] [stdout]   16:     0x5c00eaa09655 - <testing[696f36313b35f943]::full_test_graphiteogghunspell::{closure#0} as core[a373ad73a504971]::ops::function::FnOnce<()>>::call_once
[INFO] [stdout]   17:     0x5c00eaa86b8b - test[aada8e7e76ba119b]::__rust_begin_short_backtrace::<core[a373ad73a504971]::result::Result<(), alloc[2e1b2a31b91974c5]::string::String>, fn() -> core[a373ad73a504971]::result::Result<(), alloc[2e1b2a31b91974c5]::string::String>>
[INFO] [stdout]   18:     0x5c00eaa93d65 - test[aada8e7e76ba119b]::run_test::{closure#0}
[INFO] [stdout]   19:     0x5c00eaa8d654 - std[617be2ca0a6fd877]::sys::backtrace::__rust_begin_short_backtrace::<test[aada8e7e76ba119b]::run_test::{closure#1}, ()>
[INFO] [stdout]   20:     0x5c00eaa96df2 - <std[617be2ca0a6fd877]::thread::lifecycle::spawn_unchecked<test[aada8e7e76ba119b]::run_test::{closure#1}, ()>::{closure#1} as core[a373ad73a504971]::ops::function::FnOnce<()>>::call_once::{shim:vtable#0}
[INFO] [stdout]   21:     0x5c00eabd925f - <std[617be2ca0a6fd877]::sys::thread::unix::Thread>::new::thread_start
[INFO] [stdout]   22:     0x7c9f8bb4edfa - <unknown>
[INFO] [stdout]   23:     0x7c9f8bbe23d4 - clone
[INFO] [stdout]   24:                0x0 - <unknown>
[INFO] [stdout] 
[INFO] [stdout] ---- negative_test_zerocost_5 stdout ----
[INFO] [stdout] 
[INFO] [stdout] thread 'negative_test_zerocost_5' (2978) panicked at /opt/rustwide/cargo-home/registry/src/index.crates.io-1949cf8c6b5b557f/yaxpeax-core-0.0.4-vw-tweaks/src/memory/reader/mod.rs:19:61:
[INFO] [stdout] called `Result::unwrap()` on an `Err` value: Os { code: 2, kind: NotFound, message: "No such file or directory" }
[INFO] [stdout] stack backtrace:
[INFO] [stdout]    0:     0x5c00eabd9be1 - <<std[617be2ca0a6fd877]::sys::backtrace::BacktraceLock>::print::DisplayBacktrace as core[a373ad73a504971]::fmt::Display>::fmt
[INFO] [stdout]    1:     0x5c00eabf006a - core[a373ad73a504971]::fmt::write
[INFO] [stdout]    2:     0x5c00eabde1fc - <alloc[2e1b2a31b91974c5]::vec::Vec<u8> as core[a373ad73a504971]::io::write::Write>::write_fmt
[INFO] [stdout]    3:     0x5c00eabb5d16 - std[617be2ca0a6fd877]::panicking::default_hook::{closure#0}
[INFO] [stdout]    4:     0x5c00eabd2099 - std[617be2ca0a6fd877]::panicking::default_hook
[INFO] [stdout]    5:     0x5c00eaa93740 - test[aada8e7e76ba119b]::test_main_inner::{closure#0}
[INFO] [stdout]    6:     0x5c00eabd2252 - std[617be2ca0a6fd877]::panicking::panic_with_hook
[INFO] [stdout]    7:     0x5c00eabb5dc2 - std[617be2ca0a6fd877]::panicking::panic_handler::{closure#0}
[INFO] [stdout]    8:     0x5c00eabaeaa9 - std[617be2ca0a6fd877]::sys::backtrace::__rust_end_short_backtrace::<std[617be2ca0a6fd877]::panicking::panic_handler::{closure#0}, !>
[INFO] [stdout]    9:     0x5c00eabb69cd - __rustc[ea4f61d10b84890b]::rust_begin_unwind
[INFO] [stdout]   10:     0x5c00eabf07cc - core[a373ad73a504971]::panicking::panic_fmt
[INFO] [stdout]   11:     0x5c00eabf05a2 - core[a373ad73a504971]::result::unwrap_failed
[INFO] [stdout]   12:     0x5c00eab73efc - yaxpeax_core[34fc140670dbc555]::memory::reader::load_from_path
[INFO] [stdout]   13:     0x5c00eab2b8c3 - veriwasm[91c8e3e2d0d066cf]::loaders::load_program
[INFO] [stdout]   14:     0x5c00eaa08e03 - testing[696f36313b35f943]::negative_test_with_locals
[INFO] [stdout]   15:     0x5c00eaa095b0 - <testing[696f36313b35f943]::negative_test_zerocost_5::{closure#0} as core[a373ad73a504971]::ops::function::FnOnce<()>>::call_once
[INFO] [stdout]   16:     0x5c00eaa86b8b - test[aada8e7e76ba119b]::__rust_begin_short_backtrace::<core[a373ad73a504971]::result::Result<(), alloc[2e1b2a31b91974c5]::string::String>, fn() -> core[a373ad73a504971]::result::Result<(), alloc[2e1b2a31b91974c5]::string::String>>
[INFO] [stdout]   17:     0x5c00eaa93d65 - test[aada8e7e76ba119b]::run_test::{closure#0}
[INFO] [stdout]   18:     0x5c00eaa8d654 - std[617be2ca0a6fd877]::sys::backtrace::__rust_begin_short_backtrace::<test[aada8e7e76ba119b]::run_test::{closure#1}, ()>
[INFO] [stdout]   19:     0x5c00eaa96df2 - <std[617be2ca0a6fd877]::thread::lifecycle::spawn_unchecked<test[aada8e7e76ba119b]::run_test::{closure#1}, ()>::{closure#1} as core[a373ad73a504971]::ops::function::FnOnce<()>>::call_once::{shim:vtable#0}
[INFO] [stdout]   20:     0x5c00eabd925f - <std[617be2ca0a6fd877]::sys::thread::unix::Thread>::new::thread_start
[INFO] [stdout]   21:     0x7c9f8bb4edfa - <unknown>
[INFO] [stdout]   22:     0x7c9f8bbe23d4 - clone
[INFO] [stdout]   23:                0x0 - <unknown>
[INFO] [stdout] note: panic did not contain expected string
[INFO] [stdout]       panic message: "called `Result::unwrap()` on an `Err` value: Os { code: 2, kind: NotFound, message: \"No such file or directory\" }"
[INFO] [stdout]  expected substring: "Not Locals Safe"
[INFO] [stdout] ---- negative_test_zerocost_6 stdout ----
[INFO] [stdout] 
[INFO] [stdout] thread 'negative_test_zerocost_6' (2979) panicked at /opt/rustwide/cargo-home/registry/src/index.crates.io-1949cf8c6b5b557f/yaxpeax-core-0.0.4-vw-tweaks/src/memory/reader/mod.rs:19:61:
[INFO] [stdout] called `Result::unwrap()` on an `Err` value: Os { code: 2, kind: NotFound, message: "No such file or directory" }
[INFO] [stdout] stack backtrace:
[INFO] [stdout]    0:     0x5c00eabd9be1 - <<std[617be2ca0a6fd877]::sys::backtrace::BacktraceLock>::print::DisplayBacktrace as core[a373ad73a504971]::fmt::Display>::fmt
[INFO] [stdout]    1:     0x5c00eabf006a - core[a373ad73a504971]::fmt::write
[INFO] [stdout]    2:     0x5c00eabde1fc - <alloc[2e1b2a31b91974c5]::vec::Vec<u8> as core[a373ad73a504971]::io::write::Write>::write_fmt
[INFO] [stdout]    3:     0x5c00eabb5d16 - std[617be2ca0a6fd877]::panicking::default_hook::{closure#0}
[INFO] [stdout]    4:     0x5c00eabd2099 - std[617be2ca0a6fd877]::panicking::default_hook
[INFO] [stdout]    5:     0x5c00eaa93740 - test[aada8e7e76ba119b]::test_main_inner::{closure#0}
[INFO] [stdout]    6:     0x5c00eabd2252 - std[617be2ca0a6fd877]::panicking::panic_with_hook
[INFO] [stdout]    7:     0x5c00eabb5dc2 - std[617be2ca0a6fd877]::panicking::panic_handler::{closure#0}
[INFO] [stdout]    8:     0x5c00eabaeaa9 - std[617be2ca0a6fd877]::sys::backtrace::__rust_end_short_backtrace::<std[617be2ca0a6fd877]::panicking::panic_handler::{closure#0}, !>
[INFO] [stdout]    9:     0x5c00eabb69cd - __rustc[ea4f61d10b84890b]::rust_begin_unwind
[INFO] [stdout]   10:     0x5c00eabf07cc - core[a373ad73a504971]::panicking::panic_fmt
[INFO] [stdout]   11:     0x5c00eabf05a2 - core[a373ad73a504971]::result::unwrap_failed
[INFO] [stdout]   12:     0x5c00eab73efc - yaxpeax_core[34fc140670dbc555]::memory::reader::load_from_path
[INFO] [stdout]   13:     0x5c00eab2b8c3 - veriwasm[91c8e3e2d0d066cf]::loaders::load_program
[INFO] [stdout]   14:     0x5c00eaa08e03 - testing[696f36313b35f943]::negative_test_with_locals
[INFO] [stdout]   15:     0x5c00eaa095d0 - <testing[696f36313b35f943]::negative_test_zerocost_6::{closure#0} as core[a373ad73a504971]::ops::function::FnOnce<()>>::call_once
[INFO] [stdout]   16:     0x5c00eaa86b8b - test[aada8e7e76ba119b]::__rust_begin_short_backtrace::<core[a373ad73a504971]::result::Result<(), alloc[2e1b2a31b91974c5]::string::String>, fn() -> core[a373ad73a504971]::result::Result<(), alloc[2e1b2a31b91974c5]::string::String>>
[INFO] [stdout]   17:     0x5c00eaa93d65 - test[aada8e7e76ba119b]::run_test::{closure#0}
[INFO] [stdout]   18:     0x5c00eaa8d654 - std[617be2ca0a6fd877]::sys::backtrace::__rust_begin_short_backtrace::<test[aada8e7e76ba119b]::run_test::{closure#1}, ()>
[INFO] [stdout]   19:     0x5c00eaa96df2 - <std[617be2ca0a6fd877]::thread::lifecycle::spawn_unchecked<test[aada8e7e76ba119b]::run_test::{closure#1}, ()>::{closure#1} as core[a373ad73a504971]::ops::function::FnOnce<()>>::call_once::{shim:vtable#0}
[INFO] [stdout]   20:     0x5c00eabd925f - <std[617be2ca0a6fd877]::sys::thread::unix::Thread>::new::thread_start
[INFO] [stdout]   21:     0x7c9f8bb4edfa - <unknown>
[INFO] [stdout]   22:     0x7c9f8bbe23d4 - clone
[INFO] [stdout]   23:                0x0 - <unknown>
[INFO] [stdout] note: panic did not contain expected string
[INFO] [stdout]       panic message: "called `Result::unwrap()` on an `Err` value: Os { code: 2, kind: NotFound, message: \"No such file or directory\" }"
[INFO] [stdout]  expected substring: "Not Locals Safe"
[INFO] [stdout] ---- negative_test_misfit_1 stdout ----
[INFO] [stdout] 
[INFO] [stdout] thread 'negative_test_misfit_1' (2970) panicked at /opt/rustwide/cargo-home/registry/src/index.crates.io-1949cf8c6b5b557f/yaxpeax-core-0.0.4-vw-tweaks/src/memory/reader/mod.rs:19:61:
[INFO] [stdout] called `Result::unwrap()` on an `Err` value: Os { code: 2, kind: NotFound, message: "No such file or directory" }
[INFO] [stdout] stack backtrace:
[INFO] [stdout]    0:     0x5c00eabd9be1 - <<std[617be2ca0a6fd877]::sys::backtrace::BacktraceLock>::print::DisplayBacktrace as core[a373ad73a504971]::fmt::Display>::fmt
[INFO] [stdout]    1:     0x5c00eabf006a - core[a373ad73a504971]::fmt::write
[INFO] [stdout]    2:     0x5c00eabde1fc - <alloc[2e1b2a31b91974c5]::vec::Vec<u8> as core[a373ad73a504971]::io::write::Write>::write_fmt
[INFO] [stdout]    3:     0x5c00eabb5d16 - std[617be2ca0a6fd877]::panicking::default_hook::{closure#0}
[INFO] [stdout]    4:     0x5c00eabd2099 - std[617be2ca0a6fd877]::panicking::default_hook
[INFO] [stdout]    5:     0x5c00eaa93740 - test[aada8e7e76ba119b]::test_main_inner::{closure#0}
[INFO] [stdout]    6:     0x5c00eabd2252 - std[617be2ca0a6fd877]::panicking::panic_with_hook
[INFO] [stdout]    7:     0x5c00eabb5dc2 - std[617be2ca0a6fd877]::panicking::panic_handler::{closure#0}
[INFO] [stdout]    8:     0x5c00eabaeaa9 - std[617be2ca0a6fd877]::sys::backtrace::__rust_end_short_backtrace::<std[617be2ca0a6fd877]::panicking::panic_handler::{closure#0}, !>
[INFO] [stdout]    9:     0x5c00eabb69cd - __rustc[ea4f61d10b84890b]::rust_begin_unwind
[INFO] [stdout]   10:     0x5c00eabf07cc - core[a373ad73a504971]::panicking::panic_fmt
[INFO] [stdout]   11:     0x5c00eabf05a2 - core[a373ad73a504971]::result::unwrap_failed
[INFO] [stdout]   12:     0x5c00eab73efc - yaxpeax_core[34fc140670dbc555]::memory::reader::load_from_path
[INFO] [stdout]   13:     0x5c00eab2b8c3 - veriwasm[91c8e3e2d0d066cf]::loaders::load_program
[INFO] [stdout]   14:     0x5c00eaa084fa - testing[696f36313b35f943]::negative_test_helper
[INFO] [stdout]   15:     0x5c00eaa094a5 - <testing[696f36313b35f943]::negative_test_misfit_1::{closure#0} as core[a373ad73a504971]::ops::function::FnOnce<()>>::call_once
[INFO] [stdout]   16:     0x5c00eaa86b8b - test[aada8e7e76ba119b]::__rust_begin_short_backtrace::<core[a373ad73a504971]::result::Result<(), alloc[2e1b2a31b91974c5]::string::String>, fn() -> core[a373ad73a504971]::result::Result<(), alloc[2e1b2a31b91974c5]::string::String>>
[INFO] [stdout]   17:     0x5c00eaa93d65 - test[aada8e7e76ba119b]::run_test::{closure#0}
[INFO] [stdout]   18:     0x5c00eaa8d654 - std[617be2ca0a6fd877]::sys::backtrace::__rust_begin_short_backtrace::<test[aada8e7e76ba119b]::run_test::{closure#1}, ()>
[INFO] [stdout]   19:     0x5c00eaa96df2 - <std[617be2ca0a6fd877]::thread::lifecycle::spawn_unchecked<test[aada8e7e76ba119b]::run_test::{closure#1}, ()>::{closure#1} as core[a373ad73a504971]::ops::function::FnOnce<()>>::call_once::{shim:vtable#0}
[INFO] [stdout]   20:     0x5c00eabd925f - <std[617be2ca0a6fd877]::sys::thread::unix::Thread>::new::thread_start
[INFO] [stdout]   21:     0x7c9f8bb4edfa - <unknown>
[INFO] [stdout]   22:     0x7c9f8bbe23d4 - clone
[INFO] [stdout]   23:                0x0 - <unknown>
[INFO] [stdout] note: panic did not contain expected string
[INFO] [stdout]       panic message: "called `Result::unwrap()` on an `Err` value: Os { code: 2, kind: NotFound, message: \"No such file or directory\" }"
[INFO] [stdout]  expected substring: "Not Stack Safe"
[INFO] [stdout] ---- negative_test_zerocost_7 stdout ----
[INFO] [stdout] 
[INFO] [stdout] thread 'negative_test_zerocost_7' (2980) panicked at /opt/rustwide/cargo-home/registry/src/index.crates.io-1949cf8c6b5b557f/yaxpeax-core-0.0.4-vw-tweaks/src/memory/reader/mod.rs:19:61:
[INFO] [stdout] called `Result::unwrap()` on an `Err` value: Os { code: 2, kind: NotFound, message: "No such file or directory" }
[INFO] [stdout] stack backtrace:
[INFO] [stdout]    0:     0x5c00eabd9be1 - <<std[617be2ca0a6fd877]::sys::backtrace::BacktraceLock>::print::DisplayBacktrace as core[a373ad73a504971]::fmt::Display>::fmt
[INFO] [stdout]    1:     0x5c00eabf006a - core[a373ad73a504971]::fmt::write
[INFO] [stdout]    2:     0x5c00eabde1fc - <alloc[2e1b2a31b91974c5]::vec::Vec<u8> as core[a373ad73a504971]::io::write::Write>::write_fmt
[INFO] [stdout]    3:     0x5c00eabb5d16 - std[617be2ca0a6fd877]::panicking::default_hook::{closure#0}
[INFO] [stdout]    4:     0x5c00eabd2099 - std[617be2ca0a6fd877]::panicking::default_hook
[INFO] [stdout]    5:     0x5c00eaa93740 - test[aada8e7e76ba119b]::test_main_inner::{closure#0}
[INFO] [stdout]    6:     0x5c00eabd2252 - std[617be2ca0a6fd877]::panicking::panic_with_hook
[INFO] [stdout]    7:     0x5c00eabb5dc2 - std[617be2ca0a6fd877]::panicking::panic_handler::{closure#0}
[INFO] [stdout]    8:     0x5c00eabaeaa9 - std[617be2ca0a6fd877]::sys::backtrace::__rust_end_short_backtrace::<std[617be2ca0a6fd877]::panicking::panic_handler::{closure#0}, !>
[INFO] [stdout]    9:     0x5c00eabb69cd - __rustc[ea4f61d10b84890b]::rust_begin_unwind
[INFO] [stdout]   10:     0x5c00eabf07cc - core[a373ad73a504971]::panicking::panic_fmt
[INFO] [stdout]   11:     0x5c00eabf05a2 - core[a373ad73a504971]::result::unwrap_failed
[INFO] [stdout]   12:     0x5c00eab73efc - yaxpeax_core[34fc140670dbc555]::memory::reader::load_from_path
[INFO] [stdout]   13:     0x5c00eab2b8c3 - veriwasm[91c8e3e2d0d066cf]::loaders::load_program
[INFO] [stdout]   14:     0x5c00eaa08e03 - testing[696f36313b35f943]::negative_test_with_locals
[INFO] [stdout]   15:     0x5c00eaa095f0 - <testing[696f36313b35f943]::negative_test_zerocost_7::{closure#0} as core[a373ad73a504971]::ops::function::FnOnce<()>>::call_once
[INFO] [stdout]   16:     0x5c00eaa86b8b - test[aada8e7e76ba119b]::__rust_begin_short_backtrace::<core[a373ad73a504971]::result::Result<(), alloc[2e1b2a31b91974c5]::string::String>, fn() -> core[a373ad73a504971]::result::Result<(), alloc[2e1b2a31b91974c5]::string::String>>
[INFO] [stdout]   17:     0x5c00eaa93d65 - test[aada8e7e76ba119b]::run_test::{closure#0}
[INFO] [stdout]   18:     0x5c00eaa8d654 - std[617be2ca0a6fd877]::sys::backtrace::__rust_begin_short_backtrace::<test[aada8e7e76ba119b]::run_test::{closure#1}, ()>
[INFO] [stdout]   19:     0x5c00eaa96df2 - <std[617be2ca0a6fd877]::thread::lifecycle::spawn_unchecked<test[aada8e7e76ba119b]::run_test::{closure#1}, ()>::{closure#1} as core[a373ad73a504971]::ops::function::FnOnce<()>>::call_once::{shim:vtable#0}
[INFO] [stdout]   20:     0x5c00eabd925f - <std[617be2ca0a6fd877]::sys::thread::unix::Thread>::new::thread_start
[INFO] [stdout]   21:     0x7c9f8bb4edfa - <unknown>
[INFO] [stdout]   22:     0x7c9f8bbe23d4 - clone
[INFO] [stdout]   23:                0x0 - <unknown>
[INFO] [stdout] note: panic did not contain expected string
[INFO] [stdout]       panic message: "called `Result::unwrap()` on an `Err` value: Os { code: 2, kind: NotFound, message: \"No such file or directory\" }"
[INFO] [stdout]  expected substring: "Not Locals Safe"
[INFO] [stdout] ---- negative_test_10 stdout ----
[INFO] [stdout] 
[INFO] [stdout] thread 'negative_test_10' (2958) panicked at /opt/rustwide/cargo-home/registry/src/index.crates.io-1949cf8c6b5b557f/yaxpeax-core-0.0.4-vw-tweaks/src/memory/reader/mod.rs:19:61:
[INFO] [stdout] called `Result::unwrap()` on an `Err` value: Os { code: 2, kind: NotFound, message: "No such file or directory" }
[INFO] [stdout] stack backtrace:
[INFO] [stdout]    0:     0x5c00eabd9be1 - <<std[617be2ca0a6fd877]::sys::backtrace::BacktraceLock>::print::DisplayBacktrace as core[a373ad73a504971]::fmt::Display>::fmt
[INFO] [stdout]    1:     0x5c00eabf006a - core[a373ad73a504971]::fmt::write
[INFO] [stdout]    2:     0x5c00eabde1fc - <alloc[2e1b2a31b91974c5]::vec::Vec<u8> as core[a373ad73a504971]::io::write::Write>::write_fmt
[INFO] [stdout]    3:     0x5c00eabb5d16 - std[617be2ca0a6fd877]::panicking::default_hook::{closure#0}
[INFO] [stdout]    4:     0x5c00eabd2099 - std[617be2ca0a6fd877]::panicking::default_hook
[INFO] [stdout]    5:     0x5c00eaa93740 - test[aada8e7e76ba119b]::test_main_inner::{closure#0}
[INFO] [stdout]    6:     0x5c00eabd2252 - std[617be2ca0a6fd877]::panicking::panic_with_hook
[INFO] [stdout]    7:     0x5c00eabb5dc2 - std[617be2ca0a6fd877]::panicking::panic_handler::{closure#0}
[INFO] [stdout]    8:     0x5c00eabaeaa9 - std[617be2ca0a6fd877]::sys::backtrace::__rust_end_short_backtrace::<std[617be2ca0a6fd877]::panicking::panic_handler::{closure#0}, !>
[INFO] [stdout]    9:     0x5c00eabb69cd - __rustc[ea4f61d10b84890b]::rust_begin_unwind
[INFO] [stdout]   10:     0x5c00eabf07cc - core[a373ad73a504971]::panicking::panic_fmt
[INFO] [stdout]   11:     0x5c00eabf05a2 - core[a373ad73a504971]::result::unwrap_failed
[INFO] [stdout]   12:     0x5c00eab73efc - yaxpeax_core[34fc140670dbc555]::memory::reader::load_from_path
[INFO] [stdout]   13:     0x5c00eab2b8c3 - veriwasm[91c8e3e2d0d066cf]::loaders::load_program
[INFO] [stdout]   14:     0x5c00eaa084fa - testing[696f36313b35f943]::negative_test_helper
[INFO] [stdout]   15:     0x5c00eaa09355 - <testing[696f36313b35f943]::negative_test_10::{closure#0} as core[a373ad73a504971]::ops::function::FnOnce<()>>::call_once
[INFO] [stdout]   16:     0x5c00eaa86b8b - test[aada8e7e76ba119b]::__rust_begin_short_backtrace::<core[a373ad73a504971]::result::Result<(), alloc[2e1b2a31b91974c5]::string::String>, fn() -> core[a373ad73a504971]::result::Result<(), alloc[2e1b2a31b91974c5]::string::String>>
[INFO] [stdout]   17:     0x5c00eaa93d65 - test[aada8e7e76ba119b]::run_test::{closure#0}
[INFO] [stdout]   18:     0x5c00eaa8d654 - std[617be2ca0a6fd877]::sys::backtrace::__rust_begin_short_backtrace::<test[aada8e7e76ba119b]::run_test::{closure#1}, ()>
[INFO] [stdout]   19:     0x5c00eaa96df2 - <std[617be2ca0a6fd877]::thread::lifecycle::spawn_unchecked<test[aada8e7e76ba119b]::run_test::{closure#1}, ()>::{closure#1} as core[a373ad73a504971]::ops::function::FnOnce<()>>::call_once::{shim:vtable#0}
[INFO] [stdout]   20:     0x5c00eabd925f - <std[617be2ca0a6fd877]::sys::thread::unix::Thread>::new::thread_start
[INFO] [stdout]   21:     0x7c9f8bb4edfa - <unknown>
[INFO] [stdout]   22:     0x7c9f8bbe23d4 - clone
[INFO] [stdout]   23:                0x0 - <unknown>
[INFO] [stdout] note: panic did not contain expected string
[INFO] [stdout]       panic message: "called `Result::unwrap()` on an `Err` value: Os { code: 2, kind: NotFound, message: \"No such file or directory\" }"
[INFO] [stdout]  expected substring: "Not Heap Safe"
[INFO] [stdout] ---- negative_test_zerocost_1 stdout ----
[INFO] [stdout] 
[INFO] [stdout] thread 'negative_test_zerocost_1' (2974) panicked at /opt/rustwide/cargo-home/registry/src/index.crates.io-1949cf8c6b5b557f/yaxpeax-core-0.0.4-vw-tweaks/src/memory/reader/mod.rs:19:61:
[INFO] [stdout] called `Result::unwrap()` on an `Err` value: Os { code: 2, kind: NotFound, message: "No such file or directory" }
[INFO] [stdout] stack backtrace:
[INFO] [stdout]    0:     0x5c00eabd9be1 - <<std[617be2ca0a6fd877]::sys::backtrace::BacktraceLock>::print::DisplayBacktrace as core[a373ad73a504971]::fmt::Display>::fmt
[INFO] [stdout]    1:     0x5c00eabf006a - core[a373ad73a504971]::fmt::write
[INFO] [stdout]    2:     0x5c00eabde1fc - <alloc[2e1b2a31b91974c5]::vec::Vec<u8> as core[a373ad73a504971]::io::write::Write>::write_fmt
[INFO] [stdout]    3:     0x5c00eabb5d16 - std[617be2ca0a6fd877]::panicking::default_hook::{closure#0}
[INFO] [stdout]    4:     0x5c00eabd2099 - std[617be2ca0a6fd877]::panicking::default_hook
[INFO] [stdout]    5:     0x5c00eaa93740 - test[aada8e7e76ba119b]::test_main_inner::{closure#0}
[INFO] [stdout]    6:     0x5c00eabd2252 - std[617be2ca0a6fd877]::panicking::panic_with_hook
[INFO] [stdout]    7:     0x5c00eabb5dc2 - std[617be2ca0a6fd877]::panicking::panic_handler::{closure#0}
[INFO] [stdout]    8:     0x5c00eabaeaa9 - std[617be2ca0a6fd877]::sys::backtrace::__rust_end_short_backtrace::<std[617be2ca0a6fd877]::panicking::panic_handler::{closure#0}, !>
[INFO] [stdout]    9:     0x5c00eabb69cd - __rustc[ea4f61d10b84890b]::rust_begin_unwind
[INFO] [stdout]   10:     0x5c00eabf07cc - core[a373ad73a504971]::panicking::panic_fmt
[INFO] [stdout]   11:     0x5c00eabf05a2 - core[a373ad73a504971]::result::unwrap_failed
[INFO] [stdout]   12:     0x5c00eab73efc - yaxpeax_core[34fc140670dbc555]::memory::reader::load_from_path
[INFO] [stdout]   13:     0x5c00eab2b8c3 - veriwasm[91c8e3e2d0d066cf]::loaders::load_program
[INFO] [stdout]   14:     0x5c00eaa08e03 - testing[696f36313b35f943]::negative_test_with_locals
[INFO] [stdout]   15:     0x5c00eaa09530 - <testing[696f36313b35f943]::negative_test_zerocost_1::{closure#0} as core[a373ad73a504971]::ops::function::FnOnce<()>>::call_once
[INFO] [stdout]   16:     0x5c00eaa86b8b - test[aada8e7e76ba119b]::__rust_begin_short_backtrace::<core[a373ad73a504971]::result::Result<(), alloc[2e1b2a31b91974c5]::string::String>, fn() -> core[a373ad73a504971]::result::Result<(), alloc[2e1b2a31b91974c5]::string::String>>
[INFO] [stdout]   17:     0x5c00eaa93d65 - test[aada8e7e76ba119b]::run_test::{closure#0}
[INFO] [stdout]   18:     0x5c00eaa8d654 - std[617be2ca0a6fd877]::sys::backtrace::__rust_begin_short_backtrace::<test[aada8e7e76ba119b]::run_test::{closure#1}, ()>
[INFO] [stdout]   19:     0x5c00eaa96df2 - <std[617be2ca0a6fd877]::thread::lifecycle::spawn_unchecked<test[aada8e7e76ba119b]::run_test::{closure#1}, ()>::{closure#1} as core[a373ad73a504971]::ops::function::FnOnce<()>>::call_once::{shim:vtable#0}
[INFO] [stdout]   20:     0x5c00eabd925f - <std[617be2ca0a6fd877]::sys::thread::unix::Thread>::new::thread_start
[INFO] [stdout]   21:     0x7c9f8bb4edfa - <unknown>
[INFO] [stdout]   22:     0x7c9f8bbe23d4 - clone
[INFO] [stdout]   23:                0x0 - <unknown>
[INFO] [stdout] note: panic did not contain expected string
[INFO] [stdout]       panic message: "called `Result::unwrap()` on an `Err` value: Os { code: 2, kind: NotFound, message: \"No such file or directory\" }"
[INFO] [stdout]  expected substring: "Not Stack Safe"
[INFO] [stdout] ---- negative_test_zerocost_8 stdout ----
[INFO] [stdout] 
[INFO] [stdout] thread 'negative_test_zerocost_8' (2981) panicked at /opt/rustwide/cargo-home/registry/src/index.crates.io-1949cf8c6b5b557f/yaxpeax-core-0.0.4-vw-tweaks/src/memory/reader/mod.rs:19:61:
[INFO] [stdout] called `Result::unwrap()` on an `Err` value: Os { code: 2, kind: NotFound, message: "No such file or directory" }
[INFO] [stdout] stack backtrace:
[INFO] [stdout]    0:     0x5c00eabd9be1 - <<std[617be2ca0a6fd877]::sys::backtrace::BacktraceLock>::print::DisplayBacktrace as core[a373ad73a504971]::fmt::Display>::fmt
[INFO] [stdout]    1:     0x5c00eabf006a - core[a373ad73a504971]::fmt::write
[INFO] [stdout]    2:     0x5c00eabde1fc - <alloc[2e1b2a31b91974c5]::vec::Vec<u8> as core[a373ad73a504971]::io::write::Write>::write_fmt
[INFO] [stdout]    3:     0x5c00eabb5d16 - std[617be2ca0a6fd877]::panicking::default_hook::{closure#0}
[INFO] [stdout]    4:     0x5c00eabd2099 - std[617be2ca0a6fd877]::panicking::default_hook
[INFO] [stdout]    5:     0x5c00eaa93740 - test[aada8e7e76ba119b]::test_main_inner::{closure#0}
[INFO] [stdout]    6:     0x5c00eabd2252 - std[617be2ca0a6fd877]::panicking::panic_with_hook
[INFO] [stdout]    7:     0x5c00eabb5dc2 - std[617be2ca0a6fd877]::panicking::panic_handler::{closure#0}
[INFO] [stdout]    8:     0x5c00eabaeaa9 - std[617be2ca0a6fd877]::sys::backtrace::__rust_end_short_backtrace::<std[617be2ca0a6fd877]::panicking::panic_handler::{closure#0}, !>
[INFO] [stdout]    9:     0x5c00eabb69cd - __rustc[ea4f61d10b84890b]::rust_begin_unwind
[INFO] [stdout]   10:     0x5c00eabf07cc - core[a373ad73a504971]::panicking::panic_fmt
[INFO] [stdout]   11:     0x5c00eabf05a2 - core[a373ad73a504971]::result::unwrap_failed
[INFO] [stdout]   12:     0x5c00eab73efc - yaxpeax_core[34fc140670dbc555]::memory::reader::load_from_path
[INFO] [stdout]   13:     0x5c00eab2b8c3 - veriwasm[91c8e3e2d0d066cf]::loaders::load_program
[INFO] [stdout]   14:     0x5c00eaa08e03 - testing[696f36313b35f943]::negative_test_with_locals
[INFO] [stdout]   15:     0x5c00eaa09610 - <testing[696f36313b35f943]::negative_test_zerocost_8::{closure#0} as core[a373ad73a504971]::ops::function::FnOnce<()>>::call_once
[INFO] [stdout]   16:     0x5c00eaa86b8b - test[aada8e7e76ba119b]::__rust_begin_short_backtrace::<core[a373ad73a504971]::result::Result<(), alloc[2e1b2a31b91974c5]::string::String>, fn() -> core[a373ad73a504971]::result::Result<(), alloc[2e1b2a31b91974c5]::string::String>>
[INFO] [stdout]   17:     0x5c00eaa93d65 - test[aada8e7e76ba119b]::run_test::{closure#0}
[INFO] [stdout]   18:     0x5c00eaa8d654 - std[617be2ca0a6fd877]::sys::backtrace::__rust_begin_short_backtrace::<test[aada8e7e76ba119b]::run_test::{closure#1}, ()>
[INFO] [stdout]   19:     0x5c00eaa96df2 - <std[617be2ca0a6fd877]::thread::lifecycle::spawn_unchecked<test[aada8e7e76ba119b]::run_test::{closure#1}, ()>::{closure#1} as core[a373ad73a504971]::ops::function::FnOnce<()>>::call_once::{shim:vtable#0}
[INFO] [stdout]   20:     0x5c00eabd925f - <std[617be2ca0a6fd877]::sys::thread::unix::Thread>::new::thread_start
[INFO] [stdout]   21:     0x7c9f8bb4edfa - <unknown>
[INFO] [stdout]   22:     0x7c9f8bbe23d4 - clone
[INFO] [stdout]   23:                0x0 - <unknown>
[INFO] [stdout] note: panic did not contain expected string
[INFO] [stdout]       panic message: "called `Result::unwrap()` on an `Err` value: Os { code: 2, kind: NotFound, message: \"No such file or directory\" }"
[INFO] [stdout]  expected substring: "Not Locals Safe"
[INFO] [stdout] ---- negative_test_zerocost_9 stdout ----
[INFO] [stdout] 
[INFO] [stdout] thread 'negative_test_zerocost_9' (2982) panicked at /opt/rustwide/cargo-home/registry/src/index.crates.io-1949cf8c6b5b557f/yaxpeax-core-0.0.4-vw-tweaks/src/memory/reader/mod.rs:19:61:
[INFO] [stdout] called `Result::unwrap()` on an `Err` value: Os { code: 2, kind: NotFound, message: "No such file or directory" }
[INFO] [stdout] stack backtrace:
[INFO] [stdout]    0:     0x5c00eabd9be1 - <<std[617be2ca0a6fd877]::sys::backtrace::BacktraceLock>::print::DisplayBacktrace as core[a373ad73a504971]::fmt::Display>::fmt
[INFO] [stdout]    1:     0x5c00eabf006a - core[a373ad73a504971]::fmt::write
[INFO] [stdout]    2:     0x5c00eabde1fc - <alloc[2e1b2a31b91974c5]::vec::Vec<u8> as core[a373ad73a504971]::io::write::Write>::write_fmt
[INFO] [stdout]    3:     0x5c00eabb5d16 - std[617be2ca0a6fd877]::panicking::default_hook::{closure#0}
[INFO] [stdout]    4:     0x5c00eabd2099 - std[617be2ca0a6fd877]::panicking::default_hook
[INFO] [stdout]    5:     0x5c00eaa93740 - test[aada8e7e76ba119b]::test_main_inner::{closure#0}
[INFO] [stdout]    6:     0x5c00eabd2252 - std[617be2ca0a6fd877]::panicking::panic_with_hook
[INFO] [stdout]    7:     0x5c00eabb5dc2 - std[617be2ca0a6fd877]::panicking::panic_handler::{closure#0}
[INFO] [stdout]    8:     0x5c00eabaeaa9 - std[617be2ca0a6fd877]::sys::backtrace::__rust_end_short_backtrace::<std[617be2ca0a6fd877]::panicking::panic_handler::{closure#0}, !>
[INFO] [stdout]    9:     0x5c00eabb69cd - __rustc[ea4f61d10b84890b]::rust_begin_unwind
[INFO] [stdout]   10:     0x5c00eabf07cc - core[a373ad73a504971]::panicking::panic_fmt
[INFO] [stdout]   11:     0x5c00eabf05a2 - core[a373ad73a504971]::result::unwrap_failed
[INFO] [stdout]   12:     0x5c00eab73efc - yaxpeax_core[34fc140670dbc555]::memory::reader::load_from_path
[INFO] [stdout]   13:     0x5c00eab2b8c3 - veriwasm[91c8e3e2d0d066cf]::loaders::load_program
[INFO] [stdout]   14:     0x5c00eaa08e03 - testing[696f36313b35f943]::negative_test_with_locals
[INFO] [stdout]   15:     0x5c00eaa09630 - <testing[696f36313b35f943]::negative_test_zerocost_9::{closure#0} as core[a373ad73a504971]::ops::function::FnOnce<()>>::call_once
[INFO] [stdout]   16:     0x5c00eaa86b8b - test[aada8e7e76ba119b]::__rust_begin_short_backtrace::<core[a373ad73a504971]::result::Result<(), alloc[2e1b2a31b91974c5]::string::String>, fn() -> core[a373ad73a504971]::result::Result<(), alloc[2e1b2a31b91974c5]::string::String>>
[INFO] [stdout]   17:     0x5c00eaa93d65 - test[aada8e7e76ba119b]::run_test::{closure#0}
[INFO] [stdout]   18:     0x5c00eaa8d654 - std[617be2ca0a6fd877]::sys::backtrace::__rust_begin_short_backtrace::<test[aada8e7e76ba119b]::run_test::{closure#1}, ()>
[INFO] [stdout]   19:     0x5c00eaa96df2 - <std[617be2ca0a6fd877]::thread::lifecycle::spawn_unchecked<test[aada8e7e76ba119b]::run_test::{closure#1}, ()>::{closure#1} as core[a373ad73a504971]::ops::function::FnOnce<()>>::call_once::{shim:vtable#0}
[INFO] [stdout]   20:     0x5c00eabd925f - <std[617be2ca0a6fd877]::sys::thread::unix::Thread>::new::thread_start
[INFO] [stdout]   21:     0x7c9f8bb4edfa - <unknown>
[INFO] [stdout]   22:     0x7c9f8bbe23d4 - clone
[INFO] [stdout]   23:                0x0 - <unknown>
[INFO] [stdout] note: panic did not contain expected string
[INFO] [stdout]       panic message: "called `Result::unwrap()` on an `Err` value: Os { code: 2, kind: NotFound, message: \"No such file or directory\" }"
[INFO] [stdout]  expected substring: "Not Call Safe"
[INFO] [stdout] 
[INFO] [stdout] failures:
[INFO] [stdout]     full_test_graphiteogghunspell
[INFO] [stdout]     full_test_libexpat
[INFO] [stdout]     full_test_libogg
[INFO] [stdout]     full_test_soundtouch
[INFO] [stdout]     negative_test_1
[INFO] [stdout]     negative_test_10
[INFO] [stdout]     negative_test_12
[INFO] [stdout]     negative_test_13
[INFO] [stdout]     negative_test_14
[INFO] [stdout]     negative_test_2
[INFO] [stdout]     negative_test_3
[INFO] [stdout]     negative_test_4
[INFO] [stdout]     negative_test_5
[INFO] [stdout]     negative_test_6
[INFO] [stdout]     negative_test_7
[INFO] [stdout]     negative_test_8
[INFO] [stdout]     negative_test_9
[INFO] [stdout]     negative_test_misfit_1
[INFO] [stdout]     negative_test_nacl_23
[INFO] [stdout]     negative_test_nacl_323_1
[INFO] [stdout]     negative_test_nacl_323_2
[INFO] [stdout]     negative_test_zerocost_1
[INFO] [stdout]     negative_test_zerocost_2
[INFO] [stdout]     negative_test_zerocost_3
[INFO] [stdout]     negative_test_zerocost_4
[INFO] [stdout]     negative_test_zerocost_5
[INFO] [stdout]     negative_test_zerocost_6
[INFO] [stdout]     negative_test_zerocost_7
[INFO] [stdout]     negative_test_zerocost_8
[INFO] [stdout]     negative_test_zerocost_9
[INFO] [stdout] 
[INFO] [stdout] test result: FAILED. 0 passed; 30 failed; 0 ignored; 0 measured; 0 filtered out; finished in 0.02s
[INFO] [stdout] 
[INFO] running `Command { std: "docker" "inspect" "ea6e1a8c6154214cf7461b6730c0de54f41170f353d45dd2b4266fe0b79fd1b2", kill_on_drop: false }`
[INFO] running `Command { std: "docker" "rm" "-f" "ea6e1a8c6154214cf7461b6730c0de54f41170f353d45dd2b4266fe0b79fd1b2", kill_on_drop: false }`
[INFO] [stdout] ea6e1a8c6154214cf7461b6730c0de54f41170f353d45dd2b4266fe0b79fd1b2
