[INFO] fetching crate veritas-cli 0.1.1...
[INFO] testing veritas-cli-0.1.1 against 1.100.0-beta.1+cargoflags=--release for beta-release-1.100-2
[INFO] extracting crate veritas-cli 0.1.1 into /workspace/builds/worker-0-tc2/source
[INFO] started tweaking crates.io crate veritas-cli 0.1.1
[INFO] removed 0 missing tests
[INFO] finished tweaking crates.io crate veritas-cli 0.1.1
[INFO] tweaked toml for crates.io crate veritas-cli 0.1.1 written to /workspace/builds/worker-0-tc2/source/Cargo.toml
[INFO] validating manifest of crates.io crate veritas-cli 0.1.1 on toolchain 1.100.0-beta.1
[INFO] running `Command { std: CARGO_HOME="/workspace/cargo-home" RUSTUP_HOME="/workspace/rustup-home" "/workspace/cargo-home/bin/cargo" "+1.100.0-beta.1" "metadata" "--manifest-path" "Cargo.toml" "--no-deps", kill_on_drop: false }`
[INFO] crate crates.io crate veritas-cli 0.1.1 already has a lockfile, it will not be regenerated
[INFO] running `Command { std: CARGO_HOME="/workspace/cargo-home" RUSTUP_HOME="/workspace/rustup-home" "/workspace/cargo-home/bin/cargo" "+1.100.0-beta.1" "fetch" "--manifest-path" "Cargo.toml", kill_on_drop: false }`
[INFO] [stderr] warning: `package.homepage` is redundant with `package.repository`
[INFO] [stderr]   --> Cargo.toml:67:12
[INFO] [stderr]    |
[INFO] [stderr] 67 | homepage = "https://github.com/Jacobious52/veritas"
[INFO] [stderr]    |            ^^^^^^^^^^^^^^^^^^^^^^^^^^^^^^^^^^^^^^^^
[INFO] [stderr] ...
[INFO] [stderr] 72 | repository = "https://github.com/Jacobious52/veritas"
[INFO] [stderr]    |              ----------------------------------------
[INFO] [stderr]    |
[INFO] [stderr]    = note: `cargo::redundant_homepage` is set to `warn` by default
[INFO] [stderr] help: consider removing `package.homepage`
[INFO] [stderr] warning: `veritas-cli` (manifest) generated 1 warning
[INFO] running `Command { std: "docker" "create" "-v" "/var/lib/crater-agent-workspace/builds/worker-0-tc2/source:/opt/rustwide/workdir:ro,Z" "-v" "/var/lib/crater-agent-workspace/builds/worker-0-tc2/target:/opt/rustwide/target:rw,Z" "-v" "/var/lib/crater-agent-workspace/cargo-home:/opt/rustwide/cargo-home:ro,Z" "-v" "/var/lib/crater-agent-workspace/rustup-home:/opt/rustwide/rustup-home:ro,Z" "-m" "1610612736" "--network" "none" "ghcr.io/rust-lang/crates-build-env/linux@sha256:77db811e55d90add9212f6832c23229e3de5f1c1f9905e8cb07319ea15df73ac" "sleep" "infinity", kill_on_drop: false }`
[INFO] [stdout] bbef05a92e5d849999d36a1c52fb98eb36c63bf67cee4fb5dbe7673c4c2a43e2
[INFO] running `Command { std: "docker" "start" "bbef05a92e5d849999d36a1c52fb98eb36c63bf67cee4fb5dbe7673c4c2a43e2", kill_on_drop: false }`
[INFO] running `Command { std: "docker" "inspect" "bbef05a92e5d849999d36a1c52fb98eb36c63bf67cee4fb5dbe7673c4c2a43e2", kill_on_drop: false }`
[INFO] running `Command { std: "docker" "exec" "-e" "SOURCE_DIR=/opt/rustwide/workdir" "-e" "CARGO_HOME=/opt/rustwide/cargo-home" "-e" "RUSTUP_HOME=/opt/rustwide/rustup-home" "-e" "CARGO_TARGET_DIR=/opt/rustwide/target" "-w" "/opt/rustwide/workdir" "--user" "0:0" "bbef05a92e5d849999d36a1c52fb98eb36c63bf67cee4fb5dbe7673c4c2a43e2" "/opt/rustwide/cargo-home/bin/cargo" "+1.100.0-beta.1" "metadata" "--no-deps" "--format-version=1", kill_on_drop: false }`
[INFO] running `Command { std: "docker" "inspect" "bbef05a92e5d849999d36a1c52fb98eb36c63bf67cee4fb5dbe7673c4c2a43e2", kill_on_drop: false }`
[INFO] running `Command { std: "docker" "exec" "-e" "SOURCE_DIR=/opt/rustwide/workdir" "-e" "CARGO_HOME=/opt/rustwide/cargo-home" "-e" "RUSTUP_HOME=/opt/rustwide/rustup-home" "-e" "CARGO_TARGET_DIR=/opt/rustwide/target" "-e" "CARGO_INCREMENTAL=0" "-e" "RUST_BACKTRACE=full" "-e" "RUSTFLAGS=--cap-lints=warn" "-e" "RUSTDOCFLAGS=--cap-lints=warn" "-w" "/opt/rustwide/workdir" "--user" "0:0" "bbef05a92e5d849999d36a1c52fb98eb36c63bf67cee4fb5dbe7673c4c2a43e2" "/opt/rustwide/cargo-home/bin/cargo" "+1.100.0-beta.1" "build" "--frozen" "--message-format=json" "--release", kill_on_drop: false }`
[INFO] [stderr] warning: `package.homepage` is redundant with `package.repository`
[INFO] [stderr]   --> Cargo.toml:67:12
[INFO] [stderr]    |
[INFO] [stderr] 67 | homepage = "https://github.com/Jacobious52/veritas"
[INFO] [stderr]    |            ^^^^^^^^^^^^^^^^^^^^^^^^^^^^^^^^^^^^^^^^
[INFO] [stderr] ...
[INFO] [stderr] 72 | repository = "https://github.com/Jacobious52/veritas"
[INFO] [stderr]    |              ----------------------------------------
[INFO] [stderr]    |
[INFO] [stderr]    = note: `cargo::redundant_homepage` is set to `warn` by default
[INFO] [stderr] help: consider removing `package.homepage`
[INFO] [stderr] warning: `veritas-cli` (manifest) generated 1 warning
[INFO] [stderr]    Compiling regex-syntax v0.8.10
[INFO] [stderr]    Compiling camino v1.2.2
[INFO] [stderr]    Compiling cc v1.2.63
[INFO] [stderr]    Compiling aho-corasick v1.1.4
[INFO] [stderr]    Compiling memchr v2.8.1
[INFO] [stderr]    Compiling serde_json v1.0.150
[INFO] [stderr]    Compiling anstream v1.0.0
[INFO] [stderr]    Compiling log v0.4.30
[INFO] [stderr]    Compiling clap_derive v4.6.1
[INFO] [stderr]    Compiling toml_datetime v0.6.11
[INFO] [stderr]    Compiling serde_spanned v0.6.9
[INFO] [stderr]    Compiling toml_edit v0.22.27
[INFO] [stderr]    Compiling tracing-log v0.2.0
[INFO] [stderr]    Compiling clap_builder v4.6.0
[INFO] [stderr]    Compiling veritas-plugin-api v0.1.1
[INFO] [stderr]    Compiling tree-sitter-python v0.25.0
[INFO] [stderr]    Compiling tree-sitter-go v0.25.0
[INFO] [stderr]    Compiling tree-sitter-rust v0.24.2
[INFO] [stderr]    Compiling tree-sitter v0.25.10
[INFO] [stderr]    Compiling regex-automata v0.4.14
[INFO] [stderr]    Compiling veritas-report v0.1.1
[INFO] [stderr]    Compiling toml v0.8.23
[INFO] [stderr]    Compiling veritas-core v0.1.1
[INFO] [stderr]    Compiling clap v4.6.1
[INFO] [stderr]    Compiling regex v1.12.3
[INFO] [stderr]    Compiling matchers v0.2.0
[INFO] [stderr]    Compiling tracing-subscriber v0.3.23
[INFO] [stderr]    Compiling veritas-python v0.1.1
[INFO] [stderr]    Compiling veritas-rust v0.1.1
[INFO] [stderr]    Compiling veritas-go v0.1.1
[INFO] [stderr]    Compiling veritas-cli v0.1.1 (/opt/rustwide/workdir)
[INFO] [stderr]     Finished `release` profile [optimized] target(s) in 1m 36s
[INFO] running `Command { std: "docker" "inspect" "bbef05a92e5d849999d36a1c52fb98eb36c63bf67cee4fb5dbe7673c4c2a43e2", kill_on_drop: false }`
[INFO] running `Command { std: "docker" "exec" "-e" "SOURCE_DIR=/opt/rustwide/workdir" "-e" "CARGO_HOME=/opt/rustwide/cargo-home" "-e" "RUSTUP_HOME=/opt/rustwide/rustup-home" "-e" "CARGO_TARGET_DIR=/opt/rustwide/target" "-e" "CARGO_INCREMENTAL=0" "-e" "RUST_BACKTRACE=full" "-e" "RUSTFLAGS=--cap-lints=warn" "-e" "RUSTDOCFLAGS=--cap-lints=warn" "-w" "/opt/rustwide/workdir" "--user" "0:0" "bbef05a92e5d849999d36a1c52fb98eb36c63bf67cee4fb5dbe7673c4c2a43e2" "/opt/rustwide/cargo-home/bin/cargo" "+1.100.0-beta.1" "test" "--frozen" "--no-run" "--message-format=json" "--release", kill_on_drop: false }`
[INFO] [stderr] warning: `package.homepage` is redundant with `package.repository`
[INFO] [stderr]   --> Cargo.toml:67:12
[INFO] [stderr]    |
[INFO] [stderr] 67 | homepage = "https://github.com/Jacobious52/veritas"
[INFO] [stderr]    |            ^^^^^^^^^^^^^^^^^^^^^^^^^^^^^^^^^^^^^^^^
[INFO] [stderr] ...
[INFO] [stderr] 72 | repository = "https://github.com/Jacobious52/veritas"
[INFO] [stderr]    |              ----------------------------------------
[INFO] [stderr]    |
[INFO] [stderr]    = note: `cargo::redundant_homepage` is set to `warn` by default
[INFO] [stderr] help: consider removing `package.homepage`
[INFO] [stderr] warning: `veritas-cli` (manifest) generated 1 warning
[INFO] [stderr]    Compiling num-traits v0.2.19
[INFO] [stderr]    Compiling predicates-core v1.0.10
[INFO] [stderr]    Compiling termtree v0.5.1
[INFO] [stderr]    Compiling difflib v0.4.0
[INFO] [stderr]    Compiling assert_cmd v2.2.2
[INFO] [stderr]    Compiling normalize-line-endings v0.3.0
[INFO] [stderr]    Compiling wait-timeout v0.2.1
[INFO] [stderr]    Compiling bstr v1.12.1
[INFO] [stderr]    Compiling rustix v1.1.4
[INFO] [stderr]    Compiling predicates-tree v1.0.13
[INFO] [stderr]    Compiling float-cmp v0.10.0
[INFO] [stderr]    Compiling predicates v3.1.4
[INFO] [stderr]    Compiling tempfile v3.27.0
[INFO] [stderr]    Compiling veritas-cli v0.1.1 (/opt/rustwide/workdir)
[INFO] [stderr]     Finished `release` profile [optimized] target(s) in 13.04s
[INFO] running `Command { std: "docker" "inspect" "bbef05a92e5d849999d36a1c52fb98eb36c63bf67cee4fb5dbe7673c4c2a43e2", kill_on_drop: false }`
[INFO] running `Command { std: "docker" "exec" "-e" "SOURCE_DIR=/opt/rustwide/workdir" "-e" "CARGO_HOME=/opt/rustwide/cargo-home" "-e" "RUSTUP_HOME=/opt/rustwide/rustup-home" "-e" "CARGO_TARGET_DIR=/opt/rustwide/target" "-e" "CARGO_INCREMENTAL=0" "-e" "RUST_BACKTRACE=full" "-e" "RUSTFLAGS=--cap-lints=warn" "-e" "RUSTDOCFLAGS=--cap-lints=warn" "-w" "/opt/rustwide/workdir" "--user" "0:0" "bbef05a92e5d849999d36a1c52fb98eb36c63bf67cee4fb5dbe7673c4c2a43e2" "/opt/rustwide/cargo-home/bin/cargo" "+1.100.0-beta.1" "test" "--frozen" "--release", kill_on_drop: false }`
[INFO] [stderr] warning: `package.homepage` is redundant with `package.repository`
[INFO] [stderr]   --> Cargo.toml:67:12
[INFO] [stderr]    |
[INFO] [stderr] 67 | homepage = "https://github.com/Jacobious52/veritas"
[INFO] [stderr]    |            ^^^^^^^^^^^^^^^^^^^^^^^^^^^^^^^^^^^^^^^^
[INFO] [stderr] ...
[INFO] [stderr] 72 | repository = "https://github.com/Jacobious52/veritas"
[INFO] [stderr]    |              ----------------------------------------
[INFO] [stderr]    |
[INFO] [stderr]    = note: `cargo::redundant_homepage` is set to `warn` by default
[INFO] [stderr] help: consider removing `package.homepage`
[INFO] [stderr] warning: `veritas-cli` (manifest) generated 1 warning
[INFO] [stderr]     Finished `release` profile [optimized] target(s) in 0.13s
[INFO] [stderr]      Running unittests src/main.rs (/opt/rustwide/target/release/build/veritas-cli/81f6b0ed62aa3bd6/out/veritas-81f6b0ed62aa3bd6)
[INFO] [stdout] 
[INFO] [stdout] running 0 tests
[INFO] [stdout] 
[INFO] [stdout] test result: ok. 0 passed; 0 failed; 0 ignored; 0 measured; 0 filtered out; finished in 0.00s
[INFO] [stdout] 
[INFO] [stderr]      Running tests/integration.rs (/opt/rustwide/target/release/build/veritas-cli/6de04b0bc95654bd/out/integration-6de04b0bc95654bd)
[INFO] [stdout] 
[INFO] [stdout] running 27 tests
[INFO] [stdout] test evolve_dry_run_and_apply_rust_candidate ... FAILED
[INFO] [stdout] test conformance_command_validates_fixture_plugin_contracts ... FAILED
[INFO] [stdout] test mutants_list_rejects_invalid_shard_flags ... FAILED
[INFO] [stdout] test cleanup_removes_generated_artifacts ... FAILED
[INFO] [stdout] test repair_prompt_summarizes_saved_report_for_agents ... FAILED
[INFO] [stdout] test mutants_list_previews_advanced_records_without_executing_tests ... FAILED
[INFO] [stdout] test mutants_list_shards_cover_unsharded_candidates_without_duplicates ... FAILED
[INFO] [stdout] test next_command_ranks_findings_and_evolution_candidates ... FAILED
[INFO] [stdout] test plugin_sdk_scan_contract_is_stable_across_language_fixtures ... FAILED
[INFO] [stdout] test review_packet_and_agent_instructions_write_ai_artifacts ... FAILED
[INFO] [stdout] test scans_rust_fixture ... FAILED
[INFO] [stdout] test scans_go_fixture ... FAILED
[INFO] [stdout] test verifies_rust_fixture_and_writes_property_test ... FAILED
[INFO] [stdout] test verifies_python_fixture_and_writes_sdk_artifacts ... FAILED
[INFO] [stdout] test seeded_rust_example_supports_explain_baseline_promotion_and_reports ... FAILED
[INFO] [stdout] test verifies_rust_workspace_fixture_with_package_local_artifacts ... FAILED
[INFO] [stdout] test verifies_changed_rust_targets ... FAILED
[INFO] [stdout] test review_ai_writes_changed_digest_and_agent_feedback ... FAILED
[INFO] [stdout] test go_timeout_fixture_records_adaptive_mutation_timeout_and_continues ... FAILED
[INFO] [stdout] test verifies_go_multimodule_fixture_and_scopes_reverse_dependencies ... FAILED
[INFO] [stdout] test benchmark_suite_scores_seeded_examples ... FAILED
[INFO] [stdout] test go_mutation_score_policy_can_gate_ci ... FAILED
[INFO] [stdout] test evolve_dry_run_and_apply_go_candidate ... FAILED
[INFO] [stdout] test verifies_go_fixture_and_writes_fuzz_test ... FAILED
[INFO] [stdout] test seeded_go_example_fuzzes_parser_panic ... FAILED
[INFO] [stdout] test init_writes_config_ci_and_agent_instructions ... ok
[INFO] [stdout] test init_dry_run_and_no_overwrite_existing_config ... ok
[INFO] [stdout] 
[INFO] [stdout] failures:
[INFO] [stdout] 
[INFO] [stdout] ---- evolve_dry_run_and_apply_rust_candidate stdout ----
[INFO] [stdout] 
[INFO] [stdout] thread 'evolve_dry_run_and_apply_rust_candidate' (1361) panicked at tests/integration.rs:1270:35:
[INFO] [stdout] copy project: Os { code: 2, kind: NotFound, message: "No such file or directory" }
[INFO] [stdout] stack backtrace:
[INFO] [stdout]    0:     0x57504d4deb41 - <<std[617be2ca0a6fd877]::sys::backtrace::BacktraceLock>::print::DisplayBacktrace as core[a373ad73a504971]::fmt::Display>::fmt
[INFO] [stdout]    1:     0x57504d4f575a - core[a373ad73a504971]::fmt::write
[INFO] [stdout]    2:     0x57504d4e44ac - <alloc[2e1b2a31b91974c5]::vec::Vec<u8> as core[a373ad73a504971]::io::write::Write>::write_fmt
[INFO] [stdout]    3:     0x57504d4b7d46 - std[617be2ca0a6fd877]::panicking::default_hook::{closure#0}
[INFO] [stdout]    4:     0x57504d4d5619 - std[617be2ca0a6fd877]::panicking::default_hook
[INFO] [stdout]    5:     0x57504d45a340 - test[aada8e7e76ba119b]::test_main_inner::{closure#0}
[INFO] [stdout]    6:     0x57504d4d57d2 - std[617be2ca0a6fd877]::panicking::panic_with_hook
[INFO] [stdout]    7:     0x57504d4b7df2 - std[617be2ca0a6fd877]::panicking::panic_handler::{closure#0}
[INFO] [stdout]    8:     0x57504d4b07b9 - std[617be2ca0a6fd877]::sys::backtrace::__rust_end_short_backtrace::<std[617be2ca0a6fd877]::panicking::panic_handler::{closure#0}, !>
[INFO] [stdout]    9:     0x57504d4b89fd - __rustc[ea4f61d10b84890b]::rust_begin_unwind
[INFO] [stdout]   10:     0x57504d4f5f0c - core[a373ad73a504971]::panicking::panic_fmt
[INFO] [stdout]   11:     0x57504d4f5ce2 - core[a373ad73a504971]::result::unwrap_failed
[INFO] [stdout]   12:     0x57504d41fea2 - integration[b2eeda8af53394a9]::copy_project
[INFO] [stdout]   13:     0x57504d41fd3e - integration[b2eeda8af53394a9]::copy_fixture
[INFO] [stdout]   14:     0x57504d42cfb3 - <integration[b2eeda8af53394a9]::evolve_dry_run_and_apply_rust_candidate::{closure#0} as core[a373ad73a504971]::ops::function::FnOnce<()>>::call_once
[INFO] [stdout]   15:     0x57504d44d78b - test[aada8e7e76ba119b]::__rust_begin_short_backtrace::<core[a373ad73a504971]::result::Result<(), alloc[2e1b2a31b91974c5]::string::String>, fn() -> core[a373ad73a504971]::result::Result<(), alloc[2e1b2a31b91974c5]::string::String>>
[INFO] [stdout]   16:     0x57504d45a965 - test[aada8e7e76ba119b]::run_test::{closure#0}
[INFO] [stdout]   17:     0x57504d454254 - std[617be2ca0a6fd877]::sys::backtrace::__rust_begin_short_backtrace::<test[aada8e7e76ba119b]::run_test::{closure#1}, ()>
[INFO] [stdout]   18:     0x57504d45d9f2 - <std[617be2ca0a6fd877]::thread::lifecycle::spawn_unchecked<test[aada8e7e76ba119b]::run_test::{closure#1}, ()>::{closure#1} as core[a373ad73a504971]::ops::function::FnOnce<()>>::call_once::{shim:vtable#0}
[INFO] [stdout]   19:     0x57504d4ddd1f - <std[617be2ca0a6fd877]::sys::thread::unix::Thread>::new::thread_start
[INFO] [stdout]   20:     0x7573cfc93dfa - <unknown>
[INFO] [stdout]   21:     0x7573cfd273d4 - clone
[INFO] [stdout]   22:                0x0 - <unknown>
[INFO] [stdout] 
[INFO] [stdout] ---- conformance_command_validates_fixture_plugin_contracts stdout ----
[INFO] [stdout] 
[INFO] [stdout] thread 'conformance_command_validates_fixture_plugin_contracts' (1359) panicked at tests/integration.rs:1270:35:
[INFO] [stdout] copy project: Os { code: 2, kind: NotFound, message: "No such file or directory" }
[INFO] [stdout] stack backtrace:
[INFO] [stdout]    0:     0x57504d4deb41 - <<std[617be2ca0a6fd877]::sys::backtrace::BacktraceLock>::print::DisplayBacktrace as core[a373ad73a504971]::fmt::Display>::fmt
[INFO] [stdout]    1:     0x57504d4f575a - core[a373ad73a504971]::fmt::write
[INFO] [stdout]    2:     0x57504d4e44ac - <alloc[2e1b2a31b91974c5]::vec::Vec<u8> as core[a373ad73a504971]::io::write::Write>::write_fmt
[INFO] [stdout]    3:     0x57504d4b7d46 - std[617be2ca0a6fd877]::panicking::default_hook::{closure#0}
[INFO] [stdout]    4:     0x57504d4d5619 - std[617be2ca0a6fd877]::panicking::default_hook
[INFO] [stdout]    5:     0x57504d45a340 - test[aada8e7e76ba119b]::test_main_inner::{closure#0}
[INFO] [stdout]    6:     0x57504d4d57d2 - std[617be2ca0a6fd877]::panicking::panic_with_hook
[INFO] [stdout]    7:     0x57504d4b7df2 - std[617be2ca0a6fd877]::panicking::panic_handler::{closure#0}
[INFO] [stdout]    8:     0x57504d4b07b9 - std[617be2ca0a6fd877]::sys::backtrace::__rust_end_short_backtrace::<std[617be2ca0a6fd877]::panicking::panic_handler::{closure#0}, !>
[INFO] [stdout]    9:     0x57504d4b89fd - __rustc[ea4f61d10b84890b]::rust_begin_unwind
[INFO] [stdout]   10:     0x57504d4f5f0c - core[a373ad73a504971]::panicking::panic_fmt
[INFO] [stdout]   11:     0x57504d4f5ce2 - core[a373ad73a504971]::result::unwrap_failed
[INFO] [stdout]   12:     0x57504d41fea2 - integration[b2eeda8af53394a9]::copy_project
[INFO] [stdout]   13:     0x57504d41fd3e - integration[b2eeda8af53394a9]::copy_fixture
[INFO] [stdout]   14:     0x57504d438627 - <integration[b2eeda8af53394a9]::conformance_command_validates_fixture_plugin_contracts::{closure#0} as core[a373ad73a504971]::ops::function::FnOnce<()>>::call_once
[INFO] [stdout]   15:     0x57504d44d78b - test[aada8e7e76ba119b]::__rust_begin_short_backtrace::<core[a373ad73a504971]::result::Result<(), alloc[2e1b2a31b91974c5]::string::String>, fn() -> core[a373ad73a504971]::result::Result<(), alloc[2e1b2a31b91974c5]::string::String>>
[INFO] [stdout]   16:     0x57504d45a965 - test[aada8e7e76ba119b]::run_test::{closure#0}
[INFO] [stdout]   17:     0x57504d454254 - std[617be2ca0a6fd877]::sys::backtrace::__rust_begin_short_backtrace::<test[aada8e7e76ba119b]::run_test::{closure#1}, ()>
[INFO] [stdout]   18:     0x57504d45d9f2 - <std[617be2ca0a6fd877]::thread::lifecycle::spawn_unchecked<test[aada8e7e76ba119b]::run_test::{closure#1}, ()>::{closure#1} as core[a373ad73a504971]::ops::function::FnOnce<()>>::call_once::{shim:vtable#0}
[INFO] [stdout]   19:     0x57504d4ddd1f - <std[617be2ca0a6fd877]::sys::thread::unix::Thread>::new::thread_start
[INFO] [stdout]   20:     0x7573cfc93dfa - <unknown>
[INFO] [stdout]   21:     0x7573cfd273d4 - clone
[INFO] [stdout]   22:                0x0 - <unknown>
[INFO] [stdout] 
[INFO] [stdout] ---- mutants_list_rejects_invalid_shard_flags stdout ----
[INFO] [stdout] 
[INFO] [stdout] thread 'mutants_list_rejects_invalid_shard_flags' (1367) panicked at tests/integration.rs:1270:35:
[INFO] [stdout] copy project: Os { code: 2, kind: NotFound, message: "No such file or directory" }
[INFO] [stdout] stack backtrace:
[INFO] [stdout]    0:     0x57504d4deb41 - <<std[617be2ca0a6fd877]::sys::backtrace::BacktraceLock>::print::DisplayBacktrace as core[a373ad73a504971]::fmt::Display>::fmt
[INFO] [stdout]    1:     0x57504d4f575a - core[a373ad73a504971]::fmt::write
[INFO] [stdout]    2:     0x57504d4e44ac - <alloc[2e1b2a31b91974c5]::vec::Vec<u8> as core[a373ad73a504971]::io::write::Write>::write_fmt
[INFO] [stdout]    3:     0x57504d4b7d46 - std[617be2ca0a6fd877]::panicking::default_hook::{closure#0}
[INFO] [stdout]    4:     0x57504d4d5619 - std[617be2ca0a6fd877]::panicking::default_hook
[INFO] [stdout]    5:     0x57504d45a340 - test[aada8e7e76ba119b]::test_main_inner::{closure#0}
[INFO] [stdout]    6:     0x57504d4d57d2 - std[617be2ca0a6fd877]::panicking::panic_with_hook
[INFO] [stdout]    7:     0x57504d4b7df2 - std[617be2ca0a6fd877]::panicking::panic_handler::{closure#0}
[INFO] [stdout]    8:     0x57504d4b07b9 - std[617be2ca0a6fd877]::sys::backtrace::__rust_end_short_backtrace::<std[617be2ca0a6fd877]::panicking::panic_handler::{closure#0}, !>
[INFO] [stdout]    9:     0x57504d4b89fd - __rustc[ea4f61d10b84890b]::rust_begin_unwind
[INFO] [stdout]   10:     0x57504d4f5f0c - core[a373ad73a504971]::panicking::panic_fmt
[INFO] [stdout]   11:     0x57504d4f5ce2 - core[a373ad73a504971]::result::unwrap_failed
[INFO] [stdout]   12:     0x57504d41fea2 - integration[b2eeda8af53394a9]::copy_project
[INFO] [stdout]   13:     0x57504d41fbe8 - integration[b2eeda8af53394a9]::copy_example
[INFO] [stdout]   14:     0x57504d42e778 - <integration[b2eeda8af53394a9]::mutants_list_rejects_invalid_shard_flags::{closure#0} as core[a373ad73a504971]::ops::function::FnOnce<()>>::call_once
[INFO] [stdout]   15:     0x57504d44d78b - test[aada8e7e76ba119b]::__rust_begin_short_backtrace::<core[a373ad73a504971]::result::Result<(), alloc[2e1b2a31b91974c5]::string::String>, fn() -> core[a373ad73a504971]::result::Result<(), alloc[2e1b2a31b91974c5]::string::String>>
[INFO] [stdout]   16:     0x57504d45a965 - test[aada8e7e76ba119b]::run_test::{closure#0}
[INFO] [stdout]   17:     0x57504d454254 - std[617be2ca0a6fd877]::sys::backtrace::__rust_begin_short_backtrace::<test[aada8e7e76ba119b]::run_test::{closure#1}, ()>
[INFO] [stdout]   18:     0x57504d45d9f2 - <std[617be2ca0a6fd877]::thread::lifecycle::spawn_unchecked<test[aada8e7e76ba119b]::run_test::{closure#1}, ()>::{closure#1} as core[a373ad73a504971]::ops::function::FnOnce<()>>::call_once::{shim:vtable#0}
[INFO] [stdout]   19:     0x57504d4ddd1f - <std[617be2ca0a6fd877]::sys::thread::unix::Thread>::new::thread_start
[INFO] [stdout]   20:     0x7573cfc93dfa - <unknown>
[INFO] [stdout]   21:     0x7573cfd273d4 - clone
[INFO] [stdout]   22:                0x0 - <unknown>
[INFO] [stdout] 
[INFO] [stdout] ---- cleanup_removes_generated_artifacts stdout ----
[INFO] [stdout] 
[INFO] [stdout] thread 'cleanup_removes_generated_artifacts' (1358) panicked at tests/integration.rs:1270:35:
[INFO] [stdout] copy project: Os { code: 2, kind: NotFound, message: "No such file or directory" }
[INFO] [stdout] stack backtrace:
[INFO] [stdout]    0:     0x57504d4deb41 - <<std[617be2ca0a6fd877]::sys::backtrace::BacktraceLock>::print::DisplayBacktrace as core[a373ad73a504971]::fmt::Display>::fmt
[INFO] [stdout]    1:     0x57504d4f575a - core[a373ad73a504971]::fmt::write
[INFO] [stdout]    2:     0x57504d4e44ac - <alloc[2e1b2a31b91974c5]::vec::Vec<u8> as core[a373ad73a504971]::io::write::Write>::write_fmt
[INFO] [stdout]    3:     0x57504d4b7d46 - std[617be2ca0a6fd877]::panicking::default_hook::{closure#0}
[INFO] [stdout]    4:     0x57504d4d5619 - std[617be2ca0a6fd877]::panicking::default_hook
[INFO] [stdout]    5:     0x57504d45a340 - test[aada8e7e76ba119b]::test_main_inner::{closure#0}
[INFO] [stdout]    6:     0x57504d4d57d2 - std[617be2ca0a6fd877]::panicking::panic_with_hook
[INFO] [stdout]    7:     0x57504d4b7df2 - std[617be2ca0a6fd877]::panicking::panic_handler::{closure#0}
[INFO] [stdout]    8:     0x57504d4b07b9 - std[617be2ca0a6fd877]::sys::backtrace::__rust_end_short_backtrace::<std[617be2ca0a6fd877]::panicking::panic_handler::{closure#0}, !>
[INFO] [stdout]    9:     0x57504d4b89fd - __rustc[ea4f61d10b84890b]::rust_begin_unwind
[INFO] [stdout]   10:     0x57504d4f5f0c - core[a373ad73a504971]::panicking::panic_fmt
[INFO] [stdout]   11:     0x57504d4f5ce2 - core[a373ad73a504971]::result::unwrap_failed
[INFO] [stdout]   12:     0x57504d41fea2 - integration[b2eeda8af53394a9]::copy_project
[INFO] [stdout]   13:     0x57504d41fd3e - integration[b2eeda8af53394a9]::copy_fixture
[INFO] [stdout]   14:     0x57504d427e93 - <integration[b2eeda8af53394a9]::cleanup_removes_generated_artifacts::{closure#0} as core[a373ad73a504971]::ops::function::FnOnce<()>>::call_once
[INFO] [stdout]   15:     0x57504d44d78b - test[aada8e7e76ba119b]::__rust_begin_short_backtrace::<core[a373ad73a504971]::result::Result<(), alloc[2e1b2a31b91974c5]::string::String>, fn() -> core[a373ad73a504971]::result::Result<(), alloc[2e1b2a31b91974c5]::string::String>>
[INFO] [stdout]   16:     0x57504d45a965 - test[aada8e7e76ba119b]::run_test::{closure#0}
[INFO] [stdout]   17:     0x57504d454254 - std[617be2ca0a6fd877]::sys::backtrace::__rust_begin_short_backtrace::<test[aada8e7e76ba119b]::run_test::{closure#1}, ()>
[INFO] [stdout]   18:     0x57504d45d9f2 - <std[617be2ca0a6fd877]::thread::lifecycle::spawn_unchecked<test[aada8e7e76ba119b]::run_test::{closure#1}, ()>::{closure#1} as core[a373ad73a504971]::ops::function::FnOnce<()>>::call_once::{shim:vtable#0}
[INFO] [stdout]   19:     0x57504d4ddd1f - <std[617be2ca0a6fd877]::sys::thread::unix::Thread>::new::thread_start
[INFO] [stdout]   20:     0x7573cfc93dfa - <unknown>
[INFO] [stdout]   21:     0x7573cfd273d4 - clone
[INFO] [stdout]   22:                0x0 - <unknown>
[INFO] [stdout] 
[INFO] [stdout] ---- repair_prompt_summarizes_saved_report_for_agents stdout ----
[INFO] [stdout] 
[INFO] [stdout] thread 'repair_prompt_summarizes_saved_report_for_agents' (1371) panicked at tests/integration.rs:1270:35:
[INFO] [stdout] copy project: Os { code: 2, kind: NotFound, message: "No such file or directory" }
[INFO] [stdout] stack backtrace:
[INFO] [stdout]    0:     0x57504d4deb41 - <<std[617be2ca0a6fd877]::sys::backtrace::BacktraceLock>::print::DisplayBacktrace as core[a373ad73a504971]::fmt::Display>::fmt
[INFO] [stdout]    1:     0x57504d4f575a - core[a373ad73a504971]::fmt::write
[INFO] [stdout]    2:     0x57504d4e44ac - <alloc[2e1b2a31b91974c5]::vec::Vec<u8> as core[a373ad73a504971]::io::write::Write>::write_fmt
[INFO] [stdout]    3:     0x57504d4b7d46 - std[617be2ca0a6fd877]::panicking::default_hook::{closure#0}
[INFO] [stdout]    4:     0x57504d4d5619 - std[617be2ca0a6fd877]::panicking::default_hook
[INFO] [stdout]    5:     0x57504d45a340 - test[aada8e7e76ba119b]::test_main_inner::{closure#0}
[INFO] [stdout]    6:     0x57504d4d57d2 - std[617be2ca0a6fd877]::panicking::panic_with_hook
[INFO] [stdout]    7:     0x57504d4b7df2 - std[617be2ca0a6fd877]::panicking::panic_handler::{closure#0}
[INFO] [stdout]    8:     0x57504d4b07b9 - std[617be2ca0a6fd877]::sys::backtrace::__rust_end_short_backtrace::<std[617be2ca0a6fd877]::panicking::panic_handler::{closure#0}, !>
[INFO] [stdout]    9:     0x57504d4b89fd - __rustc[ea4f61d10b84890b]::rust_begin_unwind
[INFO] [stdout]   10:     0x57504d4f5f0c - core[a373ad73a504971]::panicking::panic_fmt
[INFO] [stdout]   11:     0x57504d4f5ce2 - core[a373ad73a504971]::result::unwrap_failed
[INFO] [stdout]   12:     0x57504d41fea2 - integration[b2eeda8af53394a9]::copy_project
[INFO] [stdout]   13:     0x57504d41fd3e - integration[b2eeda8af53394a9]::copy_fixture
[INFO] [stdout]   14:     0x57504d433876 - <integration[b2eeda8af53394a9]::repair_prompt_summarizes_saved_report_for_agents::{closure#0} as core[a373ad73a504971]::ops::function::FnOnce<()>>::call_once
[INFO] [stdout]   15:     0x57504d44d78b - test[aada8e7e76ba119b]::__rust_begin_short_backtrace::<core[a373ad73a504971]::result::Result<(), alloc[2e1b2a31b91974c5]::string::String>, fn() -> core[a373ad73a504971]::result::Result<(), alloc[2e1b2a31b91974c5]::string::String>>
[INFO] [stdout]   16:     0x57504d45a965 - test[aada8e7e76ba119b]::run_test::{closure#0}
[INFO] [stdout]   17:     0x57504d454254 - std[617be2ca0a6fd877]::sys::backtrace::__rust_begin_short_backtrace::<test[aada8e7e76ba119b]::run_test::{closure#1}, ()>
[INFO] [stdout]   18:     0x57504d45d9f2 - <std[617be2ca0a6fd877]::thread::lifecycle::spawn_unchecked<test[aada8e7e76ba119b]::run_test::{closure#1}, ()>::{closure#1} as core[a373ad73a504971]::ops::function::FnOnce<()>>::call_once::{shim:vtable#0}
[INFO] [stdout]   19:     0x57504d4ddd1f - <std[617be2ca0a6fd877]::sys::thread::unix::Thread>::new::thread_start
[INFO] [stdout]   20:     0x7573cfc93dfa - <unknown>
[INFO] [stdout]   21:     0x7573cfd273d4 - clone
[INFO] [stderr] error: test failed, to rerun pass `--test integration`
[INFO] [stdout]   22:                0x0 - <unknown>
[INFO] [stdout] 
[INFO] [stdout] ---- mutants_list_previews_advanced_records_without_executing_tests stdout ----
[INFO] [stdout] 
[INFO] [stdout] thread 'mutants_list_previews_advanced_records_without_executing_tests' (1366) panicked at tests/integration.rs:1270:35:
[INFO] [stdout] copy project: Os { code: 2, kind: NotFound, message: "No such file or directory" }
[INFO] [stdout] stack backtrace:
[INFO] [stdout]    0:     0x57504d4deb41 - <<std[617be2ca0a6fd877]::sys::backtrace::BacktraceLock>::print::DisplayBacktrace as core[a373ad73a504971]::fmt::Display>::fmt
[INFO] [stdout]    1:     0x57504d4f575a - core[a373ad73a504971]::fmt::write
[INFO] [stdout]    2:     0x57504d4e44ac - <alloc[2e1b2a31b91974c5]::vec::Vec<u8> as core[a373ad73a504971]::io::write::Write>::write_fmt
[INFO] [stdout]    3:     0x57504d4b7d46 - std[617be2ca0a6fd877]::panicking::default_hook::{closure#0}
[INFO] [stdout]    4:     0x57504d4d5619 - std[617be2ca0a6fd877]::panicking::default_hook
[INFO] [stdout]    5:     0x57504d45a340 - test[aada8e7e76ba119b]::test_main_inner::{closure#0}
[INFO] [stdout]    6:     0x57504d4d57d2 - std[617be2ca0a6fd877]::panicking::panic_with_hook
[INFO] [stdout]    7:     0x57504d4b7df2 - std[617be2ca0a6fd877]::panicking::panic_handler::{closure#0}
[INFO] [stdout]    8:     0x57504d4b07b9 - std[617be2ca0a6fd877]::sys::backtrace::__rust_end_short_backtrace::<std[617be2ca0a6fd877]::panicking::panic_handler::{closure#0}, !>
[INFO] [stdout]    9:     0x57504d4b89fd - __rustc[ea4f61d10b84890b]::rust_begin_unwind
[INFO] [stdout]   10:     0x57504d4f5f0c - core[a373ad73a504971]::panicking::panic_fmt
[INFO] [stdout]   11:     0x57504d4f5ce2 - core[a373ad73a504971]::result::unwrap_failed
[INFO] [stdout]   12:     0x57504d41fea2 - integration[b2eeda8af53394a9]::copy_project
[INFO] [stdout]   13:     0x57504d41fbe8 - integration[b2eeda8af53394a9]::copy_example
[INFO] [stdout]   14:     0x57504d43b8ac - <integration[b2eeda8af53394a9]::mutants_list_previews_advanced_records_without_executing_tests::{closure#0} as core[a373ad73a504971]::ops::function::FnOnce<()>>::call_once
[INFO] [stdout]   15:     0x57504d44d78b - test[aada8e7e76ba119b]::__rust_begin_short_backtrace::<core[a373ad73a504971]::result::Result<(), alloc[2e1b2a31b91974c5]::string::String>, fn() -> core[a373ad73a504971]::result::Result<(), alloc[2e1b2a31b91974c5]::string::String>>
[INFO] [stdout]   16:     0x57504d45a965 - test[aada8e7e76ba119b]::run_test::{closure#0}
[INFO] [stdout]   17:     0x57504d454254 - std[617be2ca0a6fd877]::sys::backtrace::__rust_begin_short_backtrace::<test[aada8e7e76ba119b]::run_test::{closure#1}, ()>
[INFO] [stdout]   18:     0x57504d45d9f2 - <std[617be2ca0a6fd877]::thread::lifecycle::spawn_unchecked<test[aada8e7e76ba119b]::run_test::{closure#1}, ()>::{closure#1} as core[a373ad73a504971]::ops::function::FnOnce<()>>::call_once::{shim:vtable#0}
[INFO] [stdout]   19:     0x57504d4ddd1f - <std[617be2ca0a6fd877]::sys::thread::unix::Thread>::new::thread_start
[INFO] [stdout]   20:     0x7573cfc93dfa - <unknown>
[INFO] [stdout]   21:     0x7573cfd273d4 - clone
[INFO] [stdout]   22:                0x0 - <unknown>
[INFO] [stdout] 
[INFO] [stdout] ---- mutants_list_shards_cover_unsharded_candidates_without_duplicates stdout ----
[INFO] [stdout] 
[INFO] [stdout] thread 'mutants_list_shards_cover_unsharded_candidates_without_duplicates' (1368) panicked at tests/integration.rs:1270:35:
[INFO] [stdout] copy project: Os { code: 2, kind: NotFound, message: "No such file or directory" }
[INFO] [stdout] stack backtrace:
[INFO] [stdout]    0:     0x57504d4deb41 - <<std[617be2ca0a6fd877]::sys::backtrace::BacktraceLock>::print::DisplayBacktrace as core[a373ad73a504971]::fmt::Display>::fmt
[INFO] [stdout]    1:     0x57504d4f575a - core[a373ad73a504971]::fmt::write
[INFO] [stdout]    2:     0x57504d4e44ac - <alloc[2e1b2a31b91974c5]::vec::Vec<u8> as core[a373ad73a504971]::io::write::Write>::write_fmt
[INFO] [stdout]    3:     0x57504d4b7d46 - std[617be2ca0a6fd877]::panicking::default_hook::{closure#0}
[INFO] [stdout]    4:     0x57504d4d5619 - std[617be2ca0a6fd877]::panicking::default_hook
[INFO] [stdout]    5:     0x57504d45a340 - test[aada8e7e76ba119b]::test_main_inner::{closure#0}
[INFO] [stdout]    6:     0x57504d4d57d2 - std[617be2ca0a6fd877]::panicking::panic_with_hook
[INFO] [stdout]    7:     0x57504d4b7df2 - std[617be2ca0a6fd877]::panicking::panic_handler::{closure#0}
[INFO] [stdout]    8:     0x57504d4b07b9 - std[617be2ca0a6fd877]::sys::backtrace::__rust_end_short_backtrace::<std[617be2ca0a6fd877]::panicking::panic_handler::{closure#0}, !>
[INFO] [stdout]    9:     0x57504d4b89fd - __rustc[ea4f61d10b84890b]::rust_begin_unwind
[INFO] [stdout]   10:     0x57504d4f5f0c - core[a373ad73a504971]::panicking::panic_fmt
[INFO] [stdout]   11:     0x57504d4f5ce2 - core[a373ad73a504971]::result::unwrap_failed
[INFO] [stdout]   12:     0x57504d41fea2 - integration[b2eeda8af53394a9]::copy_project
[INFO] [stdout]   13:     0x57504d41fbe8 - integration[b2eeda8af53394a9]::copy_example
[INFO] [stdout]   14:     0x57504d43d7bf - <integration[b2eeda8af53394a9]::mutants_list_shards_cover_unsharded_candidates_without_duplicates::{closure#0} as core[a373ad73a504971]::ops::function::FnOnce<()>>::call_once
[INFO] [stdout]   15:     0x57504d44d78b - test[aada8e7e76ba119b]::__rust_begin_short_backtrace::<core[a373ad73a504971]::result::Result<(), alloc[2e1b2a31b91974c5]::string::String>, fn() -> core[a373ad73a504971]::result::Result<(), alloc[2e1b2a31b91974c5]::string::String>>
[INFO] [stdout]   16:     0x57504d45a965 - test[aada8e7e76ba119b]::run_test::{closure#0}
[INFO] [stdout]   17:     0x57504d454254 - std[617be2ca0a6fd877]::sys::backtrace::__rust_begin_short_backtrace::<test[aada8e7e76ba119b]::run_test::{closure#1}, ()>
[INFO] [stdout]   18:     0x57504d45d9f2 - <std[617be2ca0a6fd877]::thread::lifecycle::spawn_unchecked<test[aada8e7e76ba119b]::run_test::{closure#1}, ()>::{closure#1} as core[a373ad73a504971]::ops::function::FnOnce<()>>::call_once::{shim:vtable#0}
[INFO] [stdout]   19:     0x57504d4ddd1f - <std[617be2ca0a6fd877]::sys::thread::unix::Thread>::new::thread_start
[INFO] [stdout]   20:     0x7573cfc93dfa - <unknown>
[INFO] [stdout]   21:     0x7573cfd273d4 - clone
[INFO] [stdout]   22:                0x0 - <unknown>
[INFO] [stdout] 
[INFO] [stdout] ---- next_command_ranks_findings_and_evolution_candidates stdout ----
[INFO] [stdout] 
[INFO] [stdout] thread 'next_command_ranks_findings_and_evolution_candidates' (1369) panicked at tests/integration.rs:1270:35:
[INFO] [stdout] copy project: Os { code: 2, kind: NotFound, message: "No such file or directory" }
[INFO] [stdout] stack backtrace:
[INFO] [stdout]    0:     0x57504d4deb41 - <<std[617be2ca0a6fd877]::sys::backtrace::BacktraceLock>::print::DisplayBacktrace as core[a373ad73a504971]::fmt::Display>::fmt
[INFO] [stdout]    1:     0x57504d4f575a - core[a373ad73a504971]::fmt::write
[INFO] [stdout]    2:     0x57504d4e44ac - <alloc[2e1b2a31b91974c5]::vec::Vec<u8> as core[a373ad73a504971]::io::write::Write>::write_fmt
[INFO] [stdout]    3:     0x57504d4b7d46 - std[617be2ca0a6fd877]::panicking::default_hook::{closure#0}
[INFO] [stdout]    4:     0x57504d4d5619 - std[617be2ca0a6fd877]::panicking::default_hook
[INFO] [stdout]    5:     0x57504d45a340 - test[aada8e7e76ba119b]::test_main_inner::{closure#0}
[INFO] [stdout]    6:     0x57504d4d57d2 - std[617be2ca0a6fd877]::panicking::panic_with_hook
[INFO] [stdout]    7:     0x57504d4b7df2 - std[617be2ca0a6fd877]::panicking::panic_handler::{closure#0}
[INFO] [stdout]    8:     0x57504d4b07b9 - std[617be2ca0a6fd877]::sys::backtrace::__rust_end_short_backtrace::<std[617be2ca0a6fd877]::panicking::panic_handler::{closure#0}, !>
[INFO] [stdout]    9:     0x57504d4b89fd - __rustc[ea4f61d10b84890b]::rust_begin_unwind
[INFO] [stdout]   10:     0x57504d4f5f0c - core[a373ad73a504971]::panicking::panic_fmt
[INFO] [stdout]   11:     0x57504d4f5ce2 - core[a373ad73a504971]::result::unwrap_failed
[INFO] [stdout]   12:     0x57504d41fea2 - integration[b2eeda8af53394a9]::copy_project
[INFO] [stdout]   13:     0x57504d41fd3e - integration[b2eeda8af53394a9]::copy_fixture
[INFO] [stdout]   14:     0x57504d436e03 - <integration[b2eeda8af53394a9]::next_command_ranks_findings_and_evolution_candidates::{closure#0} as core[a373ad73a504971]::ops::function::FnOnce<()>>::call_once
[INFO] [stdout]   15:     0x57504d44d78b - test[aada8e7e76ba119b]::__rust_begin_short_backtrace::<core[a373ad73a504971]::result::Result<(), alloc[2e1b2a31b91974c5]::string::String>, fn() -> core[a373ad73a504971]::result::Result<(), alloc[2e1b2a31b91974c5]::string::String>>
[INFO] [stdout]   16:     0x57504d45a965 - test[aada8e7e76ba119b]::run_test::{closure#0}
[INFO] [stdout]   17:     0x57504d454254 - std[617be2ca0a6fd877]::sys::backtrace::__rust_begin_short_backtrace::<test[aada8e7e76ba119b]::run_test::{closure#1}, ()>
[INFO] [stdout]   18:     0x57504d45d9f2 - <std[617be2ca0a6fd877]::thread::lifecycle::spawn_unchecked<test[aada8e7e76ba119b]::run_test::{closure#1}, ()>::{closure#1} as core[a373ad73a504971]::ops::function::FnOnce<()>>::call_once::{shim:vtable#0}
[INFO] [stdout]   19:     0x57504d4ddd1f - <std[617be2ca0a6fd877]::sys::thread::unix::Thread>::new::thread_start
[INFO] [stdout]   20:     0x7573cfc93dfa - <unknown>
[INFO] [stdout]   21:     0x7573cfd273d4 - clone
[INFO] [stdout]   22:                0x0 - <unknown>
[INFO] [stdout] 
[INFO] [stdout] ---- plugin_sdk_scan_contract_is_stable_across_language_fixtures stdout ----
[INFO] [stdout] 
[INFO] [stdout] thread 'plugin_sdk_scan_contract_is_stable_across_language_fixtures' (1370) panicked at tests/integration.rs:1270:35:
[INFO] [stdout] copy project: Os { code: 2, kind: NotFound, message: "No such file or directory" }
[INFO] [stdout] stack backtrace:
[INFO] [stdout]    0:     0x57504d4deb41 - <<std[617be2ca0a6fd877]::sys::backtrace::BacktraceLock>::print::DisplayBacktrace as core[a373ad73a504971]::fmt::Display>::fmt
[INFO] [stdout]    1:     0x57504d4f575a - core[a373ad73a504971]::fmt::write
[INFO] [stdout]    2:     0x57504d4e44ac - <alloc[2e1b2a31b91974c5]::vec::Vec<u8> as core[a373ad73a504971]::io::write::Write>::write_fmt
[INFO] [stdout]    3:     0x57504d4b7d46 - std[617be2ca0a6fd877]::panicking::default_hook::{closure#0}
[INFO] [stdout]    4:     0x57504d4d5619 - std[617be2ca0a6fd877]::panicking::default_hook
[INFO] [stdout]    5:     0x57504d45a340 - test[aada8e7e76ba119b]::test_main_inner::{closure#0}
[INFO] [stdout]    6:     0x57504d4d57d2 - std[617be2ca0a6fd877]::panicking::panic_with_hook
[INFO] [stdout]    7:     0x57504d4b7df2 - std[617be2ca0a6fd877]::panicking::panic_handler::{closure#0}
[INFO] [stdout]    8:     0x57504d4b07b9 - std[617be2ca0a6fd877]::sys::backtrace::__rust_end_short_backtrace::<std[617be2ca0a6fd877]::panicking::panic_handler::{closure#0}, !>
[INFO] [stdout]    9:     0x57504d4b89fd - __rustc[ea4f61d10b84890b]::rust_begin_unwind
[INFO] [stdout]   10:     0x57504d4f5f0c - core[a373ad73a504971]::panicking::panic_fmt
[INFO] [stdout]   11:     0x57504d4f5ce2 - core[a373ad73a504971]::result::unwrap_failed
[INFO] [stdout]   12:     0x57504d41fea2 - integration[b2eeda8af53394a9]::copy_project
[INFO] [stdout]   13:     0x57504d41fd3e - integration[b2eeda8af53394a9]::copy_fixture
[INFO] [stdout]   14:     0x57504d4205bd - integration[b2eeda8af53394a9]::scan_fixture_json
[INFO] [stdout]   15:     0x57504d43a58c - <integration[b2eeda8af53394a9]::plugin_sdk_scan_contract_is_stable_across_language_fixtures::{closure#0} as core[a373ad73a504971]::ops::function::FnOnce<()>>::call_once
[INFO] [stdout]   16:     0x57504d44d78b - test[aada8e7e76ba119b]::__rust_begin_short_backtrace::<core[a373ad73a504971]::result::Result<(), alloc[2e1b2a31b91974c5]::string::String>, fn() -> core[a373ad73a504971]::result::Result<(), alloc[2e1b2a31b91974c5]::string::String>>
[INFO] [stdout]   17:     0x57504d45a965 - test[aada8e7e76ba119b]::run_test::{closure#0}
[INFO] [stdout]   18:     0x57504d454254 - std[617be2ca0a6fd877]::sys::backtrace::__rust_begin_short_backtrace::<test[aada8e7e76ba119b]::run_test::{closure#1}, ()>
[INFO] [stdout]   19:     0x57504d45d9f2 - <std[617be2ca0a6fd877]::thread::lifecycle::spawn_unchecked<test[aada8e7e76ba119b]::run_test::{closure#1}, ()>::{closure#1} as core[a373ad73a504971]::ops::function::FnOnce<()>>::call_once::{shim:vtable#0}
[INFO] [stdout]   20:     0x57504d4ddd1f - <std[617be2ca0a6fd877]::sys::thread::unix::Thread>::new::thread_start
[INFO] [stdout]   21:     0x7573cfc93dfa - <unknown>
[INFO] [stdout]   22:     0x7573cfd273d4 - clone
[INFO] [stdout]   23:                0x0 - <unknown>
[INFO] [stdout] 
[INFO] [stdout] ---- review_packet_and_agent_instructions_write_ai_artifacts stdout ----
[INFO] [stdout] 
[INFO] [stdout] thread 'review_packet_and_agent_instructions_write_ai_artifacts' (1385) panicked at tests/integration.rs:1270:35:
[INFO] [stdout] copy project: Os { code: 2, kind: NotFound, message: "No such file or directory" }
[INFO] [stdout] stack backtrace:
[INFO] [stdout]    0:     0x57504d4deb41 - <<std[617be2ca0a6fd877]::sys::backtrace::BacktraceLock>::print::DisplayBacktrace as core[a373ad73a504971]::fmt::Display>::fmt
[INFO] [stdout]    1:     0x57504d4f575a - core[a373ad73a504971]::fmt::write
[INFO] [stdout]    2:     0x57504d4e44ac - <alloc[2e1b2a31b91974c5]::vec::Vec<u8> as core[a373ad73a504971]::io::write::Write>::write_fmt
[INFO] [stdout]    3:     0x57504d4b7d46 - std[617be2ca0a6fd877]::panicking::default_hook::{closure#0}
[INFO] [stdout]    4:     0x57504d4d5619 - std[617be2ca0a6fd877]::panicking::default_hook
[INFO] [stdout]    5:     0x57504d45a340 - test[aada8e7e76ba119b]::test_main_inner::{closure#0}
[INFO] [stdout]    6:     0x57504d4d57d2 - std[617be2ca0a6fd877]::panicking::panic_with_hook
[INFO] [stdout]    7:     0x57504d4b7df2 - std[617be2ca0a6fd877]::panicking::panic_handler::{closure#0}
[INFO] [stdout]    8:     0x57504d4b07b9 - std[617be2ca0a6fd877]::sys::backtrace::__rust_end_short_backtrace::<std[617be2ca0a6fd877]::panicking::panic_handler::{closure#0}, !>
[INFO] [stdout]    9:     0x57504d4b89fd - __rustc[ea4f61d10b84890b]::rust_begin_unwind
[INFO] [stdout]   10:     0x57504d4f5f0c - core[a373ad73a504971]::panicking::panic_fmt
[INFO] [stdout]   11:     0x57504d4f5ce2 - core[a373ad73a504971]::result::unwrap_failed
[INFO] [stdout]   12:     0x57504d41fea2 - integration[b2eeda8af53394a9]::copy_project
[INFO] [stdout]   13:     0x57504d41fd3e - integration[b2eeda8af53394a9]::copy_fixture
[INFO] [stdout]   14:     0x57504d43925a - <integration[b2eeda8af53394a9]::review_packet_and_agent_instructions_write_ai_artifacts::{closure#0} as core[a373ad73a504971]::ops::function::FnOnce<()>>::call_once
[INFO] [stdout]   15:     0x57504d44d78b - test[aada8e7e76ba119b]::__rust_begin_short_backtrace::<core[a373ad73a504971]::result::Result<(), alloc[2e1b2a31b91974c5]::string::String>, fn() -> core[a373ad73a504971]::result::Result<(), alloc[2e1b2a31b91974c5]::string::String>>
[INFO] [stdout]   16:     0x57504d45a965 - test[aada8e7e76ba119b]::run_test::{closure#0}
[INFO] [stdout]   17:     0x57504d454254 - std[617be2ca0a6fd877]::sys::backtrace::__rust_begin_short_backtrace::<test[aada8e7e76ba119b]::run_test::{closure#1}, ()>
[INFO] [stdout]   18:     0x57504d45d9f2 - <std[617be2ca0a6fd877]::thread::lifecycle::spawn_unchecked<test[aada8e7e76ba119b]::run_test::{closure#1}, ()>::{closure#1} as core[a373ad73a504971]::ops::function::FnOnce<()>>::call_once::{shim:vtable#0}
[INFO] [stdout]   19:     0x57504d4ddd1f - <std[617be2ca0a6fd877]::sys::thread::unix::Thread>::new::thread_start
[INFO] [stdout]   20:     0x7573cfc93dfa - <unknown>
[INFO] [stdout]   21:     0x7573cfd273d4 - clone
[INFO] [stdout]   22:                0x0 - <unknown>
[INFO] [stdout] 
[INFO] [stdout] ---- scans_rust_fixture stdout ----
[INFO] [stdout] 
[INFO] [stdout] thread 'scans_rust_fixture' (1399) panicked at tests/integration.rs:1270:35:
[INFO] [stdout] copy project: Os { code: 2, kind: NotFound, message: "No such file or directory" }
[INFO] [stdout] stack backtrace:
[INFO] [stdout]    0:     0x57504d4deb41 - <<std[617be2ca0a6fd877]::sys::backtrace::BacktraceLock>::print::DisplayBacktrace as core[a373ad73a504971]::fmt::Display>::fmt
[INFO] [stdout]    1:     0x57504d4f575a - core[a373ad73a504971]::fmt::write
[INFO] [stdout]    2:     0x57504d4e44ac - <alloc[2e1b2a31b91974c5]::vec::Vec<u8> as core[a373ad73a504971]::io::write::Write>::write_fmt
[INFO] [stdout]    3:     0x57504d4b7d46 - std[617be2ca0a6fd877]::panicking::default_hook::{closure#0}
[INFO] [stdout]    4:     0x57504d4d5619 - std[617be2ca0a6fd877]::panicking::default_hook
[INFO] [stdout]    5:     0x57504d45a340 - test[aada8e7e76ba119b]::test_main_inner::{closure#0}
[INFO] [stdout]    6:     0x57504d4d57d2 - std[617be2ca0a6fd877]::panicking::panic_with_hook
[INFO] [stdout]    7:     0x57504d4b7df2 - std[617be2ca0a6fd877]::panicking::panic_handler::{closure#0}
[INFO] [stdout]    8:     0x57504d4b07b9 - std[617be2ca0a6fd877]::sys::backtrace::__rust_end_short_backtrace::<std[617be2ca0a6fd877]::panicking::panic_handler::{closure#0}, !>
[INFO] [stdout]    9:     0x57504d4b89fd - __rustc[ea4f61d10b84890b]::rust_begin_unwind
[INFO] [stdout]   10:     0x57504d4f5f0c - core[a373ad73a504971]::panicking::panic_fmt
[INFO] [stdout]   11:     0x57504d4f5ce2 - core[a373ad73a504971]::result::unwrap_failed
[INFO] [stdout]   12:     0x57504d41fea2 - integration[b2eeda8af53394a9]::copy_project
[INFO] [stdout]   13:     0x57504d41fd3e - integration[b2eeda8af53394a9]::copy_fixture
[INFO] [stdout]   14:     0x57504d427013 - <integration[b2eeda8af53394a9]::scans_rust_fixture::{closure#0} as core[a373ad73a504971]::ops::function::FnOnce<()>>::call_once
[INFO] [stdout]   15:     0x57504d44d78b - test[aada8e7e76ba119b]::__rust_begin_short_backtrace::<core[a373ad73a504971]::result::Result<(), alloc[2e1b2a31b91974c5]::string::String>, fn() -> core[a373ad73a504971]::result::Result<(), alloc[2e1b2a31b91974c5]::string::String>>
[INFO] [stdout]   16:     0x57504d45a965 - test[aada8e7e76ba119b]::run_test::{closure#0}
[INFO] [stdout]   17:     0x57504d454254 - std[617be2ca0a6fd877]::sys::backtrace::__rust_begin_short_backtrace::<test[aada8e7e76ba119b]::run_test::{closure#1}, ()>
[INFO] [stdout]   18:     0x57504d45d9f2 - <std[617be2ca0a6fd877]::thread::lifecycle::spawn_unchecked<test[aada8e7e76ba119b]::run_test::{closure#1}, ()>::{closure#1} as core[a373ad73a504971]::ops::function::FnOnce<()>>::call_once::{shim:vtable#0}
[INFO] [stdout]   19:     0x57504d4ddd1f - <std[617be2ca0a6fd877]::sys::thread::unix::Thread>::new::thread_start
[INFO] [stdout]   20:     0x7573cfc93dfa - <unknown>
[INFO] [stdout]   21:     0x7573cfd273d4 - clone
[INFO] [stdout]   22:                0x0 - <unknown>
[INFO] [stdout] 
[INFO] [stdout] ---- scans_go_fixture stdout ----
[INFO] [stdout] 
[INFO] [stdout] thread 'scans_go_fixture' (1398) panicked at tests/integration.rs:1270:35:
[INFO] [stdout] copy project: Os { code: 2, kind: NotFound, message: "No such file or directory" }
[INFO] [stdout] stack backtrace:
[INFO] [stdout]    0:     0x57504d4deb41 - <<std[617be2ca0a6fd877]::sys::backtrace::BacktraceLock>::print::DisplayBacktrace as core[a373ad73a504971]::fmt::Display>::fmt
[INFO] [stdout]    1:     0x57504d4f575a - core[a373ad73a504971]::fmt::write
[INFO] [stdout]    2:     0x57504d4e44ac - <alloc[2e1b2a31b91974c5]::vec::Vec<u8> as core[a373ad73a504971]::io::write::Write>::write_fmt
[INFO] [stdout]    3:     0x57504d4b7d46 - std[617be2ca0a6fd877]::panicking::default_hook::{closure#0}
[INFO] [stdout]    4:     0x57504d4d5619 - std[617be2ca0a6fd877]::panicking::default_hook
[INFO] [stdout]    5:     0x57504d45a340 - test[aada8e7e76ba119b]::test_main_inner::{closure#0}
[INFO] [stdout]    6:     0x57504d4d57d2 - std[617be2ca0a6fd877]::panicking::panic_with_hook
[INFO] [stdout]    7:     0x57504d4b7df2 - std[617be2ca0a6fd877]::panicking::panic_handler::{closure#0}
[INFO] [stdout]    8:     0x57504d4b07b9 - std[617be2ca0a6fd877]::sys::backtrace::__rust_end_short_backtrace::<std[617be2ca0a6fd877]::panicking::panic_handler::{closure#0}, !>
[INFO] [stdout]    9:     0x57504d4b89fd - __rustc[ea4f61d10b84890b]::rust_begin_unwind
[INFO] [stdout]   10:     0x57504d4f5f0c - core[a373ad73a504971]::panicking::panic_fmt
[INFO] [stdout]   11:     0x57504d4f5ce2 - core[a373ad73a504971]::result::unwrap_failed
[INFO] [stdout]   12:     0x57504d41fea2 - integration[b2eeda8af53394a9]::copy_project
[INFO] [stdout]   13:     0x57504d41fd3e - integration[b2eeda8af53394a9]::copy_fixture
[INFO] [stdout]   14:     0x57504d426a43 - <integration[b2eeda8af53394a9]::scans_go_fixture::{closure#0} as core[a373ad73a504971]::ops::function::FnOnce<()>>::call_once
[INFO] [stdout]   15:     0x57504d44d78b - test[aada8e7e76ba119b]::__rust_begin_short_backtrace::<core[a373ad73a504971]::result::Result<(), alloc[2e1b2a31b91974c5]::string::String>, fn() -> core[a373ad73a504971]::result::Result<(), alloc[2e1b2a31b91974c5]::string::String>>
[INFO] [stdout]   16:     0x57504d45a965 - test[aada8e7e76ba119b]::run_test::{closure#0}
[INFO] [stdout]   17:     0x57504d454254 - std[617be2ca0a6fd877]::sys::backtrace::__rust_begin_short_backtrace::<test[aada8e7e76ba119b]::run_test::{closure#1}, ()>
[INFO] [stdout]   18:     0x57504d45d9f2 - <std[617be2ca0a6fd877]::thread::lifecycle::spawn_unchecked<test[aada8e7e76ba119b]::run_test::{closure#1}, ()>::{closure#1} as core[a373ad73a504971]::ops::function::FnOnce<()>>::call_once::{shim:vtable#0}
[INFO] [stdout]   19:     0x57504d4ddd1f - <std[617be2ca0a6fd877]::sys::thread::unix::Thread>::new::thread_start
[INFO] [stdout]   20:     0x7573cfc93dfa - <unknown>
[INFO] [stdout]   21:     0x7573cfd273d4 - clone
[INFO] [stdout]   22:                0x0 - <unknown>
[INFO] [stdout] 
[INFO] [stdout] ---- verifies_rust_fixture_and_writes_property_test stdout ----
[INFO] [stdout] 
[INFO] [stdout] thread 'verifies_rust_fixture_and_writes_property_test' (1408) panicked at tests/integration.rs:1270:35:
[INFO] [stdout] copy project: Os { code: 2, kind: NotFound, message: "No such file or directory" }
[INFO] [stdout] stack backtrace:
[INFO] [stdout]    0:     0x57504d4deb41 - <<std[617be2ca0a6fd877]::sys::backtrace::BacktraceLock>::print::DisplayBacktrace as core[a373ad73a504971]::fmt::Display>::fmt
[INFO] [stdout]    1:     0x57504d4f575a - core[a373ad73a504971]::fmt::write
[INFO] [stdout]    2:     0x57504d4e44ac - <alloc[2e1b2a31b91974c5]::vec::Vec<u8> as core[a373ad73a504971]::io::write::Write>::write_fmt
[INFO] [stdout]    3:     0x57504d4b7d46 - std[617be2ca0a6fd877]::panicking::default_hook::{closure#0}
[INFO] [stdout]    4:     0x57504d4d5619 - std[617be2ca0a6fd877]::panicking::default_hook
[INFO] [stdout]    5:     0x57504d45a340 - test[aada8e7e76ba119b]::test_main_inner::{closure#0}
[INFO] [stdout]    6:     0x57504d4d57d2 - std[617be2ca0a6fd877]::panicking::panic_with_hook
[INFO] [stdout]    7:     0x57504d4b7df2 - std[617be2ca0a6fd877]::panicking::panic_handler::{closure#0}
[INFO] [stdout]    8:     0x57504d4b07b9 - std[617be2ca0a6fd877]::sys::backtrace::__rust_end_short_backtrace::<std[617be2ca0a6fd877]::panicking::panic_handler::{closure#0}, !>
[INFO] [stdout]    9:     0x57504d4b89fd - __rustc[ea4f61d10b84890b]::rust_begin_unwind
[INFO] [stdout]   10:     0x57504d4f5f0c - core[a373ad73a504971]::panicking::panic_fmt
[INFO] [stdout]   11:     0x57504d4f5ce2 - core[a373ad73a504971]::result::unwrap_failed
[INFO] [stdout]   12:     0x57504d41fea2 - integration[b2eeda8af53394a9]::copy_project
[INFO] [stdout]   13:     0x57504d41fd3e - integration[b2eeda8af53394a9]::copy_fixture
[INFO] [stdout]   14:     0x57504d432dd3 - <integration[b2eeda8af53394a9]::verifies_rust_fixture_and_writes_property_test::{closure#0} as core[a373ad73a504971]::ops::function::FnOnce<()>>::call_once
[INFO] [stdout]   15:     0x57504d44d78b - test[aada8e7e76ba119b]::__rust_begin_short_backtrace::<core[a373ad73a504971]::result::Result<(), alloc[2e1b2a31b91974c5]::string::String>, fn() -> core[a373ad73a504971]::result::Result<(), alloc[2e1b2a31b91974c5]::string::String>>
[INFO] [stdout]   16:     0x57504d45a965 - test[aada8e7e76ba119b]::run_test::{closure#0}
[INFO] [stdout]   17:     0x57504d454254 - std[617be2ca0a6fd877]::sys::backtrace::__rust_begin_short_backtrace::<test[aada8e7e76ba119b]::run_test::{closure#1}, ()>
[INFO] [stdout]   18:     0x57504d45d9f2 - <std[617be2ca0a6fd877]::thread::lifecycle::spawn_unchecked<test[aada8e7e76ba119b]::run_test::{closure#1}, ()>::{closure#1} as core[a373ad73a504971]::ops::function::FnOnce<()>>::call_once::{shim:vtable#0}
[INFO] [stdout]   19:     0x57504d4ddd1f - <std[617be2ca0a6fd877]::sys::thread::unix::Thread>::new::thread_start
[INFO] [stdout]   20:     0x7573cfc93dfa - <unknown>
[INFO] [stdout]   21:     0x7573cfd273d4 - clone
[INFO] [stdout]   22:                0x0 - <unknown>
[INFO] [stdout] 
[INFO] [stdout] ---- verifies_python_fixture_and_writes_sdk_artifacts stdout ----
[INFO] [stdout] 
[INFO] [stdout] thread 'verifies_python_fixture_and_writes_sdk_artifacts' (1407) panicked at tests/integration.rs:1270:35:
[INFO] [stdout] copy project: Os { code: 2, kind: NotFound, message: "No such file or directory" }
[INFO] [stdout] stack backtrace:
[INFO] [stdout]    0:     0x57504d4deb41 - <<std[617be2ca0a6fd877]::sys::backtrace::BacktraceLock>::print::DisplayBacktrace as core[a373ad73a504971]::fmt::Display>::fmt
[INFO] [stdout]    1:     0x57504d4f575a - core[a373ad73a504971]::fmt::write
[INFO] [stdout]    2:     0x57504d4e44ac - <alloc[2e1b2a31b91974c5]::vec::Vec<u8> as core[a373ad73a504971]::io::write::Write>::write_fmt
[INFO] [stdout]    3:     0x57504d4b7d46 - std[617be2ca0a6fd877]::panicking::default_hook::{closure#0}
[INFO] [stdout]    4:     0x57504d4d5619 - std[617be2ca0a6fd877]::panicking::default_hook
[INFO] [stdout]    5:     0x57504d45a340 - test[aada8e7e76ba119b]::test_main_inner::{closure#0}
[INFO] [stdout]    6:     0x57504d4d57d2 - std[617be2ca0a6fd877]::panicking::panic_with_hook
[INFO] [stdout]    7:     0x57504d4b7df2 - std[617be2ca0a6fd877]::panicking::panic_handler::{closure#0}
[INFO] [stdout]    8:     0x57504d4b07b9 - std[617be2ca0a6fd877]::sys::backtrace::__rust_end_short_backtrace::<std[617be2ca0a6fd877]::panicking::panic_handler::{closure#0}, !>
[INFO] [stdout]    9:     0x57504d4b89fd - __rustc[ea4f61d10b84890b]::rust_begin_unwind
[INFO] [stdout]   10:     0x57504d4f5f0c - core[a373ad73a504971]::panicking::panic_fmt
[INFO] [stdout]   11:     0x57504d4f5ce2 - core[a373ad73a504971]::result::unwrap_failed
[INFO] [stdout]   12:     0x57504d41fea2 - integration[b2eeda8af53394a9]::copy_project
[INFO] [stdout]   13:     0x57504d41fd3e - integration[b2eeda8af53394a9]::copy_fixture
[INFO] [stdout]   14:     0x57504d43461a - <integration[b2eeda8af53394a9]::verifies_python_fixture_and_writes_sdk_artifacts::{closure#0} as core[a373ad73a504971]::ops::function::FnOnce<()>>::call_once
[INFO] [stdout]   15:     0x57504d44d78b - test[aada8e7e76ba119b]::__rust_begin_short_backtrace::<core[a373ad73a504971]::result::Result<(), alloc[2e1b2a31b91974c5]::string::String>, fn() -> core[a373ad73a504971]::result::Result<(), alloc[2e1b2a31b91974c5]::string::String>>
[INFO] [stdout]   16:     0x57504d45a965 - test[aada8e7e76ba119b]::run_test::{closure#0}
[INFO] [stdout]   17:     0x57504d454254 - std[617be2ca0a6fd877]::sys::backtrace::__rust_begin_short_backtrace::<test[aada8e7e76ba119b]::run_test::{closure#1}, ()>
[INFO] [stdout]   18:     0x57504d45d9f2 - <std[617be2ca0a6fd877]::thread::lifecycle::spawn_unchecked<test[aada8e7e76ba119b]::run_test::{closure#1}, ()>::{closure#1} as core[a373ad73a504971]::ops::function::FnOnce<()>>::call_once::{shim:vtable#0}
[INFO] [stdout]   19:     0x57504d4ddd1f - <std[617be2ca0a6fd877]::sys::thread::unix::Thread>::new::thread_start
[INFO] [stdout]   20:     0x7573cfc93dfa - <unknown>
[INFO] [stdout]   21:     0x7573cfd273d4 - clone
[INFO] [stdout]   22:                0x0 - <unknown>
[INFO] [stdout] 
[INFO] [stdout] ---- seeded_rust_example_supports_explain_baseline_promotion_and_reports stdout ----
[INFO] [stdout] 
[INFO] [stdout] thread 'seeded_rust_example_supports_explain_baseline_promotion_and_reports' (1402) panicked at tests/integration.rs:1270:35:
[INFO] [stdout] copy project: Os { code: 2, kind: NotFound, message: "No such file or directory" }
[INFO] [stdout] stack backtrace:
[INFO] [stdout]    0:     0x57504d4deb41 - <<std[617be2ca0a6fd877]::sys::backtrace::BacktraceLock>::print::DisplayBacktrace as core[a373ad73a504971]::fmt::Display>::fmt
[INFO] [stdout]    1:     0x57504d4f575a - core[a373ad73a504971]::fmt::write
[INFO] [stdout]    2:     0x57504d4e44ac - <alloc[2e1b2a31b91974c5]::vec::Vec<u8> as core[a373ad73a504971]::io::write::Write>::write_fmt
[INFO] [stdout]    3:     0x57504d4b7d46 - std[617be2ca0a6fd877]::panicking::default_hook::{closure#0}
[INFO] [stdout]    4:     0x57504d4d5619 - std[617be2ca0a6fd877]::panicking::default_hook
[INFO] [stdout]    5:     0x57504d45a340 - test[aada8e7e76ba119b]::test_main_inner::{closure#0}
[INFO] [stdout]    6:     0x57504d4d57d2 - std[617be2ca0a6fd877]::panicking::panic_with_hook
[INFO] [stdout]    7:     0x57504d4b7df2 - std[617be2ca0a6fd877]::panicking::panic_handler::{closure#0}
[INFO] [stdout]    8:     0x57504d4b07b9 - std[617be2ca0a6fd877]::sys::backtrace::__rust_end_short_backtrace::<std[617be2ca0a6fd877]::panicking::panic_handler::{closure#0}, !>
[INFO] [stdout]    9:     0x57504d4b89fd - __rustc[ea4f61d10b84890b]::rust_begin_unwind
[INFO] [stdout]   10:     0x57504d4f5f0c - core[a373ad73a504971]::panicking::panic_fmt
[INFO] [stdout]   11:     0x57504d4f5ce2 - core[a373ad73a504971]::result::unwrap_failed
[INFO] [stdout]   12:     0x57504d41fea2 - integration[b2eeda8af53394a9]::copy_project
[INFO] [stdout]   13:     0x57504d41fbe8 - integration[b2eeda8af53394a9]::copy_example
[INFO] [stdout]   14:     0x57504d43fcea - <integration[b2eeda8af53394a9]::seeded_rust_example_supports_explain_baseline_promotion_and_reports::{closure#0} as core[a373ad73a504971]::ops::function::FnOnce<()>>::call_once
[INFO] [stdout]   15:     0x57504d44d78b - test[aada8e7e76ba119b]::__rust_begin_short_backtrace::<core[a373ad73a504971]::result::Result<(), alloc[2e1b2a31b91974c5]::string::String>, fn() -> core[a373ad73a504971]::result::Result<(), alloc[2e1b2a31b91974c5]::string::String>>
[INFO] [stdout]   16:     0x57504d45a965 - test[aada8e7e76ba119b]::run_test::{closure#0}
[INFO] [stdout]   17:     0x57504d454254 - std[617be2ca0a6fd877]::sys::backtrace::__rust_begin_short_backtrace::<test[aada8e7e76ba119b]::run_test::{closure#1}, ()>
[INFO] [stdout]   18:     0x57504d45d9f2 - <std[617be2ca0a6fd877]::thread::lifecycle::spawn_unchecked<test[aada8e7e76ba119b]::run_test::{closure#1}, ()>::{closure#1} as core[a373ad73a504971]::ops::function::FnOnce<()>>::call_once::{shim:vtable#0}
[INFO] [stdout]   19:     0x57504d4ddd1f - <std[617be2ca0a6fd877]::sys::thread::unix::Thread>::new::thread_start
[INFO] [stdout]   20:     0x7573cfc93dfa - <unknown>
[INFO] [stdout]   21:     0x7573cfd273d4 - clone
[INFO] [stdout]   22:                0x0 - <unknown>
[INFO] [stdout] 
[INFO] [stdout] ---- verifies_rust_workspace_fixture_with_package_local_artifacts stdout ----
[INFO] [stdout] 
[INFO] [stdout] thread 'verifies_rust_workspace_fixture_with_package_local_artifacts' (1410) panicked at tests/integration.rs:1270:35:
[INFO] [stdout] copy project: Os { code: 2, kind: NotFound, message: "No such file or directory" }
[INFO] [stdout] stack backtrace:
[INFO] [stdout]    0:     0x57504d4deb41 - <<std[617be2ca0a6fd877]::sys::backtrace::BacktraceLock>::print::DisplayBacktrace as core[a373ad73a504971]::fmt::Display>::fmt
[INFO] [stdout]    1:     0x57504d4f575a - core[a373ad73a504971]::fmt::write
[INFO] [stdout]    2:     0x57504d4e44ac - <alloc[2e1b2a31b91974c5]::vec::Vec<u8> as core[a373ad73a504971]::io::write::Write>::write_fmt
[INFO] [stdout]    3:     0x57504d4b7d46 - std[617be2ca0a6fd877]::panicking::default_hook::{closure#0}
[INFO] [stdout]    4:     0x57504d4d5619 - std[617be2ca0a6fd877]::panicking::default_hook
[INFO] [stdout]    5:     0x57504d45a340 - test[aada8e7e76ba119b]::test_main_inner::{closure#0}
[INFO] [stdout]    6:     0x57504d4d57d2 - std[617be2ca0a6fd877]::panicking::panic_with_hook
[INFO] [stdout]    7:     0x57504d4b7df2 - std[617be2ca0a6fd877]::panicking::panic_handler::{closure#0}
[INFO] [stdout]    8:     0x57504d4b07b9 - std[617be2ca0a6fd877]::sys::backtrace::__rust_end_short_backtrace::<std[617be2ca0a6fd877]::panicking::panic_handler::{closure#0}, !>
[INFO] [stdout]    9:     0x57504d4b89fd - __rustc[ea4f61d10b84890b]::rust_begin_unwind
[INFO] [stdout]   10:     0x57504d4f5f0c - core[a373ad73a504971]::panicking::panic_fmt
[INFO] [stdout]   11:     0x57504d4f5ce2 - core[a373ad73a504971]::result::unwrap_failed
[INFO] [stdout]   12:     0x57504d41fea2 - integration[b2eeda8af53394a9]::copy_project
[INFO] [stdout]   13:     0x57504d41fd3e - integration[b2eeda8af53394a9]::copy_fixture
[INFO] [stdout]   14:     0x57504d43a9ba - <integration[b2eeda8af53394a9]::verifies_rust_workspace_fixture_with_package_local_artifacts::{closure#0} as core[a373ad73a504971]::ops::function::FnOnce<()>>::call_once
[INFO] [stdout]   15:     0x57504d44d78b - test[aada8e7e76ba119b]::__rust_begin_short_backtrace::<core[a373ad73a504971]::result::Result<(), alloc[2e1b2a31b91974c5]::string::String>, fn() -> core[a373ad73a504971]::result::Result<(), alloc[2e1b2a31b91974c5]::string::String>>
[INFO] [stdout]   16:     0x57504d45a965 - test[aada8e7e76ba119b]::run_test::{closure#0}
[INFO] [stdout]   17:     0x57504d454254 - std[617be2ca0a6fd877]::sys::backtrace::__rust_begin_short_backtrace::<test[aada8e7e76ba119b]::run_test::{closure#1}, ()>
[INFO] [stdout]   18:     0x57504d45d9f2 - <std[617be2ca0a6fd877]::thread::lifecycle::spawn_unchecked<test[aada8e7e76ba119b]::run_test::{closure#1}, ()>::{closure#1} as core[a373ad73a504971]::ops::function::FnOnce<()>>::call_once::{shim:vtable#0}
[INFO] [stdout]   19:     0x57504d4ddd1f - <std[617be2ca0a6fd877]::sys::thread::unix::Thread>::new::thread_start
[INFO] [stdout]   20:     0x7573cfc93dfa - <unknown>
[INFO] [stdout]   21:     0x7573cfd273d4 - clone
[INFO] [stdout]   22:                0x0 - <unknown>
[INFO] [stdout] 
[INFO] [stdout] ---- verifies_changed_rust_targets stdout ----
[INFO] [stdout] 
[INFO] [stdout] thread 'verifies_changed_rust_targets' (1403) panicked at tests/integration.rs:1270:35:
[INFO] [stdout] copy project: Os { code: 2, kind: NotFound, message: "No such file or directory" }
[INFO] [stdout] stack backtrace:
[INFO] [stdout]    0:     0x57504d4deb41 - <<std[617be2ca0a6fd877]::sys::backtrace::BacktraceLock>::print::DisplayBacktrace as core[a373ad73a504971]::fmt::Display>::fmt
[INFO] [stdout]    1:     0x57504d4f575a - core[a373ad73a504971]::fmt::write
[INFO] [stdout]    2:     0x57504d4e44ac - <alloc[2e1b2a31b91974c5]::vec::Vec<u8> as core[a373ad73a504971]::io::write::Write>::write_fmt
[INFO] [stdout]    3:     0x57504d4b7d46 - std[617be2ca0a6fd877]::panicking::default_hook::{closure#0}
[INFO] [stdout]    4:     0x57504d4d5619 - std[617be2ca0a6fd877]::panicking::default_hook
[INFO] [stdout]    5:     0x57504d45a340 - test[aada8e7e76ba119b]::test_main_inner::{closure#0}
[INFO] [stdout]    6:     0x57504d4d57d2 - std[617be2ca0a6fd877]::panicking::panic_with_hook
[INFO] [stdout]    7:     0x57504d4b7df2 - std[617be2ca0a6fd877]::panicking::panic_handler::{closure#0}
[INFO] [stdout]    8:     0x57504d4b07b9 - std[617be2ca0a6fd877]::sys::backtrace::__rust_end_short_backtrace::<std[617be2ca0a6fd877]::panicking::panic_handler::{closure#0}, !>
[INFO] [stdout]    9:     0x57504d4b89fd - __rustc[ea4f61d10b84890b]::rust_begin_unwind
[INFO] [stdout]   10:     0x57504d4f5f0c - core[a373ad73a504971]::panicking::panic_fmt
[INFO] [stdout]   11:     0x57504d4f5ce2 - core[a373ad73a504971]::result::unwrap_failed
[INFO] [stdout]   12:     0x57504d41fea2 - integration[b2eeda8af53394a9]::copy_project
[INFO] [stdout]   13:     0x57504d41fd3e - integration[b2eeda8af53394a9]::copy_fixture
[INFO] [stdout]   14:     0x57504d4275f7 - <integration[b2eeda8af53394a9]::verifies_changed_rust_targets::{closure#0} as core[a373ad73a504971]::ops::function::FnOnce<()>>::call_once
[INFO] [stdout]   15:     0x57504d44d78b - test[aada8e7e76ba119b]::__rust_begin_short_backtrace::<core[a373ad73a504971]::result::Result<(), alloc[2e1b2a31b91974c5]::string::String>, fn() -> core[a373ad73a504971]::result::Result<(), alloc[2e1b2a31b91974c5]::string::String>>
[INFO] [stdout]   16:     0x57504d45a965 - test[aada8e7e76ba119b]::run_test::{closure#0}
[INFO] [stdout]   17:     0x57504d454254 - std[617be2ca0a6fd877]::sys::backtrace::__rust_begin_short_backtrace::<test[aada8e7e76ba119b]::run_test::{closure#1}, ()>
[INFO] [stdout]   18:     0x57504d45d9f2 - <std[617be2ca0a6fd877]::thread::lifecycle::spawn_unchecked<test[aada8e7e76ba119b]::run_test::{closure#1}, ()>::{closure#1} as core[a373ad73a504971]::ops::function::FnOnce<()>>::call_once::{shim:vtable#0}
[INFO] [stdout]   19:     0x57504d4ddd1f - <std[617be2ca0a6fd877]::sys::thread::unix::Thread>::new::thread_start
[INFO] [stdout]   20:     0x7573cfc93dfa - <unknown>
[INFO] [stdout]   21:     0x7573cfd273d4 - clone
[INFO] [stdout]   22:                0x0 - <unknown>
[INFO] [stdout] 
[INFO] [stdout] ---- review_ai_writes_changed_digest_and_agent_feedback stdout ----
[INFO] [stdout] 
[INFO] [stdout] thread 'review_ai_writes_changed_digest_and_agent_feedback' (1372) panicked at tests/integration.rs:1270:35:
[INFO] [stdout] copy project: Os { code: 2, kind: NotFound, message: "No such file or directory" }
[INFO] [stdout] stack backtrace:
[INFO] [stdout]    0:     0x57504d4deb41 - <<std[617be2ca0a6fd877]::sys::backtrace::BacktraceLock>::print::DisplayBacktrace as core[a373ad73a504971]::fmt::Display>::fmt
[INFO] [stdout]    1:     0x57504d4f575a - core[a373ad73a504971]::fmt::write
[INFO] [stdout]    2:     0x57504d4e44ac - <alloc[2e1b2a31b91974c5]::vec::Vec<u8> as core[a373ad73a504971]::io::write::Write>::write_fmt
[INFO] [stdout]    3:     0x57504d4b7d46 - std[617be2ca0a6fd877]::panicking::default_hook::{closure#0}
[INFO] [stdout]    4:     0x57504d4d5619 - std[617be2ca0a6fd877]::panicking::default_hook
[INFO] [stdout]    5:     0x57504d45a340 - test[aada8e7e76ba119b]::test_main_inner::{closure#0}
[INFO] [stdout]    6:     0x57504d4d57d2 - std[617be2ca0a6fd877]::panicking::panic_with_hook
[INFO] [stdout]    7:     0x57504d4b7df2 - std[617be2ca0a6fd877]::panicking::panic_handler::{closure#0}
[INFO] [stdout]    8:     0x57504d4b07b9 - std[617be2ca0a6fd877]::sys::backtrace::__rust_end_short_backtrace::<std[617be2ca0a6fd877]::panicking::panic_handler::{closure#0}, !>
[INFO] [stdout]    9:     0x57504d4b89fd - __rustc[ea4f61d10b84890b]::rust_begin_unwind
[INFO] [stdout]   10:     0x57504d4f5f0c - core[a373ad73a504971]::panicking::panic_fmt
[INFO] [stdout]   11:     0x57504d4f5ce2 - core[a373ad73a504971]::result::unwrap_failed
[INFO] [stdout]   12:     0x57504d41fea2 - integration[b2eeda8af53394a9]::copy_project
[INFO] [stdout]   13:     0x57504d41fd3e - integration[b2eeda8af53394a9]::copy_fixture
[INFO] [stdout]   14:     0x57504d4361e7 - <integration[b2eeda8af53394a9]::review_ai_writes_changed_digest_and_agent_feedback::{closure#0} as core[a373ad73a504971]::ops::function::FnOnce<()>>::call_once
[INFO] [stdout]   15:     0x57504d44d78b - test[aada8e7e76ba119b]::__rust_begin_short_backtrace::<core[a373ad73a504971]::result::Result<(), alloc[2e1b2a31b91974c5]::string::String>, fn() -> core[a373ad73a504971]::result::Result<(), alloc[2e1b2a31b91974c5]::string::String>>
[INFO] [stdout]   16:     0x57504d45a965 - test[aada8e7e76ba119b]::run_test::{closure#0}
[INFO] [stdout]   17:     0x57504d454254 - std[617be2ca0a6fd877]::sys::backtrace::__rust_begin_short_backtrace::<test[aada8e7e76ba119b]::run_test::{closure#1}, ()>
[INFO] [stdout]   18:     0x57504d45d9f2 - <std[617be2ca0a6fd877]::thread::lifecycle::spawn_unchecked<test[aada8e7e76ba119b]::run_test::{closure#1}, ()>::{closure#1} as core[a373ad73a504971]::ops::function::FnOnce<()>>::call_once::{shim:vtable#0}
[INFO] [stdout]   19:     0x57504d4ddd1f - <std[617be2ca0a6fd877]::sys::thread::unix::Thread>::new::thread_start
[INFO] [stdout]   20:     0x7573cfc93dfa - <unknown>
[INFO] [stdout]   21:     0x7573cfd273d4 - clone
[INFO] [stdout]   22:                0x0 - <unknown>
[INFO] [stdout] 
[INFO] [stdout] ---- go_timeout_fixture_records_adaptive_mutation_timeout_and_continues stdout ----
[INFO] [stdout] 
[INFO] [stdout] thread 'go_timeout_fixture_records_adaptive_mutation_timeout_and_continues' (1363) panicked at tests/integration.rs:1270:35:
[INFO] [stdout] copy project: Os { code: 2, kind: NotFound, message: "No such file or directory" }
[INFO] [stdout] stack backtrace:
[INFO] [stdout]    0:     0x57504d4deb41 - <<std[617be2ca0a6fd877]::sys::backtrace::BacktraceLock>::print::DisplayBacktrace as core[a373ad73a504971]::fmt::Display>::fmt
[INFO] [stdout]    1:     0x57504d4f575a - core[a373ad73a504971]::fmt::write
[INFO] [stdout]    2:     0x57504d4e44ac - <alloc[2e1b2a31b91974c5]::vec::Vec<u8> as core[a373ad73a504971]::io::write::Write>::write_fmt
[INFO] [stdout]    3:     0x57504d4b7d46 - std[617be2ca0a6fd877]::panicking::default_hook::{closure#0}
[INFO] [stdout]    4:     0x57504d4d5619 - std[617be2ca0a6fd877]::panicking::default_hook
[INFO] [stdout]    5:     0x57504d45a340 - test[aada8e7e76ba119b]::test_main_inner::{closure#0}
[INFO] [stdout]    6:     0x57504d4d57d2 - std[617be2ca0a6fd877]::panicking::panic_with_hook
[INFO] [stdout]    7:     0x57504d4b7df2 - std[617be2ca0a6fd877]::panicking::panic_handler::{closure#0}
[INFO] [stdout]    8:     0x57504d4b07b9 - std[617be2ca0a6fd877]::sys::backtrace::__rust_end_short_backtrace::<std[617be2ca0a6fd877]::panicking::panic_handler::{closure#0}, !>
[INFO] [stdout]    9:     0x57504d4b89fd - __rustc[ea4f61d10b84890b]::rust_begin_unwind
[INFO] [stdout]   10:     0x57504d4f5f0c - core[a373ad73a504971]::panicking::panic_fmt
[INFO] [stdout]   11:     0x57504d4f5ce2 - core[a373ad73a504971]::result::unwrap_failed
[INFO] [stdout]   12:     0x57504d41fea2 - integration[b2eeda8af53394a9]::copy_project
[INFO] [stdout]   13:     0x57504d41fd3e - integration[b2eeda8af53394a9]::copy_fixture
[INFO] [stdout]   14:     0x57504d43f44f - <integration[b2eeda8af53394a9]::go_timeout_fixture_records_adaptive_mutation_timeout_and_continues::{closure#0} as core[a373ad73a504971]::ops::function::FnOnce<()>>::call_once
[INFO] [stdout]   15:     0x57504d44d78b - test[aada8e7e76ba119b]::__rust_begin_short_backtrace::<core[a373ad73a504971]::result::Result<(), alloc[2e1b2a31b91974c5]::string::String>, fn() -> core[a373ad73a504971]::result::Result<(), alloc[2e1b2a31b91974c5]::string::String>>
[INFO] [stdout]   16:     0x57504d45a965 - test[aada8e7e76ba119b]::run_test::{closure#0}
[INFO] [stdout]   17:     0x57504d454254 - std[617be2ca0a6fd877]::sys::backtrace::__rust_begin_short_backtrace::<test[aada8e7e76ba119b]::run_test::{closure#1}, ()>
[INFO] [stdout]   18:     0x57504d45d9f2 - <std[617be2ca0a6fd877]::thread::lifecycle::spawn_unchecked<test[aada8e7e76ba119b]::run_test::{closure#1}, ()>::{closure#1} as core[a373ad73a504971]::ops::function::FnOnce<()>>::call_once::{shim:vtable#0}
[INFO] [stdout]   19:     0x57504d4ddd1f - <std[617be2ca0a6fd877]::sys::thread::unix::Thread>::new::thread_start
[INFO] [stdout]   20:     0x7573cfc93dfa - <unknown>
[INFO] [stdout]   21:     0x7573cfd273d4 - clone
[INFO] [stdout]   22:                0x0 - <unknown>
[INFO] [stdout] 
[INFO] [stdout] ---- verifies_go_multimodule_fixture_and_scopes_reverse_dependencies stdout ----
[INFO] [stdout] 
[INFO] [stdout] thread 'verifies_go_multimodule_fixture_and_scopes_reverse_dependencies' (1405) panicked at tests/integration.rs:1270:35:
[INFO] [stdout] copy project: Os { code: 2, kind: NotFound, message: "No such file or directory" }
[INFO] [stdout] stack backtrace:
[INFO] [stdout]    0:     0x57504d4deb41 - <<std[617be2ca0a6fd877]::sys::backtrace::BacktraceLock>::print::DisplayBacktrace as core[a373ad73a504971]::fmt::Display>::fmt
[INFO] [stdout]    1:     0x57504d4f575a - core[a373ad73a504971]::fmt::write
[INFO] [stdout]    2:     0x57504d4e44ac - <alloc[2e1b2a31b91974c5]::vec::Vec<u8> as core[a373ad73a504971]::io::write::Write>::write_fmt
[INFO] [stdout]    3:     0x57504d4b7d46 - std[617be2ca0a6fd877]::panicking::default_hook::{closure#0}
[INFO] [stdout]    4:     0x57504d4d5619 - std[617be2ca0a6fd877]::panicking::default_hook
[INFO] [stdout]    5:     0x57504d45a340 - test[aada8e7e76ba119b]::test_main_inner::{closure#0}
[INFO] [stdout]    6:     0x57504d4d57d2 - std[617be2ca0a6fd877]::panicking::panic_with_hook
[INFO] [stdout]    7:     0x57504d4b7df2 - std[617be2ca0a6fd877]::panicking::panic_handler::{closure#0}
[INFO] [stdout]    8:     0x57504d4b07b9 - std[617be2ca0a6fd877]::sys::backtrace::__rust_end_short_backtrace::<std[617be2ca0a6fd877]::panicking::panic_handler::{closure#0}, !>
[INFO] [stdout]    9:     0x57504d4b89fd - __rustc[ea4f61d10b84890b]::rust_begin_unwind
[INFO] [stdout]   10:     0x57504d4f5f0c - core[a373ad73a504971]::panicking::panic_fmt
[INFO] [stdout]   11:     0x57504d4f5ce2 - core[a373ad73a504971]::result::unwrap_failed
[INFO] [stdout]   12:     0x57504d41fea2 - integration[b2eeda8af53394a9]::copy_project
[INFO] [stdout]   13:     0x57504d41fd3e - integration[b2eeda8af53394a9]::copy_fixture
[INFO] [stdout]   14:     0x57504d43c0ef - <integration[b2eeda8af53394a9]::verifies_go_multimodule_fixture_and_scopes_reverse_dependencies::{closure#0} as core[a373ad73a504971]::ops::function::FnOnce<()>>::call_once
[INFO] [stdout]   15:     0x57504d44d78b - test[aada8e7e76ba119b]::__rust_begin_short_backtrace::<core[a373ad73a504971]::result::Result<(), alloc[2e1b2a31b91974c5]::string::String>, fn() -> core[a373ad73a504971]::result::Result<(), alloc[2e1b2a31b91974c5]::string::String>>
[INFO] [stdout]   16:     0x57504d45a965 - test[aada8e7e76ba119b]::run_test::{closure#0}
[INFO] [stdout]   17:     0x57504d454254 - std[617be2ca0a6fd877]::sys::backtrace::__rust_begin_short_backtrace::<test[aada8e7e76ba119b]::run_test::{closure#1}, ()>
[INFO] [stdout]   18:     0x57504d45d9f2 - <std[617be2ca0a6fd877]::thread::lifecycle::spawn_unchecked<test[aada8e7e76ba119b]::run_test::{closure#1}, ()>::{closure#1} as core[a373ad73a504971]::ops::function::FnOnce<()>>::call_once::{shim:vtable#0}
[INFO] [stdout]   19:     0x57504d4ddd1f - <std[617be2ca0a6fd877]::sys::thread::unix::Thread>::new::thread_start
[INFO] [stdout]   20:     0x7573cfc93dfa - <unknown>
[INFO] [stdout]   21:     0x7573cfd273d4 - clone
[INFO] [stdout]   22:                0x0 - <unknown>
[INFO] [stdout] 
[INFO] [stdout] ---- benchmark_suite_scores_seeded_examples stdout ----
[INFO] [stdout] 
[INFO] [stdout] thread 'benchmark_suite_scores_seeded_examples' (1357) panicked at tests/integration.rs:1056:10:
[INFO] [stdout] Unexpected failure.
[INFO] [stdout] code=1
[INFO] [stdout] stderr=``````
[INFO] [stdout] Error: failed to resolve root examples
[INFO] [stdout] 
[INFO] [stdout] Caused by:
[INFO] [stdout]     No such file or directory (os error 2)
[INFO] [stdout] 
[INFO] [stdout] Stack backtrace:
[INFO] [stdout]    0: <core::io::error::Error as anyhow::context::ext::StdError>::ext_context::<alloc::string::String>
[INFO] [stdout]    1: veritas::main
[INFO] [stdout]    2: std::sys::backtrace::__rust_begin_short_backtrace::<fn() -> core::result::Result<(), anyhow::Error>, core::result::Result<(), anyhow::Error>>
[INFO] [stdout]    3: std::rt::lang_start::<core::result::Result<(), anyhow::Error>>::{closure#0}
[INFO] [stdout]    4: std::rt::lang_start_internal
[INFO] [stdout]    5: main
[INFO] [stdout]    6: <unknown>
[INFO] [stdout]    7: __libc_start_main
[INFO] [stdout]    8: _start
[INFO] [stdout] ```
[INFO] [stdout] ```
[INFO] [stdout] command=`cd "/opt" && "/opt/rustwide/target/release/veritas" "--root" "examples" "bench" "--format" "json"`
[INFO] [stdout] code=1
[INFO] [stdout] stdout=""
[INFO] [stdout] stderr=```
[INFO] [stdout] Error: failed to resolve root examples
[INFO] [stdout] 
[INFO] [stdout] Caused by:
[INFO] [stdout]     No such file or directory (os error 2)
[INFO] [stdout] 
[INFO] [stdout] Stack backtrace:
[INFO] [stdout]    0: <core::io::error::Error as anyhow::context::ext::StdError>::ext_context::<alloc::string::String>
[INFO] [stdout]    1: veritas::main
[INFO] [stdout]    2: std::sys::backtrace::__rust_begin_short_backtrace::<fn() -> core::result::Result<(), anyhow::Error>, core::result::Result<(), anyhow::Error>>
[INFO] [stdout]    3: std::rt::lang_start::<core::result::Result<(), anyhow::Error>>::{closure#0}
[INFO] [stdout]    4: std::rt::lang_start_internal
[INFO] [stdout]    5: main
[INFO] [stdout]    6: <unknown>
[INFO] [stdout]    7: __libc_start_main
[INFO] [stdout]    8: _start
[INFO] [stdout] ```
[INFO] [stdout] 
[INFO] [stdout] 
[INFO] [stdout] stack backtrace:
[INFO] [stdout]    0:     0x57504d4deb41 - <<std[617be2ca0a6fd877]::sys::backtrace::BacktraceLock>::print::DisplayBacktrace as core[a373ad73a504971]::fmt::Display>::fmt
[INFO] [stdout]    1:     0x57504d4f575a - core[a373ad73a504971]::fmt::write
[INFO] [stdout]    2:     0x57504d4e44ac - <alloc[2e1b2a31b91974c5]::vec::Vec<u8> as core[a373ad73a504971]::io::write::Write>::write_fmt
[INFO] [stdout]    3:     0x57504d4b7d46 - std[617be2ca0a6fd877]::panicking::default_hook::{closure#0}
[INFO] [stdout]    4:     0x57504d4d5619 - std[617be2ca0a6fd877]::panicking::default_hook
[INFO] [stdout]    5:     0x57504d45a340 - test[aada8e7e76ba119b]::test_main_inner::{closure#0}
[INFO] [stdout]    6:     0x57504d4d57d2 - std[617be2ca0a6fd877]::panicking::panic_with_hook
[INFO] [stdout]    7:     0x57504d4b7df2 - std[617be2ca0a6fd877]::panicking::panic_handler::{closure#0}
[INFO] [stdout]    8:     0x57504d4b07b9 - std[617be2ca0a6fd877]::sys::backtrace::__rust_end_short_backtrace::<std[617be2ca0a6fd877]::panicking::panic_handler::{closure#0}, !>
[INFO] [stdout]    9:     0x57504d4b89fd - __rustc[ea4f61d10b84890b]::rust_begin_unwind
[INFO] [stdout]   10:     0x57504d4f5f0c - core[a373ad73a504971]::panicking::panic_fmt
[INFO] [stdout]   11:     0x57504d49361f - <assert_cmd[33307487c2d35003]::assert::AssertError>::panic::<assert_cmd[33307487c2d35003]::assert::Assert>
[INFO] [stdout]   12:     0x57504d493ee9 - <assert_cmd[33307487c2d35003]::assert::Assert>::success
[INFO] [stdout]   13:     0x57504d42abaf - <integration[b2eeda8af53394a9]::benchmark_suite_scores_seeded_examples::{closure#0} as core[a373ad73a504971]::ops::function::FnOnce<()>>::call_once
[INFO] [stdout]   14:     0x57504d44d78b - test[aada8e7e76ba119b]::__rust_begin_short_backtrace::<core[a373ad73a504971]::result::Result<(), alloc[2e1b2a31b91974c5]::string::String>, fn() -> core[a373ad73a504971]::result::Result<(), alloc[2e1b2a31b91974c5]::string::String>>
[INFO] [stdout]   15:     0x57504d45a965 - test[aada8e7e76ba119b]::run_test::{closure#0}
[INFO] [stdout]   16:     0x57504d454254 - std[617be2ca0a6fd877]::sys::backtrace::__rust_begin_short_backtrace::<test[aada8e7e76ba119b]::run_test::{closure#1}, ()>
[INFO] [stdout]   17:     0x57504d45d9f2 - <std[617be2ca0a6fd877]::thread::lifecycle::spawn_unchecked<test[aada8e7e76ba119b]::run_test::{closure#1}, ()>::{closure#1} as core[a373ad73a504971]::ops::function::FnOnce<()>>::call_once::{shim:vtable#0}
[INFO] [stdout]   18:     0x57504d4ddd1f - <std[617be2ca0a6fd877]::sys::thread::unix::Thread>::new::thread_start
[INFO] [stdout]   19:     0x7573cfc93dfa - <unknown>
[INFO] [stdout]   20:     0x7573cfd273d4 - clone
[INFO] [stdout]   21:                0x0 - <unknown>
[INFO] [stdout] 
[INFO] [stdout] ---- go_mutation_score_policy_can_gate_ci stdout ----
[INFO] [stdout] 
[INFO] [stdout] thread 'go_mutation_score_policy_can_gate_ci' (1362) panicked at tests/integration.rs:1270:35:
[INFO] [stdout] copy project: Os { code: 2, kind: NotFound, message: "No such file or directory" }
[INFO] [stdout] stack backtrace:
[INFO] [stdout]    0:     0x57504d4deb41 - <<std[617be2ca0a6fd877]::sys::backtrace::BacktraceLock>::print::DisplayBacktrace as core[a373ad73a504971]::fmt::Display>::fmt
[INFO] [stdout]    1:     0x57504d4f575a - core[a373ad73a504971]::fmt::write
[INFO] [stdout]    2:     0x57504d4e44ac - <alloc[2e1b2a31b91974c5]::vec::Vec<u8> as core[a373ad73a504971]::io::write::Write>::write_fmt
[INFO] [stdout]    3:     0x57504d4b7d46 - std[617be2ca0a6fd877]::panicking::default_hook::{closure#0}
[INFO] [stdout]    4:     0x57504d4d5619 - std[617be2ca0a6fd877]::panicking::default_hook
[INFO] [stdout]    5:     0x57504d45a340 - test[aada8e7e76ba119b]::test_main_inner::{closure#0}
[INFO] [stdout]    6:     0x57504d4d57d2 - std[617be2ca0a6fd877]::panicking::panic_with_hook
[INFO] [stdout]    7:     0x57504d4b7df2 - std[617be2ca0a6fd877]::panicking::panic_handler::{closure#0}
[INFO] [stdout]    8:     0x57504d4b07b9 - std[617be2ca0a6fd877]::sys::backtrace::__rust_end_short_backtrace::<std[617be2ca0a6fd877]::panicking::panic_handler::{closure#0}, !>
[INFO] [stdout]    9:     0x57504d4b89fd - __rustc[ea4f61d10b84890b]::rust_begin_unwind
[INFO] [stdout]   10:     0x57504d4f5f0c - core[a373ad73a504971]::panicking::panic_fmt
[INFO] [stdout]   11:     0x57504d4f5ce2 - core[a373ad73a504971]::result::unwrap_failed
[INFO] [stdout]   12:     0x57504d41fea2 - integration[b2eeda8af53394a9]::copy_project
[INFO] [stdout]   13:     0x57504d41fd3e - integration[b2eeda8af53394a9]::copy_fixture
[INFO] [stdout]   14:     0x57504d428c00 - <integration[b2eeda8af53394a9]::go_mutation_score_policy_can_gate_ci::{closure#0} as core[a373ad73a504971]::ops::function::FnOnce<()>>::call_once
[INFO] [stdout]   15:     0x57504d44d78b - test[aada8e7e76ba119b]::__rust_begin_short_backtrace::<core[a373ad73a504971]::result::Result<(), alloc[2e1b2a31b91974c5]::string::String>, fn() -> core[a373ad73a504971]::result::Result<(), alloc[2e1b2a31b91974c5]::string::String>>
[INFO] [stdout]   16:     0x57504d45a965 - test[aada8e7e76ba119b]::run_test::{closure#0}
[INFO] [stdout]   17:     0x57504d454254 - std[617be2ca0a6fd877]::sys::backtrace::__rust_begin_short_backtrace::<test[aada8e7e76ba119b]::run_test::{closure#1}, ()>
[INFO] [stdout]   18:     0x57504d45d9f2 - <std[617be2ca0a6fd877]::thread::lifecycle::spawn_unchecked<test[aada8e7e76ba119b]::run_test::{closure#1}, ()>::{closure#1} as core[a373ad73a504971]::ops::function::FnOnce<()>>::call_once::{shim:vtable#0}
[INFO] [stdout]   19:     0x57504d4ddd1f - <std[617be2ca0a6fd877]::sys::thread::unix::Thread>::new::thread_start
[INFO] [stdout]   20:     0x7573cfc93dfa - <unknown>
[INFO] [stdout]   21:     0x7573cfd273d4 - clone
[INFO] [stdout]   22:                0x0 - <unknown>
[INFO] [stdout] 
[INFO] [stdout] ---- evolve_dry_run_and_apply_go_candidate stdout ----
[INFO] [stdout] 
[INFO] [stdout] thread 'evolve_dry_run_and_apply_go_candidate' (1360) panicked at tests/integration.rs:1270:35:
[INFO] [stdout] copy project: Os { code: 2, kind: NotFound, message: "No such file or directory" }
[INFO] [stdout] stack backtrace:
[INFO] [stdout]    0:     0x57504d4deb41 - <<std[617be2ca0a6fd877]::sys::backtrace::BacktraceLock>::print::DisplayBacktrace as core[a373ad73a504971]::fmt::Display>::fmt
[INFO] [stdout]    1:     0x57504d4f575a - core[a373ad73a504971]::fmt::write
[INFO] [stdout]    2:     0x57504d4e44ac - <alloc[2e1b2a31b91974c5]::vec::Vec<u8> as core[a373ad73a504971]::io::write::Write>::write_fmt
[INFO] [stdout]    3:     0x57504d4b7d46 - std[617be2ca0a6fd877]::panicking::default_hook::{closure#0}
[INFO] [stdout]    4:     0x57504d4d5619 - std[617be2ca0a6fd877]::panicking::default_hook
[INFO] [stdout]    5:     0x57504d45a340 - test[aada8e7e76ba119b]::test_main_inner::{closure#0}
[INFO] [stdout]    6:     0x57504d4d57d2 - std[617be2ca0a6fd877]::panicking::panic_with_hook
[INFO] [stdout]    7:     0x57504d4b7df2 - std[617be2ca0a6fd877]::panicking::panic_handler::{closure#0}
[INFO] [stdout]    8:     0x57504d4b07b9 - std[617be2ca0a6fd877]::sys::backtrace::__rust_end_short_backtrace::<std[617be2ca0a6fd877]::panicking::panic_handler::{closure#0}, !>
[INFO] [stdout]    9:     0x57504d4b89fd - __rustc[ea4f61d10b84890b]::rust_begin_unwind
[INFO] [stdout]   10:     0x57504d4f5f0c - core[a373ad73a504971]::panicking::panic_fmt
[INFO] [stdout]   11:     0x57504d4f5ce2 - core[a373ad73a504971]::result::unwrap_failed
[INFO] [stdout]   12:     0x57504d41fea2 - integration[b2eeda8af53394a9]::copy_project
[INFO] [stdout]   13:     0x57504d41fd3e - integration[b2eeda8af53394a9]::copy_fixture
[INFO] [stdout]   14:     0x57504d429140 - <integration[b2eeda8af53394a9]::evolve_dry_run_and_apply_go_candidate::{closure#0} as core[a373ad73a504971]::ops::function::FnOnce<()>>::call_once
[INFO] [stdout]   15:     0x57504d44d78b - test[aada8e7e76ba119b]::__rust_begin_short_backtrace::<core[a373ad73a504971]::result::Result<(), alloc[2e1b2a31b91974c5]::string::String>, fn() -> core[a373ad73a504971]::result::Result<(), alloc[2e1b2a31b91974c5]::string::String>>
[INFO] [stdout]   16:     0x57504d45a965 - test[aada8e7e76ba119b]::run_test::{closure#0}
[INFO] [stdout]   17:     0x57504d454254 - std[617be2ca0a6fd877]::sys::backtrace::__rust_begin_short_backtrace::<test[aada8e7e76ba119b]::run_test::{closure#1}, ()>
[INFO] [stdout]   18:     0x57504d45d9f2 - <std[617be2ca0a6fd877]::thread::lifecycle::spawn_unchecked<test[aada8e7e76ba119b]::run_test::{closure#1}, ()>::{closure#1} as core[a373ad73a504971]::ops::function::FnOnce<()>>::call_once::{shim:vtable#0}
[INFO] [stdout]   19:     0x57504d4ddd1f - <std[617be2ca0a6fd877]::sys::thread::unix::Thread>::new::thread_start
[INFO] [stdout]   20:     0x7573cfc93dfa - <unknown>
[INFO] [stdout]   21:     0x7573cfd273d4 - clone
[INFO] [stdout]   22:                0x0 - <unknown>
[INFO] [stdout] 
[INFO] [stdout] ---- verifies_go_fixture_and_writes_fuzz_test stdout ----
[INFO] [stdout] 
[INFO] [stdout] thread 'verifies_go_fixture_and_writes_fuzz_test' (1404) panicked at tests/integration.rs:1270:35:
[INFO] [stdout] copy project: Os { code: 2, kind: NotFound, message: "No such file or directory" }
[INFO] [stdout] stack backtrace:
[INFO] [stdout]    0:     0x57504d4deb41 - <<std[617be2ca0a6fd877]::sys::backtrace::BacktraceLock>::print::DisplayBacktrace as core[a373ad73a504971]::fmt::Display>::fmt
[INFO] [stdout]    1:     0x57504d4f575a - core[a373ad73a504971]::fmt::write
[INFO] [stdout]    2:     0x57504d4e44ac - <alloc[2e1b2a31b91974c5]::vec::Vec<u8> as core[a373ad73a504971]::io::write::Write>::write_fmt
[INFO] [stdout]    3:     0x57504d4b7d46 - std[617be2ca0a6fd877]::panicking::default_hook::{closure#0}
[INFO] [stdout]    4:     0x57504d4d5619 - std[617be2ca0a6fd877]::panicking::default_hook
[INFO] [stdout]    5:     0x57504d45a340 - test[aada8e7e76ba119b]::test_main_inner::{closure#0}
[INFO] [stdout]    6:     0x57504d4d57d2 - std[617be2ca0a6fd877]::panicking::panic_with_hook
[INFO] [stdout]    7:     0x57504d4b7df2 - std[617be2ca0a6fd877]::panicking::panic_handler::{closure#0}
[INFO] [stdout]    8:     0x57504d4b07b9 - std[617be2ca0a6fd877]::sys::backtrace::__rust_end_short_backtrace::<std[617be2ca0a6fd877]::panicking::panic_handler::{closure#0}, !>
[INFO] [stdout]    9:     0x57504d4b89fd - __rustc[ea4f61d10b84890b]::rust_begin_unwind
[INFO] [stdout]   10:     0x57504d4f5f0c - core[a373ad73a504971]::panicking::panic_fmt
[INFO] [stdout]   11:     0x57504d4f5ce2 - core[a373ad73a504971]::result::unwrap_failed
[INFO] [stdout]   12:     0x57504d41fea2 - integration[b2eeda8af53394a9]::copy_project
[INFO] [stdout]   13:     0x57504d41fd3e - integration[b2eeda8af53394a9]::copy_fixture
[INFO] [stdout]   14:     0x57504d42f0c7 - <integration[b2eeda8af53394a9]::verifies_go_fixture_and_writes_fuzz_test::{closure#0} as core[a373ad73a504971]::ops::function::FnOnce<()>>::call_once
[INFO] [stdout]   15:     0x57504d44d78b - test[aada8e7e76ba119b]::__rust_begin_short_backtrace::<core[a373ad73a504971]::result::Result<(), alloc[2e1b2a31b91974c5]::string::String>, fn() -> core[a373ad73a504971]::result::Result<(), alloc[2e1b2a31b91974c5]::string::String>>
[INFO] [stdout]   16:     0x57504d45a965 - test[aada8e7e76ba119b]::run_test::{closure#0}
[INFO] [stdout]   17:     0x57504d454254 - std[617be2ca0a6fd877]::sys::backtrace::__rust_begin_short_backtrace::<test[aada8e7e76ba119b]::run_test::{closure#1}, ()>
[INFO] [stdout]   18:     0x57504d45d9f2 - <std[617be2ca0a6fd877]::thread::lifecycle::spawn_unchecked<test[aada8e7e76ba119b]::run_test::{closure#1}, ()>::{closure#1} as core[a373ad73a504971]::ops::function::FnOnce<()>>::call_once::{shim:vtable#0}
[INFO] [stdout]   19:     0x57504d4ddd1f - <std[617be2ca0a6fd877]::sys::thread::unix::Thread>::new::thread_start
[INFO] [stdout]   20:     0x7573cfc93dfa - <unknown>
[INFO] [stdout]   21:     0x7573cfd273d4 - clone
[INFO] [stdout]   22:                0x0 - <unknown>
[INFO] [stdout] 
[INFO] [stdout] ---- seeded_go_example_fuzzes_parser_panic stdout ----
[INFO] [stdout] 
[INFO] [stdout] thread 'seeded_go_example_fuzzes_parser_panic' (1401) panicked at tests/integration.rs:1270:35:
[INFO] [stdout] copy project: Os { code: 2, kind: NotFound, message: "No such file or directory" }
[INFO] [stdout] stack backtrace:
[INFO] [stdout]    0:     0x57504d4deb41 - <<std[617be2ca0a6fd877]::sys::backtrace::BacktraceLock>::print::DisplayBacktrace as core[a373ad73a504971]::fmt::Display>::fmt
[INFO] [stdout]    1:     0x57504d4f575a - core[a373ad73a504971]::fmt::write
[INFO] [stdout]    2:     0x57504d4e44ac - <alloc[2e1b2a31b91974c5]::vec::Vec<u8> as core[a373ad73a504971]::io::write::Write>::write_fmt
[INFO] [stdout]    3:     0x57504d4b7d46 - std[617be2ca0a6fd877]::panicking::default_hook::{closure#0}
[INFO] [stdout]    4:     0x57504d4d5619 - std[617be2ca0a6fd877]::panicking::default_hook
[INFO] [stdout]    5:     0x57504d45a340 - test[aada8e7e76ba119b]::test_main_inner::{closure#0}
[INFO] [stdout]    6:     0x57504d4d57d2 - std[617be2ca0a6fd877]::panicking::panic_with_hook
[INFO] [stdout]    7:     0x57504d4b7df2 - std[617be2ca0a6fd877]::panicking::panic_handler::{closure#0}
[INFO] [stdout]    8:     0x57504d4b07b9 - std[617be2ca0a6fd877]::sys::backtrace::__rust_end_short_backtrace::<std[617be2ca0a6fd877]::panicking::panic_handler::{closure#0}, !>
[INFO] [stdout]    9:     0x57504d4b89fd - __rustc[ea4f61d10b84890b]::rust_begin_unwind
[INFO] [stdout]   10:     0x57504d4f5f0c - core[a373ad73a504971]::panicking::panic_fmt
[INFO] [stdout]   11:     0x57504d4f5ce2 - core[a373ad73a504971]::result::unwrap_failed
[INFO] [stdout]   12:     0x57504d41fea2 - integration[b2eeda8af53394a9]::copy_project
[INFO] [stdout]   13:     0x57504d41fbe8 - integration[b2eeda8af53394a9]::copy_example
[INFO] [stdout]   14:     0x57504d429fe7 - <integration[b2eeda8af53394a9]::seeded_go_example_fuzzes_parser_panic::{closure#0} as core[a373ad73a504971]::ops::function::FnOnce<()>>::call_once
[INFO] [stdout]   15:     0x57504d44d78b - test[aada8e7e76ba119b]::__rust_begin_short_backtrace::<core[a373ad73a504971]::result::Result<(), alloc[2e1b2a31b91974c5]::string::String>, fn() -> core[a373ad73a504971]::result::Result<(), alloc[2e1b2a31b91974c5]::string::String>>
[INFO] [stdout]   16:     0x57504d45a965 - test[aada8e7e76ba119b]::run_test::{closure#0}
[INFO] [stdout]   17:     0x57504d454254 - std[617be2ca0a6fd877]::sys::backtrace::__rust_begin_short_backtrace::<test[aada8e7e76ba119b]::run_test::{closure#1}, ()>
[INFO] [stdout]   18:     0x57504d45d9f2 - <std[617be2ca0a6fd877]::thread::lifecycle::spawn_unchecked<test[aada8e7e76ba119b]::run_test::{closure#1}, ()>::{closure#1} as core[a373ad73a504971]::ops::function::FnOnce<()>>::call_once::{shim:vtable#0}
[INFO] [stdout]   19:     0x57504d4ddd1f - <std[617be2ca0a6fd877]::sys::thread::unix::Thread>::new::thread_start
[INFO] [stdout]   20:     0x7573cfc93dfa - <unknown>
[INFO] [stdout]   21:     0x7573cfd273d4 - clone
[INFO] [stdout]   22:                0x0 - <unknown>
[INFO] [stdout] 
[INFO] [stdout] 
[INFO] [stdout] failures:
[INFO] [stdout]     benchmark_suite_scores_seeded_examples
[INFO] [stdout]     cleanup_removes_generated_artifacts
[INFO] [stdout]     conformance_command_validates_fixture_plugin_contracts
[INFO] [stdout]     evolve_dry_run_and_apply_go_candidate
[INFO] [stdout]     evolve_dry_run_and_apply_rust_candidate
[INFO] [stdout]     go_mutation_score_policy_can_gate_ci
[INFO] [stdout]     go_timeout_fixture_records_adaptive_mutation_timeout_and_continues
[INFO] [stdout]     mutants_list_previews_advanced_records_without_executing_tests
[INFO] [stdout]     mutants_list_rejects_invalid_shard_flags
[INFO] [stdout]     mutants_list_shards_cover_unsharded_candidates_without_duplicates
[INFO] [stdout]     next_command_ranks_findings_and_evolution_candidates
[INFO] [stdout]     plugin_sdk_scan_contract_is_stable_across_language_fixtures
[INFO] [stdout]     repair_prompt_summarizes_saved_report_for_agents
[INFO] [stdout]     review_ai_writes_changed_digest_and_agent_feedback
[INFO] [stdout]     review_packet_and_agent_instructions_write_ai_artifacts
[INFO] [stdout]     scans_go_fixture
[INFO] [stdout]     scans_rust_fixture
[INFO] [stdout]     seeded_go_example_fuzzes_parser_panic
[INFO] [stdout]     seeded_rust_example_supports_explain_baseline_promotion_and_reports
[INFO] [stdout]     verifies_changed_rust_targets
[INFO] [stdout]     verifies_go_fixture_and_writes_fuzz_test
[INFO] [stdout]     verifies_go_multimodule_fixture_and_scopes_reverse_dependencies
[INFO] [stdout]     verifies_python_fixture_and_writes_sdk_artifacts
[INFO] [stdout]     verifies_rust_fixture_and_writes_property_test
[INFO] [stdout]     verifies_rust_workspace_fixture_with_package_local_artifacts
[INFO] [stdout] 
[INFO] [stdout] test result: FAILED. 2 passed; 25 failed; 0 ignored; 0 measured; 0 filtered out; finished in 0.05s
[INFO] [stdout] 
[INFO] running `Command { std: "docker" "inspect" "bbef05a92e5d849999d36a1c52fb98eb36c63bf67cee4fb5dbe7673c4c2a43e2", kill_on_drop: false }`
[INFO] running `Command { std: "docker" "rm" "-f" "bbef05a92e5d849999d36a1c52fb98eb36c63bf67cee4fb5dbe7673c4c2a43e2", kill_on_drop: false }`
[INFO] [stdout] bbef05a92e5d849999d36a1c52fb98eb36c63bf67cee4fb5dbe7673c4c2a43e2
