[INFO] fetching crate verit-cli 0.2.0...
[INFO] testing verit-cli-0.2.0 against 1.100.0-beta.1+cargoflags=--release for beta-release-1.100-2
[INFO] extracting crate verit-cli 0.2.0 into /workspace/builds/worker-1-tc2/source
[INFO] started tweaking crates.io crate verit-cli 0.2.0
[INFO] removed 0 missing tests
[INFO] finished tweaking crates.io crate verit-cli 0.2.0
[INFO] tweaked toml for crates.io crate verit-cli 0.2.0 written to /workspace/builds/worker-1-tc2/source/Cargo.toml
[INFO] validating manifest of crates.io crate verit-cli 0.2.0 on toolchain 1.100.0-beta.1
[INFO] running `Command { std: CARGO_HOME="/workspace/cargo-home" RUSTUP_HOME="/workspace/rustup-home" "/workspace/cargo-home/bin/cargo" "+1.100.0-beta.1" "metadata" "--manifest-path" "Cargo.toml" "--no-deps", kill_on_drop: false }`
[INFO] crate crates.io crate verit-cli 0.2.0 already has a lockfile, it will not be regenerated
[INFO] running `Command { std: CARGO_HOME="/workspace/cargo-home" RUSTUP_HOME="/workspace/rustup-home" "/workspace/cargo-home/bin/cargo" "+1.100.0-beta.1" "fetch" "--manifest-path" "Cargo.toml", kill_on_drop: false }`
[INFO] running `Command { std: "docker" "create" "-v" "/var/lib/crater-agent-workspace/builds/worker-1-tc2/source:/opt/rustwide/workdir:ro,Z" "-v" "/var/lib/crater-agent-workspace/builds/worker-1-tc2/target:/opt/rustwide/target:rw,Z" "-v" "/var/lib/crater-agent-workspace/cargo-home:/opt/rustwide/cargo-home:ro,Z" "-v" "/var/lib/crater-agent-workspace/rustup-home:/opt/rustwide/rustup-home:ro,Z" "-m" "1610612736" "--network" "none" "ghcr.io/rust-lang/crates-build-env/linux@sha256:77db811e55d90add9212f6832c23229e3de5f1c1f9905e8cb07319ea15df73ac" "sleep" "infinity", kill_on_drop: false }`
[INFO] [stdout] 22b31ab668c2e9d1c8ca6e5dbc6090fb08db9604a22aa8caa37e2b1986c3735e
[INFO] running `Command { std: "docker" "start" "22b31ab668c2e9d1c8ca6e5dbc6090fb08db9604a22aa8caa37e2b1986c3735e", kill_on_drop: false }`
[INFO] running `Command { std: "docker" "inspect" "22b31ab668c2e9d1c8ca6e5dbc6090fb08db9604a22aa8caa37e2b1986c3735e", kill_on_drop: false }`
[INFO] running `Command { std: "docker" "exec" "-e" "SOURCE_DIR=/opt/rustwide/workdir" "-e" "CARGO_HOME=/opt/rustwide/cargo-home" "-e" "RUSTUP_HOME=/opt/rustwide/rustup-home" "-e" "CARGO_TARGET_DIR=/opt/rustwide/target" "-w" "/opt/rustwide/workdir" "--user" "0:0" "22b31ab668c2e9d1c8ca6e5dbc6090fb08db9604a22aa8caa37e2b1986c3735e" "/opt/rustwide/cargo-home/bin/cargo" "+1.100.0-beta.1" "metadata" "--no-deps" "--format-version=1", kill_on_drop: false }`
[INFO] running `Command { std: "docker" "inspect" "22b31ab668c2e9d1c8ca6e5dbc6090fb08db9604a22aa8caa37e2b1986c3735e", kill_on_drop: false }`
[INFO] running `Command { std: "docker" "exec" "-e" "SOURCE_DIR=/opt/rustwide/workdir" "-e" "CARGO_HOME=/opt/rustwide/cargo-home" "-e" "RUSTUP_HOME=/opt/rustwide/rustup-home" "-e" "CARGO_TARGET_DIR=/opt/rustwide/target" "-e" "CARGO_INCREMENTAL=0" "-e" "RUST_BACKTRACE=full" "-e" "RUSTFLAGS=--cap-lints=warn" "-e" "RUSTDOCFLAGS=--cap-lints=warn" "-w" "/opt/rustwide/workdir" "--user" "0:0" "22b31ab668c2e9d1c8ca6e5dbc6090fb08db9604a22aa8caa37e2b1986c3735e" "/opt/rustwide/cargo-home/bin/cargo" "+1.100.0-beta.1" "build" "--frozen" "--message-format=json" "--release", kill_on_drop: false }`
[INFO] [stderr]    Compiling verit-core v0.2.0
[INFO] [stderr]    Compiling verit v0.2.0
[INFO] [stderr]    Compiling verit-cli v0.2.0 (/opt/rustwide/workdir)
[INFO] [stderr]     Finished `release` profile [optimized] target(s) in 9.51s
[INFO] running `Command { std: "docker" "inspect" "22b31ab668c2e9d1c8ca6e5dbc6090fb08db9604a22aa8caa37e2b1986c3735e", kill_on_drop: false }`
[INFO] running `Command { std: "docker" "exec" "-e" "SOURCE_DIR=/opt/rustwide/workdir" "-e" "CARGO_HOME=/opt/rustwide/cargo-home" "-e" "RUSTUP_HOME=/opt/rustwide/rustup-home" "-e" "CARGO_TARGET_DIR=/opt/rustwide/target" "-e" "CARGO_INCREMENTAL=0" "-e" "RUST_BACKTRACE=full" "-e" "RUSTFLAGS=--cap-lints=warn" "-e" "RUSTDOCFLAGS=--cap-lints=warn" "-w" "/opt/rustwide/workdir" "--user" "0:0" "22b31ab668c2e9d1c8ca6e5dbc6090fb08db9604a22aa8caa37e2b1986c3735e" "/opt/rustwide/cargo-home/bin/cargo" "+1.100.0-beta.1" "test" "--frozen" "--no-run" "--message-format=json" "--release", kill_on_drop: false }`
[INFO] [stderr]    Compiling verit-cli v0.2.0 (/opt/rustwide/workdir)
[INFO] [stderr]     Finished `release` profile [optimized] target(s) in 1.19s
[INFO] running `Command { std: "docker" "inspect" "22b31ab668c2e9d1c8ca6e5dbc6090fb08db9604a22aa8caa37e2b1986c3735e", kill_on_drop: false }`
[INFO] running `Command { std: "docker" "exec" "-e" "SOURCE_DIR=/opt/rustwide/workdir" "-e" "CARGO_HOME=/opt/rustwide/cargo-home" "-e" "RUSTUP_HOME=/opt/rustwide/rustup-home" "-e" "CARGO_TARGET_DIR=/opt/rustwide/target" "-e" "CARGO_INCREMENTAL=0" "-e" "RUST_BACKTRACE=full" "-e" "RUSTFLAGS=--cap-lints=warn" "-e" "RUSTDOCFLAGS=--cap-lints=warn" "-w" "/opt/rustwide/workdir" "--user" "0:0" "22b31ab668c2e9d1c8ca6e5dbc6090fb08db9604a22aa8caa37e2b1986c3735e" "/opt/rustwide/cargo-home/bin/cargo" "+1.100.0-beta.1" "test" "--frozen" "--release", kill_on_drop: false }`
[INFO] [stderr]     Finished `release` profile [optimized] target(s) in 0.02s
[INFO] [stderr]      Running unittests src/main.rs (/opt/rustwide/target/release/build/verit-cli/58befd8068393dba/out/verit-58befd8068393dba)
[INFO] [stderr]      Running tests/cli.rs (/opt/rustwide/target/release/build/verit-cli/a97208f0f68721a5/out/cli-a97208f0f68721a5)
[INFO] [stdout] 
[INFO] [stdout] running 0 tests
[INFO] [stdout] 
[INFO] [stdout] test result: ok. 0 passed; 0 failed; 0 ignored; 0 measured; 0 filtered out; finished in 0.00s
[INFO] [stdout] 
[INFO] [stdout] 
[INFO] [stdout] running 12 tests
[INFO] [stdout] test pack_refuses_hash_only_messages_with_a_reason ... FAILED
[INFO] [stdout] test compact_reclaims_space_preserves_ids_and_warns_about_erasure ... FAILED
[INFO] [stdout] test verify_fails_with_a_typed_error_on_every_bad_file ... FAILED
[INFO] [stdout] test pack_builds_a_readable_file_from_self_describing_messages ... FAILED
[INFO] [stdout] test unpack_names_records_by_id_and_keeps_the_schemas ... FAILED
[INFO] [stdout] test ls_does_not_nag_about_alignment_padding ... FAILED
[INFO] [stdout] test a_non_veritate_file_is_refused_clearly ... ok
[INFO] [stdout] test dump_handles_both_a_file_and_a_message ... FAILED
[INFO] [stdout] test verify_reports_a_rolled_back_commit_loudly ... FAILED
[INFO] [stdout] test dump_selects_a_record_by_id_not_by_position ... FAILED
[INFO] [stdout] test ls_reports_identity_generation_and_reclaimable_space ... FAILED
[INFO] [stdout] test a_vertc_container_is_refused_with_an_explanation ... ok
[INFO] [stdout] 
[INFO] [stdout] failures:
[INFO] [stdout] 
[INFO] [stdout] ---- pack_refuses_hash_only_messages_with_a_reason stdout ----
[INFO] [stdout] 
[INFO] [stdout] thread 'pack_refuses_hash_only_messages_with_a_reason' (258) panicked at tests/cli.rs:206:38:
[INFO] [stdout] called `Result::unwrap()` on an `Err` value: Os { code: 2, kind: NotFound, message: "No such file or directory" }
[INFO] [stdout] stack backtrace:
[INFO] [stdout]    0:     0x6314f45779b1 - <<std[617be2ca0a6fd877]::sys::backtrace::BacktraceLock>::print::DisplayBacktrace as core[a373ad73a504971]::fmt::Display>::fmt
[INFO] [stdout]    1:     0x6314f458c1fa - core[a373ad73a504971]::fmt::write
[INFO] [stdout]    2:     0x6314f457be2c - <alloc[2e1b2a31b91974c5]::vec::Vec<u8> as core[a373ad73a504971]::io::write::Write>::write_fmt
[INFO] [stdout]    3:     0x6314f4551c36 - std[617be2ca0a6fd877]::panicking::default_hook::{closure#0}
[INFO] [stdout]    4:     0x6314f456e369 - std[617be2ca0a6fd877]::panicking::default_hook
[INFO] [stdout]    5:     0x6314f4509e40 - test[aada8e7e76ba119b]::test_main_inner::{closure#0}
[INFO] [stdout]    6:     0x6314f456e522 - std[617be2ca0a6fd877]::panicking::panic_with_hook
[INFO] [stdout]    7:     0x6314f4551ce2 - std[617be2ca0a6fd877]::panicking::panic_handler::{closure#0}
[INFO] [stdout]    8:     0x6314f454a7b9 - std[617be2ca0a6fd877]::sys::backtrace::__rust_end_short_backtrace::<std[617be2ca0a6fd877]::panicking::panic_handler::{closure#0}, !>
[INFO] [stdout]    9:     0x6314f45528ed - __rustc[ea4f61d10b84890b]::rust_begin_unwind
[INFO] [stdout]   10:     0x6314f458c92c - core[a373ad73a504971]::panicking::panic_fmt
[INFO] [stdout]   11:     0x6314f458c702 - core[a373ad73a504971]::result::unwrap_failed
[INFO] [stdout]   12:     0x6314f44ee2c2 - <cli[a105704fb86cd7c3]::pack_refuses_hash_only_messages_with_a_reason::{closure#0} as core[a373ad73a504971]::ops::function::FnOnce<()>>::call_once
[INFO] [stdout]   13:     0x6314f44fd28b - test[aada8e7e76ba119b]::__rust_begin_short_backtrace::<core[a373ad73a504971]::result::Result<(), alloc[2e1b2a31b91974c5]::string::String>, fn() -> core[a373ad73a504971]::result::Result<(), alloc[2e1b2a31b91974c5]::string::String>>
[INFO] [stdout]   14:     0x6314f450a465 - test[aada8e7e76ba119b]::run_test::{closure#0}
[INFO] [stdout]   15:     0x6314f4503d54 - std[617be2ca0a6fd877]::sys::backtrace::__rust_begin_short_backtrace::<test[aada8e7e76ba119b]::run_test::{closure#1}, ()>
[INFO] [stdout]   16:     0x6314f450d4f2 - <std[617be2ca0a6fd877]::thread::lifecycle::spawn_unchecked<test[aada8e7e76ba119b]::run_test::{closure#1}, ()>::{closure#1} as core[a373ad73a504971]::ops::function::FnOnce<()>>::call_once::{shim:vtable#0}
[INFO] [stdout]   17:     0x6314f45768ff - <std[617be2ca0a6fd877]::sys::thread::unix::Thread>::new::thread_start
[INFO] [stdout]   18:     0x74339f2b1dfa - <unknown>
[INFO] [stdout]   19:     0x74339f3453d4 - clone
[INFO] [stdout]   20:                0x0 - <unknown>
[INFO] [stdout] 
[INFO] [stdout] ---- compact_reclaims_space_preserves_ids_and_warns_about_erasure stdout ----
[INFO] [stdout] 
[INFO] [stdout] thread 'compact_reclaims_space_preserves_ids_and_warns_about_erasure' (252) panicked at tests/cli.rs:247:53:
[INFO] [stdout] called `Result::unwrap()` on an `Err` value: Os { code: 2, kind: NotFound, message: "No such file or directory" }
[INFO] [stdout] stack backtrace:
[INFO] [stdout]    0:     0x6314f45779b1 - <<std[617be2ca0a6fd877]::sys::backtrace::BacktraceLock>::print::DisplayBacktrace as core[a373ad73a504971]::fmt::Display>::fmt
[INFO] [stdout]    1:     0x6314f458c1fa - core[a373ad73a504971]::fmt::write
[INFO] [stdout]    2:     0x6314f457be2c - <alloc[2e1b2a31b91974c5]::vec::Vec<u8> as core[a373ad73a504971]::io::write::Write>::write_fmt
[INFO] [stdout]    3:     0x6314f4551c36 - std[617be2ca0a6fd877]::panicking::default_hook::{closure#0}
[INFO] [stdout]    4:     0x6314f456e369 - std[617be2ca0a6fd877]::panicking::default_hook
[INFO] [stdout]    5:     0x6314f4509e40 - test[aada8e7e76ba119b]::test_main_inner::{closure#0}
[INFO] [stdout]    6:     0x6314f456e522 - std[617be2ca0a6fd877]::panicking::panic_with_hook
[INFO] [stdout]    7:     0x6314f4551ce2 - std[617be2ca0a6fd877]::panicking::panic_handler::{closure#0}
[INFO] [stdout]    8:     0x6314f454a7b9 - std[617be2ca0a6fd877]::sys::backtrace::__rust_end_short_backtrace::<std[617be2ca0a6fd877]::panicking::panic_handler::{closure#0}, !>
[INFO] [stdout]    9:     0x6314f45528ed - __rustc[ea4f61d10b84890b]::rust_begin_unwind
[INFO] [stdout]   10:     0x6314f458c92c - core[a373ad73a504971]::panicking::panic_fmt
[INFO] [stdout]   11:     0x6314f458c702 - core[a373ad73a504971]::result::unwrap_failed
[INFO] [stdout]   12:     0x6314f44f01dc - <cli[a105704fb86cd7c3]::compact_reclaims_space_preserves_ids_and_warns_about_erasure::{closure#0} as core[a373ad73a504971]::ops::function::FnOnce<()>>::call_once
[INFO] [stdout]   13:     0x6314f44fd28b - test[aada8e7e76ba119b]::__rust_begin_short_backtrace::<core[a373ad73a504971]::result::Result<(), alloc[2e1b2a31b91974c5]::string::String>, fn() -> core[a373ad73a504971]::result::Result<(), alloc[2e1b2a31b91974c5]::string::String>>
[INFO] [stdout]   14:     0x6314f450a465 - test[aada8e7e76ba119b]::run_test::{closure#0}
[INFO] [stdout]   15:     0x6314f4503d54 - std[617be2ca0a6fd877]::sys::backtrace::__rust_begin_short_backtrace::<test[aada8e7e76ba119b]::run_test::{closure#1}, ()>
[INFO] [stdout]   16:     0x6314f450d4f2 - <std[617be2ca0a6fd877]::thread::lifecycle::spawn_unchecked<test[aada8e7e76ba119b]::run_test::{closure#1}, ()>::{closure#1} as core[a373ad73a504971]::ops::function::FnOnce<()>>::call_once::{shim:vtable#0}
[INFO] [stdout]   17:     0x6314f45768ff - <std[617be2ca0a6fd877]::sys::thread::unix::Thread>::new::thread_start
[INFO] [stdout]   18:     0x74339f2b1dfa - <unknown>
[INFO] [stdout]   19:     0x74339f3453d4 - clone
[INFO] [stdout]   20:                0x0 - <unknown>
[INFO] [stdout] 
[INFO] [stdout] ---- verify_fails_with_a_typed_error_on_every_bad_file stdout ----
[INFO] [stdout] 
[INFO] [stdout] thread 'verify_fails_with_a_typed_error_on_every_bad_file' (261) panicked at tests/cli.rs:157:70:
[INFO] [stdout] called `Result::unwrap()` on an `Err` value: Os { code: 2, kind: NotFound, message: "No such file or directory" }
[INFO] [stdout] stack backtrace:
[INFO] [stdout]    0:     0x6314f45779b1 - <<std[617be2ca0a6fd877]::sys::backtrace::BacktraceLock>::print::DisplayBacktrace as core[a373ad73a504971]::fmt::Display>::fmt
[INFO] [stdout]    1:     0x6314f458c1fa - core[a373ad73a504971]::fmt::write
[INFO] [stdout]    2:     0x6314f457be2c - <alloc[2e1b2a31b91974c5]::vec::Vec<u8> as core[a373ad73a504971]::io::write::Write>::write_fmt
[INFO] [stdout]    3:     0x6314f4551c36 - std[617be2ca0a6fd877]::panicking::default_hook::{closure#0}
[INFO] [stdout]    4:     0x6314f456e369 - std[617be2ca0a6fd877]::panicking::default_hook
[INFO] [stdout]    5:     0x6314f4509e40 - test[aada8e7e76ba119b]::test_main_inner::{closure#0}
[INFO] [stdout]    6:     0x6314f456e522 - std[617be2ca0a6fd877]::panicking::panic_with_hook
[INFO] [stdout]    7:     0x6314f4551ce2 - std[617be2ca0a6fd877]::panicking::panic_handler::{closure#0}
[INFO] [stdout]    8:     0x6314f454a7b9 - std[617be2ca0a6fd877]::sys::backtrace::__rust_end_short_backtrace::<std[617be2ca0a6fd877]::panicking::panic_handler::{closure#0}, !>
[INFO] [stdout]    9:     0x6314f45528ed - __rustc[ea4f61d10b84890b]::rust_begin_unwind
[INFO] [stdout]   10:     0x6314f458c92c - core[a373ad73a504971]::panicking::panic_fmt
[INFO] [stdout]   11:     0x6314f458c702 - core[a373ad73a504971]::result::unwrap_failed
[INFO] [stdout]   12:     0x6314f44ef2e5 - <cli[a105704fb86cd7c3]::verify_fails_with_a_typed_error_on_every_bad_file::{closure#0} as core[a373ad73a504971]::ops::function::FnOnce<()>>::call_once
[INFO] [stdout]   13:     0x6314f44fd28b - test[aada8e7e76ba119b]::__rust_begin_short_backtrace::<core[a373ad73a504971]::result::Result<(), alloc[2e1b2a31b91974c5]::string::String>, fn() -> core[a373ad73a504971]::result::Result<(), alloc[2e1b2a31b91974c5]::string::String>>
[INFO] [stdout]   14:     0x6314f450a465 - test[aada8e7e76ba119b]::run_test::{closure#0}
[INFO] [stdout]   15:     0x6314f4503d54 - std[617be2ca0a6fd877]::sys::backtrace::__rust_begin_short_backtrace::<test[aada8e7e76ba119b]::run_test::{closure#1}, ()>
[INFO] [stdout]   16:     0x6314f450d4f2 - <std[617be2ca0a6fd877]::thread::lifecycle::spawn_unchecked<test[aada8e7e76ba119b]::run_test::{closure#1}, ()>::{closure#1} as core[a373ad73a504971]::ops::function::FnOnce<()>>::call_once::{shim:vtable#0}
[INFO] [stdout]   17:     0x6314f45768ff - <std[617be2ca0a6fd877]::sys::thread::unix::Thread>::new::thread_start
[INFO] [stdout]   18:     0x74339f2b1dfa - <unknown>
[INFO] [stdout]   19:     0x74339f3453d4 - clone
[INFO] [stdout]   20:                0x0 - <unknown>
[INFO] [stdout] 
[INFO] [stdout] ---- pack_builds_a_readable_file_from_self_describing_messages stdout ----
[INFO] [stdout] 
[INFO] [stdout] thread 'pack_builds_a_readable_file_from_self_describing_messages' (257) panicked at tests/cli.rs:39:5:
[INFO] [stdout] verit ["pack", "/opt/rustwide/workdir/../../../engine/tests/vectors/scalars.bin", "/opt/rustwide/workdir/../../../engine/tests/vectors/nested.bin", "-o", "/tmp/verit-cli-249-packed.verit"] failed: verit: reading /opt/rustwide/workdir/../../../engine/tests/vectors/scalars.bin: No such file or directory (os error 2)
[INFO] [stdout] 
[INFO] [stdout] stack backtrace:
[INFO] [stdout]    0:     0x6314f45779b1 - <<std[617be2ca0a6fd877]::sys::backtrace::BacktraceLock>::print::DisplayBacktrace as core[a373ad73a504971]::fmt::Display>::fmt
[INFO] [stdout]    1:     0x6314f458c1fa - core[a373ad73a504971]::fmt::write
[INFO] [stdout]    2:     0x6314f457be2c - <alloc[2e1b2a31b91974c5]::vec::Vec<u8> as core[a373ad73a504971]::io::write::Write>::write_fmt
[INFO] [stdout]    3:     0x6314f4551c36 - std[617be2ca0a6fd877]::panicking::default_hook::{closure#0}
[INFO] [stdout]    4:     0x6314f456e369 - std[617be2ca0a6fd877]::panicking::default_hook
[INFO] [stdout]    5:     0x6314f4509e40 - test[aada8e7e76ba119b]::test_main_inner::{closure#0}
[INFO] [stdout]    6:     0x6314f456e522 - std[617be2ca0a6fd877]::panicking::panic_with_hook
[INFO] [stdout]    7:     0x6314f4551ce2 - std[617be2ca0a6fd877]::panicking::panic_handler::{closure#0}
[INFO] [stdout]    8:     0x6314f454a7b9 - std[617be2ca0a6fd877]::sys::backtrace::__rust_end_short_backtrace::<std[617be2ca0a6fd877]::panicking::panic_handler::{closure#0}, !>
[INFO] [stdout]    9:     0x6314f45528ed - __rustc[ea4f61d10b84890b]::rust_begin_unwind
[INFO] [stdout]   10:     0x6314f458c92c - core[a373ad73a504971]::panicking::panic_fmt
[INFO] [stdout]   11:     0x6314f44ebf39 - cli[a105704fb86cd7c3]::stdout
[INFO] [stdout]   12:     0x6314f44ef9b3 - <cli[a105704fb86cd7c3]::pack_builds_a_readable_file_from_self_describing_messages::{closure#0} as core[a373ad73a504971]::ops::function::FnOnce<()>>::call_once
[INFO] [stdout]   13:     0x6314f44fd28b - test[aada8e7e76ba119b]::__rust_begin_short_backtrace::<core[a373ad73a504971]::result::Result<(), alloc[2e1b2a31b91974c5]::string::String>, fn() -> core[a373ad73a504971]::result::Result<(), alloc[2e1b2a31b91974c5]::string::String>>
[INFO] [stdout]   14:     0x6314f450a465 - test[aada8e7e76ba119b]::run_test::{closure#0}
[INFO] [stdout]   15:     0x6314f4503d54 - std[617be2ca0a6fd877]::sys::backtrace::__rust_begin_short_backtrace::<test[aada8e7e76ba119b]::run_test::{closure#1}, ()>
[INFO] [stdout]   16:     0x6314f450d4f2 - <std[617be2ca0a6fd877]::thread::lifecycle::spawn_unchecked<test[aada8e7e76ba119b]::run_test::{closure#1}, ()>::{closure#1} as core[a373ad73a504971]::ops::function::FnOnce<()>>::call_once::{shim:vtable#0}
[INFO] [stdout]   17:     0x6314f45768ff - <std[617be2ca0a6fd877]::sys::thread::unix::Thread>::new::thread_start
[INFO] [stdout]   18:     0x74339f2b1dfa - <unknown>
[INFO] [stdout]   19:     0x74339f3453d4 - clone
[INFO] [stdout]   20:                0x0 - <unknown>
[INFO] [stdout] 
[INFO] [stdout] ---- unpack_names_records_by_id_and_keeps_the_schemas stdout ----
[INFO] [stdout] 
[INFO] [stdout] thread 'unpack_names_records_by_id_and_keeps_the_schemas' (260) panicked at tests/cli.rs:39:5:
[INFO] [stdout] verit ["unpack", "/opt/rustwide/workdir/../../../engine/tests/files/good/removed.verit", "-o", "/tmp/verit-cli-249-unpacked"] failed: verit: reading /opt/rustwide/workdir/../../../engine/tests/files/good/removed.verit: No such file or directory (os error 2)
[INFO] [stdout] 
[INFO] [stdout] stack backtrace:
[INFO] [stdout]    0:     0x6314f45779b1 - <<std[617be2ca0a6fd877]::sys::backtrace::BacktraceLock>::print::DisplayBacktrace as core[a373ad73a504971]::fmt::Display>::fmt
[INFO] [stdout]    1:     0x6314f458c1fa - core[a373ad73a504971]::fmt::write
[INFO] [stdout]    2:     0x6314f457be2c - <alloc[2e1b2a31b91974c5]::vec::Vec<u8> as core[a373ad73a504971]::io::write::Write>::write_fmt
[INFO] [stdout]    3:     0x6314f4551c36 - std[617be2ca0a6fd877]::panicking::default_hook::{closure#0}
[INFO] [stdout]    4:     0x6314f456e369 - std[617be2ca0a6fd877]::panicking::default_hook
[INFO] [stdout]    5:     0x6314f4509e40 - test[aada8e7e76ba119b]::test_main_inner::{closure#0}
[INFO] [stdout]    6:     0x6314f456e522 - std[617be2ca0a6fd877]::panicking::panic_with_hook
[INFO] [stdout]    7:     0x6314f4551ce2 - std[617be2ca0a6fd877]::panicking::panic_handler::{closure#0}
[INFO] [stdout]    8:     0x6314f454a7b9 - std[617be2ca0a6fd877]::sys::backtrace::__rust_end_short_backtrace::<std[617be2ca0a6fd877]::panicking::panic_handler::{closure#0}, !>
[INFO] [stdout]    9:     0x6314f45528ed - __rustc[ea4f61d10b84890b]::rust_begin_unwind
[INFO] [stdout]   10:     0x6314f458c92c - core[a373ad73a504971]::panicking::panic_fmt
[INFO] [stdout]   11:     0x6314f44ebf39 - cli[a105704fb86cd7c3]::stdout
[INFO] [stdout]   12:     0x6314f44ee91b - <cli[a105704fb86cd7c3]::unpack_names_records_by_id_and_keeps_the_schemas::{closure#0} as core[a373ad73a504971]::ops::function::FnOnce<()>>::call_once
[INFO] [stdout]   13:     0x6314f44fd28b - test[aada8e7e76ba119b]::__rust_begin_short_backtrace::<core[a373ad73a504971]::result::Result<(), alloc[2e1b2a31b91974c5]::string::String>, fn() -> core[a373ad73a504971]::result::Result<(), alloc[2e1b2a31b91974c5]::string::String>>
[INFO] [stdout]   14:     0x6314f450a465 - test[aada8e7e76ba119b]::run_test::{closure#0}
[INFO] [stdout]   15:     0x6314f4503d54 - std[617be2ca0a6fd877]::sys::backtrace::__rust_begin_short_backtrace::<test[aada8e7e76ba119b]::run_test::{closure#1}, ()>
[INFO] [stdout]   16:     0x6314f450d4f2 - <std[617be2ca0a6fd877]::thread::lifecycle::spawn_unchecked<test[aada8e7e76ba119b]::run_test::{closure#1}, ()>::{closure#1} as core[a373ad73a504971]::ops::function::FnOnce<()>>::call_once::{shim:vtable#0}
[INFO] [stdout]   17:     0x6314f45768ff - <std[617be2ca0a6fd877]::sys::thread::unix::Thread>::new::thread_start
[INFO] [stdout]   18:     0x74339f2b1dfa - <unknown>
[INFO] [stdout]   19:     0x74339f3453d4 - clone
[INFO] [stdout]   20:                0x0 - <unknown>
[INFO] [stdout] 
[INFO] [stdout] ---- ls_does_not_nag_about_alignment_padding stdout ----
[INFO] [stdout] 
[INFO] [stdout] thread 'ls_does_not_nag_about_alignment_padding' (255) panicked at tests/cli.rs:39:5:
[INFO] [stdout] verit ["ls", "/opt/rustwide/workdir/../../../engine/tests/files/good/mixed.verit"] failed: verit: reading /opt/rustwide/workdir/../../../engine/tests/files/good/mixed.verit: No such file or directory (os error 2)
[INFO] [stdout] 
[INFO] [stdout] stack backtrace:
[INFO] [stdout]    0:     0x6314f45779b1 - <<std[617be2ca0a6fd877]::sys::backtrace::BacktraceLock>::print::DisplayBacktrace as core[a373ad73a504971]::fmt::Display>::fmt
[INFO] [stdout]    1:     0x6314f458c1fa - core[a373ad73a504971]::fmt::write
[INFO] [stdout]    2:     0x6314f457be2c - <alloc[2e1b2a31b91974c5]::vec::Vec<u8> as core[a373ad73a504971]::io::write::Write>::write_fmt
[INFO] [stdout]    3:     0x6314f4551c36 - std[617be2ca0a6fd877]::panicking::default_hook::{closure#0}
[INFO] [stdout]    4:     0x6314f456e369 - std[617be2ca0a6fd877]::panicking::default_hook
[INFO] [stdout]    5:     0x6314f4509e40 - test[aada8e7e76ba119b]::test_main_inner::{closure#0}
[INFO] [stdout]    6:     0x6314f456e522 - std[617be2ca0a6fd877]::panicking::panic_with_hook
[INFO] [stdout]    7:     0x6314f4551ce2 - std[617be2ca0a6fd877]::panicking::panic_handler::{closure#0}
[INFO] [stdout]    8:     0x6314f454a7b9 - std[617be2ca0a6fd877]::sys::backtrace::__rust_end_short_backtrace::<std[617be2ca0a6fd877]::panicking::panic_handler::{closure#0}, !>
[INFO] [stdout]    9:     0x6314f45528ed - __rustc[ea4f61d10b84890b]::rust_begin_unwind
[INFO] [stdout]   10:     0x6314f458c92c - core[a373ad73a504971]::panicking::panic_fmt
[INFO] [stdout]   11:     0x6314f44ebf39 - cli[a105704fb86cd7c3]::stdout
[INFO] [stdout]   12:     0x6314f44ed839 - <cli[a105704fb86cd7c3]::ls_does_not_nag_about_alignment_padding::{closure#0} as core[a373ad73a504971]::ops::function::FnOnce<()>>::call_once
[INFO] [stdout]   13:     0x6314f44fd28b - test[aada8e7e76ba119b]::__rust_begin_short_backtrace::<core[a373ad73a504971]::result::Result<(), alloc[2e1b2a31b91974c5]::string::String>, fn() -> core[a373ad73a504971]::result::Result<(), alloc[2e1b2a31b91974c5]::string::String>>
[INFO] [stdout]   14:     0x6314f450a465 - test[aada8e7e76ba119b]::run_test::{closure#0}
[INFO] [stdout]   15:     0x6314f4503d54 - std[617be2ca0a6fd877]::sys::backtrace::__rust_begin_short_backtrace::<test[aada8e7e76ba119b]::run_test::{closure#1}, ()>
[INFO] [stdout]   16:     0x6314f450d4f2 - <std[617be2ca0a6fd877]::thread::lifecycle::spawn_unchecked<test[aada8e7e76ba119b]::run_test::{closure#1}, ()>::{closure#1} as core[a373ad73a504971]::ops::function::FnOnce<()>>::call_once::{shim:vtable#0}
[INFO] [stdout]   17:     0x6314f45768ff - <std[617be2ca0a6fd877]::sys::thread::unix::Thread>::new::thread_start
[INFO] [stdout]   18:     0x74339f2b1dfa - <unknown>
[INFO] [stdout]   19:     0x74339f3453d4 - clone
[INFO] [stdout]   20:                0x0 - <unknown>
[INFO] [stdout] 
[INFO] [stdout] ---- dump_handles_both_a_file_and_a_message stdout ----
[INFO] [stdout] 
[INFO] [stdout] thread 'dump_handles_both_a_file_and_a_message' (253) panicked at tests/cli.rs:39:5:
[INFO] [stdout] verit ["dump", "/opt/rustwide/workdir/../../../engine/tests/files/good/mixed.verit"] failed: verit: reading /opt/rustwide/workdir/../../../engine/tests/files/good/mixed.verit: No such file or directory (os error 2)
[INFO] [stdout] 
[INFO] [stdout] stack backtrace:
[INFO] [stdout]    0:     0x6314f45779b1 - <<std[617be2ca0a6fd877]::sys::backtrace::BacktraceLock>::print::DisplayBacktrace as core[a373ad73a504971]::fmt::Display>::fmt
[INFO] [stdout]    1:     0x6314f458c1fa - core[a373ad73a504971]::fmt::write
[INFO] [stdout]    2:     0x6314f457be2c - <alloc[2e1b2a31b91974c5]::vec::Vec<u8> as core[a373ad73a504971]::io::write::Write>::write_fmt
[INFO] [stdout]    3:     0x6314f4551c36 - std[617be2ca0a6fd877]::panicking::default_hook::{closure#0}
[INFO] [stdout]    4:     0x6314f456e369 - std[617be2ca0a6fd877]::panicking::default_hook
[INFO] [stdout]    5:     0x6314f4509e40 - test[aada8e7e76ba119b]::test_main_inner::{closure#0}
[INFO] [stdout]    6:     0x6314f456e522 - std[617be2ca0a6fd877]::panicking::panic_with_hook
[INFO] [stdout]    7:     0x6314f4551ce2 - std[617be2ca0a6fd877]::panicking::panic_handler::{closure#0}
[INFO] [stdout]    8:     0x6314f454a7b9 - std[617be2ca0a6fd877]::sys::backtrace::__rust_end_short_backtrace::<std[617be2ca0a6fd877]::panicking::panic_handler::{closure#0}, !>
[INFO] [stdout]    9:     0x6314f45528ed - __rustc[ea4f61d10b84890b]::rust_begin_unwind
[INFO] [stdout]   10:     0x6314f458c92c - core[a373ad73a504971]::panicking::panic_fmt
[INFO] [stdout]   11:     0x6314f44ebf39 - cli[a105704fb86cd7c3]::stdout
[INFO] [stdout]   12:     0x6314f44ed3ed - <cli[a105704fb86cd7c3]::dump_handles_both_a_file_and_a_message::{closure#0} as core[a373ad73a504971]::ops::function::FnOnce<()>>::call_once
[INFO] [stdout]   13:     0x6314f44fd28b - test[aada8e7e76ba119b]::__rust_begin_short_backtrace::<core[a373ad73a504971]::result::Result<(), alloc[2e1b2a31b91974c5]::string::String>, fn() -> core[a373ad73a504971]::result::Result<(), alloc[2e1b2a31b91974c5]::string::String>>
[INFO] [stdout]   14:     0x6314f450a465 - test[aada8e7e76ba119b]::run_test::{closure#0}
[INFO] [stdout]   15:     0x6314f4503d54 - std[617be2ca0a6fd877]::sys::backtrace::__rust_begin_short_backtrace::<test[aada8e7e76ba119b]::run_test::{closure#1}, ()>
[INFO] [stdout]   16:     0x6314f450d4f2 - <std[617be2ca0a6fd877]::thread::lifecycle::spawn_unchecked<test[aada8e7e76ba119b]::run_test::{closure#1}, ()>::{closure#1} as core[a373ad73a504971]::ops::function::FnOnce<()>>::call_once::{shim:vtable#0}
[INFO] [stdout]   17:     0x6314f45768ff - <std[617be2ca0a6fd877]::sys::thread::unix::Thread>::new::thread_start
[INFO] [stdout]   18:     0x74339f2b1dfa - <unknown>
[INFO] [stdout]   19:     0x74339f3453d4 - clone
[INFO] [stdout]   20:                0x0 - <unknown>
[INFO] [stdout] 
[INFO] [stdout] ---- verify_reports_a_rolled_back_commit_loudly stdout ----
[INFO] [stdout] 
[INFO] [stdout] thread 'verify_reports_a_rolled_back_commit_loudly' (262) panicked at tests/cli.rs:39:5:
[INFO] [stdout] verit ["verify", "/opt/rustwide/workdir/../../../engine/tests/files/torn/torn-in-index.verit"] failed: verit: reading /opt/rustwide/workdir/../../../engine/tests/files/torn/torn-in-index.verit: No such file or directory (os error 2)
[INFO] [stdout] 
[INFO] [stdout] stack backtrace:
[INFO] [stdout]    0:     0x6314f45779b1 - <<std[617be2ca0a6fd877]::sys::backtrace::BacktraceLock>::print::DisplayBacktrace as core[a373ad73a504971]::fmt::Display>::fmt
[INFO] [stdout]    1:     0x6314f458c1fa - core[a373ad73a504971]::fmt::write
[INFO] [stdout]    2:     0x6314f457be2c - <alloc[2e1b2a31b91974c5]::vec::Vec<u8> as core[a373ad73a504971]::io::write::Write>::write_fmt
[INFO] [stdout]    3:     0x6314f4551c36 - std[617be2ca0a6fd877]::panicking::default_hook::{closure#0}
[INFO] [stdout]    4:     0x6314f456e369 - std[617be2ca0a6fd877]::panicking::default_hook
[INFO] [stdout]    5:     0x6314f4509e40 - test[aada8e7e76ba119b]::test_main_inner::{closure#0}
[INFO] [stdout]    6:     0x6314f456e522 - std[617be2ca0a6fd877]::panicking::panic_with_hook
[INFO] [stdout]    7:     0x6314f4551ce2 - std[617be2ca0a6fd877]::panicking::panic_handler::{closure#0}
[INFO] [stdout]    8:     0x6314f454a7b9 - std[617be2ca0a6fd877]::sys::backtrace::__rust_end_short_backtrace::<std[617be2ca0a6fd877]::panicking::panic_handler::{closure#0}, !>
[INFO] [stdout]    9:     0x6314f45528ed - __rustc[ea4f61d10b84890b]::rust_begin_unwind
[INFO] [stdout]   10:     0x6314f458c92c - core[a373ad73a504971]::panicking::panic_fmt
[INFO] [stdout]   11:     0x6314f44ebf39 - cli[a105704fb86cd7c3]::stdout
[INFO] [stdout]   12:     0x6314f44ed9dd - <cli[a105704fb86cd7c3]::verify_reports_a_rolled_back_commit_loudly::{closure#0} as core[a373ad73a504971]::ops::function::FnOnce<()>>::call_once
[INFO] [stdout]   13:     0x6314f44fd28b - test[aada8e7e76ba119b]::__rust_begin_short_backtrace::<core[a373ad73a504971]::result::Result<(), alloc[2e1b2a31b91974c5]::string::String>, fn() -> core[a373ad73a504971]::result::Result<(), alloc[2e1b2a31b91974c5]::string::String>>
[INFO] [stdout]   14:     0x6314f450a465 - test[aada8e7e76ba119b]::run_test::{closure#0}
[INFO] [stdout]   15:     0x6314f4503d54 - std[617be2ca0a6fd877]::sys::backtrace::__rust_begin_short_backtrace::<test[aada8e7e76ba119b]::run_test::{closure#1}, ()>
[INFO] [stdout]   16:     0x6314f450d4f2 - <std[617be2ca0a6fd877]::thread::lifecycle::spawn_unchecked<test[aada8e7e76ba119b]::run_test::{closure#1}, ()>::{closure#1} as core[a373ad73a504971]::ops::function::FnOnce<()>>::call_once::{shim:vtable#0}
[INFO] [stdout]   17:     0x6314f45768ff - <std[617be2ca0a6fd877]::sys::thread::unix::Thread>::new::thread_start
[INFO] [stdout]   18:     0x74339f2b1dfa - <unknown>
[INFO] [stdout]   19:     0x74339f3453d4 - clone
[INFO] [stdout]   20:                0x0 - <unknown>
[INFO] [stdout] 
[INFO] [stdout] ---- dump_selects_a_record_by_id_not_by_position stdout ----
[INFO] [stdout] 
[INFO] [stdout] thread 'dump_selects_a_record_by_id_not_by_position' (254) panicked at tests/cli.rs:39:5:
[INFO] [stdout] verit ["dump", "/opt/rustwide/workdir/../../../engine/tests/files/good/removed.verit", "--id", "3"] failed: verit: reading /opt/rustwide/workdir/../../../engine/tests/files/good/removed.verit: No such file or directory (os error 2)
[INFO] [stdout] 
[INFO] [stdout] stack backtrace:
[INFO] [stdout]    0:     0x6314f45779b1 - <<std[617be2ca0a6fd877]::sys::backtrace::BacktraceLock>::print::DisplayBacktrace as core[a373ad73a504971]::fmt::Display>::fmt
[INFO] [stdout]    1:     0x6314f458c1fa - core[a373ad73a504971]::fmt::write
[INFO] [stdout]    2:     0x6314f457be2c - <alloc[2e1b2a31b91974c5]::vec::Vec<u8> as core[a373ad73a504971]::io::write::Write>::write_fmt
[INFO] [stdout]    3:     0x6314f4551c36 - std[617be2ca0a6fd877]::panicking::default_hook::{closure#0}
[INFO] [stdout]    4:     0x6314f456e369 - std[617be2ca0a6fd877]::panicking::default_hook
[INFO] [stdout]    5:     0x6314f4509e40 - test[aada8e7e76ba119b]::test_main_inner::{closure#0}
[INFO] [stdout]    6:     0x6314f456e522 - std[617be2ca0a6fd877]::panicking::panic_with_hook
[INFO] [stdout]    7:     0x6314f4551ce2 - std[617be2ca0a6fd877]::panicking::panic_handler::{closure#0}
[INFO] [stdout]    8:     0x6314f454a7b9 - std[617be2ca0a6fd877]::sys::backtrace::__rust_end_short_backtrace::<std[617be2ca0a6fd877]::panicking::panic_handler::{closure#0}, !>
[INFO] [stdout]    9:     0x6314f45528ed - __rustc[ea4f61d10b84890b]::rust_begin_unwind
[INFO] [stdout]   10:     0x6314f458c92c - core[a373ad73a504971]::panicking::panic_fmt
[INFO] [stdout]   11:     0x6314f44ebf39 - cli[a105704fb86cd7c3]::stdout
[INFO] [stdout]   12:     0x6314f44edbe1 - <cli[a105704fb86cd7c3]::dump_selects_a_record_by_id_not_by_position::{closure#0} as core[a373ad73a504971]::ops::function::FnOnce<()>>::call_once
[INFO] [stdout]   13:     0x6314f44fd28b - test[aada8e7e76ba119b]::__rust_begin_short_backtrace::<core[a373ad73a504971]::result::Result<(), alloc[2e1b2a31b91974c5]::string::String>, fn() -> core[a373ad73a504971]::result::Result<(), alloc[2e1b2a31b91974c5]::string::String>>
[INFO] [stdout]   14:     0x6314f450a465 - test[aada8e7e76ba119b]::run_test::{closure#0}
[INFO] [stdout]   15:     0x6314f4503d54 - std[617be2ca0a6fd877]::sys::backtrace::__rust_begin_short_backtrace::<test[aada8e7e76ba119b]::run_test::{closure#1}, ()>
[INFO] [stdout]   16:     0x6314f450d4f2 - <std[617be2ca0a6fd877]::thread::lifecycle::spawn_unchecked<test[aada8e7e76ba119b]::run_test::{closure#1}, ()>::{closure#1} as core[a373ad73a504971]::ops::function::FnOnce<()>>::call_once::{shim:vtable#0}
[INFO] [stdout]   17:     0x6314f45768ff - <std[617be2ca0a6fd877]::sys::thread::unix::Thread>::new::thread_start
[INFO] [stdout]   18:     0x74339f2b1dfa - <unknown>
[INFO] [stdout]   19:     0x74339f3453d4 - clone
[INFO] [stdout]   20:                0x0 - <unknown>
[INFO] [stdout] 
[INFO] [stdout] ---- ls_reports_identity_generation_and_reclaimable_space stdout ----
[INFO] [stdout] 
[INFO] [stdout] thread 'ls_reports_identity_generation_and_reclaimable_space' (256) panicked at tests/cli.rs:39:5:
[INFO] [stdout] verit ["ls", "/opt/rustwide/workdir/../../../engine/tests/files/good/removed.verit"] failed: verit: reading /opt/rustwide/workdir/../../../engine/tests/files/good/removed.verit: No such file or directory (os error 2)
[INFO] [stdout] 
[INFO] [stdout] stack backtrace:
[INFO] [stdout]    0:     0x6314f45779b1 - <<std[617be2ca0a6fd877]::sys::backtrace::BacktraceLock>::print::DisplayBacktrace as core[a373ad73a504971]::fmt::Display>::fmt
[INFO] [stdout]    1:     0x6314f458c1fa - core[a373ad73a504971]::fmt::write
[INFO] [stdout]    2:     0x6314f457be2c - <alloc[2e1b2a31b91974c5]::vec::Vec<u8> as core[a373ad73a504971]::io::write::Write>::write_fmt
[INFO] [stdout]    3:     0x6314f4551c36 - std[617be2ca0a6fd877]::panicking::default_hook::{closure#0}
[INFO] [stdout]    4:     0x6314f456e369 - std[617be2ca0a6fd877]::panicking::default_hook
[INFO] [stdout]    5:     0x6314f4509e40 - test[aada8e7e76ba119b]::test_main_inner::{closure#0}
[INFO] [stdout]    6:     0x6314f456e522 - std[617be2ca0a6fd877]::panicking::panic_with_hook
[INFO] [stdout]    7:     0x6314f4551ce2 - std[617be2ca0a6fd877]::panicking::panic_handler::{closure#0}
[INFO] [stdout]    8:     0x6314f454a7b9 - std[617be2ca0a6fd877]::sys::backtrace::__rust_end_short_backtrace::<std[617be2ca0a6fd877]::panicking::panic_handler::{closure#0}, !>
[INFO] [stdout]    9:     0x6314f45528ed - __rustc[ea4f61d10b84890b]::rust_begin_unwind
[INFO] [stdout]   10:     0x6314f458c92c - core[a373ad73a504971]::panicking::panic_fmt
[INFO] [stdout]   11:     0x6314f44ebf39 - cli[a105704fb86cd7c3]::stdout
[INFO] [stdout]   12:     0x6314f44ef563 - <cli[a105704fb86cd7c3]::ls_reports_identity_generation_and_reclaimable_space::{closure#0} as core[a373ad73a504971]::ops::function::FnOnce<()>>::call_once
[INFO] [stdout]   13:     0x6314f44fd28b - test[aada8e7e76ba119b]::__rust_begin_short_backtrace::<core[a373ad73a504971]::result::Result<(), alloc[2e1b2a31b91974c5]::string::String>, fn() -> core[a373ad73a504971]::result::Result<(), alloc[2e1b2a31b91974c5]::string::String>>
[INFO] [stdout]   14:     0x6314f450a465 - test[aada8e7e76ba119b]::run_test::{closure#0}
[INFO] [stdout]   15:     0x6314f4503d54 - std[617be2ca0a6fd877]::sys::backtrace::__rust_begin_short_backtrace::<test[aada8e7e76ba119b]::run_test::{closure#1}, ()>
[INFO] [stdout]   16:     0x6314f450d4f2 - <std[617be2ca0a6fd877]::thread::lifecycle::spawn_unchecked<test[aada8e7e76ba119b]::run_test::{closure#1}, ()>::{closure#1} as core[a373ad73a504971]::ops::function::FnOnce<()>>::call_once::{shim:vtable#0}
[INFO] [stdout]   17:     0x6314f45768ff - <std[617be2ca0a6fd877]::sys::thread::unix::Thread>::new::thread_start
[INFO] [stdout]   18:     0x74339f2b1dfa - <unknown>
[INFO] [stdout]   19:     0x74339f3453d4 - clone
[INFO] [stdout]   20:                0x0 - <unknown>
[INFO] [stdout] 
[INFO] [stdout] 
[INFO] [stdout] failures:
[INFO] [stdout]     compact_reclaims_space_preserves_ids_and_warns_about_erasure
[INFO] [stdout]     dump_handles_both_a_file_and_a_message
[INFO] [stdout]     dump_selects_a_record_by_id_not_by_position
[INFO] [stdout]     ls_does_not_nag_about_alignment_padding
[INFO] [stdout]     ls_reports_identity_generation_and_reclaimable_space
[INFO] [stdout]     pack_builds_a_readable_file_from_self_describing_messages
[INFO] [stdout]     pack_refuses_hash_only_messages_with_a_reason
[INFO] [stdout]     unpack_names_records_by_id_and_keeps_the_schemas
[INFO] [stdout]     verify_fails_with_a_typed_error_on_every_bad_file
[INFO] [stdout]     verify_reports_a_rolled_back_commit_loudly
[INFO] [stdout] 
[INFO] [stdout] test result: FAILED. 2 passed; 10 failed; 0 ignored; 0 measured; 0 filtered out; finished in 0.02s
[INFO] [stdout] 
[INFO] [stderr] error: test failed, to rerun pass `--test cli`
[INFO] running `Command { std: "docker" "inspect" "22b31ab668c2e9d1c8ca6e5dbc6090fb08db9604a22aa8caa37e2b1986c3735e", kill_on_drop: false }`
[INFO] running `Command { std: "docker" "rm" "-f" "22b31ab668c2e9d1c8ca6e5dbc6090fb08db9604a22aa8caa37e2b1986c3735e", kill_on_drop: false }`
[INFO] [stdout] 22b31ab668c2e9d1c8ca6e5dbc6090fb08db9604a22aa8caa37e2b1986c3735e
