[INFO] fetching crate verinc 0.1.0...
[INFO] testing verinc-0.1.0 against 1.99.0-beta.8+cargoflags=--release for beta-release-1.100-2
[INFO] extracting crate verinc 0.1.0 into /workspace/builds/worker-5-tc1/source
[INFO] started tweaking crates.io crate verinc 0.1.0
[INFO] finished tweaking crates.io crate verinc 0.1.0
[INFO] tweaked toml for crates.io crate verinc 0.1.0 written to /workspace/builds/worker-5-tc1/source/Cargo.toml
[INFO] validating manifest of crates.io crate verinc 0.1.0 on toolchain 1.99.0-beta.8
[INFO] running `Command { std: CARGO_HOME="/workspace/cargo-home" RUSTUP_HOME="/workspace/rustup-home" "/workspace/cargo-home/bin/cargo" "+1.99.0-beta.8" "metadata" "--manifest-path" "Cargo.toml" "--no-deps", kill_on_drop: false }`
[INFO] crate crates.io crate verinc 0.1.0 already has a lockfile, it will not be regenerated
[INFO] running `Command { std: CARGO_HOME="/workspace/cargo-home" RUSTUP_HOME="/workspace/rustup-home" "/workspace/cargo-home/bin/cargo" "+1.99.0-beta.8" "fetch" "--manifest-path" "Cargo.toml", kill_on_drop: false }`
[INFO] [stderr]  Downloading crates ...
[INFO] [stderr]   Downloaded memchr v2.6.3
[INFO] [stderr]   Downloaded aho-corasick v1.1.1
[INFO] [stderr]   Downloaded regex v1.9.5
[INFO] [stderr]   Downloaded regex-syntax v0.7.5
[INFO] [stderr]   Downloaded regex-automata v0.3.8
[INFO] running `Command { std: "docker" "create" "-v" "/var/lib/crater-agent-workspace/builds/worker-5-tc1/source:/opt/rustwide/workdir:ro,Z" "-v" "/var/lib/crater-agent-workspace/builds/worker-5-tc1/target:/opt/rustwide/target:rw,Z" "-v" "/var/lib/crater-agent-workspace/cargo-home:/opt/rustwide/cargo-home:ro,Z" "-v" "/var/lib/crater-agent-workspace/rustup-home:/opt/rustwide/rustup-home:ro,Z" "-m" "1610612736" "--network" "none" "ghcr.io/rust-lang/crates-build-env/linux@sha256:77db811e55d90add9212f6832c23229e3de5f1c1f9905e8cb07319ea15df73ac" "sleep" "infinity", kill_on_drop: false }`
[INFO] [stdout] 4ceef7b3f7333001feb1a49d6ea5b8d0c80929c7ed9ebdfb34373cca2cef8aa3
[INFO] running `Command { std: "docker" "start" "4ceef7b3f7333001feb1a49d6ea5b8d0c80929c7ed9ebdfb34373cca2cef8aa3", kill_on_drop: false }`
[INFO] running `Command { std: "docker" "inspect" "4ceef7b3f7333001feb1a49d6ea5b8d0c80929c7ed9ebdfb34373cca2cef8aa3", kill_on_drop: false }`
[INFO] running `Command { std: "docker" "exec" "-e" "SOURCE_DIR=/opt/rustwide/workdir" "-e" "CARGO_HOME=/opt/rustwide/cargo-home" "-e" "RUSTUP_HOME=/opt/rustwide/rustup-home" "-e" "CARGO_TARGET_DIR=/opt/rustwide/target" "-w" "/opt/rustwide/workdir" "--user" "0:0" "4ceef7b3f7333001feb1a49d6ea5b8d0c80929c7ed9ebdfb34373cca2cef8aa3" "/opt/rustwide/cargo-home/bin/cargo" "+1.99.0-beta.8" "metadata" "--no-deps" "--format-version=1", kill_on_drop: false }`
[INFO] running `Command { std: "docker" "inspect" "4ceef7b3f7333001feb1a49d6ea5b8d0c80929c7ed9ebdfb34373cca2cef8aa3", kill_on_drop: false }`
[INFO] running `Command { std: "docker" "exec" "-e" "SOURCE_DIR=/opt/rustwide/workdir" "-e" "CARGO_HOME=/opt/rustwide/cargo-home" "-e" "RUSTUP_HOME=/opt/rustwide/rustup-home" "-e" "CARGO_TARGET_DIR=/opt/rustwide/target" "-e" "CARGO_INCREMENTAL=0" "-e" "RUST_BACKTRACE=full" "-e" "RUSTFLAGS=--cap-lints=warn" "-e" "RUSTDOCFLAGS=--cap-lints=warn" "-w" "/opt/rustwide/workdir" "--user" "0:0" "4ceef7b3f7333001feb1a49d6ea5b8d0c80929c7ed9ebdfb34373cca2cef8aa3" "/opt/rustwide/cargo-home/bin/cargo" "+1.99.0-beta.8" "build" "--frozen" "--message-format=json" "--release", kill_on_drop: false }`
[INFO] [stderr]    Compiling memchr v2.6.3
[INFO] [stderr]    Compiling regex-syntax v0.7.5
[INFO] [stderr]    Compiling aho-corasick v1.1.1
[INFO] [stderr]    Compiling regex-automata v0.3.8
[INFO] [stderr]    Compiling regex v1.9.5
[INFO] [stderr]    Compiling verinc v0.1.0 (/opt/rustwide/workdir)
[INFO] [stderr]     Finished `release` profile [optimized] target(s) in 31.61s
[INFO] running `Command { std: "docker" "inspect" "4ceef7b3f7333001feb1a49d6ea5b8d0c80929c7ed9ebdfb34373cca2cef8aa3", kill_on_drop: false }`
[INFO] running `Command { std: "docker" "exec" "-e" "SOURCE_DIR=/opt/rustwide/workdir" "-e" "CARGO_HOME=/opt/rustwide/cargo-home" "-e" "RUSTUP_HOME=/opt/rustwide/rustup-home" "-e" "CARGO_TARGET_DIR=/opt/rustwide/target" "-e" "CARGO_INCREMENTAL=0" "-e" "RUST_BACKTRACE=full" "-e" "RUSTFLAGS=--cap-lints=warn" "-e" "RUSTDOCFLAGS=--cap-lints=warn" "-w" "/opt/rustwide/workdir" "--user" "0:0" "4ceef7b3f7333001feb1a49d6ea5b8d0c80929c7ed9ebdfb34373cca2cef8aa3" "/opt/rustwide/cargo-home/bin/cargo" "+1.99.0-beta.8" "test" "--frozen" "--no-run" "--message-format=json" "--release", kill_on_drop: false }`
[INFO] [stderr]    Compiling verinc v0.1.0 (/opt/rustwide/workdir)
[INFO] [stderr]     Finished `release` profile [optimized] target(s) in 1.11s
[INFO] running `Command { std: "docker" "inspect" "4ceef7b3f7333001feb1a49d6ea5b8d0c80929c7ed9ebdfb34373cca2cef8aa3", kill_on_drop: false }`
[INFO] running `Command { std: "docker" "exec" "-e" "SOURCE_DIR=/opt/rustwide/workdir" "-e" "CARGO_HOME=/opt/rustwide/cargo-home" "-e" "RUSTUP_HOME=/opt/rustwide/rustup-home" "-e" "CARGO_TARGET_DIR=/opt/rustwide/target" "-e" "CARGO_INCREMENTAL=0" "-e" "RUST_BACKTRACE=full" "-e" "RUSTFLAGS=--cap-lints=warn" "-e" "RUSTDOCFLAGS=--cap-lints=warn" "-w" "/opt/rustwide/workdir" "--user" "0:0" "4ceef7b3f7333001feb1a49d6ea5b8d0c80929c7ed9ebdfb34373cca2cef8aa3" "/opt/rustwide/cargo-home/bin/cargo" "+1.99.0-beta.8" "test" "--frozen" "--release", kill_on_drop: false }`
[INFO] [stderr]     Finished `release` profile [optimized] target(s) in 0.04s
[INFO] [stderr]      Running unittests src/lib.rs (/opt/rustwide/target/release/deps/verinc-242eab738870db3a)
[INFO] [stdout] 
[INFO] [stdout] running 6 tests
[INFO] [stdout] test tests::no_versions ... ok
[INFO] [stdout] test tests::minor ... FAILED
[INFO] [stdout] test tests::patch ... FAILED
[INFO] [stdout] test tests::multiline ... FAILED
[INFO] [stdout] test tests::major ... FAILED
[INFO] [stdout] test tests::leading_zeros ... FAILED
[INFO] [stdout] 
[INFO] [stdout] failures:
[INFO] [stdout] 
[INFO] [stdout] ---- tests::minor stdout ----
[INFO] [stdout] 
[INFO] [stdout] thread 'tests::minor' (327) panicked at src/lib.rs:120:9:
[INFO] [stdout] assertion `left == right` failed
[INFO] [stdout]   left: "1.0.0"
[INFO] [stdout]  right: "1.1.0"
[INFO] [stdout] stack backtrace:
[INFO] [stdout]    0:     0x618a87898a41 - <<std[70759c8f55707aa4]::sys::backtrace::BacktraceLock>::print::DisplayBacktrace as core[df12db4294e9bfd3]::fmt::Display>::fmt
[INFO] [stdout]    1:     0x618a878ae37a - core[df12db4294e9bfd3]::fmt::write
[INFO] [stdout]    2:     0x618a8789cedc - <alloc[2182bb758b4b3781]::vec::Vec<u8> as core[df12db4294e9bfd3]::io::write::Write>::write_fmt
[INFO] [stdout]    3:     0x618a87875036 - std[70759c8f55707aa4]::panicking::default_hook::{closure#0}
[INFO] [stdout]    4:     0x618a878911a9 - std[70759c8f55707aa4]::panicking::default_hook
[INFO] [stdout]    5:     0x618a8776d850 - test[9d35eded1c95d3be]::test_main_inner::<test[9d35eded1c95d3be]::test_main_static::{closure#0}>::{closure#0}
[INFO] [stdout]    6:     0x618a87891362 - std[70759c8f55707aa4]::panicking::panic_with_hook
[INFO] [stdout]    7:     0x618a878750e2 - std[70759c8f55707aa4]::panicking::panic_handler::{closure#0}
[INFO] [stdout]    8:     0x618a8786de69 - std[70759c8f55707aa4]::sys::backtrace::__rust_end_short_backtrace::<std[70759c8f55707aa4]::panicking::panic_handler::{closure#0}, !>
[INFO] [stdout]    9:     0x618a87875cdd - __rustc[8fa7c3cbc660c2b3]::rust_begin_unwind
[INFO] [stdout]   10:     0x618a878aeb5c - core[df12db4294e9bfd3]::panicking::panic_fmt
[INFO] [stdout]   11:     0x618a878aea73 - core[df12db4294e9bfd3]::panicking::assert_failed_inner
[INFO] [stdout]   12:     0x618a8775f007 - core[df12db4294e9bfd3]::panicking::assert_failed::<alloc[2182bb758b4b3781]::string::String, &str>
[INFO] [stdout]   13:     0x618a8775fd5a - verinc[abc6fa8c556a931]::tests::minor
[INFO] [stdout]   14:     0x618a8775e779 - <verinc[abc6fa8c556a931]::tests::minor::{closure#0} as core[df12db4294e9bfd3]::ops::function::FnOnce<()>>::call_once
[INFO] [stdout]   15:     0x618a87760b3b - test[9d35eded1c95d3be]::__rust_begin_short_backtrace::<core[df12db4294e9bfd3]::result::Result<(), alloc[2182bb758b4b3781]::string::String>, fn() -> core[df12db4294e9bfd3]::result::Result<(), alloc[2182bb758b4b3781]::string::String>>
[INFO] [stdout]   16:     0x618a8776e1a5 - test[9d35eded1c95d3be]::run_test::{closure#0}
[INFO] [stdout]   17:     0x618a87767a64 - std[70759c8f55707aa4]::sys::backtrace::__rust_begin_short_backtrace::<test[9d35eded1c95d3be]::run_test::{closure#1}, ()>
[INFO] [stdout]   18:     0x618a87771302 - <std[70759c8f55707aa4]::thread::lifecycle::spawn_unchecked<test[9d35eded1c95d3be]::run_test::{closure#1}, ()>::{closure#1} as core[df12db4294e9bfd3]::ops::function::FnOnce<()>>::call_once::{shim:vtable#0}
[INFO] [stdout]   19:     0x618a87898319 - <std[70759c8f55707aa4]::sys::thread::unix::Thread>::new::thread_start
[INFO] [stdout]   20:     0x7308ef302dfa - <unknown>
[INFO] [stdout]   21:     0x7308ef3963d4 - clone
[INFO] [stdout]   22:                0x0 - <unknown>
[INFO] [stdout] 
[INFO] [stdout] ---- tests::patch stdout ----
[INFO] [stdout] 
[INFO] [stdout] thread 'tests::patch' (330) panicked at src/lib.rs:100:9:
[INFO] [stdout] assertion `left == right` failed
[INFO] [stdout]   left: "1.0.0"
[INFO] [stdout]  right: "1.0.1"
[INFO] [stdout] stack backtrace:
[INFO] [stdout]    0:     0x618a87898a41 - <<std[70759c8f55707aa4]::sys::backtrace::BacktraceLock>::print::DisplayBacktrace as core[df12db4294e9bfd3]::fmt::Display>::fmt
[INFO] [stdout]    1:     0x618a878ae37a - core[df12db4294e9bfd3]::fmt::write
[INFO] [stdout]    2:     0x618a8789cedc - <alloc[2182bb758b4b3781]::vec::Vec<u8> as core[df12db4294e9bfd3]::io::write::Write>::write_fmt
[INFO] [stdout]    3:     0x618a87875036 - std[70759c8f55707aa4]::panicking::default_hook::{closure#0}
[INFO] [stdout]    4:     0x618a878911a9 - std[70759c8f55707aa4]::panicking::default_hook
[INFO] [stdout]    5:     0x618a8776d850 - test[9d35eded1c95d3be]::test_main_inner::<test[9d35eded1c95d3be]::test_main_static::{closure#0}>::{closure#0}
[INFO] [stdout]    6:     0x618a87891362 - std[70759c8f55707aa4]::panicking::panic_with_hook
[INFO] [stdout]    7:     0x618a878750e2 - std[70759c8f55707aa4]::panicking::panic_handler::{closure#0}
[INFO] [stdout]    8:     0x618a8786de69 - std[70759c8f55707aa4]::sys::backtrace::__rust_end_short_backtrace::<std[70759c8f55707aa4]::panicking::panic_handler::{closure#0}, !>
[INFO] [stdout]    9:     0x618a87875cdd - __rustc[8fa7c3cbc660c2b3]::rust_begin_unwind
[INFO] [stdout]   10:     0x618a878aeb5c - core[df12db4294e9bfd3]::panicking::panic_fmt
[INFO] [stdout]   11:     0x618a878aea73 - core[df12db4294e9bfd3]::panicking::assert_failed_inner
[INFO] [stdout]   12:     0x618a8775f007 - core[df12db4294e9bfd3]::panicking::assert_failed::<alloc[2182bb758b4b3781]::string::String, &str>
[INFO] [stdout]   13:     0x618a87760096 - verinc[abc6fa8c556a931]::tests::patch
[INFO] [stdout]   14:     0x618a8775e799 - <verinc[abc6fa8c556a931]::tests::patch::{closure#0} as core[df12db4294e9bfd3]::ops::function::FnOnce<()>>::call_once
[INFO] [stdout]   15:     0x618a87760b3b - test[9d35eded1c95d3be]::__rust_begin_short_backtrace::<core[df12db4294e9bfd3]::result::Result<(), alloc[2182bb758b4b3781]::string::String>, fn() -> core[df12db4294e9bfd3]::result::Result<(), alloc[2182bb758b4b3781]::string::String>>
[INFO] [stdout]   16:     0x618a8776e1a5 - test[9d35eded1c95d3be]::run_test::{closure#0}
[INFO] [stdout]   17:     0x618a87767a64 - std[70759c8f55707aa4]::sys::backtrace::__rust_begin_short_backtrace::<test[9d35eded1c95d3be]::run_test::{closure#1}, ()>
[INFO] [stdout]   18:     0x618a87771302 - <std[70759c8f55707aa4]::thread::lifecycle::spawn_unchecked<test[9d35eded1c95d3be]::run_test::{closure#1}, ()>::{closure#1} as core[df12db4294e9bfd3]::ops::function::FnOnce<()>>::call_once::{shim:vtable#0}
[INFO] [stdout]   19:     0x618a87898319 - <std[70759c8f55707aa4]::sys::thread::unix::Thread>::new::thread_start
[INFO] [stdout]   20:     0x7308ef302dfa - <unknown>
[INFO] [stdout]   21:     0x7308ef3963d4 - clone
[INFO] [stdout]   22:                0x0 - <unknown>
[INFO] [stdout] 
[INFO] [stdout] ---- tests::multiline stdout ----
[INFO] [stdout] 
[INFO] [stdout] thread 'tests::multiline' (328) panicked at src/lib.rs:188:9:
[INFO] [stdout] assertion `left == right` failed
[INFO] [stdout]   left: "1.1.0\nhello\nworld\n12.13.14"
[INFO] [stdout]  right: "1.1.0\nhello\nworld\n12.14.0"
[INFO] [stdout] stack backtrace:
[INFO] [stdout]    0:     0x618a87898a41 - <<std[70759c8f55707aa4]::sys::backtrace::BacktraceLock>::print::DisplayBacktrace as core[df12db4294e9bfd3]::fmt::Display>::fmt
[INFO] [stdout]    1:     0x618a878ae37a - core[df12db4294e9bfd3]::fmt::write
[INFO] [stdout]    2:     0x618a8789cedc - <alloc[2182bb758b4b3781]::vec::Vec<u8> as core[df12db4294e9bfd3]::io::write::Write>::write_fmt
[INFO] [stdout]    3:     0x618a87875036 - std[70759c8f55707aa4]::panicking::default_hook::{closure#0}
[INFO] [stdout]    4:     0x618a878911a9 - std[70759c8f55707aa4]::panicking::default_hook
[INFO] [stdout]    5:     0x618a8776d850 - test[9d35eded1c95d3be]::test_main_inner::<test[9d35eded1c95d3be]::test_main_static::{closure#0}>::{closure#0}
[INFO] [stdout]    6:     0x618a87891362 - std[70759c8f55707aa4]::panicking::panic_with_hook
[INFO] [stdout]    7:     0x618a878750e2 - std[70759c8f55707aa4]::panicking::panic_handler::{closure#0}
[INFO] [stdout]    8:     0x618a8786de69 - std[70759c8f55707aa4]::sys::backtrace::__rust_end_short_backtrace::<std[70759c8f55707aa4]::panicking::panic_handler::{closure#0}, !>
[INFO] [stdout]    9:     0x618a87875cdd - __rustc[8fa7c3cbc660c2b3]::rust_begin_unwind
[INFO] [stdout]   10:     0x618a878aeb5c - core[df12db4294e9bfd3]::panicking::panic_fmt
[INFO] [stdout]   11:     0x618a878aea73 - core[df12db4294e9bfd3]::panicking::assert_failed_inner
[INFO] [stdout]   12:     0x618a8775f007 - core[df12db4294e9bfd3]::panicking::assert_failed::<alloc[2182bb758b4b3781]::string::String, &str>
[INFO] [stdout]   13:     0x618a877601c6 - verinc[abc6fa8c556a931]::tests::multiline
[INFO] [stdout]   14:     0x618a8775e7b9 - <verinc[abc6fa8c556a931]::tests::multiline::{closure#0} as core[df12db4294e9bfd3]::ops::function::FnOnce<()>>::call_once
[INFO] [stdout]   15:     0x618a87760b3b - test[9d35eded1c95d3be]::__rust_begin_short_backtrace::<core[df12db4294e9bfd3]::result::Result<(), alloc[2182bb758b4b3781]::string::String>, fn() -> core[df12db4294e9bfd3]::result::Result<(), alloc[2182bb758b4b3781]::string::String>>
[INFO] [stdout]   16:     0x618a8776e1a5 - test[9d35eded1c95d3be]::run_test::{closure#0}
[INFO] [stdout]   17:     0x618a87767a64 - std[70759c8f55707aa4]::sys::backtrace::__rust_begin_short_backtrace::<test[9d35eded1c95d3be]::run_test::{closure#1}, ()>
[INFO] [stdout]   18:     0x618a87771302 - <std[70759c8f55707aa4]::thread::lifecycle::spawn_unchecked<test[9d35eded1c95d3be]::run_test::{closure#1}, ()>::{closure#1} as core[df12db4294e9bfd3]::ops::function::FnOnce<()>>::call_once::{shim:vtable#0}
[INFO] [stdout]   19:     0x618a87898319 - <std[70759c8f55707aa4]::sys::thread::unix::Thread>::new::thread_start
[INFO] [stdout]   20:     0x7308ef302dfa - <unknown>
[INFO] [stdout]   21:     0x7308ef3963d4 - clone
[INFO] [stdout]   22:                0x0 - <unknown>
[INFO] [stdout] 
[INFO] [stdout] ---- tests::major stdout ----
[INFO] [stdout] 
[INFO] [stdout] thread 'tests::major' (326) panicked at src/lib.rs:150:9:
[INFO] [stdout] assertion `left == right` failed
[INFO] [stdout]   left: "1.0.0"
[INFO] [stdout]  right: "2.0.0"
[INFO] [stdout] stack backtrace:
[INFO] [stdout]    0:     0x618a87898a41 - <<std[70759c8f55707aa4]::sys::backtrace::BacktraceLock>::print::DisplayBacktrace as core[df12db4294e9bfd3]::fmt::Display>::fmt
[INFO] [stdout]    1:     0x618a878ae37a - core[df12db4294e9bfd3]::fmt::write
[INFO] [stdout]    2:     0x618a8789cedc - <alloc[2182bb758b4b3781]::vec::Vec<u8> as core[df12db4294e9bfd3]::io::write::Write>::write_fmt
[INFO] [stdout]    3:     0x618a87875036 - std[70759c8f55707aa4]::panicking::default_hook::{closure#0}
[INFO] [stdout]    4:     0x618a878911a9 - std[70759c8f55707aa4]::panicking::default_hook
[INFO] [stdout]    5:     0x618a8776d850 - test[9d35eded1c95d3be]::test_main_inner::<test[9d35eded1c95d3be]::test_main_static::{closure#0}>::{closure#0}
[INFO] [stdout]    6:     0x618a87891362 - std[70759c8f55707aa4]::panicking::panic_with_hook
[INFO] [stdout]    7:     0x618a878750e2 - std[70759c8f55707aa4]::panicking::panic_handler::{closure#0}
[INFO] [stdout]    8:     0x618a8786de69 - std[70759c8f55707aa4]::sys::backtrace::__rust_end_short_backtrace::<std[70759c8f55707aa4]::panicking::panic_handler::{closure#0}, !>
[INFO] [stdout]    9:     0x618a87875cdd - __rustc[8fa7c3cbc660c2b3]::rust_begin_unwind
[INFO] [stdout]   10:     0x618a878aeb5c - core[df12db4294e9bfd3]::panicking::panic_fmt
[INFO] [stdout]   11:     0x618a878aea73 - core[df12db4294e9bfd3]::panicking::assert_failed_inner
[INFO] [stdout]   12:     0x618a8775f007 - core[df12db4294e9bfd3]::panicking::assert_failed::<alloc[2182bb758b4b3781]::string::String, &str>
[INFO] [stdout]   13:     0x618a8775f894 - verinc[abc6fa8c556a931]::tests::major
[INFO] [stdout]   14:     0x618a8775e759 - <verinc[abc6fa8c556a931]::tests::major::{closure#0} as core[df12db4294e9bfd3]::ops::function::FnOnce<()>>::call_once
[INFO] [stdout]   15:     0x618a87760b3b - test[9d35eded1c95d3be]::__rust_begin_short_backtrace::<core[df12db4294e9bfd3]::result::Result<(), alloc[2182bb758b4b3781]::string::String>, fn() -> core[df12db4294e9bfd3]::result::Result<(), alloc[2182bb758b4b3781]::string::String>>
[INFO] [stdout]   16:     0x618a8776e1a5 - test[9d35eded1c95d3be]::run_test::{closure#0}
[INFO] [stdout]   17:     0x618a87767a64 - std[70759c8f55707aa4]::sys::backtrace::__rust_begin_short_backtrace::<test[9d35eded1c95d3be]::run_test::{closure#1}, ()>
[INFO] [stdout]   18:     0x618a87771302 - <std[70759c8f55707aa4]::thread::lifecycle::spawn_unchecked<test[9d35eded1c95d3be]::run_test::{closure#1}, ()>::{closure#1} as core[df12db4294e9bfd3]::ops::function::FnOnce<()>>::call_once::{shim:vtable#0}
[INFO] [stdout]   19:     0x618a87898319 - <std[70759c8f55707aa4]::sys::thread::unix::Thread>::new::thread_start
[INFO] [stdout]   20:     0x7308ef302dfa - <unknown>
[INFO] [stdout]   21:     0x7308ef3963d4 - clone
[INFO] [stdout]   22:                0x0 - <unknown>
[INFO] [stdout] 
[INFO] [stdout] ---- tests::leading_zeros stdout ----
[INFO] [stdout] 
[INFO] [stdout] thread 'tests::leading_zeros' (325) panicked at src/lib.rs:180:9:
[INFO] [stdout] assertion `left == right` failed
[INFO] [stdout]   left: "1.01.0 12.13.14"
[INFO] [stdout]  right: "1.01.0 12.14.0"
[INFO] [stdout] stack backtrace:
[INFO] [stdout]    0:     0x618a87898a41 - <<std[70759c8f55707aa4]::sys::backtrace::BacktraceLock>::print::DisplayBacktrace as core[df12db4294e9bfd3]::fmt::Display>::fmt
[INFO] [stdout]    1:     0x618a878ae37a - core[df12db4294e9bfd3]::fmt::write
[INFO] [stdout]    2:     0x618a8789cedc - <alloc[2182bb758b4b3781]::vec::Vec<u8> as core[df12db4294e9bfd3]::io::write::Write>::write_fmt
[INFO] [stdout]    3:     0x618a87875036 - std[70759c8f55707aa4]::panicking::default_hook::{closure#0}
[INFO] [stdout]    4:     0x618a878911a9 - std[70759c8f55707aa4]::panicking::default_hook
[INFO] [stdout]    5:     0x618a8776d850 - test[9d35eded1c95d3be]::test_main_inner::<test[9d35eded1c95d3be]::test_main_static::{closure#0}>::{closure#0}
[INFO] [stdout]    6:     0x618a87891362 - std[70759c8f55707aa4]::panicking::panic_with_hook
[INFO] [stdout]    7:     0x618a878750e2 - std[70759c8f55707aa4]::panicking::panic_handler::{closure#0}
[INFO] [stdout]    8:     0x618a8786de69 - std[70759c8f55707aa4]::sys::backtrace::__rust_end_short_backtrace::<std[70759c8f55707aa4]::panicking::panic_handler::{closure#0}, !>
[INFO] [stdout]    9:     0x618a87875cdd - __rustc[8fa7c3cbc660c2b3]::rust_begin_unwind
[INFO] [stdout]   10:     0x618a878aeb5c - core[df12db4294e9bfd3]::panicking::panic_fmt
[INFO] [stdout]   11:     0x618a878aea73 - core[df12db4294e9bfd3]::panicking::assert_failed_inner
[INFO] [stdout]   12:     0x618a8775f007 - core[df12db4294e9bfd3]::panicking::assert_failed::<alloc[2182bb758b4b3781]::string::String, &str>
[INFO] [stdout]   13:     0x618a8775f4de - verinc[abc6fa8c556a931]::tests::leading_zeros
[INFO] [stdout]   14:     0x618a8775e739 - <verinc[abc6fa8c556a931]::tests::leading_zeros::{closure#0} as core[df12db4294e9bfd3]::ops::function::FnOnce<()>>::call_once
[INFO] [stdout]   15:     0x618a87760b3b - test[9d35eded1c95d3be]::__rust_begin_short_backtrace::<core[df12db4294e9bfd3]::result::Result<(), alloc[2182bb758b4b3781]::string::String>, fn() -> core[df12db4294e9bfd3]::result::Result<(), alloc[2182bb758b4b3781]::string::String>>
[INFO] [stdout]   16:     0x618a8776e1a5 - test[9d35eded1c95d3be]::run_test::{closure#0}
[INFO] [stdout]   17:     0x618a87767a64 - std[70759c8f55707aa4]::sys::backtrace::__rust_begin_short_backtrace::<test[9d35eded1c95d3be]::run_test::{closure#1}, ()>
[INFO] [stdout]   18:     0x618a87771302 - <std[70759c8f55707aa4]::thread::lifecycle::spawn_unchecked<test[9d35eded1c95d3be]::run_test::{closure#1}, ()>::{closure#1} as core[df12db4294e9bfd3]::ops::function::FnOnce<()>>::call_once::{shim:vtable#0}
[INFO] [stdout]   19:     0x618a87898319 - <std[70759c8f55707aa4]::sys::thread::unix::Thread>::new::thread_start
[INFO] [stdout]   20:     0x7308ef302dfa - <unknown>
[INFO] [stdout]   21:     0x7308ef3963d4 - clone
[INFO] [stdout]   22:                0x0 - <unknown>
[INFO] [stdout] 
[INFO] [stdout] 
[INFO] [stdout] failures:
[INFO] [stdout]     tests::leading_zeros
[INFO] [stdout]     tests::major
[INFO] [stdout]     tests::minor
[INFO] [stdout]     tests::multiline
[INFO] [stdout]     tests::patch
[INFO] [stdout] 
[INFO] [stdout] test result: FAILED. 1 passed; 5 failed; 0 ignored; 0 measured; 0 filtered out; finished in 0.02s
[INFO] [stdout] 
[INFO] [stderr] error: test failed, to rerun pass `--lib`
[INFO] running `Command { std: "docker" "inspect" "4ceef7b3f7333001feb1a49d6ea5b8d0c80929c7ed9ebdfb34373cca2cef8aa3", kill_on_drop: false }`
[INFO] running `Command { std: "docker" "rm" "-f" "4ceef7b3f7333001feb1a49d6ea5b8d0c80929c7ed9ebdfb34373cca2cef8aa3", kill_on_drop: false }`
[INFO] [stdout] 4ceef7b3f7333001feb1a49d6ea5b8d0c80929c7ed9ebdfb34373cca2cef8aa3
