[INFO] fetching crate verilog-netlist-parser 0.1.0...
[INFO] testing verilog-netlist-parser-0.1.0 against 1.99.0-beta.8+cargoflags=--release for beta-release-1.100-2
[INFO] extracting crate verilog-netlist-parser 0.1.0 into /workspace/builds/worker-1-tc1/source
[INFO] started tweaking crates.io crate verilog-netlist-parser 0.1.0
[INFO] finished tweaking crates.io crate verilog-netlist-parser 0.1.0
[INFO] tweaked toml for crates.io crate verilog-netlist-parser 0.1.0 written to /workspace/builds/worker-1-tc1/source/Cargo.toml
[INFO] validating manifest of crates.io crate verilog-netlist-parser 0.1.0 on toolchain 1.99.0-beta.8
[INFO] running `Command { std: CARGO_HOME="/workspace/cargo-home" RUSTUP_HOME="/workspace/rustup-home" "/workspace/cargo-home/bin/cargo" "+1.99.0-beta.8" "metadata" "--manifest-path" "Cargo.toml" "--no-deps", kill_on_drop: false }`
[INFO] crate crates.io crate verilog-netlist-parser 0.1.0 already has a lockfile, it will not be regenerated
[INFO] running `Command { std: CARGO_HOME="/workspace/cargo-home" RUSTUP_HOME="/workspace/rustup-home" "/workspace/cargo-home/bin/cargo" "+1.99.0-beta.8" "fetch" "--manifest-path" "Cargo.toml", kill_on_drop: false }`
[INFO] [stderr]  Downloading crates ...
[INFO] [stderr]   Downloaded pest_derive v2.7.4
[INFO] [stderr]   Downloaded pest_generator v2.7.4
[INFO] [stderr]   Downloaded pest v2.7.4
[INFO] [stderr]   Downloaded pest_meta v2.7.4
[INFO] [stderr]   Downloaded termcolor v1.3.0
[INFO] [stderr]   Downloaded serde_derive v1.0.190
[INFO] [stderr]   Downloaded serde v1.0.190
[INFO] [stderr]   Downloaded cbindgen v0.26.0
[INFO] [stderr]   Downloaded rustix v0.38.21
[INFO] running `Command { std: "docker" "create" "-v" "/var/lib/crater-agent-workspace/builds/worker-1-tc1/source:/opt/rustwide/workdir:ro,Z" "-v" "/var/lib/crater-agent-workspace/builds/worker-1-tc1/target:/opt/rustwide/target:rw,Z" "-v" "/var/lib/crater-agent-workspace/cargo-home:/opt/rustwide/cargo-home:ro,Z" "-v" "/var/lib/crater-agent-workspace/rustup-home:/opt/rustwide/rustup-home:ro,Z" "-m" "1610612736" "--network" "none" "ghcr.io/rust-lang/crates-build-env/linux@sha256:77db811e55d90add9212f6832c23229e3de5f1c1f9905e8cb07319ea15df73ac" "sleep" "infinity", kill_on_drop: false }`
[INFO] [stdout] d951ffa05f1b7a0d270223a7bce933055266bb5f2c3ffec624b26493cdd6567c
[INFO] running `Command { std: "docker" "start" "d951ffa05f1b7a0d270223a7bce933055266bb5f2c3ffec624b26493cdd6567c", kill_on_drop: false }`
[INFO] running `Command { std: "docker" "inspect" "d951ffa05f1b7a0d270223a7bce933055266bb5f2c3ffec624b26493cdd6567c", kill_on_drop: false }`
[INFO] running `Command { std: "docker" "exec" "-e" "SOURCE_DIR=/opt/rustwide/workdir" "-e" "CARGO_HOME=/opt/rustwide/cargo-home" "-e" "RUSTUP_HOME=/opt/rustwide/rustup-home" "-e" "CARGO_TARGET_DIR=/opt/rustwide/target" "-w" "/opt/rustwide/workdir" "--user" "0:0" "d951ffa05f1b7a0d270223a7bce933055266bb5f2c3ffec624b26493cdd6567c" "/opt/rustwide/cargo-home/bin/cargo" "+1.99.0-beta.8" "metadata" "--no-deps" "--format-version=1", kill_on_drop: false }`
[INFO] running `Command { std: "docker" "inspect" "d951ffa05f1b7a0d270223a7bce933055266bb5f2c3ffec624b26493cdd6567c", kill_on_drop: false }`
[INFO] running `Command { std: "docker" "exec" "-e" "SOURCE_DIR=/opt/rustwide/workdir" "-e" "CARGO_HOME=/opt/rustwide/cargo-home" "-e" "RUSTUP_HOME=/opt/rustwide/rustup-home" "-e" "CARGO_TARGET_DIR=/opt/rustwide/target" "-e" "CARGO_INCREMENTAL=0" "-e" "RUST_BACKTRACE=full" "-e" "RUSTFLAGS=--cap-lints=warn" "-e" "RUSTDOCFLAGS=--cap-lints=warn" "-w" "/opt/rustwide/workdir" "--user" "0:0" "d951ffa05f1b7a0d270223a7bce933055266bb5f2c3ffec624b26493cdd6567c" "/opt/rustwide/cargo-home/bin/cargo" "+1.99.0-beta.8" "build" "--frozen" "--message-format=json" "--release", kill_on_drop: false }`
[INFO] [stderr]    Compiling proc-macro2 v1.0.67
[INFO] [stderr]    Compiling thiserror v1.0.49
[INFO] [stderr]    Compiling libc v0.2.148
[INFO] [stderr]    Compiling serde v1.0.190
[INFO] [stderr]    Compiling rustix v0.38.21
[INFO] [stderr]    Compiling serde_json v1.0.108
[INFO] [stderr]    Compiling os_str_bytes v6.6.1
[INFO] [stderr]    Compiling syn v1.0.109
[INFO] [stderr]    Compiling linux-raw-sys v0.4.10
[INFO] [stderr]    Compiling bitflags v2.4.1
[INFO] [stderr]    Compiling fastrand v2.0.1
[INFO] [stderr]    Compiling memchr v2.6.3
[INFO] [stderr]    Compiling indexmap v1.9.3
[INFO] [stderr]    Compiling cbindgen v0.26.0
[INFO] [stderr]    Compiling ryu v1.0.15
[INFO] [stderr]    Compiling textwrap v0.16.0
[INFO] [stderr]    Compiling ucd-trie v0.1.6
[INFO] [stderr]    Compiling termcolor v1.3.0
[INFO] [stderr]    Compiling itoa v1.0.9
[INFO] [stderr]    Compiling clap_lex v0.2.4
[INFO] [stderr]    Compiling once_cell v1.18.0
[INFO] [stderr]    Compiling log v0.4.20
[INFO] [stderr]    Compiling quote v1.0.33
[INFO] [stderr]    Compiling syn v2.0.37
[INFO] [stderr]    Compiling atty v0.2.14
[INFO] [stderr]    Compiling clap v3.2.25
[INFO] [stderr]    Compiling tempfile v3.8.1
[INFO] [stderr]    Compiling thiserror-impl v1.0.49
[INFO] [stderr]    Compiling serde_derive v1.0.190
[INFO] [stderr]    Compiling pest v2.7.4
[INFO] [stderr]    Compiling pest_meta v2.7.4
[INFO] [stderr]    Compiling pest_generator v2.7.4
[INFO] [stderr]    Compiling pest_derive v2.7.4
[INFO] [stderr]    Compiling toml v0.5.11
[INFO] [stderr]    Compiling verilog-netlist-parser v0.1.0 (/opt/rustwide/workdir)
[INFO] [stdout] warning: hiding a lifetime that's elided elsewhere is confusing
[INFO] [stdout]   --> src/verilog_parser/mod.rs:18:28
[INFO] [stdout]    |
[INFO] [stdout] 18 | fn process_module_id(pair: Pair<Rule>) -> Result<&str, pest::error::Error<Rule>> {
[INFO] [stdout]    |                            ^^^^^^^^^^            ^^^^ the same lifetime is elided here
[INFO] [stdout]    |                            |
[INFO] [stdout]    |                            the lifetime is hidden here
[INFO] [stdout]    |
[INFO] [stdout]    = help: the same lifetime is referred to in inconsistent ways, making the signature confusing
[INFO] [stdout]    = note: `#[warn(mismatched_lifetime_syntaxes)]` on by default
[INFO] [stdout] help: use `'_` for type paths
[INFO] [stdout]    |
[INFO] [stdout] 18 | fn process_module_id(pair: Pair<'_, Rule>) -> Result<&str, pest::error::Error<Rule>> {
[INFO] [stdout]    |                                 +++
[INFO] [stdout] 
[INFO] [stdout] 
[INFO] [stdout] warning: hiding a lifetime that's elided elsewhere is confusing
[INFO] [stdout]   --> src/verilog_parser/mod.rs:18:28
[INFO] [stdout]    |
[INFO] [stdout] 18 | fn process_module_id(pair: Pair<Rule>) -> Result<&str, pest::error::Error<Rule>> {
[INFO] [stdout]    |                            ^^^^^^^^^^            ^^^^ the same lifetime is elided here
[INFO] [stdout]    |                            |
[INFO] [stdout]    |                            the lifetime is hidden here
[INFO] [stdout]    |
[INFO] [stdout]    = help: the same lifetime is referred to in inconsistent ways, making the signature confusing
[INFO] [stdout]    = note: `#[warn(mismatched_lifetime_syntaxes)]` on by default
[INFO] [stdout] help: use `'_` for type paths
[INFO] [stdout]    |
[INFO] [stdout] 18 | fn process_module_id(pair: Pair<'_, Rule>) -> Result<&str, pest::error::Error<Rule>> {
[INFO] [stdout]    |                                 +++
[INFO] [stdout] 
[INFO] [stdout] 
[INFO] [stderr]     Finished `release` profile [optimized] target(s) in 40.00s
[INFO] running `Command { std: "docker" "inspect" "d951ffa05f1b7a0d270223a7bce933055266bb5f2c3ffec624b26493cdd6567c", kill_on_drop: false }`
[INFO] running `Command { std: "docker" "exec" "-e" "SOURCE_DIR=/opt/rustwide/workdir" "-e" "CARGO_HOME=/opt/rustwide/cargo-home" "-e" "RUSTUP_HOME=/opt/rustwide/rustup-home" "-e" "CARGO_TARGET_DIR=/opt/rustwide/target" "-e" "CARGO_INCREMENTAL=0" "-e" "RUST_BACKTRACE=full" "-e" "RUSTFLAGS=--cap-lints=warn" "-e" "RUSTDOCFLAGS=--cap-lints=warn" "-w" "/opt/rustwide/workdir" "--user" "0:0" "d951ffa05f1b7a0d270223a7bce933055266bb5f2c3ffec624b26493cdd6567c" "/opt/rustwide/cargo-home/bin/cargo" "+1.99.0-beta.8" "test" "--frozen" "--no-run" "--message-format=json" "--release", kill_on_drop: false }`
[INFO] [stderr]    Compiling verilog-netlist-parser v0.1.0 (/opt/rustwide/workdir)
[INFO] [stdout] warning: hiding a lifetime that's elided elsewhere is confusing
[INFO] [stdout]   --> src/verilog_parser/mod.rs:18:28
[INFO] [stdout]    |
[INFO] [stdout] 18 | fn process_module_id(pair: Pair<Rule>) -> Result<&str, pest::error::Error<Rule>> {
[INFO] [stdout]    |                            ^^^^^^^^^^            ^^^^ the same lifetime is elided here
[INFO] [stdout]    |                            |
[INFO] [stdout]    |                            the lifetime is hidden here
[INFO] [stdout]    |
[INFO] [stdout]    = help: the same lifetime is referred to in inconsistent ways, making the signature confusing
[INFO] [stdout]    = note: `#[warn(mismatched_lifetime_syntaxes)]` on by default
[INFO] [stdout] help: use `'_` for type paths
[INFO] [stdout]    |
[INFO] [stdout] 18 | fn process_module_id(pair: Pair<'_, Rule>) -> Result<&str, pest::error::Error<Rule>> {
[INFO] [stdout]    |                                 +++
[INFO] [stdout] 
[INFO] [stdout] 
[INFO] [stdout] warning: unused import: `pest::error`
[INFO] [stdout]    --> src/verilog_parser/mod.rs:855:9
[INFO] [stdout]     |
[INFO] [stdout] 855 |     use pest::error;
[INFO] [stdout]     |         ^^^^^^^^^^^
[INFO] [stdout]     |
[INFO] [stdout]     = note: `#[warn(unused_imports)]` (part of `#[warn(unused)]`) on by default
[INFO] [stdout] 
[INFO] [stdout] 
[INFO] [stdout] warning: unused import: `pest::error`
[INFO] [stdout]    --> src/verilog_parser/mod.rs:855:9
[INFO] [stdout]     |
[INFO] [stdout] 855 |     use pest::error;
[INFO] [stdout]     |         ^^^^^^^^^^^
[INFO] [stdout]     |
[INFO] [stdout]     = note: `#[warn(unused_imports)]` (part of `#[warn(unused)]`) on by default
[INFO] [stdout] 
[INFO] [stdout] 
[INFO] [stdout] warning: hiding a lifetime that's elided elsewhere is confusing
[INFO] [stdout]   --> src/verilog_parser/mod.rs:18:28
[INFO] [stdout]    |
[INFO] [stdout] 18 | fn process_module_id(pair: Pair<Rule>) -> Result<&str, pest::error::Error<Rule>> {
[INFO] [stdout]    |                            ^^^^^^^^^^            ^^^^ the same lifetime is elided here
[INFO] [stdout]    |                            |
[INFO] [stdout]    |                            the lifetime is hidden here
[INFO] [stdout]    |
[INFO] [stdout]    = help: the same lifetime is referred to in inconsistent ways, making the signature confusing
[INFO] [stdout]    = note: `#[warn(mismatched_lifetime_syntaxes)]` on by default
[INFO] [stdout] help: use `'_` for type paths
[INFO] [stdout]    |
[INFO] [stdout] 18 | fn process_module_id(pair: Pair<'_, Rule>) -> Result<&str, pest::error::Error<Rule>> {
[INFO] [stdout]    |                                 +++
[INFO] [stdout] 
[INFO] [stdout] 
[INFO] [stdout] warning: hiding a lifetime that's elided elsewhere is confusing
[INFO] [stdout]   --> src/verilog_parser/mod.rs:18:28
[INFO] [stdout]    |
[INFO] [stdout] 18 | fn process_module_id(pair: Pair<Rule>) -> Result<&str, pest::error::Error<Rule>> {
[INFO] [stdout]    |                            ^^^^^^^^^^            ^^^^ the same lifetime is elided here
[INFO] [stdout]    |                            |
[INFO] [stdout]    |                            the lifetime is hidden here
[INFO] [stdout]    |
[INFO] [stdout]    = help: the same lifetime is referred to in inconsistent ways, making the signature confusing
[INFO] [stdout]    = note: `#[warn(mismatched_lifetime_syntaxes)]` on by default
[INFO] [stdout] help: use `'_` for type paths
[INFO] [stdout]    |
[INFO] [stdout] 18 | fn process_module_id(pair: Pair<'_, Rule>) -> Result<&str, pest::error::Error<Rule>> {
[INFO] [stdout]    |                                 +++
[INFO] [stdout] 
[INFO] [stdout] 
[INFO] [stderr]     Finished `release` profile [optimized] target(s) in 7.95s
[INFO] running `Command { std: "docker" "inspect" "d951ffa05f1b7a0d270223a7bce933055266bb5f2c3ffec624b26493cdd6567c", kill_on_drop: false }`
[INFO] running `Command { std: "docker" "exec" "-e" "SOURCE_DIR=/opt/rustwide/workdir" "-e" "CARGO_HOME=/opt/rustwide/cargo-home" "-e" "RUSTUP_HOME=/opt/rustwide/rustup-home" "-e" "CARGO_TARGET_DIR=/opt/rustwide/target" "-e" "CARGO_INCREMENTAL=0" "-e" "RUST_BACKTRACE=full" "-e" "RUSTFLAGS=--cap-lints=warn" "-e" "RUSTDOCFLAGS=--cap-lints=warn" "-w" "/opt/rustwide/workdir" "--user" "0:0" "d951ffa05f1b7a0d270223a7bce933055266bb5f2c3ffec624b26493cdd6567c" "/opt/rustwide/cargo-home/bin/cargo" "+1.99.0-beta.8" "test" "--frozen" "--release", kill_on_drop: false }`
[INFO] [stderr] warning: hiding a lifetime that's elided elsewhere is confusing
[INFO] [stderr]   --> src/verilog_parser/mod.rs:18:28
[INFO] [stderr]    |
[INFO] [stderr] 18 | fn process_module_id(pair: Pair<Rule>) -> Result<&str, pest::error::Error<Rule>> {
[INFO] [stderr]    |                            ^^^^^^^^^^            ^^^^ the same lifetime is elided here
[INFO] [stderr]    |                            |
[INFO] [stderr]    |                            the lifetime is hidden here
[INFO] [stderr]    |
[INFO] [stderr]    = help: the same lifetime is referred to in inconsistent ways, making the signature confusing
[INFO] [stderr]    = note: `#[warn(mismatched_lifetime_syntaxes)]` on by default
[INFO] [stderr] help: use `'_` for type paths
[INFO] [stderr]    |
[INFO] [stderr] 18 | fn process_module_id(pair: Pair<'_, Rule>) -> Result<&str, pest::error::Error<Rule>> {
[INFO] [stderr]    |                                 +++
[INFO] [stderr] 
[INFO] [stderr] warning: unused import: `pest::error`
[INFO] [stderr]    --> src/verilog_parser/mod.rs:855:9
[INFO] [stderr]     |
[INFO] [stderr] 855 |     use pest::error;
[INFO] [stderr]     |         ^^^^^^^^^^^
[INFO] [stderr]     |
[INFO] [stderr]     = note: `#[warn(unused_imports)]` (part of `#[warn(unused)]`) on by default
[INFO] [stderr] 
[INFO] [stderr] warning: `verilog-netlist-parser` (lib) generated 1 warning (run `cargo fix --lib -p verilog-netlist-parser` to apply 1 suggestion)
[INFO] [stderr] warning: `verilog-netlist-parser` (lib test) generated 2 warnings (1 duplicate) (run `cargo fix --lib -p verilog-netlist-parser --tests` to apply 1 suggestion)
[INFO] [stderr] warning: `verilog-netlist-parser` (bin "verilog-netlist-parser" test) generated 2 warnings (2 duplicates)
[INFO] [stderr]     Finished `release` profile [optimized] target(s) in 0.10s
[INFO] [stderr]      Running unittests src/lib.rs (/opt/rustwide/target/release/deps/verilog_parser-76500fa5cbb34891)
[INFO] [stdout] 
[INFO] [stdout] running 26 tests
[INFO] [stdout] test verilog_parser::tests::test_parse_port_connection ... ok
[INFO] [stdout] test verilog_parser::tests::test_parse_module_id ... ok
[INFO] [stdout] test verilog_parser::tests::test_parse_port_list ... ok
[INFO] [stdout] test verilog_parser::tests::test_parse_first_port_connection_single_connect ... ok
[INFO] [stdout] test verilog_parser::tests::test_parse_port_block_declaration ... ok
[INFO] [stdout] test verilog_parser::tests::test_parse_first_port_connection_multiple_connect ... ok
[INFO] [stdout] test verilog_parser::tests::test_parse_port_block_connection ... ok
[INFO] [stdout] test verilog_parser::tests::test_parse_port_or_wire_id ... ok
[INFO] [stdout] test verilog_parser::tests::test_parse_assign_port_or_wire_id ... ok
[INFO] [stdout] test verilog_parser::tests::test_parse_comment ... ok
[INFO] [stdout] test verilog_parser::tests::test_parse_inst_block_declaration ... ok
[INFO] [stdout] test verilog_parser::tests::test_parse_wire_block_declaration ... ok
[INFO] [stdout] test verilog_parser::tests::test_parse_port_or_wire_id1 ... ok
[INFO] [stdout] test verilog_parser::tests::test_parse_yosys_hierarchy_declaration ... ok
[INFO] [stdout] test verilog_parser::tests::test_parse_module_declaration ... ok
[INFO] [stdout] test verilog_parser::tests::test_parse_inst_or_cell_id ... ok
[INFO] [stdout] test verilog_parser::tests::test_parse_inst_declaration ... ok
[INFO] [stdout] test verilog_parser::tests::test_parse_input_declaration1 ... ok
[INFO] [stdout] test verilog_parser::tests::test_parse_wire_list_with_scalar_constant ... ok
[INFO] [stdout] test verilog_parser::tests::test_parse_input_declaration ... ok
[INFO] [stdout] test verilog_parser::tests::test_parse_wire_declaration ... ok
[INFO] [stdout] test verilog_parser::tests::test_extract_funs ... ok
[INFO] [stdout] test verilog_parser::tests::test_parse_assign_declaration ... ok
[INFO] [stdout] test verilog_parser::tests::test_parse_verilog_file3 ... FAILED
[INFO] [stdout] test verilog_parser::tests::test_parse_verilog_file2 ... FAILED
[INFO] [stdout] test verilog_parser::tests::test_parse_verilog_file1 ... FAILED
[INFO] [stdout] 
[INFO] [stdout] failures:
[INFO] [stdout] 
[INFO] [stdout] ---- verilog_parser::tests::test_parse_verilog_file3 stdout ----
[INFO] [stdout] 
[INFO] [stdout] thread 'verilog_parser::tests::test_parse_verilog_file3' (1064) panicked at src/verilog_parser/mod.rs:1250:33:
[INFO] [stdout] Can't read file: /home/longshuaiying/iEDA/src/database/manager/parser/verilog/verilog-rust/verilog-parser/example/asic_top_DC_downsize.v
[INFO] [stdout] stack backtrace:
[INFO] [stdout]    0:     0x5a778f105cf1 - <<std[70759c8f55707aa4]::sys::backtrace::BacktraceLock>::print::DisplayBacktrace as core[df12db4294e9bfd3]::fmt::Display>::fmt
[INFO] [stdout]    1:     0x5a778f11a34a - core[df12db4294e9bfd3]::fmt::write
[INFO] [stdout]    2:     0x5a778f10a18c - <alloc[2182bb758b4b3781]::vec::Vec<u8> as core[df12db4294e9bfd3]::io::write::Write>::write_fmt
[INFO] [stdout]    3:     0x5a778f0e1f76 - std[70759c8f55707aa4]::panicking::default_hook::{closure#0}
[INFO] [stdout]    4:     0x5a778f0fe0e9 - std[70759c8f55707aa4]::panicking::default_hook
[INFO] [stdout]    5:     0x5a778f099450 - test[9d35eded1c95d3be]::test_main_inner::<test[9d35eded1c95d3be]::test_main_static::{closure#0}>::{closure#0}
[INFO] [stdout]    6:     0x5a778f0fe2a2 - std[70759c8f55707aa4]::panicking::panic_with_hook
[INFO] [stdout]    7:     0x5a778f0e2022 - std[70759c8f55707aa4]::panicking::panic_handler::{closure#0}
[INFO] [stdout]    8:     0x5a778f0dac19 - std[70759c8f55707aa4]::sys::backtrace::__rust_end_short_backtrace::<std[70759c8f55707aa4]::panicking::panic_handler::{closure#0}, !>
[INFO] [stdout]    9:     0x5a778f0e2c1d - __rustc[8fa7c3cbc660c2b3]::rust_begin_unwind
[INFO] [stdout]   10:     0x5a778f11aa7c - core[df12db4294e9bfd3]::panicking::panic_fmt
[INFO] [stdout]   11:     0x5a778f088c7f - verilog_parser[34da14740efdb740]::verilog_parser::tests::test_parse_verilog_file3::{closure#0}
[INFO] [stdout]   12:     0x5a778f089e4d - verilog_parser[34da14740efdb740]::verilog_parser::tests::test_parse_verilog_file3
[INFO] [stdout]   13:     0x5a778f087f09 - <verilog_parser[34da14740efdb740]::verilog_parser::tests::test_parse_verilog_file3::{closure#0} as core[df12db4294e9bfd3]::ops::function::FnOnce<()>>::call_once
[INFO] [stdout]   14:     0x5a778f08c73b - test[9d35eded1c95d3be]::__rust_begin_short_backtrace::<core[df12db4294e9bfd3]::result::Result<(), alloc[2182bb758b4b3781]::string::String>, fn() -> core[df12db4294e9bfd3]::result::Result<(), alloc[2182bb758b4b3781]::string::String>>
[INFO] [stdout]   15:     0x5a778f099da5 - test[9d35eded1c95d3be]::run_test::{closure#0}
[INFO] [stdout]   16:     0x5a778f093664 - std[70759c8f55707aa4]::sys::backtrace::__rust_begin_short_backtrace::<test[9d35eded1c95d3be]::run_test::{closure#1}, ()>
[INFO] [stdout]   17:     0x5a778f09cf02 - <std[70759c8f55707aa4]::thread::lifecycle::spawn_unchecked<test[9d35eded1c95d3be]::run_test::{closure#1}, ()>::{closure#1} as core[df12db4294e9bfd3]::ops::function::FnOnce<()>>::call_once::{shim:vtable#0}
[INFO] [stdout]   18:     0x5a778f105259 - <std[70759c8f55707aa4]::sys::thread::unix::Thread>::new::thread_start
[INFO] [stdout]   19:     0x7b9472043dfa - <unknown>
[INFO] [stdout]   20:     0x7b94720d73d4 - clone
[INFO] [stdout]   21:                0x0 - <unknown>
[INFO] [stdout] 
[INFO] [stdout] ---- verilog_parser::tests::test_parse_verilog_file2 stdout ----
[INFO] [stdout] 
[INFO] [stdout] thread 'verilog_parser::tests::test_parse_verilog_file2' (1063) panicked at src/verilog_parser/mod.rs:1229:33:
[INFO] [stdout] Can't read file: /home/longshuaiying/iEDA/src/database/manager/parser/verilog/verilog-rust/verilog-parser/example/example1.v
[INFO] [stdout] stack backtrace:
[INFO] [stdout]    0:     0x5a778f105cf1 - <<std[70759c8f55707aa4]::sys::backtrace::BacktraceLock>::print::DisplayBacktrace as core[df12db4294e9bfd3]::fmt::Display>::fmt
[INFO] [stdout]    1:     0x5a778f11a34a - core[df12db4294e9bfd3]::fmt::write
[INFO] [stdout]    2:     0x5a778f10a18c - <alloc[2182bb758b4b3781]::vec::Vec<u8> as core[df12db4294e9bfd3]::io::write::Write>::write_fmt
[INFO] [stdout]    3:     0x5a778f0e1f76 - std[70759c8f55707aa4]::panicking::default_hook::{closure#0}
[INFO] [stdout]    4:     0x5a778f0fe0e9 - std[70759c8f55707aa4]::panicking::default_hook
[INFO] [stdout]    5:     0x5a778f099450 - test[9d35eded1c95d3be]::test_main_inner::<test[9d35eded1c95d3be]::test_main_static::{closure#0}>::{closure#0}
[INFO] [stdout]    6:     0x5a778f0fe2a2 - std[70759c8f55707aa4]::panicking::panic_with_hook
[INFO] [stdout]    7:     0x5a778f0e2022 - std[70759c8f55707aa4]::panicking::panic_handler::{closure#0}
[INFO] [stdout]    8:     0x5a778f0dac19 - std[70759c8f55707aa4]::sys::backtrace::__rust_end_short_backtrace::<std[70759c8f55707aa4]::panicking::panic_handler::{closure#0}, !>
[INFO] [stdout]    9:     0x5a778f0e2c1d - __rustc[8fa7c3cbc660c2b3]::rust_begin_unwind
[INFO] [stdout]   10:     0x5a778f11aa7c - core[df12db4294e9bfd3]::panicking::panic_fmt
[INFO] [stdout]   11:     0x5a778f088c0f - verilog_parser[34da14740efdb740]::verilog_parser::tests::test_parse_verilog_file2::{closure#0}
[INFO] [stdout]   12:     0x5a778f089d67 - verilog_parser[34da14740efdb740]::verilog_parser::tests::test_parse_verilog_file2
[INFO] [stdout]   13:     0x5a778f087ee9 - <verilog_parser[34da14740efdb740]::verilog_parser::tests::test_parse_verilog_file2::{closure#0} as core[df12db4294e9bfd3]::ops::function::FnOnce<()>>::call_once
[INFO] [stdout]   14:     0x5a778f08c73b - test[9d35eded1c95d3be]::__rust_begin_short_backtrace::<core[df12db4294e9bfd3]::result::Result<(), alloc[2182bb758b4b3781]::string::String>, fn() -> core[df12db4294e9bfd3]::result::Result<(), alloc[2182bb758b4b3781]::string::String>>
[INFO] [stdout]   15:     0x5a778f099da5 - test[9d35eded1c95d3be]::run_test::{closure#0}
[INFO] [stdout]   16:     0x5a778f093664 - std[70759c8f55707aa4]::sys::backtrace::__rust_begin_short_backtrace::<test[9d35eded1c95d3be]::run_test::{closure#1}, ()>
[INFO] [stdout]   17:     0x5a778f09cf02 - <std[70759c8f55707aa4]::thread::lifecycle::spawn_unchecked<test[9d35eded1c95d3be]::run_test::{closure#1}, ()>::{closure#1} as core[df12db4294e9bfd3]::ops::function::FnOnce<()>>::call_once::{shim:vtable#0}
[INFO] [stdout]   18:     0x5a778f105259 - <std[70759c8f55707aa4]::sys::thread::unix::Thread>::new::thread_start
[INFO] [stdout]   19:     0x7b9472043dfa - <unknown>
[INFO] [stdout]   20:     0x7b94720d73d4 - clone
[INFO] [stdout]   21:                0x0 - <unknown>
[INFO] [stdout] 
[INFO] [stdout] ---- verilog_parser::tests::test_parse_verilog_file1 stdout ----
[INFO] [stdout] 
[INFO] [stdout] thread 'verilog_parser::tests::test_parse_verilog_file1' (1062) panicked at src/verilog_parser/mod.rs:1218:33:
[INFO] [stdout] Can't read file: /home/longshuaiying/iEDA/src/database/manager/parser/verilog/verilog-rust/verilog-parser/example/asic_top_flatten.v
[INFO] [stdout] stack backtrace:
[INFO] [stdout]    0:     0x5a778f105cf1 - <<std[70759c8f55707aa4]::sys::backtrace::BacktraceLock>::print::DisplayBacktrace as core[df12db4294e9bfd3]::fmt::Display>::fmt
[INFO] [stdout]    1:     0x5a778f11a34a - core[df12db4294e9bfd3]::fmt::write
[INFO] [stdout]    2:     0x5a778f10a18c - <alloc[2182bb758b4b3781]::vec::Vec<u8> as core[df12db4294e9bfd3]::io::write::Write>::write_fmt
[INFO] [stdout]    3:     0x5a778f0e1f76 - std[70759c8f55707aa4]::panicking::default_hook::{closure#0}
[INFO] [stdout]    4:     0x5a778f0fe0e9 - std[70759c8f55707aa4]::panicking::default_hook
[INFO] [stdout]    5:     0x5a778f099450 - test[9d35eded1c95d3be]::test_main_inner::<test[9d35eded1c95d3be]::test_main_static::{closure#0}>::{closure#0}
[INFO] [stdout]    6:     0x5a778f0fe2a2 - std[70759c8f55707aa4]::panicking::panic_with_hook
[INFO] [stdout]    7:     0x5a778f0e2022 - std[70759c8f55707aa4]::panicking::panic_handler::{closure#0}
[INFO] [stdout]    8:     0x5a778f0dac19 - std[70759c8f55707aa4]::sys::backtrace::__rust_end_short_backtrace::<std[70759c8f55707aa4]::panicking::panic_handler::{closure#0}, !>
[INFO] [stdout]    9:     0x5a778f0e2c1d - __rustc[8fa7c3cbc660c2b3]::rust_begin_unwind
[INFO] [stdout]   10:     0x5a778f11aa7c - core[df12db4294e9bfd3]::panicking::panic_fmt
[INFO] [stdout]   11:     0x5a778f088b9f - verilog_parser[34da14740efdb740]::verilog_parser::tests::test_parse_verilog_file1::{closure#0}
[INFO] [stdout]   12:     0x5a778f089ca7 - verilog_parser[34da14740efdb740]::verilog_parser::tests::test_parse_verilog_file1
[INFO] [stdout]   13:     0x5a778f087ec9 - <verilog_parser[34da14740efdb740]::verilog_parser::tests::test_parse_verilog_file1::{closure#0} as core[df12db4294e9bfd3]::ops::function::FnOnce<()>>::call_once
[INFO] [stdout]   14:     0x5a778f08c73b - test[9d35eded1c95d3be]::__rust_begin_short_backtrace::<core[df12db4294e9bfd3]::result::Result<(), alloc[2182bb758b4b3781]::string::String>, fn() -> core[df12db4294e9bfd3]::result::Result<(), alloc[2182bb758b4b3781]::string::String>>
[INFO] [stdout]   15:     0x5a778f099da5 - test[9d35eded1c95d3be]::run_test::{closure#0}
[INFO] [stdout]   16:     0x5a778f093664 - std[70759c8f55707aa4]::sys::backtrace::__rust_begin_short_backtrace::<test[9d35eded1c95d3be]::run_test::{closure#1}, ()>
[INFO] [stdout]   17:     0x5a778f09cf02 - <std[70759c8f55707aa4]::thread::lifecycle::spawn_unchecked<test[9d35eded1c95d3be]::run_test::{closure#1}, ()>::{closure#1} as core[df12db4294e9bfd3]::ops::function::FnOnce<()>>::call_once::{shim:vtable#0}
[INFO] [stdout]   18:     0x5a778f105259 - <std[70759c8f55707aa4]::sys::thread::unix::Thread>::new::thread_start
[INFO] [stdout]   19:     0x7b9472043dfa - <unknown>
[INFO] [stdout]   20:     0x7b94720d73d4 - clone
[INFO] [stdout]   21:                0x0 - <unknown>
[INFO] [stdout] 
[INFO] [stdout] 
[INFO] [stdout] failures:
[INFO] [stdout]     verilog_parser::tests::test_parse_verilog_file1
[INFO] [stdout]     verilog_parser::tests::test_parse_verilog_file2
[INFO] [stdout]     verilog_parser::tests::test_parse_verilog_file3
[INFO] [stdout] 
[INFO] [stdout] test result: FAILED. 23 passed; 3 failed; 0 ignored; 0 measured; 0 filtered out; finished in 0.01s
[INFO] [stdout] 
[INFO] [stderr] error: test failed, to rerun pass `--lib`
[INFO] running `Command { std: "docker" "inspect" "d951ffa05f1b7a0d270223a7bce933055266bb5f2c3ffec624b26493cdd6567c", kill_on_drop: false }`
[INFO] running `Command { std: "docker" "rm" "-f" "d951ffa05f1b7a0d270223a7bce933055266bb5f2c3ffec624b26493cdd6567c", kill_on_drop: false }`
[INFO] [stdout] d951ffa05f1b7a0d270223a7bce933055266bb5f2c3ffec624b26493cdd6567c
