[INFO] fetching crate veridikt_annotations 0.2.0...
[INFO] testing veridikt_annotations-0.2.0 against 1.100.0-beta.1+cargoflags=--release for beta-release-1.100-2
[INFO] extracting crate veridikt_annotations 0.2.0 into /workspace/builds/worker-7-tc2/source
[INFO] started tweaking crates.io crate veridikt_annotations 0.2.0
[INFO] removed 0 missing tests
[INFO] finished tweaking crates.io crate veridikt_annotations 0.2.0
[INFO] tweaked toml for crates.io crate veridikt_annotations 0.2.0 written to /workspace/builds/worker-7-tc2/source/Cargo.toml
[INFO] validating manifest of crates.io crate veridikt_annotations 0.2.0 on toolchain 1.100.0-beta.1
[INFO] running `Command { std: CARGO_HOME="/workspace/cargo-home" RUSTUP_HOME="/workspace/rustup-home" "/workspace/cargo-home/bin/cargo" "+1.100.0-beta.1" "metadata" "--manifest-path" "Cargo.toml" "--no-deps", kill_on_drop: false }`
[INFO] crate crates.io crate veridikt_annotations 0.2.0 already has a lockfile, it will not be regenerated
[INFO] running `Command { std: CARGO_HOME="/workspace/cargo-home" RUSTUP_HOME="/workspace/rustup-home" "/workspace/cargo-home/bin/cargo" "+1.100.0-beta.1" "fetch" "--manifest-path" "Cargo.toml", kill_on_drop: false }`
[INFO] [stderr] warning: `package.homepage` is redundant with `package.repository`
[INFO] [stderr]   --> Cargo.toml:43:12
[INFO] [stderr]    |
[INFO] [stderr] 43 | homepage = "https://github.com/Veridikt/Veridikt"
[INFO] [stderr]    |            ^^^^^^^^^^^^^^^^^^^^^^^^^^^^^^^^^^^^^^
[INFO] [stderr] ...
[INFO] [stderr] 48 | repository = "https://github.com/Veridikt/Veridikt"
[INFO] [stderr]    |              --------------------------------------
[INFO] [stderr]    |
[INFO] [stderr]    = note: `cargo::redundant_homepage` is set to `warn` by default
[INFO] [stderr] help: consider removing `package.homepage`
[INFO] [stderr] warning: `veridikt_annotations` (manifest) generated 1 warning
[INFO] running `Command { std: "docker" "create" "-v" "/var/lib/crater-agent-workspace/builds/worker-7-tc2/source:/opt/rustwide/workdir:ro,Z" "-v" "/var/lib/crater-agent-workspace/builds/worker-7-tc2/target:/opt/rustwide/target:rw,Z" "-v" "/var/lib/crater-agent-workspace/cargo-home:/opt/rustwide/cargo-home:ro,Z" "-v" "/var/lib/crater-agent-workspace/rustup-home:/opt/rustwide/rustup-home:ro,Z" "-m" "1610612736" "--network" "none" "ghcr.io/rust-lang/crates-build-env/linux@sha256:77db811e55d90add9212f6832c23229e3de5f1c1f9905e8cb07319ea15df73ac" "sleep" "infinity", kill_on_drop: false }`
[INFO] [stdout] 53588ab94f2f1997b8034d3dfea023ecfb08af31d4a8f18845cea6aaa8963e6b
[INFO] running `Command { std: "docker" "start" "53588ab94f2f1997b8034d3dfea023ecfb08af31d4a8f18845cea6aaa8963e6b", kill_on_drop: false }`
[INFO] running `Command { std: "docker" "inspect" "53588ab94f2f1997b8034d3dfea023ecfb08af31d4a8f18845cea6aaa8963e6b", kill_on_drop: false }`
[INFO] running `Command { std: "docker" "exec" "-e" "SOURCE_DIR=/opt/rustwide/workdir" "-e" "CARGO_HOME=/opt/rustwide/cargo-home" "-e" "RUSTUP_HOME=/opt/rustwide/rustup-home" "-e" "CARGO_TARGET_DIR=/opt/rustwide/target" "-w" "/opt/rustwide/workdir" "--user" "0:0" "53588ab94f2f1997b8034d3dfea023ecfb08af31d4a8f18845cea6aaa8963e6b" "/opt/rustwide/cargo-home/bin/cargo" "+1.100.0-beta.1" "metadata" "--no-deps" "--format-version=1", kill_on_drop: false }`
[INFO] running `Command { std: "docker" "inspect" "53588ab94f2f1997b8034d3dfea023ecfb08af31d4a8f18845cea6aaa8963e6b", kill_on_drop: false }`
[INFO] running `Command { std: "docker" "exec" "-e" "SOURCE_DIR=/opt/rustwide/workdir" "-e" "CARGO_HOME=/opt/rustwide/cargo-home" "-e" "RUSTUP_HOME=/opt/rustwide/rustup-home" "-e" "CARGO_TARGET_DIR=/opt/rustwide/target" "-e" "CARGO_INCREMENTAL=0" "-e" "RUST_BACKTRACE=full" "-e" "RUSTFLAGS=--cap-lints=warn" "-e" "RUSTDOCFLAGS=--cap-lints=warn" "-w" "/opt/rustwide/workdir" "--user" "0:0" "53588ab94f2f1997b8034d3dfea023ecfb08af31d4a8f18845cea6aaa8963e6b" "/opt/rustwide/cargo-home/bin/cargo" "+1.100.0-beta.1" "build" "--frozen" "--message-format=json" "--release", kill_on_drop: false }`
[INFO] [stderr] warning: `package.homepage` is redundant with `package.repository`
[INFO] [stderr]   --> Cargo.toml:43:12
[INFO] [stderr]    |
[INFO] [stderr] 43 | homepage = "https://github.com/Veridikt/Veridikt"
[INFO] [stderr]    |            ^^^^^^^^^^^^^^^^^^^^^^^^^^^^^^^^^^^^^^
[INFO] [stderr] ...
[INFO] [stderr] 48 | repository = "https://github.com/Veridikt/Veridikt"
[INFO] [stderr]    |              --------------------------------------
[INFO] [stderr]    |
[INFO] [stderr]    = note: `cargo::redundant_homepage` is set to `warn` by default
[INFO] [stderr] help: consider removing `package.homepage`
[INFO] [stderr] warning: `veridikt_annotations` (manifest) generated 1 warning
[INFO] [stderr]    Compiling regex-syntax v0.8.11
[INFO] [stderr]    Compiling streaming-iterator v0.1.9
[INFO] [stderr]    Compiling veridikt_intent v0.2.0
[INFO] [stderr]    Compiling aho-corasick v1.1.4
[INFO] [stderr]    Compiling tree-sitter-language v0.1.7
[INFO] [stderr]    Compiling bstr v1.12.1
[INFO] [stderr]    Compiling serde_json v1.0.150
[INFO] [stderr]    Compiling tree-sitter v0.25.10
[INFO] [stderr]    Compiling regex-automata v0.4.14
[INFO] [stderr]    Compiling regex v1.12.4
[INFO] [stderr]    Compiling globset v0.4.18
[INFO] [stderr]    Compiling veridikt_annotations v0.2.0 (/opt/rustwide/workdir)
[INFO] [stderr]     Finished `release` profile [optimized] target(s) in 28.13s
[INFO] running `Command { std: "docker" "inspect" "53588ab94f2f1997b8034d3dfea023ecfb08af31d4a8f18845cea6aaa8963e6b", kill_on_drop: false }`
[INFO] running `Command { std: "docker" "exec" "-e" "SOURCE_DIR=/opt/rustwide/workdir" "-e" "CARGO_HOME=/opt/rustwide/cargo-home" "-e" "RUSTUP_HOME=/opt/rustwide/rustup-home" "-e" "CARGO_TARGET_DIR=/opt/rustwide/target" "-e" "CARGO_INCREMENTAL=0" "-e" "RUST_BACKTRACE=full" "-e" "RUSTFLAGS=--cap-lints=warn" "-e" "RUSTDOCFLAGS=--cap-lints=warn" "-w" "/opt/rustwide/workdir" "--user" "0:0" "53588ab94f2f1997b8034d3dfea023ecfb08af31d4a8f18845cea6aaa8963e6b" "/opt/rustwide/cargo-home/bin/cargo" "+1.100.0-beta.1" "test" "--frozen" "--no-run" "--message-format=json" "--release", kill_on_drop: false }`
[INFO] [stderr] warning: `package.homepage` is redundant with `package.repository`
[INFO] [stderr]   --> Cargo.toml:43:12
[INFO] [stderr]    |
[INFO] [stderr] 43 | homepage = "https://github.com/Veridikt/Veridikt"
[INFO] [stderr]    |            ^^^^^^^^^^^^^^^^^^^^^^^^^^^^^^^^^^^^^^
[INFO] [stderr] ...
[INFO] [stderr] 48 | repository = "https://github.com/Veridikt/Veridikt"
[INFO] [stderr]    |              --------------------------------------
[INFO] [stderr]    |
[INFO] [stderr]    = note: `cargo::redundant_homepage` is set to `warn` by default
[INFO] [stderr] help: consider removing `package.homepage`
[INFO] [stderr] warning: `veridikt_annotations` (manifest) generated 1 warning
[INFO] [stderr]    Compiling tree-sitter-python v0.23.6
[INFO] [stderr]    Compiling tree-sitter-rust v0.23.3
[INFO] [stderr]    Compiling tree-sitter-typescript v0.23.2
[INFO] [stderr]    Compiling veridikt_packs v0.2.0
[INFO] [stderr]    Compiling veridikt_annotations v0.2.0 (/opt/rustwide/workdir)
[INFO] [stderr]     Finished `release` profile [optimized] target(s) in 8.99s
[INFO] running `Command { std: "docker" "inspect" "53588ab94f2f1997b8034d3dfea023ecfb08af31d4a8f18845cea6aaa8963e6b", kill_on_drop: false }`
[INFO] running `Command { std: "docker" "exec" "-e" "SOURCE_DIR=/opt/rustwide/workdir" "-e" "CARGO_HOME=/opt/rustwide/cargo-home" "-e" "RUSTUP_HOME=/opt/rustwide/rustup-home" "-e" "CARGO_TARGET_DIR=/opt/rustwide/target" "-e" "CARGO_INCREMENTAL=0" "-e" "RUST_BACKTRACE=full" "-e" "RUSTFLAGS=--cap-lints=warn" "-e" "RUSTDOCFLAGS=--cap-lints=warn" "-w" "/opt/rustwide/workdir" "--user" "0:0" "53588ab94f2f1997b8034d3dfea023ecfb08af31d4a8f18845cea6aaa8963e6b" "/opt/rustwide/cargo-home/bin/cargo" "+1.100.0-beta.1" "test" "--frozen" "--release", kill_on_drop: false }`
[INFO] [stderr] warning: `package.homepage` is redundant with `package.repository`
[INFO] [stderr]   --> Cargo.toml:43:12
[INFO] [stderr]    |
[INFO] [stderr] 43 | homepage = "https://github.com/Veridikt/Veridikt"
[INFO] [stderr]    |            ^^^^^^^^^^^^^^^^^^^^^^^^^^^^^^^^^^^^^^
[INFO] [stderr] ...
[INFO] [stderr] 48 | repository = "https://github.com/Veridikt/Veridikt"
[INFO] [stderr]    |              --------------------------------------
[INFO] [stderr]    |
[INFO] [stderr]    = note: `cargo::redundant_homepage` is set to `warn` by default
[INFO] [stderr] help: consider removing `package.homepage`
[INFO] [stderr] warning: `veridikt_annotations` (manifest) generated 1 warning
[INFO] [stderr]     Finished `release` profile [optimized] target(s) in 0.06s
[INFO] [stderr]      Running unittests src/lib.rs (/opt/rustwide/target/release/build/veridikt_annotations/f1ef68de59ee45d8/out/veridikt_annotations-f1ef68de59ee45d8)
[INFO] [stdout] 
[INFO] [stderr]      Running tests/binder.rs (/opt/rustwide/target/release/build/veridikt_annotations/e419d0162dd08857/out/binder-e419d0162dd08857)
[INFO] [stdout] running 0 tests
[INFO] [stdout] 
[INFO] [stdout] test result: ok. 0 passed; 0 failed; 0 ignored; 0 measured; 0 filtered out; finished in 0.00s
[INFO] [stdout] 
[INFO] [stdout] 
[INFO] [stdout] running 13 tests
[INFO] [stdout] test block_at_eof_is_e0102 ... ok
[INFO] [stdout] test class_and_method_bind ... ok
[INFO] [stdout] test module_level_assignment_binds_through_expression_statement ... ok
[INFO] [stdout] test plain_function_binds_with_body_span ... ok
[INFO] [stdout] test multi_target_assignment_without_name_is_e0104 ... ok
[INFO] [stdout] test decorated_python_function_binds_through_wrapper ... ok
[INFO] [stdout] test blank_lines_between_block_and_subject_are_skipped ... ok
[INFO] [stdout] test unbound_block_is_e0102 ... ok
[INFO] [stdout] test scoping_block_without_name_is_e0108 ... ok
[INFO] [stdout] test exported_ts_function_binds_through_export_statement ... ok
[INFO] [stdout] test multi_target_assignment_with_name_binds ... ok
[INFO] [stdout] test multi_declarator_const_without_name_is_e0104 ... ok
[INFO] [stderr]      Running tests/rust.rs (/opt/rustwide/target/release/build/veridikt_annotations/d98c4fe725084a3a/out/rust-d98c4fe725084a3a)
[INFO] [stdout] test exported_const_interface_type_enum_class_bind ... ok
[INFO] [stdout] 
[INFO] [stdout] test result: ok. 13 passed; 0 failed; 0 ignored; 0 measured; 0 filtered out; finished in 0.08s
[INFO] [stdout] 
[INFO] [stdout] 
[INFO] [stdout] running 5 tests
[INFO] [stdout] test doc_comments_above_the_block_do_not_break_recognition ... ok
[INFO] [stdout] test method_inside_an_impl_block_binds ... ok
[INFO] [stdout] test attribute_items_are_skipped_to_the_declaration ... ok
[INFO] [stdout] test non_declaration_after_block_is_e0102_naming_the_node ... ok
[INFO] [stdout] test rust_declaration_kinds_bind_by_their_name_field ... ok
[INFO] [stdout] 
[INFO] [stdout] test result: ok. 5 passed; 0 failed; 0 ignored; 0 measured; 0 filtered out; finished in 0.11s
[INFO] [stdout] 
[INFO] [stderr]      Running tests/scanner.rs (/opt/rustwide/target/release/build/veridikt_annotations/0a0828a4e18d4ca0/out/scanner-0a0828a4e18d4ca0)
[INFO] [stdout] 
[INFO] [stdout] running 15 tests
[INFO] [stdout] test invalid_name_is_e0107 ... ok
[INFO] [stdout] test indented_blocks_scan_too ... ok
[INFO] [stdout] test kind_line_inside_open_string_is_text_not_a_binding_field ... ok
[INFO] [stdout] test duplicate_kind_is_e0106 ... ok
[INFO] [stdout] test comment_token_strips_at_most_one_space ... ok
[INFO] [stdout] test unterminated_string_consumes_the_rest_of_the_block ... ok
[INFO] [stdout] test plain_comment_run_is_not_a_block ... ok
[INFO] [stdout] test invalid_kind_is_e0106_and_block_still_emitted ... ok
[INFO] [stdout] test multiline_string_is_reassembled_into_one_clause ... ok
[INFO] [stdout] test happy_block_with_kind_name_and_clauses ... ok
[INFO] [stdout] test blank_line_ends_block ... ok
[INFO] [stdout] test marker_must_be_first_line_of_the_run ... ok
[INFO] [stdout] test rust_doc_comment_above_marker_warns_w0110 ... ok
[INFO] [stdout] test typescript_comment_token ... ok
[INFO] [stdout] test escaped_quote_does_not_close_a_multiline_string ... ok
[INFO] [stderr]      Running tests/scoping.rs (/opt/rustwide/target/release/build/veridikt_annotations/effe2691b0e41158/out/scoping-effe2691b0e41158)
[INFO] [stdout] 
[INFO] [stdout] test result: ok. 15 passed; 0 failed; 0 ignored; 0 measured; 0 filtered out; finished in 0.06s
[INFO] [stdout] 
[INFO] [stdout] 
[INFO] [stdout] running 8 tests
[INFO] [stdout] test default_kind_is_function ... ok
[INFO] [stdout] test top_of_file_module_block_overrides_toml_mapping ... ok
[INFO] [stdout] test step_under_top_of_file_workflow_gets_workflow_qname ... ok
[INFO] [stdout] test results_are_sorted_by_file_then_line ... ok
[INFO] [stdout] test orphan_file_is_w0208_with_orphan_qname ... ok
[INFO] [stdout] test glob_mapping_and_name_override_compose ... ok
[INFO] [stdout] test overlapping_globs_are_e0103_with_first_glob_winning ... ok
[INFO] [stdout] test step_outside_workflow_is_e0105 ... ok
[INFO] [stdout] 
[INFO] [stdout] test result: ok. 8 passed; 0 failed; 0 ignored; 0 measured; 0 filtered out; finished in 0.16s
[INFO] [stdout] 
[INFO] [stderr]      Running tests/spec_examples.rs (/opt/rustwide/target/release/build/veridikt_annotations/aa95d7925c5b8f7d/out/spec_examples-aa95d7925c5b8f7d)
[INFO] [stdout] 
[INFO] [stdout] running 1 test
[INFO] [stdout] test every_spec_python_example_block_parses ... FAILED
[INFO] [stdout] 
[INFO] [stdout] failures:
[INFO] [stdout] 
[INFO] [stdout] ---- every_spec_python_example_block_parses stdout ----
[INFO] [stdout] 
[INFO] [stdout] thread 'every_spec_python_example_block_parses' (825) panicked at tests/spec_examples.rs:12:51:
[INFO] [stdout] spec must exist next to the crates: Os { code: 2, kind: NotFound, message: "No such file or directory" }
[INFO] [stdout] stack backtrace:
[INFO] [stdout]    0:     0x608414ca7051 - <<std[617be2ca0a6fd877]::sys::backtrace::BacktraceLock>::print::DisplayBacktrace as core[a373ad73a504971]::fmt::Display>::fmt
[INFO] [stdout]    1:     0x608414cbb1ba - core[a373ad73a504971]::fmt::write
[INFO] [stdout]    2:     0x608414cab26c - <alloc[2e1b2a31b91974c5]::vec::Vec<u8> as core[a373ad73a504971]::io::write::Write>::write_fmt
[INFO] [stdout]    3:     0x608414c830d6 - std[617be2ca0a6fd877]::panicking::default_hook::{closure#0}
[INFO] [stdout]    4:     0x608414c9f389 - std[617be2ca0a6fd877]::panicking::default_hook
[INFO] [stdout]    5:     0x608414c32d20 - test[aada8e7e76ba119b]::test_main_inner::{closure#0}
[INFO] [stdout]    6:     0x608414c9f542 - std[617be2ca0a6fd877]::panicking::panic_with_hook
[INFO] [stdout]    7:     0x608414c83182 - std[617be2ca0a6fd877]::panicking::panic_handler::{closure#0}
[INFO] [stdout]    8:     0x608414c7bd09 - std[617be2ca0a6fd877]::sys::backtrace::__rust_end_short_backtrace::<std[617be2ca0a6fd877]::panicking::panic_handler::{closure#0}, !>
[INFO] [stdout]    9:     0x608414c83d8d - __rustc[ea4f61d10b84890b]::rust_begin_unwind
[INFO] [stdout]   10:     0x608414cbb8ec - core[a373ad73a504971]::panicking::panic_fmt
[INFO] [stdout]   11:     0x608414cbb6c2 - core[a373ad73a504971]::result::unwrap_failed
[INFO] [stdout]   12:     0x608414c25e7f - <spec_examples[3344b7dd0382966c]::every_spec_python_example_block_parses::{closure#0} as core[a373ad73a504971]::ops::function::FnOnce<()>>::call_once
[INFO] [stdout]   13:     0x608414c2616b - test[aada8e7e76ba119b]::__rust_begin_short_backtrace::<core[a373ad73a504971]::result::Result<(), alloc[2e1b2a31b91974c5]::string::String>, fn() -> core[a373ad73a504971]::result::Result<(), alloc[2e1b2a31b91974c5]::string::String>>
[INFO] [stdout]   14:     0x608414c33345 - test[aada8e7e76ba119b]::run_test::{closure#0}
[INFO] [stdout]   15:     0x608414c2cc34 - std[617be2ca0a6fd877]::sys::backtrace::__rust_begin_short_backtrace::<test[aada8e7e76ba119b]::run_test::{closure#1}, ()>
[INFO] [stdout]   16:     0x608414c363d2 - <std[617be2ca0a6fd877]::thread::lifecycle::spawn_unchecked<test[aada8e7e76ba119b]::run_test::{closure#1}, ()>::{closure#1} as core[a373ad73a504971]::ops::function::FnOnce<()>>::call_once::{shim:vtable#0}
[INFO] [stdout]   17:     0x608414ca654f - <std[617be2ca0a6fd877]::sys::thread::unix::Thread>::new::thread_start
[INFO] [stdout]   18:     0x7ac07208edfa - <unknown>
[INFO] [stdout]   19:     0x7ac0721223d4 - clone
[INFO] [stdout]   20:                0x0 - <unknown>
[INFO] [stdout] 
[INFO] [stdout] 
[INFO] [stdout] failures:
[INFO] [stdout]     every_spec_python_example_block_parses
[INFO] [stdout] 
[INFO] [stdout] test result: FAILED. 0 passed; 1 failed; 0 ignored; 0 measured; 0 filtered out; finished in 0.00s
[INFO] [stdout] 
[INFO] [stderr] error: test failed, to rerun pass `--test spec_examples`
[INFO] running `Command { std: "docker" "inspect" "53588ab94f2f1997b8034d3dfea023ecfb08af31d4a8f18845cea6aaa8963e6b", kill_on_drop: false }`
[INFO] running `Command { std: "docker" "rm" "-f" "53588ab94f2f1997b8034d3dfea023ecfb08af31d4a8f18845cea6aaa8963e6b", kill_on_drop: false }`
[INFO] [stdout] 53588ab94f2f1997b8034d3dfea023ecfb08af31d4a8f18845cea6aaa8963e6b
