[INFO] fetching crate verdant-cache-sandbox 0.4.8...
[INFO] testing verdant-cache-sandbox-0.4.8 against 1.99.0-beta.8+cargoflags=--release for beta-release-1.100-2
[INFO] extracting crate verdant-cache-sandbox 0.4.8 into /workspace/builds/worker-3-tc1/source
[INFO] started tweaking crates.io crate verdant-cache-sandbox 0.4.8
[INFO] finished tweaking crates.io crate verdant-cache-sandbox 0.4.8
[INFO] tweaked toml for crates.io crate verdant-cache-sandbox 0.4.8 written to /workspace/builds/worker-3-tc1/source/Cargo.toml
[INFO] validating manifest of crates.io crate verdant-cache-sandbox 0.4.8 on toolchain 1.99.0-beta.8
[INFO] running `Command { std: CARGO_HOME="/workspace/cargo-home" RUSTUP_HOME="/workspace/rustup-home" "/workspace/cargo-home/bin/cargo" "+1.99.0-beta.8" "metadata" "--manifest-path" "Cargo.toml" "--no-deps", kill_on_drop: false }`
[INFO] crate crates.io crate verdant-cache-sandbox 0.4.8 already has a lockfile, it will not be regenerated
[INFO] running `Command { std: CARGO_HOME="/workspace/cargo-home" RUSTUP_HOME="/workspace/rustup-home" "/workspace/cargo-home/bin/cargo" "+1.99.0-beta.8" "fetch" "--manifest-path" "Cargo.toml", kill_on_drop: false }`
[INFO] [stderr]     Updating crates.io index
[INFO] [stderr]  Downloading crates ...
[INFO] [stderr]   Downloaded seccompiler v0.4.0
[INFO] running `Command { std: "docker" "create" "-v" "/var/lib/crater-agent-workspace/builds/worker-3-tc1/source:/opt/rustwide/workdir:ro,Z" "-v" "/var/lib/crater-agent-workspace/builds/worker-3-tc1/target:/opt/rustwide/target:rw,Z" "-v" "/var/lib/crater-agent-workspace/cargo-home:/opt/rustwide/cargo-home:ro,Z" "-v" "/var/lib/crater-agent-workspace/rustup-home:/opt/rustwide/rustup-home:ro,Z" "-m" "1610612736" "--network" "none" "ghcr.io/rust-lang/crates-build-env/linux@sha256:77db811e55d90add9212f6832c23229e3de5f1c1f9905e8cb07319ea15df73ac" "sleep" "infinity", kill_on_drop: false }`
[INFO] [stdout] d810f05373f226df9d11dea0f62e3da19be4003bfdfeec4e9fa4541a43488f69
[INFO] running `Command { std: "docker" "start" "d810f05373f226df9d11dea0f62e3da19be4003bfdfeec4e9fa4541a43488f69", kill_on_drop: false }`
[INFO] running `Command { std: "docker" "inspect" "d810f05373f226df9d11dea0f62e3da19be4003bfdfeec4e9fa4541a43488f69", kill_on_drop: false }`
[INFO] running `Command { std: "docker" "exec" "-e" "SOURCE_DIR=/opt/rustwide/workdir" "-e" "CARGO_HOME=/opt/rustwide/cargo-home" "-e" "RUSTUP_HOME=/opt/rustwide/rustup-home" "-e" "CARGO_TARGET_DIR=/opt/rustwide/target" "-w" "/opt/rustwide/workdir" "--user" "0:0" "d810f05373f226df9d11dea0f62e3da19be4003bfdfeec4e9fa4541a43488f69" "/opt/rustwide/cargo-home/bin/cargo" "+1.99.0-beta.8" "metadata" "--no-deps" "--format-version=1", kill_on_drop: false }`
[INFO] running `Command { std: "docker" "inspect" "d810f05373f226df9d11dea0f62e3da19be4003bfdfeec4e9fa4541a43488f69", kill_on_drop: false }`
[INFO] running `Command { std: "docker" "exec" "-e" "SOURCE_DIR=/opt/rustwide/workdir" "-e" "CARGO_HOME=/opt/rustwide/cargo-home" "-e" "RUSTUP_HOME=/opt/rustwide/rustup-home" "-e" "CARGO_TARGET_DIR=/opt/rustwide/target" "-e" "CARGO_INCREMENTAL=0" "-e" "RUST_BACKTRACE=full" "-e" "RUSTFLAGS=--cap-lints=warn" "-e" "RUSTDOCFLAGS=--cap-lints=warn" "-w" "/opt/rustwide/workdir" "--user" "0:0" "d810f05373f226df9d11dea0f62e3da19be4003bfdfeec4e9fa4541a43488f69" "/opt/rustwide/cargo-home/bin/cargo" "+1.99.0-beta.8" "build" "--frozen" "--message-format=json" "--release", kill_on_drop: false }`
[INFO] [stderr]    Compiling libc v0.2.186
[INFO] [stderr]    Compiling syn v2.0.117
[INFO] [stderr]    Compiling nix v0.29.0
[INFO] [stderr]    Compiling thiserror-impl v1.0.69
[INFO] [stderr]    Compiling seccompiler v0.4.0
[INFO] [stderr]    Compiling thiserror v1.0.69
[INFO] [stderr]    Compiling verdant-cache-sandbox v0.4.8 (/opt/rustwide/workdir)
[INFO] [stderr]     Finished `release` profile [optimized] target(s) in 9.01s
[INFO] running `Command { std: "docker" "inspect" "d810f05373f226df9d11dea0f62e3da19be4003bfdfeec4e9fa4541a43488f69", kill_on_drop: false }`
[INFO] running `Command { std: "docker" "exec" "-e" "SOURCE_DIR=/opt/rustwide/workdir" "-e" "CARGO_HOME=/opt/rustwide/cargo-home" "-e" "RUSTUP_HOME=/opt/rustwide/rustup-home" "-e" "CARGO_TARGET_DIR=/opt/rustwide/target" "-e" "CARGO_INCREMENTAL=0" "-e" "RUST_BACKTRACE=full" "-e" "RUSTFLAGS=--cap-lints=warn" "-e" "RUSTDOCFLAGS=--cap-lints=warn" "-w" "/opt/rustwide/workdir" "--user" "0:0" "d810f05373f226df9d11dea0f62e3da19be4003bfdfeec4e9fa4541a43488f69" "/opt/rustwide/cargo-home/bin/cargo" "+1.99.0-beta.8" "test" "--frozen" "--no-run" "--message-format=json" "--release", kill_on_drop: false }`
[INFO] [stderr]    Compiling nix v0.29.0
[INFO] [stderr]    Compiling getrandom v0.4.2
[INFO] [stderr]    Compiling tempfile v3.27.0
[INFO] [stderr]    Compiling verdant-cache-sandbox v0.4.8 (/opt/rustwide/workdir)
[INFO] [stderr]     Finished `release` profile [optimized] target(s) in 8.11s
[INFO] running `Command { std: "docker" "inspect" "d810f05373f226df9d11dea0f62e3da19be4003bfdfeec4e9fa4541a43488f69", kill_on_drop: false }`
[INFO] running `Command { std: "docker" "exec" "-e" "SOURCE_DIR=/opt/rustwide/workdir" "-e" "CARGO_HOME=/opt/rustwide/cargo-home" "-e" "RUSTUP_HOME=/opt/rustwide/rustup-home" "-e" "CARGO_TARGET_DIR=/opt/rustwide/target" "-e" "CARGO_INCREMENTAL=0" "-e" "RUST_BACKTRACE=full" "-e" "RUSTFLAGS=--cap-lints=warn" "-e" "RUSTDOCFLAGS=--cap-lints=warn" "-w" "/opt/rustwide/workdir" "--user" "0:0" "d810f05373f226df9d11dea0f62e3da19be4003bfdfeec4e9fa4541a43488f69" "/opt/rustwide/cargo-home/bin/cargo" "+1.99.0-beta.8" "test" "--frozen" "--release", kill_on_drop: false }`
[INFO] [stderr]     Finished `release` profile [optimized] target(s) in 0.05s
[INFO] [stderr]      Running unittests src/lib.rs (/opt/rustwide/target/release/deps/verdant_sandbox-b166a0341d9787f3)
[INFO] [stdout] 
[INFO] [stdout] running 23 tests
[INFO] [stdout] test trace::tests::read_capped_truncates_and_passes_small_through ... ok
[INFO] [stdout] test trace::tests::extract_unix_socket_path_handles_pathname_abstract_and_family ... ok
[INFO] [stdout] test imp::tests::captures_write_set_and_isolates_lower_tree ... FAILED
[INFO] [stdout] test imp::tests::symlink_created_in_overlay_is_not_captured ... FAILED
[INFO] [stdout] test imp::tests::records_deletion_as_whiteout ... FAILED
[INFO] [stdout] test trace::tests::dir_set_records_listed_directories_but_not_artifact_dirs ... FAILED
[INFO] [stdout] test imp::tests::write_outside_project_root_escapes_overlay_and_is_not_captured ... FAILED
[INFO] [stdout] test trace::tests::observed_sandbox_captures_reads_and_writes_together ... FAILED
[INFO] [stdout] test trace::tests::timeout_reaps_a_setsid_escaping_descendant ... FAILED
[INFO] [stdout] test imp::tests::runs_in_a_private_network_namespace ... FAILED
[INFO] [stdout] test trace::tests::read_set_excludes_tool_cache_dirs ... FAILED
[INFO] [stdout] test imp::tests::long_command_times_out ... FAILED
[INFO] [stdout] test trace::tests::command_cannot_unmount_the_overlay_to_escape ... FAILED
[INFO] [stdout] test trace::tests::write_set_excludes_tool_cache_dirs ... FAILED
[INFO] [stdout] test trace::tests::write_set_excludes_build_artifact_dirs ... FAILED
[INFO] [stdout] test trace::tests::system_control_socket_prefixes_match_daemons_but_not_ordinary_sockets ... ok
[INFO] [stdout] test trace::tests::propagates_exit_code ... ok
[INFO] [stdout] test trace::tests::does_not_record_a_file_only_written ... ok
[INFO] [stdout] test trace::tests::taints_a_connect_to_a_system_control_socket_but_not_an_ordinary_one ... FAILED
[INFO] [stdout] test trace::tests::read_set_reflects_the_exact_file_not_a_sibling ... ok
[INFO] [stdout] test trace::tests::records_a_file_that_was_read ... ok
[INFO] [stdout] test trace::tests::follows_into_child_processes ... ok
[INFO] [stdout] test trace::tests::observes_reading_the_random_device ... ok
[INFO] [stdout] 
[INFO] [stdout] failures:
[INFO] [stdout] 
[INFO] [stdout] ---- imp::tests::captures_write_set_and_isolates_lower_tree stdout ----
[INFO] [stdout] 
[INFO] [stdout] thread 'imp::tests::captures_write_set_and_isolates_lower_tree' (439) panicked at src/lib.rs:578:44:
[INFO] [stdout] called `Result::unwrap()` on an `Err` value: CapabilityUnavailable("spawn refused: Operation not permitted (os error 1)")
[INFO] [stdout] stack backtrace:
[INFO] [stdout]    0:     0x57acaf603ee1 - <<std[70759c8f55707aa4]::sys::backtrace::BacktraceLock>::print::DisplayBacktrace as core[df12db4294e9bfd3]::fmt::Display>::fmt
[INFO] [stdout]    1:     0x57acaf618eda - core[df12db4294e9bfd3]::fmt::write
[INFO] [stdout]    2:     0x57acaf60867c - <alloc[2182bb758b4b3781]::vec::Vec<u8> as core[df12db4294e9bfd3]::io::write::Write>::write_fmt
[INFO] [stdout]    3:     0x57acaf5dd336 - std[70759c8f55707aa4]::panicking::default_hook::{closure#0}
[INFO] [stdout]    4:     0x57acaf5facc9 - std[70759c8f55707aa4]::panicking::default_hook
[INFO] [stdout]    5:     0x57acaf592330 - test[9d35eded1c95d3be]::test_main_inner::<test[9d35eded1c95d3be]::test_main_static::{closure#0}>::{closure#0}
[INFO] [stdout]    6:     0x57acaf5fae82 - std[70759c8f55707aa4]::panicking::panic_with_hook
[INFO] [stdout]    7:     0x57acaf5dd3e2 - std[70759c8f55707aa4]::panicking::panic_handler::{closure#0}
[INFO] [stdout]    8:     0x57acaf5d5e19 - std[70759c8f55707aa4]::sys::backtrace::__rust_end_short_backtrace::<std[70759c8f55707aa4]::panicking::panic_handler::{closure#0}, !>
[INFO] [stdout]    9:     0x57acaf5de09d - __rustc[8fa7c3cbc660c2b3]::rust_begin_unwind
[INFO] [stdout]   10:     0x57acaf61960c - core[df12db4294e9bfd3]::panicking::panic_fmt
[INFO] [stdout]   11:     0x57acaf6193e2 - core[df12db4294e9bfd3]::result::unwrap_failed
[INFO] [stdout]   12:     0x57acaf57bd04 - verdant_sandbox[2d6029048a3a90e6]::imp::tests::captures_write_set_and_isolates_lower_tree
[INFO] [stdout]   13:     0x57acaf582889 - <verdant_sandbox[2d6029048a3a90e6]::imp::tests::captures_write_set_and_isolates_lower_tree::{closure#0} as core[df12db4294e9bfd3]::ops::function::FnOnce<()>>::call_once
[INFO] [stdout]   14:     0x57acaf58561b - test[9d35eded1c95d3be]::__rust_begin_short_backtrace::<core[df12db4294e9bfd3]::result::Result<(), alloc[2182bb758b4b3781]::string::String>, fn() -> core[df12db4294e9bfd3]::result::Result<(), alloc[2182bb758b4b3781]::string::String>>
[INFO] [stdout]   15:     0x57acaf592c85 - test[9d35eded1c95d3be]::run_test::{closure#0}
[INFO] [stdout]   16:     0x57acaf58c544 - std[70759c8f55707aa4]::sys::backtrace::__rust_begin_short_backtrace::<test[9d35eded1c95d3be]::run_test::{closure#1}, ()>
[INFO] [stdout]   17:     0x57acaf595de2 - <std[70759c8f55707aa4]::thread::lifecycle::spawn_unchecked<test[9d35eded1c95d3be]::run_test::{closure#1}, ()>::{closure#1} as core[df12db4294e9bfd3]::ops::function::FnOnce<()>>::call_once::{shim:vtable#0}
[INFO] [stdout]   18:     0x57acaf602ec9 - <std[70759c8f55707aa4]::sys::thread::unix::Thread>::new::thread_start
[INFO] [stdout]   19:     0x7896a8f29dfa - <unknown>
[INFO] [stdout]   20:     0x7896a8fbd3d4 - clone
[INFO] [stdout]   21:                0x0 - <unknown>
[INFO] [stdout] 
[INFO] [stdout] ---- imp::tests::symlink_created_in_overlay_is_not_captured stdout ----
[INFO] [stdout] 
[INFO] [stdout] thread 'imp::tests::symlink_created_in_overlay_is_not_captured' (443) panicked at src/lib.rs:680:44:
[INFO] [stdout] called `Result::unwrap()` on an `Err` value: CapabilityUnavailable("spawn refused: Operation not permitted (os error 1)")
[INFO] [stdout] stack backtrace:
[INFO] [stdout]    0:     0x57acaf603ee1 - <<std[70759c8f55707aa4]::sys::backtrace::BacktraceLock>::print::DisplayBacktrace as core[df12db4294e9bfd3]::fmt::Display>::fmt
[INFO] [stdout]    1:     0x57acaf618eda - core[df12db4294e9bfd3]::fmt::write
[INFO] [stdout]    2:     0x57acaf60867c - <alloc[2182bb758b4b3781]::vec::Vec<u8> as core[df12db4294e9bfd3]::io::write::Write>::write_fmt
[INFO] [stdout]    3:     0x57acaf5dd336 - std[70759c8f55707aa4]::panicking::default_hook::{closure#0}
[INFO] [stdout]    4:     0x57acaf5facc9 - std[70759c8f55707aa4]::panicking::default_hook
[INFO] [stdout]    5:     0x57acaf592330 - test[9d35eded1c95d3be]::test_main_inner::<test[9d35eded1c95d3be]::test_main_static::{closure#0}>::{closure#0}
[INFO] [stdout]    6:     0x57acaf5fae82 - std[70759c8f55707aa4]::panicking::panic_with_hook
[INFO] [stdout]    7:     0x57acaf5dd3e2 - std[70759c8f55707aa4]::panicking::panic_handler::{closure#0}
[INFO] [stdout]    8:     0x57acaf5d5e19 - std[70759c8f55707aa4]::sys::backtrace::__rust_end_short_backtrace::<std[70759c8f55707aa4]::panicking::panic_handler::{closure#0}, !>
[INFO] [stdout]    9:     0x57acaf5de09d - __rustc[8fa7c3cbc660c2b3]::rust_begin_unwind
[INFO] [stdout]   10:     0x57acaf61960c - core[df12db4294e9bfd3]::panicking::panic_fmt
[INFO] [stdout]   11:     0x57acaf6193e2 - core[df12db4294e9bfd3]::result::unwrap_failed
[INFO] [stdout]   12:     0x57acaf57c506 - verdant_sandbox[2d6029048a3a90e6]::imp::tests::symlink_created_in_overlay_is_not_captured
[INFO] [stdout]   13:     0x57acaf5828a9 - <verdant_sandbox[2d6029048a3a90e6]::imp::tests::symlink_created_in_overlay_is_not_captured::{closure#0} as core[df12db4294e9bfd3]::ops::function::FnOnce<()>>::call_once
[INFO] [stdout]   14:     0x57acaf58561b - test[9d35eded1c95d3be]::__rust_begin_short_backtrace::<core[df12db4294e9bfd3]::result::Result<(), alloc[2182bb758b4b3781]::string::String>, fn() -> core[df12db4294e9bfd3]::result::Result<(), alloc[2182bb758b4b3781]::string::String>>
[INFO] [stdout]   15:     0x57acaf592c85 - test[9d35eded1c95d3be]::run_test::{closure#0}
[INFO] [stdout]   16:     0x57acaf58c544 - std[70759c8f55707aa4]::sys::backtrace::__rust_begin_short_backtrace::<test[9d35eded1c95d3be]::run_test::{closure#1}, ()>
[INFO] [stdout]   17:     0x57acaf595de2 - <std[70759c8f55707aa4]::thread::lifecycle::spawn_unchecked<test[9d35eded1c95d3be]::run_test::{closure#1}, ()>::{closure#1} as core[df12db4294e9bfd3]::ops::function::FnOnce<()>>::call_once::{shim:vtable#0}
[INFO] [stdout]   18:     0x57acaf602ec9 - <std[70759c8f55707aa4]::sys::thread::unix::Thread>::new::thread_start
[INFO] [stdout]   19:     0x7896a8f29dfa - <unknown>
[INFO] [stdout]   20:     0x7896a8fbd3d4 - clone
[INFO] [stdout]   21:                0x0 - <unknown>
[INFO] [stdout] 
[INFO] [stdout] ---- imp::tests::records_deletion_as_whiteout stdout ----
[INFO] [stdout] 
[INFO] [stdout] thread 'imp::tests::records_deletion_as_whiteout' (441) panicked at src/lib.rs:648:44:
[INFO] [stdout] called `Result::unwrap()` on an `Err` value: CapabilityUnavailable("spawn refused: Operation not permitted (os error 1)")
[INFO] [stdout] stack backtrace:
[INFO] [stdout]    0:     0x57acaf603ee1 - <<std[70759c8f55707aa4]::sys::backtrace::BacktraceLock>::print::DisplayBacktrace as core[df12db4294e9bfd3]::fmt::Display>::fmt
[INFO] [stdout]    1:     0x57acaf618eda - core[df12db4294e9bfd3]::fmt::write
[INFO] [stdout]    2:     0x57acaf60867c - <alloc[2182bb758b4b3781]::vec::Vec<u8> as core[df12db4294e9bfd3]::io::write::Write>::write_fmt
[INFO] [stdout]    3:     0x57acaf5dd336 - std[70759c8f55707aa4]::panicking::default_hook::{closure#0}
[INFO] [stdout]    4:     0x57acaf5facc9 - std[70759c8f55707aa4]::panicking::default_hook
[INFO] [stdout]    5:     0x57acaf592330 - test[9d35eded1c95d3be]::test_main_inner::<test[9d35eded1c95d3be]::test_main_static::{closure#0}>::{closure#0}
[INFO] [stdout]    6:     0x57acaf5fae82 - std[70759c8f55707aa4]::panicking::panic_with_hook
[INFO] [stdout]    7:     0x57acaf5dd3e2 - std[70759c8f55707aa4]::panicking::panic_handler::{closure#0}
[INFO] [stdout]    8:     0x57acaf5d5e19 - std[70759c8f55707aa4]::sys::backtrace::__rust_end_short_backtrace::<std[70759c8f55707aa4]::panicking::panic_handler::{closure#0}, !>
[INFO] [stdout]    9:     0x57acaf5de09d - __rustc[8fa7c3cbc660c2b3]::rust_begin_unwind
[INFO] [stdout]   10:     0x57acaf61960c - core[df12db4294e9bfd3]::panicking::panic_fmt
[INFO] [stdout]   11:     0x57acaf6193e2 - core[df12db4294e9bfd3]::result::unwrap_failed
[INFO] [stdout]   12:     0x57acaf57aabd - verdant_sandbox[2d6029048a3a90e6]::imp::tests::records_deletion_as_whiteout
[INFO] [stdout]   13:     0x57acaf582849 - <verdant_sandbox[2d6029048a3a90e6]::imp::tests::records_deletion_as_whiteout::{closure#0} as core[df12db4294e9bfd3]::ops::function::FnOnce<()>>::call_once
[INFO] [stdout]   14:     0x57acaf58561b - test[9d35eded1c95d3be]::__rust_begin_short_backtrace::<core[df12db4294e9bfd3]::result::Result<(), alloc[2182bb758b4b3781]::string::String>, fn() -> core[df12db4294e9bfd3]::result::Result<(), alloc[2182bb758b4b3781]::string::String>>
[INFO] [stdout]   15:     0x57acaf592c85 - test[9d35eded1c95d3be]::run_test::{closure#0}
[INFO] [stdout]   16:     0x57acaf58c544 - std[70759c8f55707aa4]::sys::backtrace::__rust_begin_short_backtrace::<test[9d35eded1c95d3be]::run_test::{closure#1}, ()>
[INFO] [stdout]   17:     0x57acaf595de2 - <std[70759c8f55707aa4]::thread::lifecycle::spawn_unchecked<test[9d35eded1c95d3be]::run_test::{closure#1}, ()>::{closure#1} as core[df12db4294e9bfd3]::ops::function::FnOnce<()>>::call_once::{shim:vtable#0}
[INFO] [stdout]   18:     0x57acaf602ec9 - <std[70759c8f55707aa4]::sys::thread::unix::Thread>::new::thread_start
[INFO] [stdout]   19:     0x7896a8f29dfa - <unknown>
[INFO] [stdout]   20:     0x7896a8fbd3d4 - clone
[INFO] [stdout]   21:                0x0 - <unknown>
[INFO] [stdout] 
[INFO] [stdout] ---- trace::tests::dir_set_records_listed_directories_but_not_artifact_dirs stdout ----
[INFO] [stdout] 
[INFO] [stdout] thread 'trace::tests::dir_set_records_listed_directories_but_not_artifact_dirs' (446) panicked at src/trace.rs:1293:10:
[INFO] [stdout] called `Result::unwrap()` on an `Err` value: Io(Os { code: 1, kind: PermissionDenied, message: "Operation not permitted" })
[INFO] [stdout] stack backtrace:
[INFO] [stdout]    0:     0x57acaf603ee1 - <<std[70759c8f55707aa4]::sys::backtrace::BacktraceLock>::print::DisplayBacktrace as core[df12db4294e9bfd3]::fmt::Display>::fmt
[INFO] [stdout]    1:     0x57acaf618eda - core[df12db4294e9bfd3]::fmt::write
[INFO] [stdout]    2:     0x57acaf60867c - <alloc[2182bb758b4b3781]::vec::Vec<u8> as core[df12db4294e9bfd3]::io::write::Write>::write_fmt
[INFO] [stdout]    3:     0x57acaf5dd336 - std[70759c8f55707aa4]::panicking::default_hook::{closure#0}
[INFO] [stdout]    4:     0x57acaf5facc9 - std[70759c8f55707aa4]::panicking::default_hook
[INFO] [stdout]    5:     0x57acaf592330 - test[9d35eded1c95d3be]::test_main_inner::<test[9d35eded1c95d3be]::test_main_static::{closure#0}>::{closure#0}
[INFO] [stdout]    6:     0x57acaf5fae82 - std[70759c8f55707aa4]::panicking::panic_with_hook
[INFO] [stdout]    7:     0x57acaf5dd3e2 - std[70759c8f55707aa4]::panicking::panic_handler::{closure#0}
[INFO] [stdout]    8:     0x57acaf5d5e19 - std[70759c8f55707aa4]::sys::backtrace::__rust_end_short_backtrace::<std[70759c8f55707aa4]::panicking::panic_handler::{closure#0}, !>
[INFO] [stdout]    9:     0x57acaf5de09d - __rustc[8fa7c3cbc660c2b3]::rust_begin_unwind
[INFO] [stdout]   10:     0x57acaf61960c - core[df12db4294e9bfd3]::panicking::panic_fmt
[INFO] [stdout]   11:     0x57acaf6193e2 - core[df12db4294e9bfd3]::result::unwrap_failed
[INFO] [stdout]   12:     0x57acaf566e5c - verdant_sandbox[2d6029048a3a90e6]::trace::tests::dir_set_records_listed_directories_but_not_artifact_dirs
[INFO] [stdout]   13:     0x57acaf582a89 - <verdant_sandbox[2d6029048a3a90e6]::trace::tests::dir_set_records_listed_directories_but_not_artifact_dirs::{closure#0} as core[df12db4294e9bfd3]::ops::function::FnOnce<()>>::call_once
[INFO] [stdout]   14:     0x57acaf58561b - test[9d35eded1c95d3be]::__rust_begin_short_backtrace::<core[df12db4294e9bfd3]::result::Result<(), alloc[2182bb758b4b3781]::string::String>, fn() -> core[df12db4294e9bfd3]::result::Result<(), alloc[2182bb758b4b3781]::string::String>>
[INFO] [stdout]   15:     0x57acaf592c85 - test[9d35eded1c95d3be]::run_test::{closure#0}
[INFO] [stdout]   16:     0x57acaf58c544 - std[70759c8f55707aa4]::sys::backtrace::__rust_begin_short_backtrace::<test[9d35eded1c95d3be]::run_test::{closure#1}, ()>
[INFO] [stdout]   17:     0x57acaf595de2 - <std[70759c8f55707aa4]::thread::lifecycle::spawn_unchecked<test[9d35eded1c95d3be]::run_test::{closure#1}, ()>::{closure#1} as core[df12db4294e9bfd3]::ops::function::FnOnce<()>>::call_once::{shim:vtable#0}
[INFO] [stdout]   18:     0x57acaf602ec9 - <std[70759c8f55707aa4]::sys::thread::unix::Thread>::new::thread_start
[INFO] [stdout]   19:     0x7896a8f29dfa - <unknown>
[INFO] [stdout]   20:     0x7896a8fbd3d4 - clone
[INFO] [stdout]   21:                0x0 - <unknown>
[INFO] [stdout] 
[INFO] [stdout] ---- imp::tests::write_outside_project_root_escapes_overlay_and_is_not_captured stdout ----
[INFO] [stdout] 
[INFO] [stdout] thread 'imp::tests::write_outside_project_root_escapes_overlay_and_is_not_captured' (444) panicked at src/lib.rs:725:44:
[INFO] [stdout] called `Result::unwrap()` on an `Err` value: CapabilityUnavailable("spawn refused: Operation not permitted (os error 1)")
[INFO] [stdout] stack backtrace:
[INFO] [stdout]    0:     0x57acaf603ee1 - <<std[70759c8f55707aa4]::sys::backtrace::BacktraceLock>::print::DisplayBacktrace as core[df12db4294e9bfd3]::fmt::Display>::fmt
[INFO] [stdout]    1:     0x57acaf618eda - core[df12db4294e9bfd3]::fmt::write
[INFO] [stdout]    2:     0x57acaf60867c - <alloc[2182bb758b4b3781]::vec::Vec<u8> as core[df12db4294e9bfd3]::io::write::Write>::write_fmt
[INFO] [stdout]    3:     0x57acaf5dd336 - std[70759c8f55707aa4]::panicking::default_hook::{closure#0}
[INFO] [stdout]    4:     0x57acaf5facc9 - std[70759c8f55707aa4]::panicking::default_hook
[INFO] [stdout]    5:     0x57acaf592330 - test[9d35eded1c95d3be]::test_main_inner::<test[9d35eded1c95d3be]::test_main_static::{closure#0}>::{closure#0}
[INFO] [stdout]    6:     0x57acaf5fae82 - std[70759c8f55707aa4]::panicking::panic_with_hook
[INFO] [stdout]    7:     0x57acaf5dd3e2 - std[70759c8f55707aa4]::panicking::panic_handler::{closure#0}
[INFO] [stdout]    8:     0x57acaf5d5e19 - std[70759c8f55707aa4]::sys::backtrace::__rust_end_short_backtrace::<std[70759c8f55707aa4]::panicking::panic_handler::{closure#0}, !>
[INFO] [stdout]    9:     0x57acaf5de09d - __rustc[8fa7c3cbc660c2b3]::rust_begin_unwind
[INFO] [stdout]   10:     0x57acaf61960c - core[df12db4294e9bfd3]::panicking::panic_fmt
[INFO] [stdout]   11:     0x57acaf6193e2 - core[df12db4294e9bfd3]::result::unwrap_failed
[INFO] [stdout]   12:     0x57acaf57cc83 - verdant_sandbox[2d6029048a3a90e6]::imp::tests::write_outside_project_root_escapes_overlay_and_is_not_captured
[INFO] [stdout]   13:     0x57acaf5828c9 - <verdant_sandbox[2d6029048a3a90e6]::imp::tests::write_outside_project_root_escapes_overlay_and_is_not_captured::{closure#0} as core[df12db4294e9bfd3]::ops::function::FnOnce<()>>::call_once
[INFO] [stdout]   14:     0x57acaf58561b - test[9d35eded1c95d3be]::__rust_begin_short_backtrace::<core[df12db4294e9bfd3]::result::Result<(), alloc[2182bb758b4b3781]::string::String>, fn() -> core[df12db4294e9bfd3]::result::Result<(), alloc[2182bb758b4b3781]::string::String>>
[INFO] [stdout]   15:     0x57acaf592c85 - test[9d35eded1c95d3be]::run_test::{closure#0}
[INFO] [stdout]   16:     0x57acaf58c544 - std[70759c8f55707aa4]::sys::backtrace::__rust_begin_short_backtrace::<test[9d35eded1c95d3be]::run_test::{closure#1}, ()>
[INFO] [stdout]   17:     0x57acaf595de2 - <std[70759c8f55707aa4]::thread::lifecycle::spawn_unchecked<test[9d35eded1c95d3be]::run_test::{closure#1}, ()>::{closure#1} as core[df12db4294e9bfd3]::ops::function::FnOnce<()>>::call_once::{shim:vtable#0}
[INFO] [stdout]   18:     0x57acaf602ec9 - <std[70759c8f55707aa4]::sys::thread::unix::Thread>::new::thread_start
[INFO] [stdout]   19:     0x7896a8f29dfa - <unknown>
[INFO] [stdout]   20:     0x7896a8fbd3d4 - clone
[INFO] [stdout]   21:                0x0 - <unknown>
[INFO] [stdout] 
[INFO] [stdout] ---- trace::tests::observed_sandbox_captures_reads_and_writes_together stdout ----
[INFO] [stdout] 
[INFO] [stdout] thread 'trace::tests::observed_sandbox_captures_reads_and_writes_together' (452) panicked at src/trace.rs:1157:10:
[INFO] [stdout] called `Result::unwrap()` on an `Err` value: Io(Os { code: 1, kind: PermissionDenied, message: "Operation not permitted" })
[INFO] [stdout] stack backtrace:
[INFO] [stdout]    0:     0x57acaf603ee1 - <<std[70759c8f55707aa4]::sys::backtrace::BacktraceLock>::print::DisplayBacktrace as core[df12db4294e9bfd3]::fmt::Display>::fmt
[INFO] [stdout]    1:     0x57acaf618eda - core[df12db4294e9bfd3]::fmt::write
[INFO] [stdout]    2:     0x57acaf60867c - <alloc[2182bb758b4b3781]::vec::Vec<u8> as core[df12db4294e9bfd3]::io::write::Write>::write_fmt
[INFO] [stdout]    3:     0x57acaf5dd336 - std[70759c8f55707aa4]::panicking::default_hook::{closure#0}
[INFO] [stdout]    4:     0x57acaf5facc9 - std[70759c8f55707aa4]::panicking::default_hook
[INFO] [stdout]    5:     0x57acaf592330 - test[9d35eded1c95d3be]::test_main_inner::<test[9d35eded1c95d3be]::test_main_static::{closure#0}>::{closure#0}
[INFO] [stdout]    6:     0x57acaf5fae82 - std[70759c8f55707aa4]::panicking::panic_with_hook
[INFO] [stdout]    7:     0x57acaf5dd3e2 - std[70759c8f55707aa4]::panicking::panic_handler::{closure#0}
[INFO] [stdout]    8:     0x57acaf5d5e19 - std[70759c8f55707aa4]::sys::backtrace::__rust_end_short_backtrace::<std[70759c8f55707aa4]::panicking::panic_handler::{closure#0}, !>
[INFO] [stdout]    9:     0x57acaf5de09d - __rustc[8fa7c3cbc660c2b3]::rust_begin_unwind
[INFO] [stdout]   10:     0x57acaf61960c - core[df12db4294e9bfd3]::panicking::panic_fmt
[INFO] [stdout]   11:     0x57acaf6193e2 - core[df12db4294e9bfd3]::result::unwrap_failed
[INFO] [stdout]   12:     0x57acaf566345 - verdant_sandbox[2d6029048a3a90e6]::trace::tests::observed_sandbox_captures_reads_and_writes_together
[INFO] [stdout]   13:     0x57acaf582a69 - <verdant_sandbox[2d6029048a3a90e6]::trace::tests::observed_sandbox_captures_reads_and_writes_together::{closure#0} as core[df12db4294e9bfd3]::ops::function::FnOnce<()>>::call_once
[INFO] [stdout]   14:     0x57acaf58561b - test[9d35eded1c95d3be]::__rust_begin_short_backtrace::<core[df12db4294e9bfd3]::result::Result<(), alloc[2182bb758b4b3781]::string::String>, fn() -> core[df12db4294e9bfd3]::result::Result<(), alloc[2182bb758b4b3781]::string::String>>
[INFO] [stdout]   15:     0x57acaf592c85 - test[9d35eded1c95d3be]::run_test::{closure#0}
[INFO] [stdout]   16:     0x57acaf58c544 - std[70759c8f55707aa4]::sys::backtrace::__rust_begin_short_backtrace::<test[9d35eded1c95d3be]::run_test::{closure#1}, ()>
[INFO] [stdout]   17:     0x57acaf595de2 - <std[70759c8f55707aa4]::thread::lifecycle::spawn_unchecked<test[9d35eded1c95d3be]::run_test::{closure#1}, ()>::{closure#1} as core[df12db4294e9bfd3]::ops::function::FnOnce<()>>::call_once::{shim:vtable#0}
[INFO] [stdout]   18:     0x57acaf602ec9 - <std[70759c8f55707aa4]::sys::thread::unix::Thread>::new::thread_start
[INFO] [stdout]   19:     0x7896a8f29dfa - <unknown>
[INFO] [stdout]   20:     0x7896a8fbd3d4 - clone
[INFO] [stdout]   21:                0x0 - <unknown>
[INFO] [stdout] 
[INFO] [stdout] ---- trace::tests::timeout_reaps_a_setsid_escaping_descendant stdout ----
[INFO] [stdout] 
[INFO] [stdout] thread 'trace::tests::timeout_reaps_a_setsid_escaping_descendant' (469) panicked at src/trace.rs:1426:10:
[INFO] [stdout] called `Result::unwrap()` on an `Err` value: Io(Os { code: 1, kind: PermissionDenied, message: "Operation not permitted" })
[INFO] [stdout] stack backtrace:
[INFO] [stdout]    0:     0x57acaf603ee1 - <<std[70759c8f55707aa4]::sys::backtrace::BacktraceLock>::print::DisplayBacktrace as core[df12db4294e9bfd3]::fmt::Display>::fmt
[INFO] [stdout]    1:     0x57acaf618eda - core[df12db4294e9bfd3]::fmt::write
[INFO] [stdout]    2:     0x57acaf60867c - <alloc[2182bb758b4b3781]::vec::Vec<u8> as core[df12db4294e9bfd3]::io::write::Write>::write_fmt
[INFO] [stdout]    3:     0x57acaf5dd336 - std[70759c8f55707aa4]::panicking::default_hook::{closure#0}
[INFO] [stdout]    4:     0x57acaf5facc9 - std[70759c8f55707aa4]::panicking::default_hook
[INFO] [stdout]    5:     0x57acaf592330 - test[9d35eded1c95d3be]::test_main_inner::<test[9d35eded1c95d3be]::test_main_static::{closure#0}>::{closure#0}
[INFO] [stdout]    6:     0x57acaf5fae82 - std[70759c8f55707aa4]::panicking::panic_with_hook
[INFO] [stdout]    7:     0x57acaf5dd3e2 - std[70759c8f55707aa4]::panicking::panic_handler::{closure#0}
[INFO] [stdout]    8:     0x57acaf5d5e19 - std[70759c8f55707aa4]::sys::backtrace::__rust_end_short_backtrace::<std[70759c8f55707aa4]::panicking::panic_handler::{closure#0}, !>
[INFO] [stdout]    9:     0x57acaf5de09d - __rustc[8fa7c3cbc660c2b3]::rust_begin_unwind
[INFO] [stdout]   10:     0x57acaf61960c - core[df12db4294e9bfd3]::panicking::panic_fmt
[INFO] [stdout]   11:     0x57acaf6193e2 - core[df12db4294e9bfd3]::result::unwrap_failed
[INFO] [stdout]   12:     0x57acaf564a45 - verdant_sandbox[2d6029048a3a90e6]::trace::tests::timeout_reaps_a_setsid_escaping_descendant
[INFO] [stdout]   13:     0x57acaf5829e9 - <verdant_sandbox[2d6029048a3a90e6]::trace::tests::timeout_reaps_a_setsid_escaping_descendant::{closure#0} as core[df12db4294e9bfd3]::ops::function::FnOnce<()>>::call_once
[INFO] [stdout]   14:     0x57acaf58561b - test[9d35eded1c95d3be]::__rust_begin_short_backtrace::<core[df12db4294e9bfd3]::result::Result<(), alloc[2182bb758b4b3781]::string::String>, fn() -> core[df12db4294e9bfd3]::result::Result<(), alloc[2182bb758b4b3781]::string::String>>
[INFO] [stdout]   15:     0x57acaf592c85 - test[9d35eded1c95d3be]::run_test::{closure#0}
[INFO] [stdout]   16:     0x57acaf58c544 - std[70759c8f55707aa4]::sys::backtrace::__rust_begin_short_backtrace::<test[9d35eded1c95d3be]::run_test::{closure#1}, ()>
[INFO] [stdout]   17:     0x57acaf595de2 - <std[70759c8f55707aa4]::thread::lifecycle::spawn_unchecked<test[9d35eded1c95d3be]::run_test::{closure#1}, ()>::{closure#1} as core[df12db4294e9bfd3]::ops::function::FnOnce<()>>::call_once::{shim:vtable#0}
[INFO] [stdout]   18:     0x57acaf602ec9 - <std[70759c8f55707aa4]::sys::thread::unix::Thread>::new::thread_start
[INFO] [stdout]   19:     0x7896a8f29dfa - <unknown>
[INFO] [stdout]   20:     0x7896a8fbd3d4 - clone
[INFO] [stdout]   21:                0x0 - <unknown>
[INFO] [stdout] 
[INFO] [stdout] ---- imp::tests::runs_in_a_private_network_namespace stdout ----
[INFO] [stdout] 
[INFO] [stdout] thread 'imp::tests::runs_in_a_private_network_namespace' (442) panicked at src/lib.rs:623:44:
[INFO] [stdout] called `Result::unwrap()` on an `Err` value: CapabilityUnavailable("spawn refused: Operation not permitted (os error 1)")
[INFO] [stdout] stack backtrace:
[INFO] [stdout]    0:     0x57acaf603ee1 - <<std[70759c8f55707aa4]::sys::backtrace::BacktraceLock>::print::DisplayBacktrace as core[df12db4294e9bfd3]::fmt::Display>::fmt
[INFO] [stdout]    1:     0x57acaf618eda - core[df12db4294e9bfd3]::fmt::write
[INFO] [stdout]    2:     0x57acaf60867c - <alloc[2182bb758b4b3781]::vec::Vec<u8> as core[df12db4294e9bfd3]::io::write::Write>::write_fmt
[INFO] [stdout]    3:     0x57acaf5dd336 - std[70759c8f55707aa4]::panicking::default_hook::{closure#0}
[INFO] [stdout]    4:     0x57acaf5facc9 - std[70759c8f55707aa4]::panicking::default_hook
[INFO] [stdout]    5:     0x57acaf592330 - test[9d35eded1c95d3be]::test_main_inner::<test[9d35eded1c95d3be]::test_main_static::{closure#0}>::{closure#0}
[INFO] [stdout]    6:     0x57acaf5fae82 - std[70759c8f55707aa4]::panicking::panic_with_hook
[INFO] [stdout]    7:     0x57acaf5dd3e2 - std[70759c8f55707aa4]::panicking::panic_handler::{closure#0}
[INFO] [stdout]    8:     0x57acaf5d5e19 - std[70759c8f55707aa4]::sys::backtrace::__rust_end_short_backtrace::<std[70759c8f55707aa4]::panicking::panic_handler::{closure#0}, !>
[INFO] [stdout]    9:     0x57acaf5de09d - __rustc[8fa7c3cbc660c2b3]::rust_begin_unwind
[INFO] [stdout]   10:     0x57acaf61960c - core[df12db4294e9bfd3]::panicking::panic_fmt
[INFO] [stdout]   11:     0x57acaf6193e2 - core[df12db4294e9bfd3]::result::unwrap_failed
[INFO] [stdout]   12:     0x57acaf57b3dc - verdant_sandbox[2d6029048a3a90e6]::imp::tests::runs_in_a_private_network_namespace
[INFO] [stdout]   13:     0x57acaf582869 - <verdant_sandbox[2d6029048a3a90e6]::imp::tests::runs_in_a_private_network_namespace::{closure#0} as core[df12db4294e9bfd3]::ops::function::FnOnce<()>>::call_once
[INFO] [stdout]   14:     0x57acaf58561b - test[9d35eded1c95d3be]::__rust_begin_short_backtrace::<core[df12db4294e9bfd3]::result::Result<(), alloc[2182bb758b4b3781]::string::String>, fn() -> core[df12db4294e9bfd3]::result::Result<(), alloc[2182bb758b4b3781]::string::String>>
[INFO] [stdout]   15:     0x57acaf592c85 - test[9d35eded1c95d3be]::run_test::{closure#0}
[INFO] [stdout]   16:     0x57acaf58c544 - std[70759c8f55707aa4]::sys::backtrace::__rust_begin_short_backtrace::<test[9d35eded1c95d3be]::run_test::{closure#1}, ()>
[INFO] [stdout]   17:     0x57acaf595de2 - <std[70759c8f55707aa4]::thread::lifecycle::spawn_unchecked<test[9d35eded1c95d3be]::run_test::{closure#1}, ()>::{closure#1} as core[df12db4294e9bfd3]::ops::function::FnOnce<()>>::call_once::{shim:vtable#0}
[INFO] [stdout]   18:     0x57acaf602ec9 - <std[70759c8f55707aa4]::sys::thread::unix::Thread>::new::thread_start
[INFO] [stdout]   19:     0x7896a8f29dfa - <unknown>
[INFO] [stdout]   20:     0x7896a8fbd3d4 - clone
[INFO] [stdout]   21:                0x0 - <unknown>
[INFO] [stdout] 
[INFO] [stdout] ---- trace::tests::read_set_excludes_tool_cache_dirs stdout ----
[INFO] [stdout] 
[INFO] [stdout] thread 'trace::tests::read_set_excludes_tool_cache_dirs' (456) panicked at src/trace.rs:1206:10:
[INFO] [stdout] called `Result::unwrap()` on an `Err` value: Io(Os { code: 1, kind: PermissionDenied, message: "Operation not permitted" })
[INFO] [stdout] stack backtrace:
[INFO] [stdout]    0:     0x57acaf603ee1 - <<std[70759c8f55707aa4]::sys::backtrace::BacktraceLock>::print::DisplayBacktrace as core[df12db4294e9bfd3]::fmt::Display>::fmt
[INFO] [stdout]    1:     0x57acaf618eda - core[df12db4294e9bfd3]::fmt::write
[INFO] [stdout]    2:     0x57acaf60867c - <alloc[2182bb758b4b3781]::vec::Vec<u8> as core[df12db4294e9bfd3]::io::write::Write>::write_fmt
[INFO] [stdout]    3:     0x57acaf5dd336 - std[70759c8f55707aa4]::panicking::default_hook::{closure#0}
[INFO] [stdout]    4:     0x57acaf5facc9 - std[70759c8f55707aa4]::panicking::default_hook
[INFO] [stdout]    5:     0x57acaf592330 - test[9d35eded1c95d3be]::test_main_inner::<test[9d35eded1c95d3be]::test_main_static::{closure#0}>::{closure#0}
[INFO] [stdout]    6:     0x57acaf5fae82 - std[70759c8f55707aa4]::panicking::panic_with_hook
[INFO] [stdout]    7:     0x57acaf5dd3e2 - std[70759c8f55707aa4]::panicking::panic_handler::{closure#0}
[INFO] [stdout]    8:     0x57acaf5d5e19 - std[70759c8f55707aa4]::sys::backtrace::__rust_end_short_backtrace::<std[70759c8f55707aa4]::panicking::panic_handler::{closure#0}, !>
[INFO] [stdout]    9:     0x57acaf5de09d - __rustc[8fa7c3cbc660c2b3]::rust_begin_unwind
[INFO] [stdout]   10:     0x57acaf61960c - core[df12db4294e9bfd3]::panicking::panic_fmt
[INFO] [stdout]   11:     0x57acaf6193e2 - core[df12db4294e9bfd3]::result::unwrap_failed
[INFO] [stdout]   12:     0x57acaf562b4f - verdant_sandbox[2d6029048a3a90e6]::trace::tests::read_set_excludes_tool_cache_dirs
[INFO] [stdout]   13:     0x57acaf582949 - <verdant_sandbox[2d6029048a3a90e6]::trace::tests::read_set_excludes_tool_cache_dirs::{closure#0} as core[df12db4294e9bfd3]::ops::function::FnOnce<()>>::call_once
[INFO] [stdout]   14:     0x57acaf58561b - test[9d35eded1c95d3be]::__rust_begin_short_backtrace::<core[df12db4294e9bfd3]::result::Result<(), alloc[2182bb758b4b3781]::string::String>, fn() -> core[df12db4294e9bfd3]::result::Result<(), alloc[2182bb758b4b3781]::string::String>>
[INFO] [stdout]   15:     0x57acaf592c85 - test[9d35eded1c95d3be]::run_test::{closure#0}
[INFO] [stdout]   16:     0x57acaf58c544 - std[70759c8f55707aa4]::sys::backtrace::__rust_begin_short_backtrace::<test[9d35eded1c95d3be]::run_test::{closure#1}, ()>
[INFO] [stdout]   17:     0x57acaf595de2 - <std[70759c8f55707aa4]::thread::lifecycle::spawn_unchecked<test[9d35eded1c95d3be]::run_test::{closure#1}, ()>::{closure#1} as core[df12db4294e9bfd3]::ops::function::FnOnce<()>>::call_once::{shim:vtable#0}
[INFO] [stdout]   18:     0x57acaf602ec9 - <std[70759c8f55707aa4]::sys::thread::unix::Thread>::new::thread_start
[INFO] [stdout]   19:     0x7896a8f29dfa - <unknown>
[INFO] [stdout]   20:     0x7896a8fbd3d4 - clone
[INFO] [stdout]   21:                0x0 - <unknown>
[INFO] [stdout] 
[INFO] [stdout] ---- imp::tests::long_command_times_out stdout ----
[INFO] [stdout] 
[INFO] [stdout] thread 'imp::tests::long_command_times_out' (440) panicked at src/lib.rs:758:44:
[INFO] [stdout] called `Result::unwrap()` on an `Err` value: CapabilityUnavailable("spawn refused: Operation not permitted (os error 1)")
[INFO] [stdout] stack backtrace:
[INFO] [stdout]    0:     0x57acaf603ee1 - <<std[70759c8f55707aa4]::sys::backtrace::BacktraceLock>::print::DisplayBacktrace as core[df12db4294e9bfd3]::fmt::Display>::fmt
[INFO] [stdout]    1:     0x57acaf618eda - core[df12db4294e9bfd3]::fmt::write
[INFO] [stdout]    2:     0x57acaf60867c - <alloc[2182bb758b4b3781]::vec::Vec<u8> as core[df12db4294e9bfd3]::io::write::Write>::write_fmt
[INFO] [stdout]    3:     0x57acaf5dd336 - std[70759c8f55707aa4]::panicking::default_hook::{closure#0}
[INFO] [stdout]    4:     0x57acaf5facc9 - std[70759c8f55707aa4]::panicking::default_hook
[INFO] [stdout]    5:     0x57acaf592330 - test[9d35eded1c95d3be]::test_main_inner::<test[9d35eded1c95d3be]::test_main_static::{closure#0}>::{closure#0}
[INFO] [stdout]    6:     0x57acaf5fae82 - std[70759c8f55707aa4]::panicking::panic_with_hook
[INFO] [stdout]    7:     0x57acaf5dd3e2 - std[70759c8f55707aa4]::panicking::panic_handler::{closure#0}
[INFO] [stdout]    8:     0x57acaf5d5e19 - std[70759c8f55707aa4]::sys::backtrace::__rust_end_short_backtrace::<std[70759c8f55707aa4]::panicking::panic_handler::{closure#0}, !>
[INFO] [stdout]    9:     0x57acaf5de09d - __rustc[8fa7c3cbc660c2b3]::rust_begin_unwind
[INFO] [stdout]   10:     0x57acaf61960c - core[df12db4294e9bfd3]::panicking::panic_fmt
[INFO] [stdout]   11:     0x57acaf6193e2 - core[df12db4294e9bfd3]::result::unwrap_failed
[INFO] [stdout]   12:     0x57acaf57a3c4 - verdant_sandbox[2d6029048a3a90e6]::imp::tests::long_command_times_out
[INFO] [stdout]   13:     0x57acaf582829 - <verdant_sandbox[2d6029048a3a90e6]::imp::tests::long_command_times_out::{closure#0} as core[df12db4294e9bfd3]::ops::function::FnOnce<()>>::call_once
[INFO] [stdout]   14:     0x57acaf58561b - test[9d35eded1c95d3be]::__rust_begin_short_backtrace::<core[df12db4294e9bfd3]::result::Result<(), alloc[2182bb758b4b3781]::string::String>, fn() -> core[df12db4294e9bfd3]::result::Result<(), alloc[2182bb758b4b3781]::string::String>>
[INFO] [stdout]   15:     0x57acaf592c85 - test[9d35eded1c95d3be]::run_test::{closure#0}
[INFO] [stdout]   16:     0x57acaf58c544 - std[70759c8f55707aa4]::sys::backtrace::__rust_begin_short_backtrace::<test[9d35eded1c95d3be]::run_test::{closure#1}, ()>
[INFO] [stdout]   17:     0x57acaf595de2 - <std[70759c8f55707aa4]::thread::lifecycle::spawn_unchecked<test[9d35eded1c95d3be]::run_test::{closure#1}, ()>::{closure#1} as core[df12db4294e9bfd3]::ops::function::FnOnce<()>>::call_once::{shim:vtable#0}
[INFO] [stdout]   18:     0x57acaf602ec9 - <std[70759c8f55707aa4]::sys::thread::unix::Thread>::new::thread_start
[INFO] [stdout]   19:     0x7896a8f29dfa - <unknown>
[INFO] [stdout]   20:     0x7896a8fbd3d4 - clone
[INFO] [stdout]   21:                0x0 - <unknown>
[INFO] [stdout] 
[INFO] [stdout] ---- trace::tests::command_cannot_unmount_the_overlay_to_escape stdout ----
[INFO] [stdout] 
[INFO] [stdout] thread 'trace::tests::command_cannot_unmount_the_overlay_to_escape' (445) panicked at src/trace.rs:1381:10:
[INFO] [stdout] called `Result::unwrap()` on an `Err` value: Io(Os { code: 1, kind: PermissionDenied, message: "Operation not permitted" })
[INFO] [stdout] stack backtrace:
[INFO] [stdout]    0:     0x57acaf603ee1 - <<std[70759c8f55707aa4]::sys::backtrace::BacktraceLock>::print::DisplayBacktrace as core[df12db4294e9bfd3]::fmt::Display>::fmt
[INFO] [stdout]    1:     0x57acaf618eda - core[df12db4294e9bfd3]::fmt::write
[INFO] [stdout]    2:     0x57acaf60867c - <alloc[2182bb758b4b3781]::vec::Vec<u8> as core[df12db4294e9bfd3]::io::write::Write>::write_fmt
[INFO] [stdout]    3:     0x57acaf5dd336 - std[70759c8f55707aa4]::panicking::default_hook::{closure#0}
[INFO] [stdout]    4:     0x57acaf5facc9 - std[70759c8f55707aa4]::panicking::default_hook
[INFO] [stdout]    5:     0x57acaf592330 - test[9d35eded1c95d3be]::test_main_inner::<test[9d35eded1c95d3be]::test_main_static::{closure#0}>::{closure#0}
[INFO] [stdout]    6:     0x57acaf5fae82 - std[70759c8f55707aa4]::panicking::panic_with_hook
[INFO] [stdout]    7:     0x57acaf5dd3e2 - std[70759c8f55707aa4]::panicking::panic_handler::{closure#0}
[INFO] [stdout]    8:     0x57acaf5d5e19 - std[70759c8f55707aa4]::sys::backtrace::__rust_end_short_backtrace::<std[70759c8f55707aa4]::panicking::panic_handler::{closure#0}, !>
[INFO] [stdout]    9:     0x57acaf5de09d - __rustc[8fa7c3cbc660c2b3]::rust_begin_unwind
[INFO] [stdout]   10:     0x57acaf61960c - core[df12db4294e9bfd3]::panicking::panic_fmt
[INFO] [stdout]   11:     0x57acaf6193e2 - core[df12db4294e9bfd3]::result::unwrap_failed
[INFO] [stdout]   12:     0x57acaf5651e7 - verdant_sandbox[2d6029048a3a90e6]::trace::tests::command_cannot_unmount_the_overlay_to_escape
[INFO] [stdout]   13:     0x57acaf582a09 - <verdant_sandbox[2d6029048a3a90e6]::trace::tests::command_cannot_unmount_the_overlay_to_escape::{closure#0} as core[df12db4294e9bfd3]::ops::function::FnOnce<()>>::call_once
[INFO] [stdout]   14:     0x57acaf58561b - test[9d35eded1c95d3be]::__rust_begin_short_backtrace::<core[df12db4294e9bfd3]::result::Result<(), alloc[2182bb758b4b3781]::string::String>, fn() -> core[df12db4294e9bfd3]::result::Result<(), alloc[2182bb758b4b3781]::string::String>>
[INFO] [stdout]   15:     0x57acaf592c85 - test[9d35eded1c95d3be]::run_test::{closure#0}
[INFO] [stdout]   16:     0x57acaf58c544 - std[70759c8f55707aa4]::sys::backtrace::__rust_begin_short_backtrace::<test[9d35eded1c95d3be]::run_test::{closure#1}, ()>
[INFO] [stdout]   17:     0x57acaf595de2 - <std[70759c8f55707aa4]::thread::lifecycle::spawn_unchecked<test[9d35eded1c95d3be]::run_test::{closure#1}, ()>::{closure#1} as core[df12db4294e9bfd3]::ops::function::FnOnce<()>>::call_once::{shim:vtable#0}
[INFO] [stdout]   18:     0x57acaf602ec9 - <std[70759c8f55707aa4]::sys::thread::unix::Thread>::new::thread_start
[INFO] [stdout]   19:     0x7896a8f29dfa - <unknown>
[INFO] [stdout]   20:     0x7896a8fbd3d4 - clone
[INFO] [stdout]   21:                0x0 - <unknown>
[INFO] [stdout] 
[INFO] [stdout] ---- trace::tests::write_set_excludes_tool_cache_dirs stdout ----
[INFO] [stdout] 
[INFO] [stdout] thread 'trace::tests::write_set_excludes_tool_cache_dirs' (473) panicked at src/trace.rs:1249:10:
[INFO] [stdout] called `Result::unwrap()` on an `Err` value: Io(Os { code: 1, kind: PermissionDenied, message: "Operation not permitted" })
[INFO] [stdout] stack backtrace:
[INFO] [stdout]    0:     0x57acaf603ee1 - <<std[70759c8f55707aa4]::sys::backtrace::BacktraceLock>::print::DisplayBacktrace as core[df12db4294e9bfd3]::fmt::Display>::fmt
[INFO] [stdout]    1:     0x57acaf618eda - core[df12db4294e9bfd3]::fmt::write
[INFO] [stdout]    2:     0x57acaf60867c - <alloc[2182bb758b4b3781]::vec::Vec<u8> as core[df12db4294e9bfd3]::io::write::Write>::write_fmt
[INFO] [stdout]    3:     0x57acaf5dd336 - std[70759c8f55707aa4]::panicking::default_hook::{closure#0}
[INFO] [stdout]    4:     0x57acaf5facc9 - std[70759c8f55707aa4]::panicking::default_hook
[INFO] [stdout]    5:     0x57acaf592330 - test[9d35eded1c95d3be]::test_main_inner::<test[9d35eded1c95d3be]::test_main_static::{closure#0}>::{closure#0}
[INFO] [stdout]    6:     0x57acaf5fae82 - std[70759c8f55707aa4]::panicking::panic_with_hook
[INFO] [stdout]    7:     0x57acaf5dd3e2 - std[70759c8f55707aa4]::panicking::panic_handler::{closure#0}
[INFO] [stdout]    8:     0x57acaf5d5e19 - std[70759c8f55707aa4]::sys::backtrace::__rust_end_short_backtrace::<std[70759c8f55707aa4]::panicking::panic_handler::{closure#0}, !>
[INFO] [stdout]    9:     0x57acaf5de09d - __rustc[8fa7c3cbc660c2b3]::rust_begin_unwind
[INFO] [stdout]   10:     0x57acaf61960c - core[df12db4294e9bfd3]::panicking::panic_fmt
[INFO] [stdout]   11:     0x57acaf6193e2 - core[df12db4294e9bfd3]::result::unwrap_failed
[INFO] [stdout]   12:     0x57acaf563654 - verdant_sandbox[2d6029048a3a90e6]::trace::tests::write_set_excludes_tool_cache_dirs
[INFO] [stdout]   13:     0x57acaf582989 - <verdant_sandbox[2d6029048a3a90e6]::trace::tests::write_set_excludes_tool_cache_dirs::{closure#0} as core[df12db4294e9bfd3]::ops::function::FnOnce<()>>::call_once
[INFO] [stdout]   14:     0x57acaf58561b - test[9d35eded1c95d3be]::__rust_begin_short_backtrace::<core[df12db4294e9bfd3]::result::Result<(), alloc[2182bb758b4b3781]::string::String>, fn() -> core[df12db4294e9bfd3]::result::Result<(), alloc[2182bb758b4b3781]::string::String>>
[INFO] [stdout]   15:     0x57acaf592c85 - test[9d35eded1c95d3be]::run_test::{closure#0}
[INFO] [stdout]   16:     0x57acaf58c544 - std[70759c8f55707aa4]::sys::backtrace::__rust_begin_short_backtrace::<test[9d35eded1c95d3be]::run_test::{closure#1}, ()>
[INFO] [stdout]   17:     0x57acaf595de2 - <std[70759c8f55707aa4]::thread::lifecycle::spawn_unchecked<test[9d35eded1c95d3be]::run_test::{closure#1}, ()>::{closure#1} as core[df12db4294e9bfd3]::ops::function::FnOnce<()>>::call_once::{shim:vtable#0}
[INFO] [stdout]   18:     0x57acaf602ec9 - <std[70759c8f55707aa4]::sys::thread::unix::Thread>::new::thread_start
[INFO] [stdout]   19:     0x7896a8f29dfa - <unknown>
[INFO] [stdout]   20:     0x7896a8fbd3d4 - clone
[INFO] [stdout]   21:                0x0 - <unknown>
[INFO] [stdout] 
[INFO] [stdout] ---- trace::tests::write_set_excludes_build_artifact_dirs stdout ----
[INFO] [stdout] 
[INFO] [stdout] thread 'trace::tests::write_set_excludes_build_artifact_dirs' (472) panicked at src/trace.rs:1333:10:
[INFO] [stdout] called `Result::unwrap()` on an `Err` value: Io(Os { code: 1, kind: PermissionDenied, message: "Operation not permitted" })
[INFO] [stdout] stack backtrace:
[INFO] [stdout]    0:     0x57acaf603ee1 - <<std[70759c8f55707aa4]::sys::backtrace::BacktraceLock>::print::DisplayBacktrace as core[df12db4294e9bfd3]::fmt::Display>::fmt
[INFO] [stdout]    1:     0x57acaf618eda - core[df12db4294e9bfd3]::fmt::write
[INFO] [stdout]    2:     0x57acaf60867c - <alloc[2182bb758b4b3781]::vec::Vec<u8> as core[df12db4294e9bfd3]::io::write::Write>::write_fmt
[INFO] [stdout]    3:     0x57acaf5dd336 - std[70759c8f55707aa4]::panicking::default_hook::{closure#0}
[INFO] [stdout]    4:     0x57acaf5facc9 - std[70759c8f55707aa4]::panicking::default_hook
[INFO] [stdout]    5:     0x57acaf592330 - test[9d35eded1c95d3be]::test_main_inner::<test[9d35eded1c95d3be]::test_main_static::{closure#0}>::{closure#0}
[INFO] [stdout]    6:     0x57acaf5fae82 - std[70759c8f55707aa4]::panicking::panic_with_hook
[INFO] [stdout]    7:     0x57acaf5dd3e2 - std[70759c8f55707aa4]::panicking::panic_handler::{closure#0}
[INFO] [stdout]    8:     0x57acaf5d5e19 - std[70759c8f55707aa4]::sys::backtrace::__rust_end_short_backtrace::<std[70759c8f55707aa4]::panicking::panic_handler::{closure#0}, !>
[INFO] [stdout]    9:     0x57acaf5de09d - __rustc[8fa7c3cbc660c2b3]::rust_begin_unwind
[INFO] [stdout]   10:     0x57acaf61960c - core[df12db4294e9bfd3]::panicking::panic_fmt
[INFO] [stdout]   11:     0x57acaf6193e2 - core[df12db4294e9bfd3]::result::unwrap_failed
[INFO] [stdout]   12:     0x57acaf564250 - verdant_sandbox[2d6029048a3a90e6]::trace::tests::write_set_excludes_build_artifact_dirs
[INFO] [stdout]   13:     0x57acaf5829c9 - <verdant_sandbox[2d6029048a3a90e6]::trace::tests::write_set_excludes_build_artifact_dirs::{closure#0} as core[df12db4294e9bfd3]::ops::function::FnOnce<()>>::call_once
[INFO] [stdout]   14:     0x57acaf58561b - test[9d35eded1c95d3be]::__rust_begin_short_backtrace::<core[df12db4294e9bfd3]::result::Result<(), alloc[2182bb758b4b3781]::string::String>, fn() -> core[df12db4294e9bfd3]::result::Result<(), alloc[2182bb758b4b3781]::string::String>>
[INFO] [stdout]   15:     0x57acaf592c85 - test[9d35eded1c95d3be]::run_test::{closure#0}
[INFO] [stdout]   16:     0x57acaf58c544 - std[70759c8f55707aa4]::sys::backtrace::__rust_begin_short_backtrace::<test[9d35eded1c95d3be]::run_test::{closure#1}, ()>
[INFO] [stdout]   17:     0x57acaf595de2 - <std[70759c8f55707aa4]::thread::lifecycle::spawn_unchecked<test[9d35eded1c95d3be]::run_test::{closure#1}, ()>::{closure#1} as core[df12db4294e9bfd3]::ops::function::FnOnce<()>>::call_once::{shim:vtable#0}
[INFO] [stdout]   18:     0x57acaf602ec9 - <std[70759c8f55707aa4]::sys::thread::unix::Thread>::new::thread_start
[INFO] [stdout]   19:     0x7896a8f29dfa - <unknown>
[INFO] [stdout]   20:     0x7896a8fbd3d4 - clone
[INFO] [stdout]   21:                0x0 - <unknown>
[INFO] [stdout] 
[INFO] [stdout] ---- trace::tests::taints_a_connect_to_a_system_control_socket_but_not_an_ordinary_one stdout ----
[INFO] [stdout] 
[INFO] [stdout] thread 'trace::tests::taints_a_connect_to_a_system_control_socket_but_not_an_ordinary_one' (468) panicked at src/trace.rs:1525:83:
[INFO] [stdout] called `Result::unwrap()` on an `Err` value: Io(Os { code: 1, kind: PermissionDenied, message: "Operation not permitted" })
[INFO] [stdout] stack backtrace:
[INFO] [stdout]    0:     0x57acaf603ee1 - <<std[70759c8f55707aa4]::sys::backtrace::BacktraceLock>::print::DisplayBacktrace as core[df12db4294e9bfd3]::fmt::Display>::fmt
[INFO] [stdout]    1:     0x57acaf618eda - core[df12db4294e9bfd3]::fmt::write
[INFO] [stdout]    2:     0x57acaf60867c - <alloc[2182bb758b4b3781]::vec::Vec<u8> as core[df12db4294e9bfd3]::io::write::Write>::write_fmt
[INFO] [stdout]    3:     0x57acaf5dd336 - std[70759c8f55707aa4]::panicking::default_hook::{closure#0}
[INFO] [stdout]    4:     0x57acaf5facc9 - std[70759c8f55707aa4]::panicking::default_hook
[INFO] [stdout]    5:     0x57acaf592330 - test[9d35eded1c95d3be]::test_main_inner::<test[9d35eded1c95d3be]::test_main_static::{closure#0}>::{closure#0}
[INFO] [stdout]    6:     0x57acaf5fae82 - std[70759c8f55707aa4]::panicking::panic_with_hook
[INFO] [stdout]    7:     0x57acaf5dd3e2 - std[70759c8f55707aa4]::panicking::panic_handler::{closure#0}
[INFO] [stdout]    8:     0x57acaf5d5e19 - std[70759c8f55707aa4]::sys::backtrace::__rust_end_short_backtrace::<std[70759c8f55707aa4]::panicking::panic_handler::{closure#0}, !>
[INFO] [stdout]    9:     0x57acaf5de09d - __rustc[8fa7c3cbc660c2b3]::rust_begin_unwind
[INFO] [stdout]   10:     0x57acaf61960c - core[df12db4294e9bfd3]::panicking::panic_fmt
[INFO] [stdout]   11:     0x57acaf6193e2 - core[df12db4294e9bfd3]::result::unwrap_failed
[INFO] [stdout]   12:     0x57acaf567cb7 - verdant_sandbox[2d6029048a3a90e6]::trace::tests::taints_a_connect_to_a_system_control_socket_but_not_an_ordinary_one
[INFO] [stdout]   13:     0x57acaf582ac9 - <verdant_sandbox[2d6029048a3a90e6]::trace::tests::taints_a_connect_to_a_system_control_socket_but_not_an_ordinary_one::{closure#0} as core[df12db4294e9bfd3]::ops::function::FnOnce<()>>::call_once
[INFO] [stdout]   14:     0x57acaf58561b - test[9d35eded1c95d3be]::__rust_begin_short_backtrace::<core[df12db4294e9bfd3]::result::Result<(), alloc[2182bb758b4b3781]::string::String>, fn() -> core[df12db4294e9bfd3]::result::Result<(), alloc[2182bb758b4b3781]::string::String>>
[INFO] [stdout]   15:     0x57acaf592c85 - test[9d35eded1c95d3be]::run_test::{closure#0}
[INFO] [stdout]   16:     0x57acaf58c544 - std[70759c8f55707aa4]::sys::backtrace::__rust_begin_short_backtrace::<test[9d35eded1c95d3be]::run_test::{closure#1}, ()>
[INFO] [stdout]   17:     0x57acaf595de2 - <std[70759c8f55707aa4]::thread::lifecycle::spawn_unchecked<test[9d35eded1c95d3be]::run_test::{closure#1}, ()>::{closure#1} as core[df12db4294e9bfd3]::ops::function::FnOnce<()>>::call_once::{shim:vtable#0}
[INFO] [stdout]   18:     0x57acaf602ec9 - <std[70759c8f55707aa4]::sys::thread::unix::Thread>::new::thread_start
[INFO] [stdout]   19:     0x7896a8f29dfa - <unknown>
[INFO] [stdout]   20:     0x7896a8fbd3d4 - clone
[INFO] [stdout]   21:                0x0 - <unknown>
[INFO] [stdout] 
[INFO] [stdout] 
[INFO] [stdout] failures:
[INFO] [stdout]     imp::tests::captures_write_set_and_isolates_lower_tree
[INFO] [stdout]     imp::tests::long_command_times_out
[INFO] [stdout]     imp::tests::records_deletion_as_whiteout
[INFO] [stdout]     imp::tests::runs_in_a_private_network_namespace
[INFO] [stdout]     imp::tests::symlink_created_in_overlay_is_not_captured
[INFO] [stdout]     imp::tests::write_outside_project_root_escapes_overlay_and_is_not_captured
[INFO] [stdout]     trace::tests::command_cannot_unmount_the_overlay_to_escape
[INFO] [stdout]     trace::tests::dir_set_records_listed_directories_but_not_artifact_dirs
[INFO] [stdout]     trace::tests::observed_sandbox_captures_reads_and_writes_together
[INFO] [stdout]     trace::tests::read_set_excludes_tool_cache_dirs
[INFO] [stdout]     trace::tests::taints_a_connect_to_a_system_control_socket_but_not_an_ordinary_one
[INFO] [stdout]     trace::tests::timeout_reaps_a_setsid_escaping_descendant
[INFO] [stdout]     trace::tests::write_set_excludes_build_artifact_dirs
[INFO] [stdout]     trace::tests::write_set_excludes_tool_cache_dirs
[INFO] [stdout] 
[INFO] [stdout] test result: FAILED. 9 passed; 14 failed; 0 ignored; 0 measured; 0 filtered out; finished in 0.18s
[INFO] [stdout] 
[INFO] [stderr] error: test failed, to rerun pass `--lib`
[INFO] running `Command { std: "docker" "inspect" "d810f05373f226df9d11dea0f62e3da19be4003bfdfeec4e9fa4541a43488f69", kill_on_drop: false }`
[INFO] running `Command { std: "docker" "rm" "-f" "d810f05373f226df9d11dea0f62e3da19be4003bfdfeec4e9fa4541a43488f69", kill_on_drop: false }`
[INFO] [stdout] d810f05373f226df9d11dea0f62e3da19be4003bfdfeec4e9fa4541a43488f69
