[INFO] fetching crate verbora-trie 0.2.0...
[INFO] testing verbora-trie-0.2.0 against 1.100.0-beta.1+cargoflags=--release for beta-release-1.100-2
[INFO] extracting crate verbora-trie 0.2.0 into /workspace/builds/worker-7-tc2/source
[INFO] started tweaking crates.io crate verbora-trie 0.2.0
[INFO] removed 0 missing tests
[INFO] finished tweaking crates.io crate verbora-trie 0.2.0
[INFO] tweaked toml for crates.io crate verbora-trie 0.2.0 written to /workspace/builds/worker-7-tc2/source/Cargo.toml
[INFO] validating manifest of crates.io crate verbora-trie 0.2.0 on toolchain 1.100.0-beta.1
[INFO] running `Command { std: CARGO_HOME="/workspace/cargo-home" RUSTUP_HOME="/workspace/rustup-home" "/workspace/cargo-home/bin/cargo" "+1.100.0-beta.1" "metadata" "--manifest-path" "Cargo.toml" "--no-deps", kill_on_drop: false }`
[INFO] crate crates.io crate verbora-trie 0.2.0 already has a lockfile, it will not be regenerated
[INFO] running `Command { std: CARGO_HOME="/workspace/cargo-home" RUSTUP_HOME="/workspace/rustup-home" "/workspace/cargo-home/bin/cargo" "+1.100.0-beta.1" "fetch" "--manifest-path" "Cargo.toml", kill_on_drop: false }`
[INFO] running `Command { std: "docker" "create" "-v" "/var/lib/crater-agent-workspace/builds/worker-7-tc2/source:/opt/rustwide/workdir:ro,Z" "-v" "/var/lib/crater-agent-workspace/builds/worker-7-tc2/target:/opt/rustwide/target:rw,Z" "-v" "/var/lib/crater-agent-workspace/cargo-home:/opt/rustwide/cargo-home:ro,Z" "-v" "/var/lib/crater-agent-workspace/rustup-home:/opt/rustwide/rustup-home:ro,Z" "-m" "1610612736" "--network" "none" "ghcr.io/rust-lang/crates-build-env/linux@sha256:77db811e55d90add9212f6832c23229e3de5f1c1f9905e8cb07319ea15df73ac" "sleep" "infinity", kill_on_drop: false }`
[INFO] [stdout] 06c0310fb6722c1ad9d4c3df440becb832d209f92a25d89e2f0d94cbd7aaf5b4
[INFO] running `Command { std: "docker" "start" "06c0310fb6722c1ad9d4c3df440becb832d209f92a25d89e2f0d94cbd7aaf5b4", kill_on_drop: false }`
[INFO] running `Command { std: "docker" "inspect" "06c0310fb6722c1ad9d4c3df440becb832d209f92a25d89e2f0d94cbd7aaf5b4", kill_on_drop: false }`
[INFO] running `Command { std: "docker" "exec" "-e" "SOURCE_DIR=/opt/rustwide/workdir" "-e" "CARGO_HOME=/opt/rustwide/cargo-home" "-e" "RUSTUP_HOME=/opt/rustwide/rustup-home" "-e" "CARGO_TARGET_DIR=/opt/rustwide/target" "-w" "/opt/rustwide/workdir" "--user" "0:0" "06c0310fb6722c1ad9d4c3df440becb832d209f92a25d89e2f0d94cbd7aaf5b4" "/opt/rustwide/cargo-home/bin/cargo" "+1.100.0-beta.1" "metadata" "--no-deps" "--format-version=1", kill_on_drop: false }`
[INFO] running `Command { std: "docker" "inspect" "06c0310fb6722c1ad9d4c3df440becb832d209f92a25d89e2f0d94cbd7aaf5b4", kill_on_drop: false }`
[INFO] running `Command { std: "docker" "exec" "-e" "SOURCE_DIR=/opt/rustwide/workdir" "-e" "CARGO_HOME=/opt/rustwide/cargo-home" "-e" "RUSTUP_HOME=/opt/rustwide/rustup-home" "-e" "CARGO_TARGET_DIR=/opt/rustwide/target" "-e" "CARGO_INCREMENTAL=0" "-e" "RUST_BACKTRACE=full" "-e" "RUSTFLAGS=--cap-lints=warn" "-e" "RUSTDOCFLAGS=--cap-lints=warn" "-w" "/opt/rustwide/workdir" "--user" "0:0" "06c0310fb6722c1ad9d4c3df440becb832d209f92a25d89e2f0d94cbd7aaf5b4" "/opt/rustwide/cargo-home/bin/cargo" "+1.100.0-beta.1" "build" "--frozen" "--message-format=json" "--release", kill_on_drop: false }`
[INFO] [stderr]    Compiling smallvec v1.15.2
[INFO] [stderr]    Compiling verbora-trie v0.2.0 (/opt/rustwide/workdir)
[INFO] [stderr]     Finished `release` profile [optimized] target(s) in 1.07s
[INFO] running `Command { std: "docker" "inspect" "06c0310fb6722c1ad9d4c3df440becb832d209f92a25d89e2f0d94cbd7aaf5b4", kill_on_drop: false }`
[INFO] running `Command { std: "docker" "exec" "-e" "SOURCE_DIR=/opt/rustwide/workdir" "-e" "CARGO_HOME=/opt/rustwide/cargo-home" "-e" "RUSTUP_HOME=/opt/rustwide/rustup-home" "-e" "CARGO_TARGET_DIR=/opt/rustwide/target" "-e" "CARGO_INCREMENTAL=0" "-e" "RUST_BACKTRACE=full" "-e" "RUSTFLAGS=--cap-lints=warn" "-e" "RUSTDOCFLAGS=--cap-lints=warn" "-w" "/opt/rustwide/workdir" "--user" "0:0" "06c0310fb6722c1ad9d4c3df440becb832d209f92a25d89e2f0d94cbd7aaf5b4" "/opt/rustwide/cargo-home/bin/cargo" "+1.100.0-beta.1" "test" "--frozen" "--no-run" "--message-format=json" "--release", kill_on_drop: false }`
[INFO] [stderr]    Compiling crossbeam-utils v0.8.22
[INFO] [stderr]    Compiling zerocopy v0.8.56
[INFO] [stderr]    Compiling crossbeam-deque v0.8.7
[INFO] [stderr]    Compiling either v1.18.0
[INFO] [stderr]    Compiling syn v2.0.119
[INFO] [stderr]    Compiling serde_json v1.0.151
[INFO] [stderr]    Compiling clap_builder v4.6.6
[INFO] [stderr]    Compiling is-terminal v0.4.17
[INFO] [stderr]    Compiling plotters v0.3.7
[INFO] [stderr]    Compiling itertools v0.10.5
[INFO] [stderr]    Compiling crossbeam-epoch v0.9.20
[INFO] [stderr]    Compiling rayon-core v1.13.0
[INFO] [stderr]    Compiling rayon v1.12.0
[INFO] [stderr]    Compiling tinytemplate v1.2.1
[INFO] [stderr]    Compiling criterion-plot v0.5.0
[INFO] [stderr]    Compiling clap v4.6.6
[INFO] [stderr]    Compiling zerocopy-derive v0.8.56
[INFO] [stderr]    Compiling half v2.7.1
[INFO] [stderr]    Compiling ciborium-ll v0.2.2
[INFO] [stderr]    Compiling ciborium v0.2.2
[INFO] [stderr]    Compiling criterion v0.5.1
[INFO] [stderr]    Compiling verbora-trie v0.2.0 (/opt/rustwide/workdir)
[INFO] [stderr]     Finished `release` profile [optimized] target(s) in 32.56s
[INFO] running `Command { std: "docker" "inspect" "06c0310fb6722c1ad9d4c3df440becb832d209f92a25d89e2f0d94cbd7aaf5b4", kill_on_drop: false }`
[INFO] running `Command { std: "docker" "exec" "-e" "SOURCE_DIR=/opt/rustwide/workdir" "-e" "CARGO_HOME=/opt/rustwide/cargo-home" "-e" "RUSTUP_HOME=/opt/rustwide/rustup-home" "-e" "CARGO_TARGET_DIR=/opt/rustwide/target" "-e" "CARGO_INCREMENTAL=0" "-e" "RUST_BACKTRACE=full" "-e" "RUSTFLAGS=--cap-lints=warn" "-e" "RUSTDOCFLAGS=--cap-lints=warn" "-w" "/opt/rustwide/workdir" "--user" "0:0" "06c0310fb6722c1ad9d4c3df440becb832d209f92a25d89e2f0d94cbd7aaf5b4" "/opt/rustwide/cargo-home/bin/cargo" "+1.100.0-beta.1" "test" "--frozen" "--release", kill_on_drop: false }`
[INFO] [stderr]     Finished `release` profile [optimized] target(s) in 0.07s
[INFO] [stderr]      Running unittests src/lib.rs (/opt/rustwide/target/release/build/verbora-trie/abbc04fb3ccfc097/out/verbora_trie-abbc04fb3ccfc097)
[INFO] [stdout] 
[INFO] [stdout] running 67 tests
[INFO] [stdout] test frozen::tests::case_folding_applies_to_every_frozen_argument_too ... ok
[INFO] [stdout] test frozen::tests::iter_keys_with_prefix_matches_its_eager_counterpart ... ok
[INFO] [stdout] test frozen::tests::cjk_and_cyrillic_and_greek_agree ... ok
[INFO] [stdout] test frozen::tests::into_iterator_matches_keys ... ok
[INFO] [stdout] test frozen::tests::frozen_iterator_count_nth_and_size_hint_are_exact ... ok
[INFO] [stdout] test frozen::tests::empty_string_is_a_word_that_creates_no_frozen_node_either ... ok
[INFO] [stdout] test membership::tests::non_ascii_keys_round_trip ... ok
[INFO] [stdout] test frozen::tests::branching_and_shared_prefixes_agree ... ok
[INFO] [stdout] test membership::tests::the_empty_key_is_a_key_like_any_other ... ok
[INFO] [stdout] test membership::tests::prefixes_of_stored_keys_are_not_members ... ok
[INFO] [stdout] test frozen::tests::a_shorter_word_along_the_chain_forces_a_kept_node_there ... ok
[INFO] [stdout] test trie::tests::a_walk_that_stops_hands_back_the_callers_own_text ... ok
[INFO] [stdout] test trie::tests::accented_latin ... ok
[INFO] [stdout] test membership::tests::empty_index_allocates_nothing_and_contains_nothing ... ok
[INFO] [stdout] test frozen::tests::compression_preserves_ascending_order ... ok
[INFO] [stdout] test frozen::tests::empty_trie_freezes_to_one_node_and_matches ... ok
[INFO] [stdout] test trie::tests::astral_characters_occupy_one_node_each ... ok
[INFO] [stdout] test trie::tests::case_sensitive_is_the_default ... ok
[INFO] [stdout] test membership::tests::reserve_pre_sizes_without_changing_answers ... ok
[INFO] [stdout] test membership::tests::insert_reports_prior_presence ... ok
[INFO] [stdout] test trie::tests::clone_preserves_enumeration_order ... ok
[INFO] [stdout] test frozen::tests::a_lone_branch_free_word_compresses_to_one_edge ... ok
[INFO] [stdout] test trie::tests::cyrillic_and_greek ... ok
[INFO] [stdout] test trie::tests::digits_and_numeric_looking_words ... ok
[INFO] [stdout] test trie::tests::empty_string_is_a_word_that_creates_no_node ... ok
[INFO] [stdout] test trie::tests::child_lists_stay_sorted_at_every_node ... ok
[INFO] [stdout] test trie::tests::fold_applies_the_full_unicode_lowercase_mapping ... ok
[INFO] [stdout] test trie::tests::a_fresh_trie_has_one_node_and_contains_nothing ... ok
[INFO] [stdout] test trie::tests::all_uppercase_input ... ok
[INFO] [stdout] test trie::tests::a_deep_single_child_chain_neither_overflows_nor_reorders ... ok
[INFO] [stdout] test trie::tests::from_iterator_and_extend_build_case_sensitive_tries ... ok
[INFO] [stdout] test frozen::tests::keys_slice_agrees_with_keys_with_prefix_everywhere ... ok
[INFO] [stdout] test trie::tests::cjk ... ok
[INFO] [stdout] test trie::tests::insert_all_accepts_owned_and_borrowed_items ... ok
[INFO] [stdout] test trie::tests::longest_prefix_borrows_when_no_folding_is_needed ... ok
[INFO] [stdout] test trie::tests::longest_prefix_on_an_exact_hit_leaves_nothing ... ok
[INFO] [stdout] test trie::tests::longest_prefix_reports_where_the_walk_died_not_where_the_word_ended ... ok
[INFO] [stdout] test trie::tests::prefix_matches_borrow_when_no_folding_is_needed ... ok
[INFO] [stdout] test trie::tests::an_overstated_size_hint_reserves_nothing_expensive ... ok
[INFO] [stdout] test trie::tests::folding_reaches_the_gate_with_the_folded_first_byte ... ok
[INFO] [stdout] test trie::tests::iterators_stop_early_and_stay_fused ... ok
[INFO] [stdout] test trie::tests::punctuation_and_whitespace ... ok
[INFO] [stdout] test trie::tests::folding_applies_to_every_method_without_exception ... ok
[INFO] [stdout] test trie::tests::folding_can_change_a_words_length ... ok
[INFO] [stdout] test trie::tests::equality_ignores_word_insertion_history ... ok
[INFO] [stdout] test trie::tests::every_node_lists_each_key_once ... ok
[INFO] [stdout] test frozen::tests::astral_scalars_agree ... ok
[INFO] [stdout] test trie::tests::fold_borrows_when_nothing_changes ... ok
[INFO] [stdout] test trie::tests::the_gate_rejects_only_bytes_no_stored_word_starts_with ... ok
[INFO] [stdout] test trie::tests::size_hint_is_exact_so_collect_allocates_once ... ok
[INFO] [stdout] test trie::tests::the_inline_child_capacity_is_free ... ok
[INFO] [stdout] test trie::tests::the_borrowed_key_is_only_the_current_word ... ok
[INFO] [stdout] test trie::tests::the_bulk_walk_agrees_with_the_frozen_representation ... ok
[INFO] [stdout] test trie::tests::single_character_words ... ok
[INFO] [stdout] test trie::tests::the_bulk_walk_matches_the_lazy_iterator_on_the_hard_shapes ... ok
[INFO] [stdout] test trie::tests::randomized_word_counts_and_membership_agree_with_the_structure ... ok
[INFO] [stdout] test trie::tests::prefixes_and_extensions_of_a_stored_word_are_not_contained ... ok
[INFO] [stdout] test trie::tests::word_counts_survive_duplicates_folding_and_expansion ... ok
[INFO] [stdout] test trie::tests::the_first_byte_gate_never_changes_an_answer ... ok
[INFO] [stdout] test membership::tests::growth_preserves_every_key ... ok
[INFO] [stdout] test frozen::tests::randomized_key_table_and_membership_agree_with_the_mutable_walk ... ok
[INFO] [stdout] test frozen::tests::randomized_tries_agree_on_contains_and_keys_with_prefix ... ok
[INFO] [stdout] test frozen::tests::very_long_input_freezes_and_queries_without_overflowing_the_stack ... ok
[INFO] [stdout] test trie::tests::the_bulk_walk_matches_the_lazy_iterator_on_random_corpora ... ok
[INFO] [stdout] test trie::tests::very_long_input_does_not_overflow_the_stack ... ok
[INFO] [stdout] test trie::tests::count_is_exact_before_during_and_after_iteration ... ok
[INFO] [stdout] test trie::tests::iterators_agree_with_their_eager_counterparts ... ok
[INFO] [stdout] 
[INFO] [stdout] test result: ok. 67 passed; 0 failed; 0 ignored; 0 measured; 0 filtered out; finished in 0.10s
[INFO] [stdout] 
[INFO] [stderr]      Running tests/contract.rs (/opt/rustwide/target/release/build/verbora-trie/a58507733fe53bfe/out/contract-a58507733fe53bfe)
[INFO] [stdout] 
[INFO] [stdout] running 13 tests
[INFO] [stdout] test case_folding_applies_to_every_argument ... ok
[INFO] [stdout] test a_case_sensitive_trie_stores_exactly_what_it_was_given ... ok
[INFO] [stdout] test insert_reports_novelty_like_a_set ... ok
[INFO] [stdout] test nothing_is_ever_replaced_by_u_fffd ... ok
[INFO] [stdout] test prefix_lengths_are_scalar_counts ... ok
[INFO] [stdout] test one_scalar_is_one_node ... ok
[INFO] [stdout] test every_corpus_entry_round_trips ... FAILED
[INFO] [stdout] test insert_all_survives_an_overstated_size_hint ... ok
[INFO] [stdout] test ascending_scalar_order_is_str_ord ... ok
[INFO] [stdout] test enumeration_is_ascending_scalar_order ... ok
[INFO] [stdout] test every_corpus_entry_round_trips_under_folding ... FAILED
[INFO] [stdout] test len_counts_words ... ok
[INFO] [stdout] test results_borrow_when_no_folding_is_needed ... ok
[INFO] [stdout] 
[INFO] [stdout] failures:
[INFO] [stdout] 
[INFO] [stdout] ---- every_corpus_entry_round_trips stdout ----
[INFO] [stdout] 
[INFO] [stdout] thread 'every_corpus_entry_round_trips' (702) panicked at tests/contract.rs:278:9:
[INFO] [stdout] cannot read /opt/benches/data/words.json: No such file or directory (os error 2)
[INFO] [stdout] Generate it with: python3 tools/bench-data/generate.py
[INFO] [stdout] stack backtrace:
[INFO] [stdout]    0:     0x5df2287ecad1 - <<std[617be2ca0a6fd877]::sys::backtrace::BacktraceLock>::print::DisplayBacktrace as core[a373ad73a504971]::fmt::Display>::fmt
[INFO] [stdout]    1:     0x5df22880269a - core[a373ad73a504971]::fmt::write
[INFO] [stdout]    2:     0x5df2287f0d0c - <alloc[2e1b2a31b91974c5]::vec::Vec<u8> as core[a373ad73a504971]::io::write::Write>::write_fmt
[INFO] [stdout]    3:     0x5df2287c89c6 - std[617be2ca0a6fd877]::panicking::default_hook::{closure#0}
[INFO] [stdout]    4:     0x5df2287e4e09 - std[617be2ca0a6fd877]::panicking::default_hook
[INFO] [stdout]    5:     0x5df228779c50 - test[aada8e7e76ba119b]::test_main_inner::{closure#0}
[INFO] [stdout]    6:     0x5df2287e4fc2 - std[617be2ca0a6fd877]::panicking::panic_with_hook
[INFO] [stdout]    7:     0x5df2287c8a72 - std[617be2ca0a6fd877]::panicking::panic_handler::{closure#0}
[INFO] [stdout]    8:     0x5df2287c15f9 - std[617be2ca0a6fd877]::sys::backtrace::__rust_end_short_backtrace::<std[617be2ca0a6fd877]::panicking::panic_handler::{closure#0}, !>
[INFO] [stdout]    9:     0x5df2287c967d - __rustc[ea4f61d10b84890b]::rust_begin_unwind
[INFO] [stdout]   10:     0x5df228802dcc - core[a373ad73a504971]::panicking::panic_fmt
[INFO] [stdout]   11:     0x5df228757cf9 - contract[d9503c65e88c74b4]::corpus_words::{closure#0}
[INFO] [stdout]   12:     0x5df228757f16 - contract[d9503c65e88c74b4]::corpus_words
[INFO] [stdout]   13:     0x5df2287594a1 - <contract[d9503c65e88c74b4]::every_corpus_entry_round_trips::{closure#0} as core[a373ad73a504971]::ops::function::FnOnce<()>>::call_once
[INFO] [stdout]   14:     0x5df22876d09b - test[aada8e7e76ba119b]::__rust_begin_short_backtrace::<core[a373ad73a504971]::result::Result<(), alloc[2e1b2a31b91974c5]::string::String>, fn() -> core[a373ad73a504971]::result::Result<(), alloc[2e1b2a31b91974c5]::string::String>>
[INFO] [stdout]   15:     0x5df22877a275 - test[aada8e7e76ba119b]::run_test::{closure#0}
[INFO] [stdout]   16:     0x5df228773b64 - std[617be2ca0a6fd877]::sys::backtrace::__rust_begin_short_backtrace::<test[aada8e7e76ba119b]::run_test::{closure#1}, ()>
[INFO] [stdout]   17:     0x5df22877d302 - <std[617be2ca0a6fd877]::thread::lifecycle::spawn_unchecked<test[aada8e7e76ba119b]::run_test::{closure#1}, ()>::{closure#1} as core[a373ad73a504971]::ops::function::FnOnce<()>>::call_once::{shim:vtable#0}
[INFO] [stdout]   18:     0x5df2287ebfcf - <std[617be2ca0a6fd877]::sys::thread::unix::Thread>::new::thread_start
[INFO] [stdout]   19:     0x7e7cd8a82dfa - <unknown>
[INFO] [stdout]   20:     0x7e7cd8b163d4 - clone
[INFO] [stdout]   21:                0x0 - <unknown>
[INFO] [stdout] 
[INFO] [stdout] ---- every_corpus_entry_round_trips_under_folding stdout ----
[INFO] [stdout] 
[INFO] [stdout] thread 'every_corpus_entry_round_trips_under_folding' (703) panicked at tests/contract.rs:278:9:
[INFO] [stdout] cannot read /opt/benches/data/words.json: No such file or directory (os error 2)
[INFO] [stdout] Generate it with: python3 tools/bench-data/generate.py
[INFO] [stdout] stack backtrace:
[INFO] [stdout]    0:     0x5df2287ecad1 - <<std[617be2ca0a6fd877]::sys::backtrace::BacktraceLock>::print::DisplayBacktrace as core[a373ad73a504971]::fmt::Display>::fmt
[INFO] [stdout]    1:     0x5df22880269a - core[a373ad73a504971]::fmt::write
[INFO] [stdout]    2:     0x5df2287f0d0c - <alloc[2e1b2a31b91974c5]::vec::Vec<u8> as core[a373ad73a504971]::io::write::Write>::write_fmt
[INFO] [stdout]    3:     0x5df2287c89c6 - std[617be2ca0a6fd877]::panicking::default_hook::{closure#0}
[INFO] [stdout]    4:     0x5df2287e4e09 - std[617be2ca0a6fd877]::panicking::default_hook
[INFO] [stdout]    5:     0x5df228779c50 - test[aada8e7e76ba119b]::test_main_inner::{closure#0}
[INFO] [stdout]    6:     0x5df2287e4fc2 - std[617be2ca0a6fd877]::panicking::panic_with_hook
[INFO] [stdout]    7:     0x5df2287c8a72 - std[617be2ca0a6fd877]::panicking::panic_handler::{closure#0}
[INFO] [stdout]    8:     0x5df2287c15f9 - std[617be2ca0a6fd877]::sys::backtrace::__rust_end_short_backtrace::<std[617be2ca0a6fd877]::panicking::panic_handler::{closure#0}, !>
[INFO] [stdout]    9:     0x5df2287c967d - __rustc[ea4f61d10b84890b]::rust_begin_unwind
[INFO] [stdout]   10:     0x5df228802dcc - core[a373ad73a504971]::panicking::panic_fmt
[INFO] [stdout]   11:     0x5df228757cf9 - contract[d9503c65e88c74b4]::corpus_words::{closure#0}
[INFO] [stdout]   12:     0x5df228757f16 - contract[d9503c65e88c74b4]::corpus_words
[INFO] [stdout]   13:     0x5df22875de06 - <contract[d9503c65e88c74b4]::every_corpus_entry_round_trips_under_folding::{closure#0} as core[a373ad73a504971]::ops::function::FnOnce<()>>::call_once
[INFO] [stdout]   14:     0x5df22876d09b - test[aada8e7e76ba119b]::__rust_begin_short_backtrace::<core[a373ad73a504971]::result::Result<(), alloc[2e1b2a31b91974c5]::string::String>, fn() -> core[a373ad73a504971]::result::Result<(), alloc[2e1b2a31b91974c5]::string::String>>
[INFO] [stdout]   15:     0x5df22877a275 - test[aada8e7e76ba119b]::run_test::{closure#0}
[INFO] [stdout]   16:     0x5df228773b64 - std[617be2ca0a6fd877]::sys::backtrace::__rust_begin_short_backtrace::<test[aada8e7e76ba119b]::run_test::{closure#1}, ()>
[INFO] [stdout]   17:     0x5df22877d302 - <std[617be2ca0a6fd877]::thread::lifecycle::spawn_unchecked<test[aada8e7e76ba119b]::run_test::{closure#1}, ()>::{closure#1} as core[a373ad73a504971]::ops::function::FnOnce<()>>::call_once::{shim:vtable#0}
[INFO] [stdout]   18:     0x5df2287ebfcf - <std[617be2ca0a6fd877]::sys::thread::unix::Thread>::new::thread_start
[INFO] [stdout]   19:     0x7e7cd8a82dfa - <unknown>
[INFO] [stdout]   20:     0x7e7cd8b163d4 - clone
[INFO] [stdout]   21:                0x0 - <unknown>
[INFO] [stdout] 
[INFO] [stdout] 
[INFO] [stdout] failures:
[INFO] [stdout]     every_corpus_entry_round_trips
[INFO] [stdout]     every_corpus_entry_round_trips_under_folding
[INFO] [stdout] 
[INFO] [stdout] test result: FAILED. 11 passed; 2 failed; 0 ignored; 0 measured; 0 filtered out; finished in 0.00s
[INFO] [stdout] 
[INFO] [stderr] error: test failed, to rerun pass `--test contract`
[INFO] running `Command { std: "docker" "inspect" "06c0310fb6722c1ad9d4c3df440becb832d209f92a25d89e2f0d94cbd7aaf5b4", kill_on_drop: false }`
[INFO] running `Command { std: "docker" "rm" "-f" "06c0310fb6722c1ad9d4c3df440becb832d209f92a25d89e2f0d94cbd7aaf5b4", kill_on_drop: false }`
[INFO] [stdout] 06c0310fb6722c1ad9d4c3df440becb832d209f92a25d89e2f0d94cbd7aaf5b4
