[INFO] fetching crate verbora-spellcheck 0.2.0...
[INFO] testing verbora-spellcheck-0.2.0 against 1.99.0-beta.8+cargoflags=--release for beta-release-1.100-2
[INFO] extracting crate verbora-spellcheck 0.2.0 into /workspace/builds/worker-5-tc1/source
[INFO] started tweaking crates.io crate verbora-spellcheck 0.2.0
[INFO] removed 0 missing tests
[INFO] finished tweaking crates.io crate verbora-spellcheck 0.2.0
[INFO] tweaked toml for crates.io crate verbora-spellcheck 0.2.0 written to /workspace/builds/worker-5-tc1/source/Cargo.toml
[INFO] validating manifest of crates.io crate verbora-spellcheck 0.2.0 on toolchain 1.99.0-beta.8
[INFO] running `Command { std: CARGO_HOME="/workspace/cargo-home" RUSTUP_HOME="/workspace/rustup-home" "/workspace/cargo-home/bin/cargo" "+1.99.0-beta.8" "metadata" "--manifest-path" "Cargo.toml" "--no-deps", kill_on_drop: false }`
[INFO] crate crates.io crate verbora-spellcheck 0.2.0 already has a lockfile, it will not be regenerated
[INFO] running `Command { std: CARGO_HOME="/workspace/cargo-home" RUSTUP_HOME="/workspace/rustup-home" "/workspace/cargo-home/bin/cargo" "+1.99.0-beta.8" "fetch" "--manifest-path" "Cargo.toml", kill_on_drop: false }`
[INFO] [stderr]     Updating crates.io index
[INFO] [stderr]  Downloading crates ...
[INFO] [stderr]   Downloaded crossbeam-deque v0.8.7
[INFO] [stderr]   Downloaded wasm-bindgen-macro v0.2.127
[INFO] [stderr]   Downloaded verbora-distance v0.2.0
[INFO] [stderr]   Downloaded clap_lex v1.1.0
[INFO] [stderr]   Downloaded wasm-bindgen-shared v0.2.127
[INFO] [stderr]   Downloaded wasm-bindgen v0.2.127
[INFO] [stderr]   Downloaded crossbeam-epoch v0.9.20
[INFO] [stderr]   Downloaded clap v4.6.6
[INFO] [stderr]   Downloaded zerocopy-derive v0.8.56
[INFO] [stderr]   Downloaded wasm-bindgen-macro-support v0.2.127
[INFO] [stderr]   Downloaded js-sys v0.3.104
[INFO] [stderr]   Downloaded clap_builder v4.6.6
[INFO] [stderr]   Downloaded zerocopy v0.8.56
[INFO] [stderr]   Downloaded web-sys v0.3.104
[INFO] running `Command { std: "docker" "create" "-v" "/var/lib/crater-agent-workspace/builds/worker-5-tc1/source:/opt/rustwide/workdir:ro,Z" "-v" "/var/lib/crater-agent-workspace/builds/worker-5-tc1/target:/opt/rustwide/target:rw,Z" "-v" "/var/lib/crater-agent-workspace/cargo-home:/opt/rustwide/cargo-home:ro,Z" "-v" "/var/lib/crater-agent-workspace/rustup-home:/opt/rustwide/rustup-home:ro,Z" "-m" "1610612736" "--network" "none" "ghcr.io/rust-lang/crates-build-env/linux@sha256:77db811e55d90add9212f6832c23229e3de5f1c1f9905e8cb07319ea15df73ac" "sleep" "infinity", kill_on_drop: false }`
[INFO] [stdout] 320f070e8ce7f7534fd2d597baef8ee08bac2362e82b1506bccf012a0cbf61e5
[INFO] running `Command { std: "docker" "start" "320f070e8ce7f7534fd2d597baef8ee08bac2362e82b1506bccf012a0cbf61e5", kill_on_drop: false }`
[INFO] running `Command { std: "docker" "inspect" "320f070e8ce7f7534fd2d597baef8ee08bac2362e82b1506bccf012a0cbf61e5", kill_on_drop: false }`
[INFO] running `Command { std: "docker" "exec" "-e" "SOURCE_DIR=/opt/rustwide/workdir" "-e" "CARGO_HOME=/opt/rustwide/cargo-home" "-e" "RUSTUP_HOME=/opt/rustwide/rustup-home" "-e" "CARGO_TARGET_DIR=/opt/rustwide/target" "-w" "/opt/rustwide/workdir" "--user" "0:0" "320f070e8ce7f7534fd2d597baef8ee08bac2362e82b1506bccf012a0cbf61e5" "/opt/rustwide/cargo-home/bin/cargo" "+1.99.0-beta.8" "metadata" "--no-deps" "--format-version=1", kill_on_drop: false }`
[INFO] running `Command { std: "docker" "inspect" "320f070e8ce7f7534fd2d597baef8ee08bac2362e82b1506bccf012a0cbf61e5", kill_on_drop: false }`
[INFO] running `Command { std: "docker" "exec" "-e" "SOURCE_DIR=/opt/rustwide/workdir" "-e" "CARGO_HOME=/opt/rustwide/cargo-home" "-e" "RUSTUP_HOME=/opt/rustwide/rustup-home" "-e" "CARGO_TARGET_DIR=/opt/rustwide/target" "-e" "CARGO_INCREMENTAL=0" "-e" "RUST_BACKTRACE=full" "-e" "RUSTFLAGS=--cap-lints=warn" "-e" "RUSTDOCFLAGS=--cap-lints=warn" "-w" "/opt/rustwide/workdir" "--user" "0:0" "320f070e8ce7f7534fd2d597baef8ee08bac2362e82b1506bccf012a0cbf61e5" "/opt/rustwide/cargo-home/bin/cargo" "+1.99.0-beta.8" "build" "--frozen" "--message-format=json" "--release", kill_on_drop: false }`
[INFO] [stderr]    Compiling rustc-hash v2.1.3
[INFO] [stderr]    Compiling verbora-distance v0.2.0
[INFO] [stderr]    Compiling verbora-spellcheck v0.2.0 (/opt/rustwide/workdir)
[INFO] [stderr]     Finished `release` profile [optimized] target(s) in 3.22s
[INFO] running `Command { std: "docker" "inspect" "320f070e8ce7f7534fd2d597baef8ee08bac2362e82b1506bccf012a0cbf61e5", kill_on_drop: false }`
[INFO] running `Command { std: "docker" "exec" "-e" "SOURCE_DIR=/opt/rustwide/workdir" "-e" "CARGO_HOME=/opt/rustwide/cargo-home" "-e" "RUSTUP_HOME=/opt/rustwide/rustup-home" "-e" "CARGO_TARGET_DIR=/opt/rustwide/target" "-e" "CARGO_INCREMENTAL=0" "-e" "RUST_BACKTRACE=full" "-e" "RUSTFLAGS=--cap-lints=warn" "-e" "RUSTDOCFLAGS=--cap-lints=warn" "-w" "/opt/rustwide/workdir" "--user" "0:0" "320f070e8ce7f7534fd2d597baef8ee08bac2362e82b1506bccf012a0cbf61e5" "/opt/rustwide/cargo-home/bin/cargo" "+1.99.0-beta.8" "test" "--frozen" "--no-run" "--message-format=json" "--release", kill_on_drop: false }`
[INFO] [stderr]    Compiling proc-macro2 v1.0.107
[INFO] [stderr]    Compiling quote v1.0.47
[INFO] [stderr]    Compiling serde_core v1.0.229
[INFO] [stderr]    Compiling crossbeam-utils v0.8.22
[INFO] [stderr]    Compiling zerocopy v0.8.56
[INFO] [stderr]    Compiling crossbeam-epoch v0.9.20
[INFO] [stderr]    Compiling zmij v1.0.23
[INFO] [stderr]    Compiling crossbeam-deque v0.8.7
[INFO] [stderr]    Compiling serde v1.0.229
[INFO] [stderr]    Compiling autocfg v1.5.1
[INFO] [stderr]    Compiling libc v0.2.189
[INFO] [stderr]    Compiling serde_json v1.0.151
[INFO] [stderr]    Compiling either v1.18.0
[INFO] [stderr]    Compiling clap_lex v1.1.0
[INFO] [stderr]    Compiling anstyle v1.0.14
[INFO] [stderr]    Compiling plotters-backend v0.3.7
[INFO] [stderr]    Compiling regex-syntax v0.8.11
[INFO] [stderr]    Compiling itoa v1.0.18
[INFO] [stderr]    Compiling memchr v2.8.3
[INFO] [stderr]    Compiling ciborium-io v0.2.2
[INFO] [stderr]    Compiling plotters-svg v0.3.7
[INFO] [stderr]    Compiling itertools v0.10.5
[INFO] [stderr]    Compiling clap_builder v4.6.6
[INFO] [stderr]    Compiling cast v0.3.0
[INFO] [stderr]    Compiling same-file v1.0.6
[INFO] [stderr]    Compiling anes v0.1.6
[INFO] [stderr]    Compiling oorandom v11.1.5
[INFO] [stderr]    Compiling once_cell v1.21.4
[INFO] [stderr]    Compiling num-traits v0.2.19
[INFO] [stderr]    Compiling walkdir v2.5.0
[INFO] [stderr]    Compiling syn v2.0.119
[INFO] [stderr]    Compiling syn v3.0.3
[INFO] [stderr]    Compiling plotters v0.3.7
[INFO] [stderr]    Compiling rayon-core v1.13.0
[INFO] [stderr]    Compiling is-terminal v0.4.17
[INFO] [stderr]    Compiling criterion-plot v0.5.0
[INFO] [stderr]    Compiling clap v4.6.6
[INFO] [stderr]    Compiling regex-automata v0.4.18
[INFO] [stderr]    Compiling rayon v1.12.0
[INFO] [stderr]    Compiling serde_derive v1.0.229
[INFO] [stderr]    Compiling zerocopy-derive v0.8.56
[INFO] [stderr]    Compiling regex v1.13.1
[INFO] [stderr]    Compiling tinytemplate v1.2.1
[INFO] [stderr]    Compiling half v2.7.1
[INFO] [stderr]    Compiling ciborium-ll v0.2.2
[INFO] [stderr]    Compiling ciborium v0.2.2
[INFO] [stderr]    Compiling criterion v0.5.1
[INFO] [stderr]    Compiling verbora-spellcheck v0.2.0 (/opt/rustwide/workdir)
[INFO] [stderr]     Finished `release` profile [optimized] target(s) in 48.82s
[INFO] running `Command { std: "docker" "inspect" "320f070e8ce7f7534fd2d597baef8ee08bac2362e82b1506bccf012a0cbf61e5", kill_on_drop: false }`
[INFO] running `Command { std: "docker" "exec" "-e" "SOURCE_DIR=/opt/rustwide/workdir" "-e" "CARGO_HOME=/opt/rustwide/cargo-home" "-e" "RUSTUP_HOME=/opt/rustwide/rustup-home" "-e" "CARGO_TARGET_DIR=/opt/rustwide/target" "-e" "CARGO_INCREMENTAL=0" "-e" "RUST_BACKTRACE=full" "-e" "RUSTFLAGS=--cap-lints=warn" "-e" "RUSTDOCFLAGS=--cap-lints=warn" "-w" "/opt/rustwide/workdir" "--user" "0:0" "320f070e8ce7f7534fd2d597baef8ee08bac2362e82b1506bccf012a0cbf61e5" "/opt/rustwide/cargo-home/bin/cargo" "+1.99.0-beta.8" "test" "--frozen" "--release", kill_on_drop: false }`
[INFO] [stderr]     Finished `release` profile [optimized] target(s) in 0.11s
[INFO] [stderr]      Running unittests src/lib.rs (/opt/rustwide/target/release/deps/verbora_spellcheck-cf0bbeddd7b9807b)
[INFO] [stdout] 
[INFO] [stdout] running 47 tests
[INFO] [stdout] test deletion_index::tests::a_transposition_is_one_edit_under_this_crate_s_metric ... ok
[INFO] [stdout] test deletion_index::tests::a_query_beyond_the_ceiling_is_an_error ... ok
[INFO] [stdout] test deletion_index::tests::deletion_collisions_are_verified_not_trusted ... ok
[INFO] [stdout] test deletion_index::tests::deletion_index_types_are_send_and_sync ... ok
[INFO] [stdout] test deletion_index::tests::astral_scalars_are_found_at_their_real_distance ... ok
[INFO] [stdout] test deletions::tests::a_transposition_is_one_deletion_on_each_side ... ok
[INFO] [stdout] test deletion_index::tests::duplicate_inserts_collapse_to_one_entry ... ok
[INFO] [stdout] test deletions::tests::depth_zero_is_the_word_itself ... ok
[INFO] [stdout] test fuzzy_index::tests::a_transposition_is_one_edit ... ok
[INFO] [stdout] test deletions::tests::depth_one_is_every_single_unit_removal ... ok
[INFO] [stdout] test fuzzy_index::tests::empty_index_yields_no_neighbors ... ok
[INFO] [stdout] test deletion_index::tests::the_reported_distance_is_the_real_one ... ok
[INFO] [stdout] test deletion_index::tests::results_come_back_in_insertion_order ... ok
[INFO] [stdout] test fuzzy_index::tests::duplicates_collapse ... ok
[INFO] [stdout] test deletion_index::tests::empty_index_yields_no_neighbors ... ok
[INFO] [stdout] test deletions::tests::generation_stops_once_the_word_is_exhausted ... ok
[INFO] [stdout] test neighbor::tests::the_order_on_a_neighbor_is_the_documented_ranking ... ok
[INFO] [stdout] test spellcheck::tests::a_corpus_past_the_address_ceiling_is_an_error_not_a_panic ... ok
[INFO] [stdout] test deletion_index::tests::exact_and_near_matches ... ok
[INFO] [stdout] test deletions::tests::each_position_set_is_emitted_exactly_once ... ok
[INFO] [stdout] test fuzzy_index::tests::the_reported_distance_is_the_real_one ... ok
[INFO] [stdout] test deletions::tests::streaming_holds_one_variant_at_a_time ... ok
[INFO] [stdout] test fuzzy_index::tests::subtrees_are_visited_in_ascending_edge_distance ... ok
[INFO] [stdout] test fuzzy_index::tests::fuzzy_index_types_are_send_and_sync ... ok
[INFO] [stdout] test deletions::tests::the_unit_is_the_scalar_the_metric_counts ... ok
[INFO] [stdout] test deletions::tests::the_stream_is_the_deletion_neighbourhood_by_definition ... ok
[INFO] [stdout] test spellcheck::tests::a_zero_distance_query_builds_no_deletion_index ... ok
[INFO] [stdout] test spellcheck::tests::a_word_appears_at_most_once ... ok
[INFO] [stdout] test spellcheck::tests::best_correction_agrees_with_the_head_of_corrections ... ok
[INFO] [stdout] test spellcheck::tests::corrections_are_not_restricted_to_any_alphabet ... ok
[INFO] [stdout] test spellcheck::tests::distance_dominates_frequency_absolutely ... ok
[INFO] [stdout] test spellcheck::tests::case_differences_are_ordinary_substitutions ... ok
[INFO] [stdout] test spellcheck::tests::empty_string_in_the_list_is_a_word ... ok
[INFO] [stdout] test spellcheck::tests::empty_word_list ... ok
[INFO] [stdout] test spellcheck::tests::frequencies_are_counts_never_nan ... ok
[INFO] [stdout] test spellcheck::tests::ordering_is_distance_then_frequency_then_word ... ok
[INFO] [stdout] test spellcheck::tests::a_correct_word_is_its_own_zero_distance_correction ... ok
[INFO] [stdout] test spellcheck::tests::punctuation_and_digits_are_ordinary_scalars ... ok
[INFO] [stdout] test spellcheck::tests::a_transposition_costs_one_edit ... ok
[INFO] [stdout] test spellcheck::tests::shared_spellcheck_is_usable_concurrently ... ok
[INFO] [stdout] test spellcheck::tests::try_new_matches_new_below_the_ceiling ... ok
[INFO] [stdout] test spellcheck::tests::the_answer_is_the_metric_ball_across_the_dispatch_boundary ... ok
[INFO] [stdout] test spellcheck::tests::the_order_on_a_correction_is_the_documented_ranking ... ok
[INFO] [stdout] test spellcheck::tests::zero_means_zero_edits ... ok
[INFO] [stdout] test deletion_index::tests::hashing_the_key_cannot_change_an_answer ... ok
[INFO] [stdout] test spellcheck::tests::very_long_input ... ok
[INFO] [stdout] test deletion_index::tests::an_index_of_one_long_word_stays_quadratic_in_its_length ... ok
[INFO] [stderr]      Running tests/completeness.rs (/opt/rustwide/target/release/deps/completeness-a07e2e2d2c2972cc)
[INFO] [stdout] 
[INFO] [stdout] test result: ok. 47 passed; 0 failed; 0 ignored; 0 measured; 0 filtered out; finished in 2.69s
[INFO] [stdout] 
[INFO] [stdout] 
[INFO] [stdout] running 4 tests
[INFO] [stdout] test a_transposition_needs_one_deletion_on_each_side ... ok
[INFO] [stdout] test the_lemma_holds_over_a_complete_four_scalar_universe ... ok
[INFO] [stdout] test the_lemma_holds_over_a_complete_three_scalar_universe ... ok
[INFO] [stdout] test the_lemma_holds_over_a_complete_astral_universe ... ok
[INFO] [stderr]      Running tests/deletion_index.rs (/opt/rustwide/target/release/deps/deletion_index-5e847a478d2a0d3b)
[INFO] [stdout] 
[INFO] [stdout] test result: ok. 4 passed; 0 failed; 0 ignored; 0 measured; 0 filtered out; finished in 0.12s
[INFO] [stdout] 
[INFO] [stdout] 
[INFO] [stdout] running 7 tests
[INFO] [stdout] test empty_index_yields_no_neighbors ... ok
[INFO] [stdout] test matches_brute_force_across_many_queries_and_distances ... FAILED
[INFO] [stdout] test agrees_with_fuzzy_index_within_the_deletion_indexs_cap ... FAILED
[INFO] [stdout] test matches_brute_force_on_astral_heavy_input ... ok
[INFO] [stdout] test astral_pairs_differing_in_both_surrogate_halves_are_found ... ok
[INFO] [stdout] test duplicate_inserts_collapse_to_one_entry ... ok
[INFO] [stdout] test matches_brute_force_on_randomized_astral_corpora ... ok
[INFO] [stdout] 
[INFO] [stdout] failures:
[INFO] [stdout] 
[INFO] [stdout] ---- matches_brute_force_across_many_queries_and_distances stdout ----
[INFO] [stdout] 
[INFO] [stdout] thread 'matches_brute_force_across_many_queries_and_distances' (1478) panicked at tests/deletion_index.rs:47:9:
[INFO] [stdout] cannot read /opt/benches/data/words.json: No such file or directory (os error 2)
[INFO] [stdout] Generate it with: python3 tools/bench-data/generate.py
[INFO] [stdout] stack backtrace:
[INFO] [stdout]    0:     0x6399f2078a61 - <<std[70759c8f55707aa4]::sys::backtrace::BacktraceLock>::print::DisplayBacktrace as core[df12db4294e9bfd3]::fmt::Display>::fmt
[INFO] [stdout]    1:     0x6399f208d4fa - core[df12db4294e9bfd3]::fmt::write
[INFO] [stdout]    2:     0x6399f207cf1c - <alloc[2182bb758b4b3781]::vec::Vec<u8> as core[df12db4294e9bfd3]::io::write::Write>::write_fmt
[INFO] [stdout]    3:     0x6399f2054ad6 - std[70759c8f55707aa4]::panicking::default_hook::{closure#0}
[INFO] [stdout]    4:     0x6399f2070e59 - std[70759c8f55707aa4]::panicking::default_hook
[INFO] [stdout]    5:     0x6399f2005f00 - test[9d35eded1c95d3be]::test_main_inner::<test[9d35eded1c95d3be]::test_main_static::{closure#0}>::{closure#0}
[INFO] [stdout]    6:     0x6399f2071012 - std[70759c8f55707aa4]::panicking::panic_with_hook
[INFO] [stdout]    7:     0x6399f2054b82 - std[70759c8f55707aa4]::panicking::panic_handler::{closure#0}
[INFO] [stdout]    8:     0x6399f204d779 - std[70759c8f55707aa4]::sys::backtrace::__rust_end_short_backtrace::<std[70759c8f55707aa4]::panicking::panic_handler::{closure#0}, !>
[INFO] [stdout]    9:     0x6399f205577d - __rustc[8fa7c3cbc660c2b3]::rust_begin_unwind
[INFO] [stdout]   10:     0x6399f208dc2c - core[df12db4294e9bfd3]::panicking::panic_fmt
[INFO] [stdout]   11:     0x6399f1fea109 - deletion_index[b14961a7aa827d71]::words::{closure#0}
[INFO] [stdout]   12:     0x6399f1fea346 - deletion_index[b14961a7aa827d71]::words
[INFO] [stdout]   13:     0x6399f1fef371 - <deletion_index[b14961a7aa827d71]::matches_brute_force_across_many_queries_and_distances::{closure#0} as core[df12db4294e9bfd3]::ops::function::FnOnce<()>>::call_once
[INFO] [stdout]   14:     0x6399f1ff91eb - test[9d35eded1c95d3be]::__rust_begin_short_backtrace::<core[df12db4294e9bfd3]::result::Result<(), alloc[2182bb758b4b3781]::string::String>, fn() -> core[df12db4294e9bfd3]::result::Result<(), alloc[2182bb758b4b3781]::string::String>>
[INFO] [stdout]   15:     0x6399f2006855 - test[9d35eded1c95d3be]::run_test::{closure#0}
[INFO] [stdout]   16:     0x6399f2000114 - std[70759c8f55707aa4]::sys::backtrace::__rust_begin_short_backtrace::<test[9d35eded1c95d3be]::run_test::{closure#1}, ()>
[INFO] [stdout]   17:     0x6399f20099b2 - <std[70759c8f55707aa4]::thread::lifecycle::spawn_unchecked<test[9d35eded1c95d3be]::run_test::{closure#1}, ()>::{closure#1} as core[df12db4294e9bfd3]::ops::function::FnOnce<()>>::call_once::{shim:vtable#0}
[INFO] [stdout]   18:     0x6399f2077fc9 - <std[70759c8f55707aa4]::sys::thread::unix::Thread>::new::thread_start
[INFO] [stdout]   19:     0x775d9be6cdfa - <unknown>
[INFO] [stdout]   20:     0x775d9bf003d4 - clone
[INFO] [stdout]   21:                0x0 - <unknown>
[INFO] [stdout] 
[INFO] [stdout] ---- agrees_with_fuzzy_index_within_the_deletion_indexs_cap stdout ----
[INFO] [stdout] 
[INFO] [stdout] thread 'agrees_with_fuzzy_index_within_the_deletion_indexs_cap' (1474) panicked at tests/deletion_index.rs:47:9:
[INFO] [stdout] cannot read /opt/benches/data/words.json: No such file or directory (os error 2)
[INFO] [stdout] Generate it with: python3 tools/bench-data/generate.py
[INFO] [stdout] stack backtrace:
[INFO] [stdout]    0:     0x6399f2078a61 - <<std[70759c8f55707aa4]::sys::backtrace::BacktraceLock>::print::DisplayBacktrace as core[df12db4294e9bfd3]::fmt::Display>::fmt
[INFO] [stdout]    1:     0x6399f208d4fa - core[df12db4294e9bfd3]::fmt::write
[INFO] [stdout]    2:     0x6399f207cf1c - <alloc[2182bb758b4b3781]::vec::Vec<u8> as core[df12db4294e9bfd3]::io::write::Write>::write_fmt
[INFO] [stdout]    3:     0x6399f2054ad6 - std[70759c8f55707aa4]::panicking::default_hook::{closure#0}
[INFO] [stdout]    4:     0x6399f2070e59 - std[70759c8f55707aa4]::panicking::default_hook
[INFO] [stdout]    5:     0x6399f2005f00 - test[9d35eded1c95d3be]::test_main_inner::<test[9d35eded1c95d3be]::test_main_static::{closure#0}>::{closure#0}
[INFO] [stdout]    6:     0x6399f2071012 - std[70759c8f55707aa4]::panicking::panic_with_hook
[INFO] [stdout]    7:     0x6399f2054b82 - std[70759c8f55707aa4]::panicking::panic_handler::{closure#0}
[INFO] [stdout]    8:     0x6399f204d779 - std[70759c8f55707aa4]::sys::backtrace::__rust_end_short_backtrace::<std[70759c8f55707aa4]::panicking::panic_handler::{closure#0}, !>
[INFO] [stdout]    9:     0x6399f205577d - __rustc[8fa7c3cbc660c2b3]::rust_begin_unwind
[INFO] [stdout]   10:     0x6399f208dc2c - core[df12db4294e9bfd3]::panicking::panic_fmt
[INFO] [stdout]   11:     0x6399f1fea109 - deletion_index[b14961a7aa827d71]::words::{closure#0}
[INFO] [stdout]   12:     0x6399f1fea346 - deletion_index[b14961a7aa827d71]::words
[INFO] [stdout]   13:     0x6399f1ff0661 - <deletion_index[b14961a7aa827d71]::agrees_with_fuzzy_index_within_the_deletion_indexs_cap::{closure#0} as core[df12db4294e9bfd3]::ops::function::FnOnce<()>>::call_once
[INFO] [stdout]   14:     0x6399f1ff91eb - test[9d35eded1c95d3be]::__rust_begin_short_backtrace::<core[df12db4294e9bfd3]::result::Result<(), alloc[2182bb758b4b3781]::string::String>, fn() -> core[df12db4294e9bfd3]::result::Result<(), alloc[2182bb758b4b3781]::string::String>>
[INFO] [stdout]   15:     0x6399f2006855 - test[9d35eded1c95d3be]::run_test::{closure#0}
[INFO] [stdout]   16:     0x6399f2000114 - std[70759c8f55707aa4]::sys::backtrace::__rust_begin_short_backtrace::<test[9d35eded1c95d3be]::run_test::{closure#1}, ()>
[INFO] [stdout]   17:     0x6399f20099b2 - <std[70759c8f55707aa4]::thread::lifecycle::spawn_unchecked<test[9d35eded1c95d3be]::run_test::{closure#1}, ()>::{closure#1} as core[df12db4294e9bfd3]::ops::function::FnOnce<()>>::call_once::{shim:vtable#0}
[INFO] [stdout]   18:     0x6399f2077fc9 - <std[70759c8f55707aa4]::sys::thread::unix::Thread>::new::thread_start
[INFO] [stdout]   19:     0x775d9be6cdfa - <unknown>
[INFO] [stdout]   20:     0x775d9bf003d4 - clone
[INFO] [stdout]   21:                0x0 - <unknown>
[INFO] [stdout] 
[INFO] [stdout] 
[INFO] [stdout] failures:
[INFO] [stdout]     agrees_with_fuzzy_index_within_the_deletion_indexs_cap
[INFO] [stdout]     matches_brute_force_across_many_queries_and_distances
[INFO] [stdout] 
[INFO] [stdout] test result: FAILED. 5 passed; 2 failed; 0 ignored; 0 measured; 0 filtered out; finished in 0.01s
[INFO] [stdout] 
[INFO] [stderr] error: test failed, to rerun pass `--test deletion_index`
[INFO] running `Command { std: "docker" "inspect" "320f070e8ce7f7534fd2d597baef8ee08bac2362e82b1506bccf012a0cbf61e5", kill_on_drop: false }`
[INFO] running `Command { std: "docker" "rm" "-f" "320f070e8ce7f7534fd2d597baef8ee08bac2362e82b1506bccf012a0cbf61e5", kill_on_drop: false }`
[INFO] [stdout] 320f070e8ce7f7534fd2d597baef8ee08bac2362e82b1506bccf012a0cbf61e5
