[INFO] fetching crate velox_graph 5.0.0...
[INFO] testing velox_graph-5.0.0 against 1.100.0-beta.1+cargoflags=--release for beta-release-1.100-2
[INFO] extracting crate velox_graph 5.0.0 into /workspace/builds/worker-5-tc2/source
[INFO] started tweaking crates.io crate velox_graph 5.0.0
[INFO] removed 0 missing examples
[INFO] finished tweaking crates.io crate velox_graph 5.0.0
[INFO] tweaked toml for crates.io crate velox_graph 5.0.0 written to /workspace/builds/worker-5-tc2/source/Cargo.toml
[INFO] validating manifest of crates.io crate velox_graph 5.0.0 on toolchain 1.100.0-beta.1
[INFO] running `Command { std: CARGO_HOME="/workspace/cargo-home" RUSTUP_HOME="/workspace/rustup-home" "/workspace/cargo-home/bin/cargo" "+1.100.0-beta.1" "metadata" "--manifest-path" "Cargo.toml" "--no-deps", kill_on_drop: false }`
[INFO] crate crates.io crate velox_graph 5.0.0 already has a lockfile, it will not be regenerated
[INFO] running `Command { std: CARGO_HOME="/workspace/cargo-home" RUSTUP_HOME="/workspace/rustup-home" "/workspace/cargo-home/bin/cargo" "+1.100.0-beta.1" "fetch" "--manifest-path" "Cargo.toml", kill_on_drop: false }`
[INFO] running `Command { std: "docker" "create" "-v" "/var/lib/crater-agent-workspace/builds/worker-5-tc2/source:/opt/rustwide/workdir:ro,Z" "-v" "/var/lib/crater-agent-workspace/builds/worker-5-tc2/target:/opt/rustwide/target:rw,Z" "-v" "/var/lib/crater-agent-workspace/cargo-home:/opt/rustwide/cargo-home:ro,Z" "-v" "/var/lib/crater-agent-workspace/rustup-home:/opt/rustwide/rustup-home:ro,Z" "-m" "1610612736" "--network" "none" "ghcr.io/rust-lang/crates-build-env/linux@sha256:77db811e55d90add9212f6832c23229e3de5f1c1f9905e8cb07319ea15df73ac" "sleep" "infinity", kill_on_drop: false }`
[INFO] [stdout] a507d702d225ef649c9f3eb36335d5c61b0224ef9cf7f56a1e7353664d1f132f
[INFO] running `Command { std: "docker" "start" "a507d702d225ef649c9f3eb36335d5c61b0224ef9cf7f56a1e7353664d1f132f", kill_on_drop: false }`
[INFO] running `Command { std: "docker" "inspect" "a507d702d225ef649c9f3eb36335d5c61b0224ef9cf7f56a1e7353664d1f132f", kill_on_drop: false }`
[INFO] running `Command { std: "docker" "exec" "-e" "SOURCE_DIR=/opt/rustwide/workdir" "-e" "CARGO_HOME=/opt/rustwide/cargo-home" "-e" "RUSTUP_HOME=/opt/rustwide/rustup-home" "-e" "CARGO_TARGET_DIR=/opt/rustwide/target" "-w" "/opt/rustwide/workdir" "--user" "0:0" "a507d702d225ef649c9f3eb36335d5c61b0224ef9cf7f56a1e7353664d1f132f" "/opt/rustwide/cargo-home/bin/cargo" "+1.100.0-beta.1" "metadata" "--no-deps" "--format-version=1", kill_on_drop: false }`
[INFO] running `Command { std: "docker" "inspect" "a507d702d225ef649c9f3eb36335d5c61b0224ef9cf7f56a1e7353664d1f132f", kill_on_drop: false }`
[INFO] running `Command { std: "docker" "exec" "-e" "SOURCE_DIR=/opt/rustwide/workdir" "-e" "CARGO_HOME=/opt/rustwide/cargo-home" "-e" "RUSTUP_HOME=/opt/rustwide/rustup-home" "-e" "CARGO_TARGET_DIR=/opt/rustwide/target" "-e" "CARGO_INCREMENTAL=0" "-e" "RUST_BACKTRACE=full" "-e" "RUSTFLAGS=--cap-lints=warn" "-e" "RUSTDOCFLAGS=--cap-lints=warn" "-w" "/opt/rustwide/workdir" "--user" "0:0" "a507d702d225ef649c9f3eb36335d5c61b0224ef9cf7f56a1e7353664d1f132f" "/opt/rustwide/cargo-home/bin/cargo" "+1.100.0-beta.1" "build" "--frozen" "--message-format=json" "--release", kill_on_drop: false }`
[INFO] [stderr]    Compiling proc-macro2 v1.0.104
[INFO] [stderr]    Compiling libc v0.2.178
[INFO] [stderr]    Compiling zerocopy v0.8.31
[INFO] [stderr]    Compiling heapless v0.7.17
[INFO] [stderr]    Compiling hash32 v0.2.1
[INFO] [stderr]    Compiling winnow v0.7.14
[INFO] [stderr]    Compiling quote v1.0.42
[INFO] [stderr]    Compiling syn v2.0.111
[INFO] [stderr]    Compiling getrandom v0.3.4
[INFO] [stderr]    Compiling rand_core v0.9.3
[INFO] [stderr]    Compiling serde_derive v1.0.228
[INFO] [stderr]    Compiling thiserror-impl v2.0.17
[INFO] [stderr]    Compiling ppv-lite86 v0.2.21
[INFO] [stderr]    Compiling rand_chacha v0.9.0
[INFO] [stderr]    Compiling rand v0.9.2
[INFO] [stderr]    Compiling thiserror v2.0.17
[INFO] [stderr]    Compiling cobs v0.3.0
[INFO] [stderr]    Compiling serde v1.0.228
[INFO] [stderr]    Compiling toml_datetime v0.6.11
[INFO] [stderr]    Compiling serde_spanned v0.6.9
[INFO] [stderr]    Compiling toml_edit v0.22.27
[INFO] [stderr]    Compiling postcard v1.1.3
[INFO] [stderr]    Compiling toml v0.8.23
[INFO] [stderr]    Compiling velox_graph v5.0.0 (/opt/rustwide/workdir)
[INFO] [stderr] warning: unused dependency `rand`
[INFO] [stderr]  --> Cargo.toml:5:15
[INFO] [stderr]   |
[INFO] [stderr] 5 | [dependencies.rand]
[INFO] [stderr]   |               ^^^^^
[INFO] [stderr]   |
[INFO] [stderr]   = note: `cargo::unused_dependencies` is set to `warn` by default
[INFO] [stderr] help: consider removing the dependency on `rand`
[INFO] [stderr] warning: `velox_graph` (manifest) generated 1 warning
[INFO] [stderr]     Finished `release` profile [optimized] target(s) in 34.63s
[INFO] running `Command { std: "docker" "inspect" "a507d702d225ef649c9f3eb36335d5c61b0224ef9cf7f56a1e7353664d1f132f", kill_on_drop: false }`
[INFO] running `Command { std: "docker" "exec" "-e" "SOURCE_DIR=/opt/rustwide/workdir" "-e" "CARGO_HOME=/opt/rustwide/cargo-home" "-e" "RUSTUP_HOME=/opt/rustwide/rustup-home" "-e" "CARGO_TARGET_DIR=/opt/rustwide/target" "-e" "CARGO_INCREMENTAL=0" "-e" "RUST_BACKTRACE=full" "-e" "RUSTFLAGS=--cap-lints=warn" "-e" "RUSTDOCFLAGS=--cap-lints=warn" "-w" "/opt/rustwide/workdir" "--user" "0:0" "a507d702d225ef649c9f3eb36335d5c61b0224ef9cf7f56a1e7353664d1f132f" "/opt/rustwide/cargo-home/bin/cargo" "+1.100.0-beta.1" "test" "--frozen" "--no-run" "--message-format=json" "--release", kill_on_drop: false }`
[INFO] [stderr]    Compiling velox_graph v5.0.0 (/opt/rustwide/workdir)
[INFO] [stdout] warning: use of deprecated module `std::usize`: all constants in this module replaced by associated constants on the type
[INFO] [stdout]   --> src/tests/basic_functions.rs:10:10
[INFO] [stdout]    |
[INFO] [stdout] 10 | use std::usize;
[INFO] [stdout]    |          ^^^^^
[INFO] [stdout]    |
[INFO] [stdout]    = note: `#[warn(deprecated)]` on by default
[INFO] [stdout] 
[INFO] [stdout] 
[INFO] [stdout] warning: use of deprecated module `std::usize`: all constants in this module replaced by associated constants on the type
[INFO] [stdout]   --> src/tests/save_to_disk.rs:12:10
[INFO] [stdout]    |
[INFO] [stdout] 12 | use std::usize;
[INFO] [stdout]    |          ^^^^^
[INFO] [stdout] 
[INFO] [stdout] 
[INFO] [stdout] warning: use of deprecated module `std::usize`: all constants in this module replaced by associated constants on the type
[INFO] [stdout]   --> src/tests/speed_test.rs:14:19
[INFO] [stdout]    |
[INFO] [stdout] 14 | use std::{thread, usize};
[INFO] [stdout]    |                   ^^^^^
[INFO] [stdout] 
[INFO] [stdout] 
[INFO] [stderr] warning: unused dependency `rand`
[INFO] [stderr]  --> Cargo.toml:5:15
[INFO] [stderr]   |
[INFO] [stderr] 5 | [dependencies.rand]
[INFO] [stderr]   |               ^^^^^
[INFO] [stderr]   |
[INFO] [stderr]   = note: `cargo::unused_dependencies` is set to `warn` by default
[INFO] [stderr] help: consider removing the dependency on `rand`
[INFO] [stderr] help: to still use for development builds, move to `dev-dependencies`
[INFO] [stderr] warning: `velox_graph` (manifest) generated 1 warning
[INFO] [stderr]     Finished `release` profile [optimized] target(s) in 7.10s
[INFO] running `Command { std: "docker" "inspect" "a507d702d225ef649c9f3eb36335d5c61b0224ef9cf7f56a1e7353664d1f132f", kill_on_drop: false }`
[INFO] running `Command { std: "docker" "exec" "-e" "SOURCE_DIR=/opt/rustwide/workdir" "-e" "CARGO_HOME=/opt/rustwide/cargo-home" "-e" "RUSTUP_HOME=/opt/rustwide/rustup-home" "-e" "CARGO_TARGET_DIR=/opt/rustwide/target" "-e" "CARGO_INCREMENTAL=0" "-e" "RUST_BACKTRACE=full" "-e" "RUSTFLAGS=--cap-lints=warn" "-e" "RUSTDOCFLAGS=--cap-lints=warn" "-w" "/opt/rustwide/workdir" "--user" "0:0" "a507d702d225ef649c9f3eb36335d5c61b0224ef9cf7f56a1e7353664d1f132f" "/opt/rustwide/cargo-home/bin/cargo" "+1.100.0-beta.1" "test" "--frozen" "--release", kill_on_drop: false }`
[INFO] [stderr] warning: use of deprecated module `std::usize`: all constants in this module replaced by associated constants on the type
[INFO] [stderr]   --> src/tests/basic_functions.rs:10:10
[INFO] [stderr]    |
[INFO] [stderr] 10 | use std::usize;
[INFO] [stderr]    |          ^^^^^
[INFO] [stderr]    |
[INFO] [stderr]    = note: `#[warn(deprecated)]` on by default
[INFO] [stderr] 
[INFO] [stderr] warning: use of deprecated module `std::usize`: all constants in this module replaced by associated constants on the type
[INFO] [stderr]   --> src/tests/save_to_disk.rs:12:10
[INFO] [stderr]    |
[INFO] [stderr] 12 | use std::usize;
[INFO] [stderr]    |          ^^^^^
[INFO] [stderr] 
[INFO] [stderr] warning: use of deprecated module `std::usize`: all constants in this module replaced by associated constants on the type
[INFO] [stderr]   --> src/tests/speed_test.rs:14:19
[INFO] [stderr]    |
[INFO] [stderr] 14 | use std::{thread, usize};
[INFO] [stderr]    |                   ^^^^^
[INFO] [stderr] 
[INFO] [stderr] warning: `velox_graph` (lib test) generated 3 warnings
[INFO] [stderr] warning: unused dependency `rand`
[INFO] [stderr]  --> Cargo.toml:5:15
[INFO] [stderr]   |
[INFO] [stderr] 5 | [dependencies.rand]
[INFO] [stderr]   |               ^^^^^
[INFO] [stderr]   |
[INFO] [stderr]   = note: `cargo::unused_dependencies` is set to `warn` by default
[INFO] [stderr] help: consider removing the dependency on `rand`
[INFO] [stderr] help: to still use for development builds, move to `dev-dependencies`
[INFO] [stderr] warning: `velox_graph` (manifest) generated 1 warning
[INFO] [stderr]     Finished `release` profile [optimized] target(s) in 0.09s
[INFO] [stderr]      Running unittests src/lib.rs (/opt/rustwide/target/release/build/velox_graph/a569d9c1c0de90c9/out/velox_graph-a569d9c1c0de90c9)
[INFO] [stdout] 
[INFO] [stdout] running 14 tests
[INFO] [stdout] test tests::basic_functions::test_basic_functions_vec_usize ... ok
[INFO] [stdout] test tests::save_to_disk::test_save_to_disk_hash_change_size ... FAILED
[INFO] [stdout] test tests::basic_functions::test_basic_functions_hash_usize ... ok
[INFO] [stdout] test tests::basic_functions::test_basic_functions_hash_u16 ... ok
[INFO] [stdout] test tests::basic_functions::test_basic_functions_vec_u16 ... ok
[INFO] [stdout] test tests::save_to_disk::test_save_to_disk_hash_u16 ... FAILED
[INFO] [stdout] test tests::save_to_disk::test_save_to_disk_hash_usize ... FAILED
[INFO] [stdout] test tests::save_to_disk::test_save_to_disk_vec_change_size ... FAILED
[INFO] [stdout] test tests::save_to_disk::test_save_to_disk_vec_usize ... FAILED
[INFO] [stdout] test tests::save_to_disk::test_save_to_disk_vec_u16 ... FAILED
[INFO] [stdout] test tests::speed_test::speed_test_hash_u16 ... FAILED
[INFO] [stdout] test tests::speed_test::speed_test_vec_usize ... FAILED
[INFO] [stdout] test tests::speed_test::speed_test_vec_u16 ... FAILED
[INFO] [stdout] test tests::speed_test::speed_test_hash_usize ... FAILED
[INFO] [stderr] error: test failed, to rerun pass `--lib`
[INFO] [stdout] 
[INFO] [stdout] failures:
[INFO] [stdout] 
[INFO] [stdout] ---- tests::save_to_disk::test_save_to_disk_hash_change_size stdout ----
[INFO] [stdout] 
[INFO] [stdout] thread 'tests::save_to_disk::test_save_to_disk_hash_change_size' (681) panicked at src/tests/save_to_disk.rs:195:35:
[INFO] [stdout] called `Result::unwrap()` on an `Err` value: IoError(Os { code: 30, kind: ReadOnlyFilesystem, message: "Read-only file system" })
[INFO] [stdout] stack backtrace:
[INFO] [stdout]    0:     0x63dc9be64b11 - <<std[617be2ca0a6fd877]::sys::backtrace::BacktraceLock>::print::DisplayBacktrace as core[a373ad73a504971]::fmt::Display>::fmt
[INFO] [stdout]    1:     0x63dc9be7927a - core[a373ad73a504971]::fmt::write
[INFO] [stdout]    2:     0x63dc9be68d2c - <alloc[2e1b2a31b91974c5]::vec::Vec<u8> as core[a373ad73a504971]::io::write::Write>::write_fmt
[INFO] [stdout]    3:     0x63dc9be40e46 - std[617be2ca0a6fd877]::panicking::default_hook::{closure#0}
[INFO] [stdout]    4:     0x63dc9be5d079 - std[617be2ca0a6fd877]::panicking::default_hook
[INFO] [stdout]    5:     0x63dc9bdf6f20 - test[aada8e7e76ba119b]::test_main_inner::{closure#0}
[INFO] [stdout]    6:     0x63dc9be5d232 - std[617be2ca0a6fd877]::panicking::panic_with_hook
[INFO] [stdout]    7:     0x63dc9be40ef2 - std[617be2ca0a6fd877]::panicking::panic_handler::{closure#0}
[INFO] [stdout]    8:     0x63dc9be39c09 - std[617be2ca0a6fd877]::sys::backtrace::__rust_end_short_backtrace::<std[617be2ca0a6fd877]::panicking::panic_handler::{closure#0}, !>
[INFO] [stdout]    9:     0x63dc9be41afd - __rustc[ea4f61d10b84890b]::rust_begin_unwind
[INFO] [stdout]   10:     0x63dc9be799ac - core[a373ad73a504971]::panicking::panic_fmt
[INFO] [stdout]   11:     0x63dc9be79782 - core[a373ad73a504971]::result::unwrap_failed
[INFO] [stdout]   12:     0x63dc9bdcdf7d - <velox_graph[82781c7704adcc28]::tests::save_to_disk::test_save_to_disk_hash_change_size::{closure#0} as core[a373ad73a504971]::ops::function::FnOnce<()>>::call_once
[INFO] [stdout]   13:     0x63dc9bdea36b - test[aada8e7e76ba119b]::__rust_begin_short_backtrace::<core[a373ad73a504971]::result::Result<(), alloc[2e1b2a31b91974c5]::string::String>, fn() -> core[a373ad73a504971]::result::Result<(), alloc[2e1b2a31b91974c5]::string::String>>
[INFO] [stdout]   14:     0x63dc9bdf7545 - test[aada8e7e76ba119b]::run_test::{closure#0}
[INFO] [stdout]   15:     0x63dc9bdf0e34 - std[617be2ca0a6fd877]::sys::backtrace::__rust_begin_short_backtrace::<test[aada8e7e76ba119b]::run_test::{closure#1}, ()>
[INFO] [stdout]   16:     0x63dc9bdfa5d2 - <std[617be2ca0a6fd877]::thread::lifecycle::spawn_unchecked<test[aada8e7e76ba119b]::run_test::{closure#1}, ()>::{closure#1} as core[a373ad73a504971]::ops::function::FnOnce<()>>::call_once::{shim:vtable#0}
[INFO] [stdout]   17:     0x63dc9be642ff - <std[617be2ca0a6fd877]::sys::thread::unix::Thread>::new::thread_start
[INFO] [stdout]   18:     0x7f3eacd2edfa - <unknown>
[INFO] [stdout]   19:     0x7f3eacdc23d4 - clone
[INFO] [stdout]   20:                0x0 - <unknown>
[INFO] [stdout] 
[INFO] [stdout] ---- tests::save_to_disk::test_save_to_disk_hash_u16 stdout ----
[INFO] [stdout] 
[INFO] [stdout] thread 'tests::save_to_disk::test_save_to_disk_hash_u16' (682) panicked at src/tests/save_to_disk.rs:195:35:
[INFO] [stdout] called `Result::unwrap()` on an `Err` value: IoError(Os { code: 30, kind: ReadOnlyFilesystem, message: "Read-only file system" })
[INFO] [stdout] stack backtrace:
[INFO] [stdout]    0:     0x63dc9be64b11 - <<std[617be2ca0a6fd877]::sys::backtrace::BacktraceLock>::print::DisplayBacktrace as core[a373ad73a504971]::fmt::Display>::fmt
[INFO] [stdout]    1:     0x63dc9be7927a - core[a373ad73a504971]::fmt::write
[INFO] [stdout]    2:     0x63dc9be68d2c - <alloc[2e1b2a31b91974c5]::vec::Vec<u8> as core[a373ad73a504971]::io::write::Write>::write_fmt
[INFO] [stdout]    3:     0x63dc9be40e46 - std[617be2ca0a6fd877]::panicking::default_hook::{closure#0}
[INFO] [stdout]    4:     0x63dc9be5d079 - std[617be2ca0a6fd877]::panicking::default_hook
[INFO] [stdout]    5:     0x63dc9bdf6f20 - test[aada8e7e76ba119b]::test_main_inner::{closure#0}
[INFO] [stdout]    6:     0x63dc9be5d232 - std[617be2ca0a6fd877]::panicking::panic_with_hook
[INFO] [stdout]    7:     0x63dc9be40ef2 - std[617be2ca0a6fd877]::panicking::panic_handler::{closure#0}
[INFO] [stdout]    8:     0x63dc9be39c09 - std[617be2ca0a6fd877]::sys::backtrace::__rust_end_short_backtrace::<std[617be2ca0a6fd877]::panicking::panic_handler::{closure#0}, !>
[INFO] [stdout]    9:     0x63dc9be41afd - __rustc[ea4f61d10b84890b]::rust_begin_unwind
[INFO] [stdout]   10:     0x63dc9be799ac - core[a373ad73a504971]::panicking::panic_fmt
[INFO] [stdout]   11:     0x63dc9be79782 - core[a373ad73a504971]::result::unwrap_failed
[INFO] [stdout]   12:     0x63dc9bdc9642 - <velox_graph[82781c7704adcc28]::tests::save_to_disk::test_save_to_disk_hash_u16::{closure#0} as core[a373ad73a504971]::ops::function::FnOnce<()>>::call_once
[INFO] [stdout]   13:     0x63dc9bdea36b - test[aada8e7e76ba119b]::__rust_begin_short_backtrace::<core[a373ad73a504971]::result::Result<(), alloc[2e1b2a31b91974c5]::string::String>, fn() -> core[a373ad73a504971]::result::Result<(), alloc[2e1b2a31b91974c5]::string::String>>
[INFO] [stdout]   14:     0x63dc9bdf7545 - test[aada8e7e76ba119b]::run_test::{closure#0}
[INFO] [stdout]   15:     0x63dc9bdf0e34 - std[617be2ca0a6fd877]::sys::backtrace::__rust_begin_short_backtrace::<test[aada8e7e76ba119b]::run_test::{closure#1}, ()>
[INFO] [stdout]   16:     0x63dc9bdfa5d2 - <std[617be2ca0a6fd877]::thread::lifecycle::spawn_unchecked<test[aada8e7e76ba119b]::run_test::{closure#1}, ()>::{closure#1} as core[a373ad73a504971]::ops::function::FnOnce<()>>::call_once::{shim:vtable#0}
[INFO] [stdout]   17:     0x63dc9be642ff - <std[617be2ca0a6fd877]::sys::thread::unix::Thread>::new::thread_start
[INFO] [stdout]   18:     0x7f3eacd2edfa - <unknown>
[INFO] [stdout]   19:     0x7f3eacdc23d4 - clone
[INFO] [stdout]   20:                0x0 - <unknown>
[INFO] [stdout] 
[INFO] [stdout] ---- tests::save_to_disk::test_save_to_disk_hash_usize stdout ----
[INFO] [stdout] 
[INFO] [stdout] thread 'tests::save_to_disk::test_save_to_disk_hash_usize' (683) panicked at src/tests/save_to_disk.rs:195:35:
[INFO] [stdout] called `Result::unwrap()` on an `Err` value: IoError(Os { code: 30, kind: ReadOnlyFilesystem, message: "Read-only file system" })
[INFO] [stdout] stack backtrace:
[INFO] [stdout]    0:     0x63dc9be64b11 - <<std[617be2ca0a6fd877]::sys::backtrace::BacktraceLock>::print::DisplayBacktrace as core[a373ad73a504971]::fmt::Display>::fmt
[INFO] [stdout]    1:     0x63dc9be7927a - core[a373ad73a504971]::fmt::write
[INFO] [stdout]    2:     0x63dc9be68d2c - <alloc[2e1b2a31b91974c5]::vec::Vec<u8> as core[a373ad73a504971]::io::write::Write>::write_fmt
[INFO] [stdout]    3:     0x63dc9be40e46 - std[617be2ca0a6fd877]::panicking::default_hook::{closure#0}
[INFO] [stdout]    4:     0x63dc9be5d079 - std[617be2ca0a6fd877]::panicking::default_hook
[INFO] [stdout]    5:     0x63dc9bdf6f20 - test[aada8e7e76ba119b]::test_main_inner::{closure#0}
[INFO] [stdout]    6:     0x63dc9be5d232 - std[617be2ca0a6fd877]::panicking::panic_with_hook
[INFO] [stdout]    7:     0x63dc9be40ef2 - std[617be2ca0a6fd877]::panicking::panic_handler::{closure#0}
[INFO] [stdout]    8:     0x63dc9be39c09 - std[617be2ca0a6fd877]::sys::backtrace::__rust_end_short_backtrace::<std[617be2ca0a6fd877]::panicking::panic_handler::{closure#0}, !>
[INFO] [stdout]    9:     0x63dc9be41afd - __rustc[ea4f61d10b84890b]::rust_begin_unwind
[INFO] [stdout]   10:     0x63dc9be799ac - core[a373ad73a504971]::panicking::panic_fmt
[INFO] [stdout]   11:     0x63dc9be79782 - core[a373ad73a504971]::result::unwrap_failed
[INFO] [stdout]   12:     0x63dc9bdcbae2 - <velox_graph[82781c7704adcc28]::tests::save_to_disk::test_save_to_disk_hash_usize::{closure#0} as core[a373ad73a504971]::ops::function::FnOnce<()>>::call_once
[INFO] [stdout]   13:     0x63dc9bdea36b - test[aada8e7e76ba119b]::__rust_begin_short_backtrace::<core[a373ad73a504971]::result::Result<(), alloc[2e1b2a31b91974c5]::string::String>, fn() -> core[a373ad73a504971]::result::Result<(), alloc[2e1b2a31b91974c5]::string::String>>
[INFO] [stdout]   14:     0x63dc9bdf7545 - test[aada8e7e76ba119b]::run_test::{closure#0}
[INFO] [stdout]   15:     0x63dc9bdf0e34 - std[617be2ca0a6fd877]::sys::backtrace::__rust_begin_short_backtrace::<test[aada8e7e76ba119b]::run_test::{closure#1}, ()>
[INFO] [stdout]   16:     0x63dc9bdfa5d2 - <std[617be2ca0a6fd877]::thread::lifecycle::spawn_unchecked<test[aada8e7e76ba119b]::run_test::{closure#1}, ()>::{closure#1} as core[a373ad73a504971]::ops::function::FnOnce<()>>::call_once::{shim:vtable#0}
[INFO] [stdout]   17:     0x63dc9be642ff - <std[617be2ca0a6fd877]::sys::thread::unix::Thread>::new::thread_start
[INFO] [stdout]   18:     0x7f3eacd2edfa - <unknown>
[INFO] [stdout]   19:     0x7f3eacdc23d4 - clone
[INFO] [stdout]   20:                0x0 - <unknown>
[INFO] [stdout] 
[INFO] [stdout] ---- tests::save_to_disk::test_save_to_disk_vec_change_size stdout ----
[INFO] [stdout] 
[INFO] [stdout] thread 'tests::save_to_disk::test_save_to_disk_vec_change_size' (684) panicked at src/tests/save_to_disk.rs:195:35:
[INFO] [stdout] called `Result::unwrap()` on an `Err` value: IoError(Os { code: 30, kind: ReadOnlyFilesystem, message: "Read-only file system" })
[INFO] [stdout] stack backtrace:
[INFO] [stdout]    0:     0x63dc9be64b11 - <<std[617be2ca0a6fd877]::sys::backtrace::BacktraceLock>::print::DisplayBacktrace as core[a373ad73a504971]::fmt::Display>::fmt
[INFO] [stdout]    1:     0x63dc9be7927a - core[a373ad73a504971]::fmt::write
[INFO] [stdout]    2:     0x63dc9be68d2c - <alloc[2e1b2a31b91974c5]::vec::Vec<u8> as core[a373ad73a504971]::io::write::Write>::write_fmt
[INFO] [stdout]    3:     0x63dc9be40e46 - std[617be2ca0a6fd877]::panicking::default_hook::{closure#0}
[INFO] [stdout]    4:     0x63dc9be5d079 - std[617be2ca0a6fd877]::panicking::default_hook
[INFO] [stdout]    5:     0x63dc9bdf6f20 - test[aada8e7e76ba119b]::test_main_inner::{closure#0}
[INFO] [stdout]    6:     0x63dc9be5d232 - std[617be2ca0a6fd877]::panicking::panic_with_hook
[INFO] [stdout]    7:     0x63dc9be40ef2 - std[617be2ca0a6fd877]::panicking::panic_handler::{closure#0}
[INFO] [stdout]    8:     0x63dc9be39c09 - std[617be2ca0a6fd877]::sys::backtrace::__rust_end_short_backtrace::<std[617be2ca0a6fd877]::panicking::panic_handler::{closure#0}, !>
[INFO] [stdout]    9:     0x63dc9be41afd - __rustc[ea4f61d10b84890b]::rust_begin_unwind
[INFO] [stdout]   10:     0x63dc9be799ac - core[a373ad73a504971]::panicking::panic_fmt
[INFO] [stdout]   11:     0x63dc9be79782 - core[a373ad73a504971]::result::unwrap_failed
[INFO] [stdout]   12:     0x63dc9bdccedf - <velox_graph[82781c7704adcc28]::tests::save_to_disk::test_save_to_disk_vec_change_size::{closure#0} as core[a373ad73a504971]::ops::function::FnOnce<()>>::call_once
[INFO] [stdout]   13:     0x63dc9bdea36b - test[aada8e7e76ba119b]::__rust_begin_short_backtrace::<core[a373ad73a504971]::result::Result<(), alloc[2e1b2a31b91974c5]::string::String>, fn() -> core[a373ad73a504971]::result::Result<(), alloc[2e1b2a31b91974c5]::string::String>>
[INFO] [stdout]   14:     0x63dc9bdf7545 - test[aada8e7e76ba119b]::run_test::{closure#0}
[INFO] [stdout]   15:     0x63dc9bdf0e34 - std[617be2ca0a6fd877]::sys::backtrace::__rust_begin_short_backtrace::<test[aada8e7e76ba119b]::run_test::{closure#1}, ()>
[INFO] [stdout]   16:     0x63dc9bdfa5d2 - <std[617be2ca0a6fd877]::thread::lifecycle::spawn_unchecked<test[aada8e7e76ba119b]::run_test::{closure#1}, ()>::{closure#1} as core[a373ad73a504971]::ops::function::FnOnce<()>>::call_once::{shim:vtable#0}
[INFO] [stdout]   17:     0x63dc9be642ff - <std[617be2ca0a6fd877]::sys::thread::unix::Thread>::new::thread_start
[INFO] [stdout]   18:     0x7f3eacd2edfa - <unknown>
[INFO] [stdout]   19:     0x7f3eacdc23d4 - clone
[INFO] [stdout]   20:                0x0 - <unknown>
[INFO] [stdout] 
[INFO] [stdout] ---- tests::save_to_disk::test_save_to_disk_vec_usize stdout ----
[INFO] [stdout] 
[INFO] [stdout] thread 'tests::save_to_disk::test_save_to_disk_vec_usize' (686) panicked at src/tests/save_to_disk.rs:195:35:
[INFO] [stdout] called `Result::unwrap()` on an `Err` value: IoError(Os { code: 30, kind: ReadOnlyFilesystem, message: "Read-only file system" })
[INFO] [stdout] stack backtrace:
[INFO] [stdout]    0:     0x63dc9be64b11 - <<std[617be2ca0a6fd877]::sys::backtrace::BacktraceLock>::print::DisplayBacktrace as core[a373ad73a504971]::fmt::Display>::fmt
[INFO] [stdout]    1:     0x63dc9be7927a - core[a373ad73a504971]::fmt::write
[INFO] [stdout]    2:     0x63dc9be68d2c - <alloc[2e1b2a31b91974c5]::vec::Vec<u8> as core[a373ad73a504971]::io::write::Write>::write_fmt
[INFO] [stdout]    3:     0x63dc9be40e46 - std[617be2ca0a6fd877]::panicking::default_hook::{closure#0}
[INFO] [stdout]    4:     0x63dc9be5d079 - std[617be2ca0a6fd877]::panicking::default_hook
[INFO] [stdout]    5:     0x63dc9bdf6f20 - test[aada8e7e76ba119b]::test_main_inner::{closure#0}
[INFO] [stdout]    6:     0x63dc9be5d232 - std[617be2ca0a6fd877]::panicking::panic_with_hook
[INFO] [stdout]    7:     0x63dc9be40ef2 - std[617be2ca0a6fd877]::panicking::panic_handler::{closure#0}
[INFO] [stdout]    8:     0x63dc9be39c09 - std[617be2ca0a6fd877]::sys::backtrace::__rust_end_short_backtrace::<std[617be2ca0a6fd877]::panicking::panic_handler::{closure#0}, !>
[INFO] [stdout]    9:     0x63dc9be41afd - __rustc[ea4f61d10b84890b]::rust_begin_unwind
[INFO] [stdout]   10:     0x63dc9be799ac - core[a373ad73a504971]::panicking::panic_fmt
[INFO] [stdout]   11:     0x63dc9be79782 - core[a373ad73a504971]::result::unwrap_failed
[INFO] [stdout]   12:     0x63dc9bdcaa34 - <velox_graph[82781c7704adcc28]::tests::save_to_disk::test_save_to_disk_vec_usize::{closure#0} as core[a373ad73a504971]::ops::function::FnOnce<()>>::call_once
[INFO] [stdout]   13:     0x63dc9bdea36b - test[aada8e7e76ba119b]::__rust_begin_short_backtrace::<core[a373ad73a504971]::result::Result<(), alloc[2e1b2a31b91974c5]::string::String>, fn() -> core[a373ad73a504971]::result::Result<(), alloc[2e1b2a31b91974c5]::string::String>>
[INFO] [stdout]   14:     0x63dc9bdf7545 - test[aada8e7e76ba119b]::run_test::{closure#0}
[INFO] [stdout]   15:     0x63dc9bdf0e34 - std[617be2ca0a6fd877]::sys::backtrace::__rust_begin_short_backtrace::<test[aada8e7e76ba119b]::run_test::{closure#1}, ()>
[INFO] [stdout]   16:     0x63dc9bdfa5d2 - <std[617be2ca0a6fd877]::thread::lifecycle::spawn_unchecked<test[aada8e7e76ba119b]::run_test::{closure#1}, ()>::{closure#1} as core[a373ad73a504971]::ops::function::FnOnce<()>>::call_once::{shim:vtable#0}
[INFO] [stdout]   17:     0x63dc9be642ff - <std[617be2ca0a6fd877]::sys::thread::unix::Thread>::new::thread_start
[INFO] [stdout]   18:     0x7f3eacd2edfa - <unknown>
[INFO] [stdout]   19:     0x7f3eacdc23d4 - clone
[INFO] [stdout]   20:                0x0 - <unknown>
[INFO] [stdout] 
[INFO] [stdout] ---- tests::save_to_disk::test_save_to_disk_vec_u16 stdout ----
[INFO] [stdout] 
[INFO] [stdout] thread 'tests::save_to_disk::test_save_to_disk_vec_u16' (685) panicked at src/tests/save_to_disk.rs:195:35:
[INFO] [stdout] called `Result::unwrap()` on an `Err` value: IoError(Os { code: 30, kind: ReadOnlyFilesystem, message: "Read-only file system" })
[INFO] [stdout] stack backtrace:
[INFO] [stdout]    0:     0x63dc9be64b11 - <<std[617be2ca0a6fd877]::sys::backtrace::BacktraceLock>::print::DisplayBacktrace as core[a373ad73a504971]::fmt::Display>::fmt
[INFO] [stdout]    1:     0x63dc9be7927a - core[a373ad73a504971]::fmt::write
[INFO] [stdout]    2:     0x63dc9be68d2c - <alloc[2e1b2a31b91974c5]::vec::Vec<u8> as core[a373ad73a504971]::io::write::Write>::write_fmt
[INFO] [stdout]    3:     0x63dc9be40e46 - std[617be2ca0a6fd877]::panicking::default_hook::{closure#0}
[INFO] [stdout]    4:     0x63dc9be5d079 - std[617be2ca0a6fd877]::panicking::default_hook
[INFO] [stdout]    5:     0x63dc9bdf6f20 - test[aada8e7e76ba119b]::test_main_inner::{closure#0}
[INFO] [stdout]    6:     0x63dc9be5d232 - std[617be2ca0a6fd877]::panicking::panic_with_hook
[INFO] [stdout]    7:     0x63dc9be40ef2 - std[617be2ca0a6fd877]::panicking::panic_handler::{closure#0}
[INFO] [stdout]    8:     0x63dc9be39c09 - std[617be2ca0a6fd877]::sys::backtrace::__rust_end_short_backtrace::<std[617be2ca0a6fd877]::panicking::panic_handler::{closure#0}, !>
[INFO] [stdout]    9:     0x63dc9be41afd - __rustc[ea4f61d10b84890b]::rust_begin_unwind
[INFO] [stdout]   10:     0x63dc9be799ac - core[a373ad73a504971]::panicking::panic_fmt
[INFO] [stdout]   11:     0x63dc9be79782 - core[a373ad73a504971]::result::unwrap_failed
[INFO] [stdout]   12:     0x63dc9bdc85a4 - <velox_graph[82781c7704adcc28]::tests::save_to_disk::test_save_to_disk_vec_u16::{closure#0} as core[a373ad73a504971]::ops::function::FnOnce<()>>::call_once
[INFO] [stdout]   13:     0x63dc9bdea36b - test[aada8e7e76ba119b]::__rust_begin_short_backtrace::<core[a373ad73a504971]::result::Result<(), alloc[2e1b2a31b91974c5]::string::String>, fn() -> core[a373ad73a504971]::result::Result<(), alloc[2e1b2a31b91974c5]::string::String>>
[INFO] [stdout]   14:     0x63dc9bdf7545 - test[aada8e7e76ba119b]::run_test::{closure#0}
[INFO] [stdout]   15:     0x63dc9bdf0e34 - std[617be2ca0a6fd877]::sys::backtrace::__rust_begin_short_backtrace::<test[aada8e7e76ba119b]::run_test::{closure#1}, ()>
[INFO] [stdout]   16:     0x63dc9bdfa5d2 - <std[617be2ca0a6fd877]::thread::lifecycle::spawn_unchecked<test[aada8e7e76ba119b]::run_test::{closure#1}, ()>::{closure#1} as core[a373ad73a504971]::ops::function::FnOnce<()>>::call_once::{shim:vtable#0}
[INFO] [stdout]   17:     0x63dc9be642ff - <std[617be2ca0a6fd877]::sys::thread::unix::Thread>::new::thread_start
[INFO] [stdout]   18:     0x7f3eacd2edfa - <unknown>
[INFO] [stdout]   19:     0x7f3eacdc23d4 - clone
[INFO] [stdout]   20:                0x0 - <unknown>
[INFO] [stdout] 
[INFO] [stdout] ---- tests::speed_test::speed_test_hash_u16 stdout ----
[INFO] [stdout] create: mean time per db operation: 832.00ns
[INFO] [stdout] create: max time per db operation: 6.52ms
[INFO] [stdout] create: min time per db operation: 40.00ns
[INFO] [stdout] 
[INFO] [stdout] create_connections: mean time per db operation: 19.22µs
[INFO] [stdout] create_connections: max time per db operation: 11.04ms
[INFO] [stdout] create_connections: min time per db operation: 3.44µs
[INFO] [stdout] 
[INFO] [stdout] 
[INFO] [stdout] thread 'tests::speed_test::speed_test_hash_u16' (687) panicked at src/tests/speed_test.rs:110:35:
[INFO] [stdout] called `Result::unwrap()` on an `Err` value: IoError(Os { code: 30, kind: ReadOnlyFilesystem, message: "Read-only file system" })
[INFO] [stdout] stack backtrace:
[INFO] [stdout]    0:     0x63dc9be64b11 - <<std[617be2ca0a6fd877]::sys::backtrace::BacktraceLock>::print::DisplayBacktrace as core[a373ad73a504971]::fmt::Display>::fmt
[INFO] [stdout]    1:     0x63dc9be7927a - core[a373ad73a504971]::fmt::write
[INFO] [stdout]    2:     0x63dc9be68d2c - <alloc[2e1b2a31b91974c5]::vec::Vec<u8> as core[a373ad73a504971]::io::write::Write>::write_fmt
[INFO] [stdout]    3:     0x63dc9be40e46 - std[617be2ca0a6fd877]::panicking::default_hook::{closure#0}
[INFO] [stdout]    4:     0x63dc9be5d079 - std[617be2ca0a6fd877]::panicking::default_hook
[INFO] [stdout]    5:     0x63dc9bdf6f20 - test[aada8e7e76ba119b]::test_main_inner::{closure#0}
[INFO] [stdout]    6:     0x63dc9be5d232 - std[617be2ca0a6fd877]::panicking::panic_with_hook
[INFO] [stdout]    7:     0x63dc9be40ef2 - std[617be2ca0a6fd877]::panicking::panic_handler::{closure#0}
[INFO] [stdout]    8:     0x63dc9be39c09 - std[617be2ca0a6fd877]::sys::backtrace::__rust_end_short_backtrace::<std[617be2ca0a6fd877]::panicking::panic_handler::{closure#0}, !>
[INFO] [stdout]    9:     0x63dc9be41afd - __rustc[ea4f61d10b84890b]::rust_begin_unwind
[INFO] [stdout]   10:     0x63dc9be799ac - core[a373ad73a504971]::panicking::panic_fmt
[INFO] [stdout]   11:     0x63dc9be79782 - core[a373ad73a504971]::result::unwrap_failed
[INFO] [stdout]   12:     0x63dc9bddbf67 - <velox_graph[82781c7704adcc28]::tests::speed_test::speed_test_hash_u16::{closure#0} as core[a373ad73a504971]::ops::function::FnOnce<()>>::call_once
[INFO] [stdout]   13:     0x63dc9bdea36b - test[aada8e7e76ba119b]::__rust_begin_short_backtrace::<core[a373ad73a504971]::result::Result<(), alloc[2e1b2a31b91974c5]::string::String>, fn() -> core[a373ad73a504971]::result::Result<(), alloc[2e1b2a31b91974c5]::string::String>>
[INFO] [stdout]   14:     0x63dc9bdf7545 - test[aada8e7e76ba119b]::run_test::{closure#0}
[INFO] [stdout]   15:     0x63dc9bdf0e34 - std[617be2ca0a6fd877]::sys::backtrace::__rust_begin_short_backtrace::<test[aada8e7e76ba119b]::run_test::{closure#1}, ()>
[INFO] [stdout]   16:     0x63dc9bdfa5d2 - <std[617be2ca0a6fd877]::thread::lifecycle::spawn_unchecked<test[aada8e7e76ba119b]::run_test::{closure#1}, ()>::{closure#1} as core[a373ad73a504971]::ops::function::FnOnce<()>>::call_once::{shim:vtable#0}
[INFO] [stdout]   17:     0x63dc9be642ff - <std[617be2ca0a6fd877]::sys::thread::unix::Thread>::new::thread_start
[INFO] [stdout]   18:     0x7f3eacd2edfa - <unknown>
[INFO] [stdout]   19:     0x7f3eacdc23d4 - clone
[INFO] [stdout]   20:                0x0 - <unknown>
[INFO] [stdout] 
[INFO] [stdout] ---- tests::speed_test::speed_test_vec_usize stdout ----
[INFO] [stdout] create: mean time per db operation: 470.00ns
[INFO] [stdout] create: max time per db operation: 3.77ms
[INFO] [stdout] create: min time per db operation: 30.00ns
[INFO] [stdout] 
[INFO] [stdout] create_connections: mean time per db operation: 21.60µs
[INFO] [stdout] create_connections: max time per db operation: 15.03ms
[INFO] [stdout] create_connections: min time per db operation: 1.27µs
[INFO] [stdout] 
[INFO] [stdout] 
[INFO] [stdout] thread 'tests::speed_test::speed_test_vec_usize' (690) panicked at src/tests/speed_test.rs:110:35:
[INFO] [stdout] called `Result::unwrap()` on an `Err` value: IoError(Os { code: 30, kind: ReadOnlyFilesystem, message: "Read-only file system" })
[INFO] [stdout] stack backtrace:
[INFO] [stdout]    0:     0x63dc9be64b11 - <<std[617be2ca0a6fd877]::sys::backtrace::BacktraceLock>::print::DisplayBacktrace as core[a373ad73a504971]::fmt::Display>::fmt
[INFO] [stdout]    1:     0x63dc9be7927a - core[a373ad73a504971]::fmt::write
[INFO] [stdout]    2:     0x63dc9be68d2c - <alloc[2e1b2a31b91974c5]::vec::Vec<u8> as core[a373ad73a504971]::io::write::Write>::write_fmt
[INFO] [stdout]    3:     0x63dc9be40e46 - std[617be2ca0a6fd877]::panicking::default_hook::{closure#0}
[INFO] [stdout]    4:     0x63dc9be5d079 - std[617be2ca0a6fd877]::panicking::default_hook
[INFO] [stdout]    5:     0x63dc9bdf6f20 - test[aada8e7e76ba119b]::test_main_inner::{closure#0}
[INFO] [stdout]    6:     0x63dc9be5d232 - std[617be2ca0a6fd877]::panicking::panic_with_hook
[INFO] [stdout]    7:     0x63dc9be40ef2 - std[617be2ca0a6fd877]::panicking::panic_handler::{closure#0}
[INFO] [stdout]    8:     0x63dc9be39c09 - std[617be2ca0a6fd877]::sys::backtrace::__rust_end_short_backtrace::<std[617be2ca0a6fd877]::panicking::panic_handler::{closure#0}, !>
[INFO] [stdout]    9:     0x63dc9be41afd - __rustc[ea4f61d10b84890b]::rust_begin_unwind
[INFO] [stdout]   10:     0x63dc9be799ac - core[a373ad73a504971]::panicking::panic_fmt
[INFO] [stdout]   11:     0x63dc9be79782 - core[a373ad73a504971]::result::unwrap_failed
[INFO] [stdout]   12:     0x63dc9bdddb8b - <velox_graph[82781c7704adcc28]::tests::speed_test::speed_test_vec_usize::{closure#0} as core[a373ad73a504971]::ops::function::FnOnce<()>>::call_once
[INFO] [stdout]   13:     0x63dc9bdea36b - test[aada8e7e76ba119b]::__rust_begin_short_backtrace::<core[a373ad73a504971]::result::Result<(), alloc[2e1b2a31b91974c5]::string::String>, fn() -> core[a373ad73a504971]::result::Result<(), alloc[2e1b2a31b91974c5]::string::String>>
[INFO] [stdout]   14:     0x63dc9bdf7545 - test[aada8e7e76ba119b]::run_test::{closure#0}
[INFO] [stdout]   15:     0x63dc9bdf0e34 - std[617be2ca0a6fd877]::sys::backtrace::__rust_begin_short_backtrace::<test[aada8e7e76ba119b]::run_test::{closure#1}, ()>
[INFO] [stdout]   16:     0x63dc9bdfa5d2 - <std[617be2ca0a6fd877]::thread::lifecycle::spawn_unchecked<test[aada8e7e76ba119b]::run_test::{closure#1}, ()>::{closure#1} as core[a373ad73a504971]::ops::function::FnOnce<()>>::call_once::{shim:vtable#0}
[INFO] [stdout]   17:     0x63dc9be642ff - <std[617be2ca0a6fd877]::sys::thread::unix::Thread>::new::thread_start
[INFO] [stdout]   18:     0x7f3eacd2edfa - <unknown>
[INFO] [stdout]   19:     0x7f3eacdc23d4 - clone
[INFO] [stdout]   20:                0x0 - <unknown>
[INFO] [stdout] 
[INFO] [stdout] ---- tests::speed_test::speed_test_vec_u16 stdout ----
[INFO] [stdout] create: mean time per db operation: 95.00ns
[INFO] [stdout] create: max time per db operation: 180.79µs
[INFO] [stdout] create: min time per db operation: 30.00ns
[INFO] [stdout] 
[INFO] [stdout] create_connections: mean time per db operation: 8.97µs
[INFO] [stdout] create_connections: max time per db operation: 11.03ms
[INFO] [stdout] create_connections: min time per db operation: 1.25µs
[INFO] [stdout] 
[INFO] [stdout] 
[INFO] [stdout] thread 'tests::speed_test::speed_test_vec_u16' (689) panicked at src/tests/speed_test.rs:110:35:
[INFO] [stdout] called `Result::unwrap()` on an `Err` value: IoError(Os { code: 30, kind: ReadOnlyFilesystem, message: "Read-only file system" })
[INFO] [stdout] stack backtrace:
[INFO] [stdout]    0:     0x63dc9be64b11 - <<std[617be2ca0a6fd877]::sys::backtrace::BacktraceLock>::print::DisplayBacktrace as core[a373ad73a504971]::fmt::Display>::fmt
[INFO] [stdout]    1:     0x63dc9be7927a - core[a373ad73a504971]::fmt::write
[INFO] [stdout]    2:     0x63dc9be68d2c - <alloc[2e1b2a31b91974c5]::vec::Vec<u8> as core[a373ad73a504971]::io::write::Write>::write_fmt
[INFO] [stdout]    3:     0x63dc9be40e46 - std[617be2ca0a6fd877]::panicking::default_hook::{closure#0}
[INFO] [stdout]    4:     0x63dc9be5d079 - std[617be2ca0a6fd877]::panicking::default_hook
[INFO] [stdout]    5:     0x63dc9bdf6f20 - test[aada8e7e76ba119b]::test_main_inner::{closure#0}
[INFO] [stdout]    6:     0x63dc9be5d232 - std[617be2ca0a6fd877]::panicking::panic_with_hook
[INFO] [stdout]    7:     0x63dc9be40ef2 - std[617be2ca0a6fd877]::panicking::panic_handler::{closure#0}
[INFO] [stdout]    8:     0x63dc9be39c09 - std[617be2ca0a6fd877]::sys::backtrace::__rust_end_short_backtrace::<std[617be2ca0a6fd877]::panicking::panic_handler::{closure#0}, !>
[INFO] [stdout]    9:     0x63dc9be41afd - __rustc[ea4f61d10b84890b]::rust_begin_unwind
[INFO] [stdout]   10:     0x63dc9be799ac - core[a373ad73a504971]::panicking::panic_fmt
[INFO] [stdout]   11:     0x63dc9be79782 - core[a373ad73a504971]::result::unwrap_failed
[INFO] [stdout]   12:     0x63dc9bdda11b - <velox_graph[82781c7704adcc28]::tests::speed_test::speed_test_vec_u16::{closure#0} as core[a373ad73a504971]::ops::function::FnOnce<()>>::call_once
[INFO] [stdout]   13:     0x63dc9bdea36b - test[aada8e7e76ba119b]::__rust_begin_short_backtrace::<core[a373ad73a504971]::result::Result<(), alloc[2e1b2a31b91974c5]::string::String>, fn() -> core[a373ad73a504971]::result::Result<(), alloc[2e1b2a31b91974c5]::string::String>>
[INFO] [stdout]   14:     0x63dc9bdf7545 - test[aada8e7e76ba119b]::run_test::{closure#0}
[INFO] [stdout]   15:     0x63dc9bdf0e34 - std[617be2ca0a6fd877]::sys::backtrace::__rust_begin_short_backtrace::<test[aada8e7e76ba119b]::run_test::{closure#1}, ()>
[INFO] [stdout]   16:     0x63dc9bdfa5d2 - <std[617be2ca0a6fd877]::thread::lifecycle::spawn_unchecked<test[aada8e7e76ba119b]::run_test::{closure#1}, ()>::{closure#1} as core[a373ad73a504971]::ops::function::FnOnce<()>>::call_once::{shim:vtable#0}
[INFO] [stdout]   17:     0x63dc9be642ff - <std[617be2ca0a6fd877]::sys::thread::unix::Thread>::new::thread_start
[INFO] [stdout]   18:     0x7f3eacd2edfa - <unknown>
[INFO] [stdout]   19:     0x7f3eacdc23d4 - clone
[INFO] [stdout]   20:                0x0 - <unknown>
[INFO] [stdout] 
[INFO] [stdout] ---- tests::speed_test::speed_test_hash_usize stdout ----
[INFO] [stdout] create: mean time per db operation: 179.00ns
[INFO] [stdout] create: max time per db operation: 69.43µs
[INFO] [stdout] create: min time per db operation: 40.00ns
[INFO] [stdout] 
[INFO] [stdout] create_connections: mean time per db operation: 41.79µs
[INFO] [stdout] create_connections: max time per db operation: 12.05ms
[INFO] [stdout] create_connections: min time per db operation: 3.38µs
[INFO] [stdout] 
[INFO] [stdout] 
[INFO] [stdout] thread 'tests::speed_test::speed_test_hash_usize' (688) panicked at src/tests/speed_test.rs:110:35:
[INFO] [stdout] called `Result::unwrap()` on an `Err` value: IoError(Os { code: 30, kind: ReadOnlyFilesystem, message: "Read-only file system" })
[INFO] [stdout] stack backtrace:
[INFO] [stdout]    0:     0x63dc9be64b11 - <<std[617be2ca0a6fd877]::sys::backtrace::BacktraceLock>::print::DisplayBacktrace as core[a373ad73a504971]::fmt::Display>::fmt
[INFO] [stdout]    1:     0x63dc9be7927a - core[a373ad73a504971]::fmt::write
[INFO] [stdout]    2:     0x63dc9be68d2c - <alloc[2e1b2a31b91974c5]::vec::Vec<u8> as core[a373ad73a504971]::io::write::Write>::write_fmt
[INFO] [stdout]    3:     0x63dc9be40e46 - std[617be2ca0a6fd877]::panicking::default_hook::{closure#0}
[INFO] [stdout]    4:     0x63dc9be5d079 - std[617be2ca0a6fd877]::panicking::default_hook
[INFO] [stdout]    5:     0x63dc9bdf6f20 - test[aada8e7e76ba119b]::test_main_inner::{closure#0}
[INFO] [stdout]    6:     0x63dc9be5d232 - std[617be2ca0a6fd877]::panicking::panic_with_hook
[INFO] [stdout]    7:     0x63dc9be40ef2 - std[617be2ca0a6fd877]::panicking::panic_handler::{closure#0}
[INFO] [stdout]    8:     0x63dc9be39c09 - std[617be2ca0a6fd877]::sys::backtrace::__rust_end_short_backtrace::<std[617be2ca0a6fd877]::panicking::panic_handler::{closure#0}, !>
[INFO] [stdout]    9:     0x63dc9be41afd - __rustc[ea4f61d10b84890b]::rust_begin_unwind
[INFO] [stdout]   10:     0x63dc9be799ac - core[a373ad73a504971]::panicking::panic_fmt
[INFO] [stdout]   11:     0x63dc9be79782 - core[a373ad73a504971]::result::unwrap_failed
[INFO] [stdout]   12:     0x63dc9bddf9e7 - <velox_graph[82781c7704adcc28]::tests::speed_test::speed_test_hash_usize::{closure#0} as core[a373ad73a504971]::ops::function::FnOnce<()>>::call_once
[INFO] [stdout]   13:     0x63dc9bdea36b - test[aada8e7e76ba119b]::__rust_begin_short_backtrace::<core[a373ad73a504971]::result::Result<(), alloc[2e1b2a31b91974c5]::string::String>, fn() -> core[a373ad73a504971]::result::Result<(), alloc[2e1b2a31b91974c5]::string::String>>
[INFO] [stdout]   14:     0x63dc9bdf7545 - test[aada8e7e76ba119b]::run_test::{closure#0}
[INFO] [stdout]   15:     0x63dc9bdf0e34 - std[617be2ca0a6fd877]::sys::backtrace::__rust_begin_short_backtrace::<test[aada8e7e76ba119b]::run_test::{closure#1}, ()>
[INFO] [stdout]   16:     0x63dc9bdfa5d2 - <std[617be2ca0a6fd877]::thread::lifecycle::spawn_unchecked<test[aada8e7e76ba119b]::run_test::{closure#1}, ()>::{closure#1} as core[a373ad73a504971]::ops::function::FnOnce<()>>::call_once::{shim:vtable#0}
[INFO] [stdout]   17:     0x63dc9be642ff - <std[617be2ca0a6fd877]::sys::thread::unix::Thread>::new::thread_start
[INFO] [stdout]   18:     0x7f3eacd2edfa - <unknown>
[INFO] [stdout]   19:     0x7f3eacdc23d4 - clone
[INFO] [stdout]   20:                0x0 - <unknown>
[INFO] [stdout] 
[INFO] [stdout] 
[INFO] [stdout] failures:
[INFO] [stdout]     tests::save_to_disk::test_save_to_disk_hash_change_size
[INFO] [stdout]     tests::save_to_disk::test_save_to_disk_hash_u16
[INFO] [stdout]     tests::save_to_disk::test_save_to_disk_hash_usize
[INFO] [stdout]     tests::save_to_disk::test_save_to_disk_vec_change_size
[INFO] [stdout]     tests::save_to_disk::test_save_to_disk_vec_u16
[INFO] [stdout]     tests::save_to_disk::test_save_to_disk_vec_usize
[INFO] [stdout]     tests::speed_test::speed_test_hash_u16
[INFO] [stdout]     tests::speed_test::speed_test_hash_usize
[INFO] [stdout]     tests::speed_test::speed_test_vec_u16
[INFO] [stdout]     tests::speed_test::speed_test_vec_usize
[INFO] [stdout] 
[INFO] [stdout] test result: FAILED. 4 passed; 10 failed; 0 ignored; 0 measured; 0 filtered out; finished in 6.19s
[INFO] [stdout] 
[INFO] running `Command { std: "docker" "inspect" "a507d702d225ef649c9f3eb36335d5c61b0224ef9cf7f56a1e7353664d1f132f", kill_on_drop: false }`
[INFO] running `Command { std: "docker" "rm" "-f" "a507d702d225ef649c9f3eb36335d5c61b0224ef9cf7f56a1e7353664d1f132f", kill_on_drop: false }`
[INFO] [stdout] a507d702d225ef649c9f3eb36335d5c61b0224ef9cf7f56a1e7353664d1f132f
