[INFO] fetching crate velomorph-derive 1.0.0...
[INFO] testing velomorph-derive-1.0.0 against 1.100.0-beta.1+cargoflags=--release for beta-release-1.100-2
[INFO] extracting crate velomorph-derive 1.0.0 into /workspace/builds/worker-4-tc2/source
[INFO] started tweaking crates.io crate velomorph-derive 1.0.0
[INFO] removed 0 missing tests
[INFO] finished tweaking crates.io crate velomorph-derive 1.0.0
[INFO] tweaked toml for crates.io crate velomorph-derive 1.0.0 written to /workspace/builds/worker-4-tc2/source/Cargo.toml
[INFO] validating manifest of crates.io crate velomorph-derive 1.0.0 on toolchain 1.100.0-beta.1
[INFO] running `Command { std: CARGO_HOME="/workspace/cargo-home" RUSTUP_HOME="/workspace/rustup-home" "/workspace/cargo-home/bin/cargo" "+1.100.0-beta.1" "metadata" "--manifest-path" "Cargo.toml" "--no-deps", kill_on_drop: false }`
[INFO] crate crates.io crate velomorph-derive 1.0.0 already has a lockfile, it will not be regenerated
[INFO] running `Command { std: CARGO_HOME="/workspace/cargo-home" RUSTUP_HOME="/workspace/rustup-home" "/workspace/cargo-home/bin/cargo" "+1.100.0-beta.1" "fetch" "--manifest-path" "Cargo.toml", kill_on_drop: false }`
[INFO] running `Command { std: "docker" "create" "-v" "/var/lib/crater-agent-workspace/builds/worker-4-tc2/source:/opt/rustwide/workdir:ro,Z" "-v" "/var/lib/crater-agent-workspace/builds/worker-4-tc2/target:/opt/rustwide/target:rw,Z" "-v" "/var/lib/crater-agent-workspace/cargo-home:/opt/rustwide/cargo-home:ro,Z" "-v" "/var/lib/crater-agent-workspace/rustup-home:/opt/rustwide/rustup-home:ro,Z" "-m" "1610612736" "--network" "none" "ghcr.io/rust-lang/crates-build-env/linux@sha256:77db811e55d90add9212f6832c23229e3de5f1c1f9905e8cb07319ea15df73ac" "sleep" "infinity", kill_on_drop: false }`
[INFO] [stdout] 9e8f6db238f85f108f6aca84261c4d14089c1f725901f5f2a4a76777b13c53f6
[INFO] running `Command { std: "docker" "start" "9e8f6db238f85f108f6aca84261c4d14089c1f725901f5f2a4a76777b13c53f6", kill_on_drop: false }`
[INFO] running `Command { std: "docker" "inspect" "9e8f6db238f85f108f6aca84261c4d14089c1f725901f5f2a4a76777b13c53f6", kill_on_drop: false }`
[INFO] running `Command { std: "docker" "exec" "-e" "SOURCE_DIR=/opt/rustwide/workdir" "-e" "CARGO_HOME=/opt/rustwide/cargo-home" "-e" "RUSTUP_HOME=/opt/rustwide/rustup-home" "-e" "CARGO_TARGET_DIR=/opt/rustwide/target" "-w" "/opt/rustwide/workdir" "--user" "0:0" "9e8f6db238f85f108f6aca84261c4d14089c1f725901f5f2a4a76777b13c53f6" "/opt/rustwide/cargo-home/bin/cargo" "+1.100.0-beta.1" "metadata" "--no-deps" "--format-version=1", kill_on_drop: false }`
[INFO] running `Command { std: "docker" "inspect" "9e8f6db238f85f108f6aca84261c4d14089c1f725901f5f2a4a76777b13c53f6", kill_on_drop: false }`
[INFO] running `Command { std: "docker" "exec" "-e" "SOURCE_DIR=/opt/rustwide/workdir" "-e" "CARGO_HOME=/opt/rustwide/cargo-home" "-e" "RUSTUP_HOME=/opt/rustwide/rustup-home" "-e" "CARGO_TARGET_DIR=/opt/rustwide/target" "-e" "CARGO_INCREMENTAL=0" "-e" "RUST_BACKTRACE=full" "-e" "RUSTFLAGS=--cap-lints=warn" "-e" "RUSTDOCFLAGS=--cap-lints=warn" "-w" "/opt/rustwide/workdir" "--user" "0:0" "9e8f6db238f85f108f6aca84261c4d14089c1f725901f5f2a4a76777b13c53f6" "/opt/rustwide/cargo-home/bin/cargo" "+1.100.0-beta.1" "build" "--frozen" "--message-format=json" "--release", kill_on_drop: false }`
[INFO] [stderr]    Compiling velomorph-derive v1.0.0 (/opt/rustwide/workdir)
[INFO] [stderr]     Finished `release` profile [optimized] target(s) in 2.76s
[INFO] running `Command { std: "docker" "inspect" "9e8f6db238f85f108f6aca84261c4d14089c1f725901f5f2a4a76777b13c53f6", kill_on_drop: false }`
[INFO] running `Command { std: "docker" "exec" "-e" "SOURCE_DIR=/opt/rustwide/workdir" "-e" "CARGO_HOME=/opt/rustwide/cargo-home" "-e" "RUSTUP_HOME=/opt/rustwide/rustup-home" "-e" "CARGO_TARGET_DIR=/opt/rustwide/target" "-e" "CARGO_INCREMENTAL=0" "-e" "RUST_BACKTRACE=full" "-e" "RUSTFLAGS=--cap-lints=warn" "-e" "RUSTDOCFLAGS=--cap-lints=warn" "-w" "/opt/rustwide/workdir" "--user" "0:0" "9e8f6db238f85f108f6aca84261c4d14089c1f725901f5f2a4a76777b13c53f6" "/opt/rustwide/cargo-home/bin/cargo" "+1.100.0-beta.1" "test" "--frozen" "--no-run" "--message-format=json" "--release", kill_on_drop: false }`
[INFO] [stderr]    Compiling serde_core v1.0.228
[INFO] [stderr]    Compiling serde v1.0.228
[INFO] [stderr]    Compiling target-triple v1.0.0
[INFO] [stderr]    Compiling winnow v1.0.1
[INFO] [stderr]    Compiling toml_writer v1.1.0+spec-1.1.0
[INFO] [stderr]    Compiling unicode-ident v1.0.24
[INFO] [stderr]    Compiling termcolor v1.4.1
[INFO] [stderr]    Compiling serde_json v1.0.149
[INFO] [stderr]    Compiling proc-macro2 v1.0.106
[INFO] [stderr]    Compiling quote v1.0.45
[INFO] [stderr]    Compiling serde_spanned v1.1.0
[INFO] [stderr]    Compiling toml_datetime v1.1.0+spec-1.1.0
[INFO] [stderr]    Compiling serde_derive v1.0.228
[INFO] [stderr]    Compiling velomorph-derive v1.0.0 (/opt/rustwide/workdir)
[INFO] [stderr]    Compiling glob v0.3.3
[INFO] [stderr]    Compiling toml_parser v1.1.0+spec-1.1.0
[INFO] [stderr]    Compiling toml v1.1.0+spec-1.1.0
[INFO] [stderr]    Compiling syn v2.0.117
[INFO] [stderr]    Compiling trybuild v1.0.116
[INFO] [stderr]     Finished `release` profile [optimized] target(s) in 31.13s
[INFO] running `Command { std: "docker" "inspect" "9e8f6db238f85f108f6aca84261c4d14089c1f725901f5f2a4a76777b13c53f6", kill_on_drop: false }`
[INFO] running `Command { std: "docker" "exec" "-e" "SOURCE_DIR=/opt/rustwide/workdir" "-e" "CARGO_HOME=/opt/rustwide/cargo-home" "-e" "RUSTUP_HOME=/opt/rustwide/rustup-home" "-e" "CARGO_TARGET_DIR=/opt/rustwide/target" "-e" "CARGO_INCREMENTAL=0" "-e" "RUST_BACKTRACE=full" "-e" "RUSTFLAGS=--cap-lints=warn" "-e" "RUSTDOCFLAGS=--cap-lints=warn" "-w" "/opt/rustwide/workdir" "--user" "0:0" "9e8f6db238f85f108f6aca84261c4d14089c1f725901f5f2a4a76777b13c53f6" "/opt/rustwide/cargo-home/bin/cargo" "+1.100.0-beta.1" "test" "--frozen" "--release", kill_on_drop: false }`
[INFO] [stderr]     Finished `release` profile [optimized] target(s) in 0.24s
[INFO] [stderr]      Running unittests src/lib.rs (/opt/rustwide/target/release/build/velomorph-derive/bf6351d5683ed4a9/out/velomorph_derive-bf6351d5683ed4a9)
[INFO] [stdout] 
[INFO] [stdout] running 0 tests
[INFO] [stdout] 
[INFO] [stdout] test result: ok. 0 passed; 0 failed; 0 ignored; 0 measured; 0 filtered out; finished in 0.00s
[INFO] [stdout] 
[INFO] [stderr]      Running tests/ui.rs (/opt/rustwide/target/release/build/velomorph-derive/839dabb9263e4429/out/ui-839dabb9263e4429)
[INFO] [stdout] 
[INFO] [stdout] running 1 test
[INFO] [stderr]    Compiling proc-macro2 v1.0.106
[INFO] [stderr]    Compiling quote v1.0.45
[INFO] [stderr]    Compiling unicode-ident v1.0.24
[INFO] [stderr]     Checking syn v2.0.117
[INFO] [stderr]    Compiling velomorph-derive v1.0.0 (/opt/rustwide/workdir)
[INFO] [stderr]     Checking velomorph-derive-tests v0.0.0 (/opt/rustwide/target/tests/trybuild/velomorph-derive)
[INFO] [stderr]     Finished `dev` profile [unoptimized + debuginfo] target(s) in 6.24s
[INFO] [stderr] 
[INFO] [stderr] 
[INFO] [stderr] test tests/ui/malformed_default_on_option.rs ... mismatch
[INFO] [stderr] 
[INFO] [stderr] EXPECTED:
[INFO] [stderr] ┈┈┈┈┈┈┈┈┈┈┈┈┈┈┈┈┈┈┈┈┈┈┈┈┈┈┈┈┈┈┈┈┈┈┈┈┈┈┈┈┈┈┈┈┈┈┈┈┈┈┈┈┈┈┈┈┈┈┈┈
[INFO] [stderr] error: `default` is only valid for strict Option<T> -> T mappings.
[INFO] [stderr]   --> tests/ui/malformed_default_on_option.rs:10:5
[INFO] [stderr]    |
[INFO] [stderr] 10 |     #[morph(default)]
[INFO] [stderr]    |     ^
[INFO] [stderr] ┈┈┈┈┈┈┈┈┈┈┈┈┈┈┈┈┈┈┈┈┈┈┈┈┈┈┈┈┈┈┈┈┈┈┈┈┈┈┈┈┈┈┈┈┈┈┈┈┈┈┈┈┈┈┈┈┈┈┈┈
[INFO] [stderr] 
[INFO] [stderr] ACTUAL OUTPUT:
[INFO] [stderr] ┈┈┈┈┈┈┈┈┈┈┈┈┈┈┈┈┈┈┈┈┈┈┈┈┈┈┈┈┈┈┈┈┈┈┈┈┈┈┈┈┈┈┈┈┈┈┈┈┈┈┈┈┈┈┈┈┈┈┈┈
[INFO] [stderr] error[E0432]: unresolved import `velomorph`
[INFO] [stderr]  --> tests/ui/malformed_default_on_option.rs:1:5
[INFO] [stderr]   |
[INFO] [stderr] 1 | use velomorph::Morph;
[INFO] [stderr]   |     ^^^^^^^^^ use of unresolved module or unlinked crate `velomorph`
[INFO] [stderr]   |
[INFO] [stderr]   = help: if you wanted to use a crate named `velomorph`, use `cargo add velomorph` to add it to your `Cargo.toml`
[INFO] [stderr] 
[INFO] [stderr] error: cannot find attribute `morph` in this scope
[INFO] [stderr]   --> tests/ui/malformed_default_on_option.rs:8:3
[INFO] [stderr]    |
[INFO] [stderr]  8 | #[morph(from = "Source")]
[INFO] [stderr]    |   ^^^^^
[INFO] [stderr]    |
[INFO] [stderr] help: `morph` is an attribute that can be used by the derive macro `Morph`, you might be missing a `derive` attribute
[INFO] [stderr]    |
[INFO] [stderr]  9 + #[derive(Morph)]
[INFO] [stderr] 10 | pub struct Target {
[INFO] [stdout] test malformed_morph_attributes_fail_with_clear_errors ... FAILED
[INFO] [stderr]    |
[INFO] [stdout] 
[INFO] [stderr] 
[INFO] [stdout] failures:
[INFO] [stderr] error: cannot find attribute `morph` in this scope
[INFO] [stdout] 
[INFO] [stderr]   --> tests/ui/malformed_default_on_option.rs:10:7
[INFO] [stdout] ---- malformed_morph_attributes_fail_with_clear_errors stdout ----
[INFO] [stderr]    |
[INFO] [stdout] 
[INFO] [stderr] 10 |     #[morph(default)]
[INFO] [stdout] thread 'malformed_morph_attributes_fail_with_clear_errors' (721) panicked at /opt/rustwide/cargo-home/registry/src/index.crates.io-1949cf8c6b5b557f/trybuild-1.0.116/src/run.rs:102:13:
[INFO] [stderr]    |       ^^^^^
[INFO] [stdout] 5 of 5 tests failed
[INFO] [stderr]    |
[INFO] [stdout] stack backtrace:
[INFO] [stderr]    = note: `morph` is an attribute that can be used by the derive macro `Morph`, you might be missing a `derive` attribute
[INFO] [stdout]    0:     0x5ba9168f59a1 - <<std[617be2ca0a6fd877]::sys::backtrace::BacktraceLock>::print::DisplayBacktrace as core[a373ad73a504971]::fmt::Display>::fmt
[INFO] [stderr] ┈┈┈┈┈┈┈┈┈┈┈┈┈┈┈┈┈┈┈┈┈┈┈┈┈┈┈┈┈┈┈┈┈┈┈┈┈┈┈┈┈┈┈┈┈┈┈┈┈┈┈┈┈┈┈┈┈┈┈┈
[INFO] [stdout]    1:     0x5ba91690bc8a - core[a373ad73a504971]::fmt::write
[INFO] [stderr] note: If the actual output is the correct output you can bless it by rerunning
[INFO] [stdout]    2:     0x5ba9168fa1ec - <alloc[2e1b2a31b91974c5]::vec::Vec<u8> as core[a373ad73a504971]::io::write::Write>::write_fmt
[INFO] [stderr]       your test with the environment variable TRYBUILD=overwrite
[INFO] [stdout]    3:     0x5ba9168cee06 - std[617be2ca0a6fd877]::panicking::default_hook::{closure#0}
[INFO] [stderr] 
[INFO] [stdout]    4:     0x5ba9168ecf49 - std[617be2ca0a6fd877]::panicking::default_hook
[INFO] [stderr] test tests/ui/malformed_field.rs ... mismatch
[INFO] [stdout]    5:     0x5ba916886550 - test[aada8e7e76ba119b]::test_main_inner::{closure#0}
[INFO] [stderr] 
[INFO] [stdout]    6:     0x5ba9168ed102 - std[617be2ca0a6fd877]::panicking::panic_with_hook
[INFO] [stderr] EXPECTED:
[INFO] [stdout]    7:     0x5ba9168ceeb2 - std[617be2ca0a6fd877]::panicking::panic_handler::{closure#0}
[INFO] [stderr] ┈┈┈┈┈┈┈┈┈┈┈┈┈┈┈┈┈┈┈┈┈┈┈┈┈┈┈┈┈┈┈┈┈┈┈┈┈┈┈┈┈┈┈┈┈┈┈┈┈┈┈┈┈┈┈┈┈┈┈┈
[INFO] [stdout]    8:     0x5ba9168c7709 - std[617be2ca0a6fd877]::sys::backtrace::__rust_end_short_backtrace::<std[617be2ca0a6fd877]::panicking::panic_handler::{closure#0}, !>
[INFO] [stderr] error: Unsupported field morph key. Expected one of: from, with, default, skip
[INFO] [stdout]    9:     0x5ba9168cfabd - __rustc[ea4f61d10b84890b]::rust_begin_unwind
[INFO] [stderr]   --> tests/ui/malformed_field.rs:10:13
[INFO] [stdout]   10:     0x5ba91690c3fc - core[a373ad73a504971]::panicking::panic_fmt
[INFO] [stderr]    |
[INFO] [stdout]   11:     0x5ba9167d8b8b - <trybuild[d213f37a19afeda3]::Runner>::run
[INFO] [stderr] 10 |     #[morph(renamed = "id")]
[INFO] [stdout]   12:     0x5ba9167dbca0 - <trybuild[d213f37a19afeda3]::TestCases as core[a373ad73a504971]::ops::drop::Drop>::drop
[INFO] [stderr]    |             ^^^^^^^
[INFO] [stdout]   13:     0x5ba9167d1ef8 - ui[195e8f5df64120af]::malformed_morph_attributes_fail_with_clear_errors
[INFO] [stderr] ┈┈┈┈┈┈┈┈┈┈┈┈┈┈┈┈┈┈┈┈┈┈┈┈┈┈┈┈┈┈┈┈┈┈┈┈┈┈┈┈┈┈┈┈┈┈┈┈┈┈┈┈┈┈┈┈┈┈┈┈
[INFO] [stdout]   14:     0x5ba9167d20f9 - <ui[195e8f5df64120af]::malformed_morph_attributes_fail_with_clear_errors::{closure#0} as core[a373ad73a504971]::ops::function::FnOnce<()>>::call_once
[INFO] [stderr] 
[INFO] [stdout]   15:     0x5ba91687999b - test[aada8e7e76ba119b]::__rust_begin_short_backtrace::<core[a373ad73a504971]::result::Result<(), alloc[2e1b2a31b91974c5]::string::String>, fn() -> core[a373ad73a504971]::result::Result<(), alloc[2e1b2a31b91974c5]::string::String>>
[INFO] [stderr] ACTUAL OUTPUT:
[INFO] [stdout]   16:     0x5ba916886b75 - test[aada8e7e76ba119b]::run_test::{closure#0}
[INFO] [stderr] ┈┈┈┈┈┈┈┈┈┈┈┈┈┈┈┈┈┈┈┈┈┈┈┈┈┈┈┈┈┈┈┈┈┈┈┈┈┈┈┈┈┈┈┈┈┈┈┈┈┈┈┈┈┈┈┈┈┈┈┈
[INFO] [stdout]   17:     0x5ba916880464 - std[617be2ca0a6fd877]::sys::backtrace::__rust_begin_short_backtrace::<test[aada8e7e76ba119b]::run_test::{closure#1}, ()>
[INFO] [stderr] error[E0432]: unresolved import `velomorph`
[INFO] [stdout]   18:     0x5ba916889c02 - <std[617be2ca0a6fd877]::thread::lifecycle::spawn_unchecked<test[aada8e7e76ba119b]::run_test::{closure#1}, ()>::{closure#1} as core[a373ad73a504971]::ops::function::FnOnce<()>>::call_once::{shim:vtable#0}
[INFO] [stderr]  --> tests/ui/malformed_field.rs:1:5
[INFO] [stdout]   19:     0x5ba9168f4bff - <std[617be2ca0a6fd877]::sys::thread::unix::Thread>::new::thread_start
[INFO] [stderr]   |
[INFO] [stdout]   20:     0x780c11ae4dfa - <unknown>
[INFO] [stderr] 1 | use velomorph::Morph;
[INFO] [stdout]   21:     0x780c11b783d4 - clone
[INFO] [stderr]   |     ^^^^^^^^^ use of unresolved module or unlinked crate `velomorph`
[INFO] [stdout]   22:                0x0 - <unknown>
[INFO] [stderr]   |
[INFO] [stdout] 
[INFO] [stderr]   = help: if you wanted to use a crate named `velomorph`, use `cargo add velomorph` to add it to your `Cargo.toml`
[INFO] [stdout] 
[INFO] [stderr] 
[INFO] [stdout] failures:
[INFO] [stderr] error: cannot find attribute `morph` in this scope
[INFO] [stdout]     malformed_morph_attributes_fail_with_clear_errors
[INFO] [stderr]   --> tests/ui/malformed_field.rs:10:7
[INFO] [stdout] 
[INFO] [stderr]    |
[INFO] [stdout] test result: FAILED. 0 passed; 1 failed; 0 ignored; 0 measured; 0 filtered out; finished in 9.26s
[INFO] [stderr] 10 |     #[morph(renamed = "id")]
[INFO] [stdout] 
[INFO] [stderr]    |       ^^^^^
[INFO] [stderr]    |
[INFO] [stderr]    = note: `morph` is an attribute that can be used by the derive macro `Morph`, you might be missing a `derive` attribute
[INFO] [stderr] ┈┈┈┈┈┈┈┈┈┈┈┈┈┈┈┈┈┈┈┈┈┈┈┈┈┈┈┈┈┈┈┈┈┈┈┈┈┈┈┈┈┈┈┈┈┈┈┈┈┈┈┈┈┈┈┈┈┈┈┈
[INFO] [stderr] note: If the actual output is the correct output you can bless it by rerunning
[INFO] [stderr]       your test with the environment variable TRYBUILD=overwrite
[INFO] [stderr] 
[INFO] [stderr] test tests/ui/malformed_skip_with.rs ... mismatch
[INFO] [stderr] 
[INFO] [stderr] EXPECTED:
[INFO] [stderr] ┈┈┈┈┈┈┈┈┈┈┈┈┈┈┈┈┈┈┈┈┈┈┈┈┈┈┈┈┈┈┈┈┈┈┈┈┈┈┈┈┈┈┈┈┈┈┈┈┈┈┈┈┈┈┈┈┈┈┈┈
[INFO] [stderr] error: `skip` does not take a value.
[INFO] [stderr]   --> tests/ui/malformed_skip_with.rs:10:13
[INFO] [stderr]    |
[INFO] [stderr] 10 |     #[morph(skip, with = "convert")]
[INFO] [stderr]    |             ^^^^
[INFO] [stderr] ┈┈┈┈┈┈┈┈┈┈┈┈┈┈┈┈┈┈┈┈┈┈┈┈┈┈┈┈┈┈┈┈┈┈┈┈┈┈┈┈┈┈┈┈┈┈┈┈┈┈┈┈┈┈┈┈┈┈┈┈
[INFO] [stderr] 
[INFO] [stderr] ACTUAL OUTPUT:
[INFO] [stderr] ┈┈┈┈┈┈┈┈┈┈┈┈┈┈┈┈┈┈┈┈┈┈┈┈┈┈┈┈┈┈┈┈┈┈┈┈┈┈┈┈┈┈┈┈┈┈┈┈┈┈┈┈┈┈┈┈┈┈┈┈
[INFO] [stderr] error[E0432]: unresolved import `velomorph`
[INFO] [stderr]  --> tests/ui/malformed_skip_with.rs:1:5
[INFO] [stderr]   |
[INFO] [stderr] 1 | use velomorph::Morph;
[INFO] [stderr]   |     ^^^^^^^^^ use of unresolved module or unlinked crate `velomorph`
[INFO] [stderr]   |
[INFO] [stderr]   = help: if you wanted to use a crate named `velomorph`, use `cargo add velomorph` to add it to your `Cargo.toml`
[INFO] [stderr] 
[INFO] [stderr] error: cannot find attribute `morph` in this scope
[INFO] [stderr]   --> tests/ui/malformed_skip_with.rs:8:3
[INFO] [stderr]    |
[INFO] [stderr]  8 | #[morph(from = "Source")]
[INFO] [stderr]    |   ^^^^^
[INFO] [stderr]    |
[INFO] [stderr] help: `morph` is an attribute that can be used by the derive macro `Morph`, you might be missing a `derive` attribute
[INFO] [stderr]    |
[INFO] [stderr]  9 + #[derive(Morph)]
[INFO] [stderr] 10 | pub struct Target {
[INFO] [stderr]    |
[INFO] [stderr] 
[INFO] [stderr] error: cannot find attribute `morph` in this scope
[INFO] [stderr]   --> tests/ui/malformed_skip_with.rs:10:7
[INFO] [stderr]    |
[INFO] [stderr] 10 |     #[morph(skip, with = "convert")]
[INFO] [stderr]    |       ^^^^^
[INFO] [stderr]    |
[INFO] [stderr]    = note: `morph` is an attribute that can be used by the derive macro `Morph`, you might be missing a `derive` attribute
[INFO] [stderr] ┈┈┈┈┈┈┈┈┈┈┈┈┈┈┈┈┈┈┈┈┈┈┈┈┈┈┈┈┈┈┈┈┈┈┈┈┈┈┈┈┈┈┈┈┈┈┈┈┈┈┈┈┈┈┈┈┈┈┈┈
[INFO] [stderr] note: If the actual output is the correct output you can bless it by rerunning
[INFO] [stderr]       your test with the environment variable TRYBUILD=overwrite
[INFO] [stderr] 
[INFO] [stderr] test tests/ui/malformed_struct.rs ... mismatch
[INFO] [stderr] 
[INFO] [stderr] EXPECTED:
[INFO] [stderr] ┈┈┈┈┈┈┈┈┈┈┈┈┈┈┈┈┈┈┈┈┈┈┈┈┈┈┈┈┈┈┈┈┈┈┈┈┈┈┈┈┈┈┈┈┈┈┈┈┈┈┈┈┈┈┈┈┈┈┈┈
[INFO] [stderr] error: Unsupported type-level morph key. Expected one of: from, validate
[INFO] [stderr]  --> tests/ui/malformed_struct.rs:9:9
[INFO] [stderr]   |
[INFO] [stderr] 9 | #[morph(source = "RawInput")]
[INFO] [stderr]   |         ^^^^^^
[INFO] [stderr] ┈┈┈┈┈┈┈┈┈┈┈┈┈┈┈┈┈┈┈┈┈┈┈┈┈┈┈┈┈┈┈┈┈┈┈┈┈┈┈┈┈┈┈┈┈┈┈┈┈┈┈┈┈┈┈┈┈┈┈┈
[INFO] [stderr] 
[INFO] [stderr] ACTUAL OUTPUT:
[INFO] [stderr] ┈┈┈┈┈┈┈┈┈┈┈┈┈┈┈┈┈┈┈┈┈┈┈┈┈┈┈┈┈┈┈┈┈┈┈┈┈┈┈┈┈┈┈┈┈┈┈┈┈┈┈┈┈┈┈┈┈┈┈┈
[INFO] [stderr] error[E0432]: unresolved import `velomorph`
[INFO] [stderr]  --> tests/ui/malformed_struct.rs:1:5
[INFO] [stderr]   |
[INFO] [stderr] 1 | use velomorph::Morph;
[INFO] [stderr]   |     ^^^^^^^^^ use of unresolved module or unlinked crate `velomorph`
[INFO] [stderr]   |
[INFO] [stderr]   = help: if you wanted to use a crate named `velomorph`, use `cargo add velomorph` to add it to your `Cargo.toml`
[INFO] [stderr] 
[INFO] [stderr] error: cannot find attribute `morph` in this scope
[INFO] [stderr]   --> tests/ui/malformed_struct.rs:9:3
[INFO] [stderr]    |
[INFO] [stderr]  9 | #[morph(source = "RawInput")]
[INFO] [stderr]    |   ^^^^^
[INFO] [stderr]    |
[INFO] [stderr] help: `morph` is an attribute that can be used by the derive macro `Morph`, you might be missing a `derive` attribute
[INFO] [stderr]    |
[INFO] [stderr] 10 + #[derive(Morph)]
[INFO] [stderr] 11 | pub struct Target {
[INFO] [stderr]    |
[INFO] [stderr] ┈┈┈┈┈┈┈┈┈┈┈┈┈┈┈┈┈┈┈┈┈┈┈┈┈┈┈┈┈┈┈┈┈┈┈┈┈┈┈┈┈┈┈┈┈┈┈┈┈┈┈┈┈┈┈┈┈┈┈┈
[INFO] [stderr] note: If the actual output is the correct output you can bless it by rerunning
[INFO] [stderr]       your test with the environment variable TRYBUILD=overwrite
[INFO] [stderr] 
[INFO] [stderr] test tests/ui/malformed_variant_attr.rs ... mismatch
[INFO] [stderr] 
[INFO] [stderr] EXPECTED:
[INFO] [stderr] ┈┈┈┈┈┈┈┈┈┈┈┈┈┈┈┈┈┈┈┈┈┈┈┈┈┈┈┈┈┈┈┈┈┈┈┈┈┈┈┈┈┈┈┈┈┈┈┈┈┈┈┈┈┈┈┈┈┈┈┈
[INFO] [stderr] error: Unsupported enum variant morph key. Expected: from
[INFO] [stderr]   --> tests/ui/malformed_variant_attr.rs:10:13
[INFO] [stderr]    |
[INFO] [stderr] 10 |     #[morph(bad = "A")]
[INFO] [stderr]    |             ^^^
[INFO] [stderr] ┈┈┈┈┈┈┈┈┈┈┈┈┈┈┈┈┈┈┈┈┈┈┈┈┈┈┈┈┈┈┈┈┈┈┈┈┈┈┈┈┈┈┈┈┈┈┈┈┈┈┈┈┈┈┈┈┈┈┈┈
[INFO] [stderr] 
[INFO] [stderr] ACTUAL OUTPUT:
[INFO] [stderr] ┈┈┈┈┈┈┈┈┈┈┈┈┈┈┈┈┈┈┈┈┈┈┈┈┈┈┈┈┈┈┈┈┈┈┈┈┈┈┈┈┈┈┈┈┈┈┈┈┈┈┈┈┈┈┈┈┈┈┈┈
[INFO] [stderr] error[E0432]: unresolved import `velomorph`
[INFO] [stderr]  --> tests/ui/malformed_variant_attr.rs:1:5
[INFO] [stderr]   |
[INFO] [stderr] 1 | use velomorph::Morph;
[INFO] [stderr]   |     ^^^^^^^^^ use of unresolved module or unlinked crate `velomorph`
[INFO] [stderr]   |
[INFO] [stderr]   = help: if you wanted to use a crate named `velomorph`, use `cargo add velomorph` to add it to your `Cargo.toml`
[INFO] [stderr] 
[INFO] [stderr] error: cannot find attribute `morph` in this scope
[INFO] [stderr]   --> tests/ui/malformed_variant_attr.rs:8:3
[INFO] [stderr]    |
[INFO] [stderr]  8 | #[morph(from = "Source")]
[INFO] [stderr]    |   ^^^^^
[INFO] [stderr]    |
[INFO] [stderr] help: `morph` is an attribute that can be used by the derive macro `Morph`, you might be missing a `derive` attribute
[INFO] [stderr]    |
[INFO] [stderr]  9 + #[derive(Morph)]
[INFO] [stderr] 10 | pub enum Target {
[INFO] [stderr]    |
[INFO] [stderr] 
[INFO] [stderr] error: cannot find attribute `morph` in this scope
[INFO] [stderr]   --> tests/ui/malformed_variant_attr.rs:10:7
[INFO] [stderr]    |
[INFO] [stderr] 10 |     #[morph(bad = "A")]
[INFO] [stderr]    |       ^^^^^
[INFO] [stderr]    |
[INFO] [stderr] help: `morph` is an attribute that can be used by the derive macro `Morph`, you might be missing a `derive` attribute
[INFO] [stderr]    |
[INFO] [stderr]  9 + #[derive(Morph)]
[INFO] [stderr] 10 | pub enum Target {
[INFO] [stderr]    |
[INFO] [stderr] ┈┈┈┈┈┈┈┈┈┈┈┈┈┈┈┈┈┈┈┈┈┈┈┈┈┈┈┈┈┈┈┈┈┈┈┈┈┈┈┈┈┈┈┈┈┈┈┈┈┈┈┈┈┈┈┈┈┈┈┈
[INFO] [stderr] note: If the actual output is the correct output you can bless it by rerunning
[INFO] [stderr]       your test with the environment variable TRYBUILD=overwrite
[INFO] [stderr] 
[INFO] [stderr] 
[INFO] [stderr] 
[INFO] [stderr] error: test failed, to rerun pass `--test ui`
[INFO] running `Command { std: "docker" "inspect" "9e8f6db238f85f108f6aca84261c4d14089c1f725901f5f2a4a76777b13c53f6", kill_on_drop: false }`
[INFO] running `Command { std: "docker" "rm" "-f" "9e8f6db238f85f108f6aca84261c4d14089c1f725901f5f2a4a76777b13c53f6", kill_on_drop: false }`
[INFO] [stdout] 9e8f6db238f85f108f6aca84261c4d14089c1f725901f5f2a4a76777b13c53f6
