[INFO] fetching crate velme-syntax 0.1.0-alpha.1...
[INFO] testing velme-syntax-0.1.0-alpha.1 against 1.99.0-beta.8+cargoflags=--release for beta-release-1.100-2
[INFO] extracting crate velme-syntax 0.1.0-alpha.1 into /workspace/builds/worker-5-tc1/source
[INFO] started tweaking crates.io crate velme-syntax 0.1.0-alpha.1
[INFO] removed 0 missing tests
[INFO] finished tweaking crates.io crate velme-syntax 0.1.0-alpha.1
[INFO] tweaked toml for crates.io crate velme-syntax 0.1.0-alpha.1 written to /workspace/builds/worker-5-tc1/source/Cargo.toml
[INFO] validating manifest of crates.io crate velme-syntax 0.1.0-alpha.1 on toolchain 1.99.0-beta.8
[INFO] running `Command { std: CARGO_HOME="/workspace/cargo-home" RUSTUP_HOME="/workspace/rustup-home" "/workspace/cargo-home/bin/cargo" "+1.99.0-beta.8" "metadata" "--manifest-path" "Cargo.toml" "--no-deps", kill_on_drop: false }`
[INFO] crate crates.io crate velme-syntax 0.1.0-alpha.1 already has a lockfile, it will not be regenerated
[INFO] running `Command { std: CARGO_HOME="/workspace/cargo-home" RUSTUP_HOME="/workspace/rustup-home" "/workspace/cargo-home/bin/cargo" "+1.99.0-beta.8" "fetch" "--manifest-path" "Cargo.toml", kill_on_drop: false }`
[INFO] [stderr]     Blocking waiting for file lock on package cache
[INFO] [stderr]     Updating crates.io index
[INFO] [stderr]  Downloading crates ...
[INFO] [stderr]   Downloaded ariadne v0.6.0
[INFO] [stderr]   Downloaded console v0.16.6
[INFO] [stderr]   Downloaded velme-diagnostics v0.1.0-alpha.1
[INFO] [stderr]   Downloaded insta v1.48.0
[INFO] [stderr]   Downloaded chumsky v0.12.0
[INFO] [stderr]   Downloaded regex-automata v0.3.9
[INFO] running `Command { std: "docker" "create" "-v" "/var/lib/crater-agent-workspace/builds/worker-5-tc1/source:/opt/rustwide/workdir:ro,Z" "-v" "/var/lib/crater-agent-workspace/builds/worker-5-tc1/target:/opt/rustwide/target:rw,Z" "-v" "/var/lib/crater-agent-workspace/cargo-home:/opt/rustwide/cargo-home:ro,Z" "-v" "/var/lib/crater-agent-workspace/rustup-home:/opt/rustwide/rustup-home:ro,Z" "-m" "1610612736" "--network" "none" "ghcr.io/rust-lang/crates-build-env/linux@sha256:77db811e55d90add9212f6832c23229e3de5f1c1f9905e8cb07319ea15df73ac" "sleep" "infinity", kill_on_drop: false }`
[INFO] [stdout] 9b4449f84509a155bef664ee929d32a48f3e76112eeb1be0a70db5774d88d928
[INFO] running `Command { std: "docker" "start" "9b4449f84509a155bef664ee929d32a48f3e76112eeb1be0a70db5774d88d928", kill_on_drop: false }`
[INFO] running `Command { std: "docker" "inspect" "9b4449f84509a155bef664ee929d32a48f3e76112eeb1be0a70db5774d88d928", kill_on_drop: false }`
[INFO] running `Command { std: "docker" "exec" "-e" "SOURCE_DIR=/opt/rustwide/workdir" "-e" "CARGO_HOME=/opt/rustwide/cargo-home" "-e" "RUSTUP_HOME=/opt/rustwide/rustup-home" "-e" "CARGO_TARGET_DIR=/opt/rustwide/target" "-w" "/opt/rustwide/workdir" "--user" "0:0" "9b4449f84509a155bef664ee929d32a48f3e76112eeb1be0a70db5774d88d928" "/opt/rustwide/cargo-home/bin/cargo" "+1.99.0-beta.8" "metadata" "--no-deps" "--format-version=1", kill_on_drop: false }`
[INFO] running `Command { std: "docker" "inspect" "9b4449f84509a155bef664ee929d32a48f3e76112eeb1be0a70db5774d88d928", kill_on_drop: false }`
[INFO] running `Command { std: "docker" "exec" "-e" "SOURCE_DIR=/opt/rustwide/workdir" "-e" "CARGO_HOME=/opt/rustwide/cargo-home" "-e" "RUSTUP_HOME=/opt/rustwide/rustup-home" "-e" "CARGO_TARGET_DIR=/opt/rustwide/target" "-e" "CARGO_INCREMENTAL=0" "-e" "RUST_BACKTRACE=full" "-e" "RUSTFLAGS=--cap-lints=warn" "-e" "RUSTDOCFLAGS=--cap-lints=warn" "-w" "/opt/rustwide/workdir" "--user" "0:0" "9b4449f84509a155bef664ee929d32a48f3e76112eeb1be0a70db5774d88d928" "/opt/rustwide/cargo-home/bin/cargo" "+1.99.0-beta.8" "build" "--frozen" "--message-format=json" "--release", kill_on_drop: false }`
[INFO] [stderr]    Compiling proc-macro2 v1.0.107
[INFO] [stderr]    Compiling quote v1.0.47
[INFO] [stderr]    Compiling serde v1.0.229
[INFO] [stderr]    Compiling yansi v1.0.1
[INFO] [stderr]    Compiling unicode-width v0.2.2
[INFO] [stderr]    Compiling unicode-segmentation v1.13.3
[INFO] [stderr]    Compiling unicode-ident v1.0.26
[INFO] [stderr]    Compiling ariadne v0.6.0
[INFO] [stderr]    Compiling chumsky v0.12.0
[INFO] [stderr]    Compiling syn v3.0.6
[INFO] [stderr]    Compiling serde_derive v1.0.229
[INFO] [stderr]    Compiling velme-diagnostics v0.1.0-alpha.1
[INFO] [stderr]    Compiling velme-syntax v0.1.0-alpha.1 (/opt/rustwide/workdir)
[INFO] [stderr]     Finished `release` profile [optimized] target(s) in 43.92s
[INFO] running `Command { std: "docker" "inspect" "9b4449f84509a155bef664ee929d32a48f3e76112eeb1be0a70db5774d88d928", kill_on_drop: false }`
[INFO] running `Command { std: "docker" "exec" "-e" "SOURCE_DIR=/opt/rustwide/workdir" "-e" "CARGO_HOME=/opt/rustwide/cargo-home" "-e" "RUSTUP_HOME=/opt/rustwide/rustup-home" "-e" "CARGO_TARGET_DIR=/opt/rustwide/target" "-e" "CARGO_INCREMENTAL=0" "-e" "RUST_BACKTRACE=full" "-e" "RUSTFLAGS=--cap-lints=warn" "-e" "RUSTDOCFLAGS=--cap-lints=warn" "-w" "/opt/rustwide/workdir" "--user" "0:0" "9b4449f84509a155bef664ee929d32a48f3e76112eeb1be0a70db5774d88d928" "/opt/rustwide/cargo-home/bin/cargo" "+1.99.0-beta.8" "test" "--frozen" "--no-run" "--message-format=json" "--release", kill_on_drop: false }`
[INFO] [stderr]    Compiling libc v0.2.189
[INFO] [stderr]    Compiling zerocopy v0.8.59
[INFO] [stderr]    Compiling regex-syntax v0.8.11
[INFO] [stderr]    Compiling bitflags v2.13.2
[INFO] [stderr]    Compiling getrandom v0.4.3
[INFO] [stderr]    Compiling rustix v1.1.5
[INFO] [stderr]    Compiling aho-corasick v1.1.5
[INFO] [stderr]    Compiling bstr v1.13.1
[INFO] [stderr]    Compiling fastrand v2.5.0
[INFO] [stderr]    Compiling serde_json v1.0.151
[INFO] [stderr]    Compiling similar v2.7.0
[INFO] [stderr]    Compiling getrandom v0.3.4
[INFO] [stderr]    Compiling rand_core v0.9.5
[INFO] [stderr]    Compiling console v0.16.6
[INFO] [stderr]    Compiling rand_xorshift v0.4.0
[INFO] [stderr]    Compiling rand v0.9.5
[INFO] [stderr]    Compiling regex-automata v0.4.18
[INFO] [stderr]    Compiling tempfile v3.27.0
[INFO] [stderr]    Compiling ppv-lite86 v0.2.21
[INFO] [stderr]    Compiling rand_chacha v0.9.0
[INFO] [stderr]    Compiling proptest v1.11.0
[INFO] [stderr]    Compiling globset v0.4.20
[INFO] [stderr]    Compiling insta v1.48.0
[INFO] [stderr]    Compiling velme-syntax v0.1.0-alpha.1 (/opt/rustwide/workdir)
[INFO] [stderr]     Finished `release` profile [optimized] target(s) in 1m 32s
[INFO] running `Command { std: "docker" "inspect" "9b4449f84509a155bef664ee929d32a48f3e76112eeb1be0a70db5774d88d928", kill_on_drop: false }`
[INFO] running `Command { std: "docker" "exec" "-e" "SOURCE_DIR=/opt/rustwide/workdir" "-e" "CARGO_HOME=/opt/rustwide/cargo-home" "-e" "RUSTUP_HOME=/opt/rustwide/rustup-home" "-e" "CARGO_TARGET_DIR=/opt/rustwide/target" "-e" "CARGO_INCREMENTAL=0" "-e" "RUST_BACKTRACE=full" "-e" "RUSTFLAGS=--cap-lints=warn" "-e" "RUSTDOCFLAGS=--cap-lints=warn" "-w" "/opt/rustwide/workdir" "--user" "0:0" "9b4449f84509a155bef664ee929d32a48f3e76112eeb1be0a70db5774d88d928" "/opt/rustwide/cargo-home/bin/cargo" "+1.99.0-beta.8" "test" "--frozen" "--release", kill_on_drop: false }`
[INFO] [stderr]     Finished `release` profile [optimized] target(s) in 0.12s
[INFO] [stderr]      Running unittests src/lib.rs (/opt/rustwide/target/release/deps/velme_syntax-7bd231476400f955)
[INFO] [stdout] 
[INFO] [stdout] running 1 test
[INFO] [stdout] test parser::tests::one_error_per_start_skips_warnings_between ... ok
[INFO] [stdout] 
[INFO] [stdout] test result: ok. 1 passed; 0 failed; 0 ignored; 0 measured; 0 filtered out; finished in 0.00s
[INFO] [stdout] 
[INFO] [stderr]      Running tests/lexer.rs (/opt/rustwide/target/release/deps/lexer-06fa4fd82aa566d7)
[INFO] [stdout] 
[INFO] [stdout] running 11 tests
[INFO] [stdout] test ac_syn_02_tab_in_leading_whitespace_is_vl0103_and_lexing_continues ... ok
[INFO] [stdout] test a_run_of_unreadable_characters_is_one_error ... ok
[INFO] [stdout] test ac_syn_03_dedent_to_width_not_on_stack_is_vl0102 ... ok
[INFO] [stdout] test ac_syn_04_block_plan_keeps_blank_lines_and_hashes_and_strips_common_indent ... ok
[INFO] [stdout] test ac_syn_15_lone_cr_is_vl0101_and_crlf_lexes_like_lf ... ok
[INFO] [stdout] test bidi_controls_in_comments_and_text_are_lint_warnings ... ok
[INFO] [stdout] test ac_syn_04_block_plan_trims_only_spaces_and_tabs ... ok
[INFO] [stdout] test ac_syn_06_unterminated_text_is_vl0105_and_unknown_escape_is_vl0101 ... ok
[INFO] [stdout] test ac_syn_11_newlines_inside_brackets_are_joined ... ok
[INFO] [stdout] test ac_syn_14_bom_is_ignored_and_invalid_utf8_is_vl0901 ... ok
[INFO] [stdout] test golden_token_streams ... FAILED
[INFO] [stdout] 
[INFO] [stdout] failures:
[INFO] [stdout] 
[INFO] [stdout] ---- golden_token_streams stdout ----
[INFO] [stdout] 
[INFO] [stdout] thread 'golden_token_streams' (1040) panicked at /opt/rustwide/cargo-home/registry/src/index.crates.io-1949cf8c6b5b557f/insta-1.48.0/src/glob.rs:73:25:
[INFO] [stdout] called `Result::unwrap()` on an `Err` value: Error { depth: 0, inner: Io { path: Some("/opt/rustwide/workdir/tests/../../../tests/golden/lexer"), err: Os { code: 2, kind: NotFound, message: "No such file or directory" } } }
[INFO] [stdout] stack backtrace:
[INFO] [stdout]    0:     0x62e247732fb1 - <<std[70759c8f55707aa4]::sys::backtrace::BacktraceLock>::print::DisplayBacktrace as core[df12db4294e9bfd3]::fmt::Display>::fmt
[INFO] [stdout]    1:     0x62e24774b39a - core[df12db4294e9bfd3]::fmt::write
[INFO] [stdout]    2:     0x62e2477379bc - <alloc[2182bb758b4b3781]::vec::Vec<u8> as core[df12db4294e9bfd3]::io::write::Write>::write_fmt
[INFO] [stdout]    3:     0x62e24770be66 - std[70759c8f55707aa4]::panicking::default_hook::{closure#0}
[INFO] [stdout]    4:     0x62e24772a029 - std[70759c8f55707aa4]::panicking::default_hook
[INFO] [stdout]    5:     0x62e2476bce90 - test[9d35eded1c95d3be]::test_main_inner::<test[9d35eded1c95d3be]::test_main_static::{closure#0}>::{closure#0}
[INFO] [stdout]    6:     0x62e24772a1e2 - std[70759c8f55707aa4]::panicking::panic_with_hook
[INFO] [stdout]    7:     0x62e24770bf12 - std[70759c8f55707aa4]::panicking::panic_handler::{closure#0}
[INFO] [stdout]    8:     0x62e2477047b9 - std[70759c8f55707aa4]::sys::backtrace::__rust_end_short_backtrace::<std[70759c8f55707aa4]::panicking::panic_handler::{closure#0}, !>
[INFO] [stdout]    9:     0x62e24770cbad - __rustc[8fa7c3cbc660c2b3]::rust_begin_unwind
[INFO] [stdout]   10:     0x62e24774bb7c - core[df12db4294e9bfd3]::panicking::panic_fmt
[INFO] [stdout]   11:     0x62e24774b952 - core[df12db4294e9bfd3]::result::unwrap_failed
[INFO] [stdout]   12:     0x62e24756ec27 - insta[91da5a6752ab6624]::glob::glob_exec::<lexer[fb1b7e21a46c4124]::golden_token_streams::{closure#1}>
[INFO] [stdout]   13:     0x62e2475692d3 - <lexer[fb1b7e21a46c4124]::golden_token_streams::{closure#0} as core[df12db4294e9bfd3]::ops::function::FnOnce<()>>::call_once
[INFO] [stdout]   14:     0x62e2476b017b - test[9d35eded1c95d3be]::__rust_begin_short_backtrace::<core[df12db4294e9bfd3]::result::Result<(), alloc[2182bb758b4b3781]::string::String>, fn() -> core[df12db4294e9bfd3]::result::Result<(), alloc[2182bb758b4b3781]::string::String>>
[INFO] [stdout]   15:     0x62e2476bd7e5 - test[9d35eded1c95d3be]::run_test::{closure#0}
[INFO] [stdout]   16:     0x62e2476b70a4 - std[70759c8f55707aa4]::sys::backtrace::__rust_begin_short_backtrace::<test[9d35eded1c95d3be]::run_test::{closure#1}, ()>
[INFO] [stdout]   17:     0x62e2476c0942 - <std[70759c8f55707aa4]::thread::lifecycle::spawn_unchecked<test[9d35eded1c95d3be]::run_test::{closure#1}, ()>::{closure#1} as core[df12db4294e9bfd3]::ops::function::FnOnce<()>>::call_once::{shim:vtable#0}
[INFO] [stdout]   18:     0x62e247731fd9 - <std[70759c8f55707aa4]::sys::thread::unix::Thread>::new::thread_start
[INFO] [stdout]   19:     0x756f1e7d2dfa - <unknown>
[INFO] [stdout]   20:     0x756f1e8663d4 - clone
[INFO] [stdout]   21:                0x0 - <unknown>
[INFO] [stdout] 
[INFO] [stdout] 
[INFO] [stdout] failures:
[INFO] [stdout]     golden_token_streams
[INFO] [stdout] 
[INFO] [stdout] test result: FAILED. 10 passed; 1 failed; 0 ignored; 0 measured; 0 filtered out; finished in 0.04s
[INFO] [stdout] 
[INFO] [stderr] error: test failed, to rerun pass `--test lexer`
[INFO] running `Command { std: "docker" "inspect" "9b4449f84509a155bef664ee929d32a48f3e76112eeb1be0a70db5774d88d928", kill_on_drop: false }`
[INFO] running `Command { std: "docker" "rm" "-f" "9b4449f84509a155bef664ee929d32a48f3e76112eeb1be0a70db5774d88d928", kill_on_drop: false }`
[INFO] [stdout] 9b4449f84509a155bef664ee929d32a48f3e76112eeb1be0a70db5774d88d928
