[INFO] fetching crate veecle-os-data-support-someip-macros 0.1.0...
[INFO] testing veecle-os-data-support-someip-macros-0.1.0 against 1.99.0-beta.8+cargoflags=--release for beta-release-1.100-2
[INFO] extracting crate veecle-os-data-support-someip-macros 0.1.0 into /workspace/builds/worker-7-tc1/source
[INFO] started tweaking crates.io crate veecle-os-data-support-someip-macros 0.1.0
[INFO] finished tweaking crates.io crate veecle-os-data-support-someip-macros 0.1.0
[INFO] tweaked toml for crates.io crate veecle-os-data-support-someip-macros 0.1.0 written to /workspace/builds/worker-7-tc1/source/Cargo.toml
[INFO] validating manifest of crates.io crate veecle-os-data-support-someip-macros 0.1.0 on toolchain 1.99.0-beta.8
[INFO] running `Command { std: CARGO_HOME="/workspace/cargo-home" RUSTUP_HOME="/workspace/rustup-home" "/workspace/cargo-home/bin/cargo" "+1.99.0-beta.8" "metadata" "--manifest-path" "Cargo.toml" "--no-deps", kill_on_drop: false }`
[INFO] crate crates.io crate veecle-os-data-support-someip-macros 0.1.0 already has a lockfile, it will not be regenerated
[INFO] running `Command { std: CARGO_HOME="/workspace/cargo-home" RUSTUP_HOME="/workspace/rustup-home" "/workspace/cargo-home/bin/cargo" "+1.99.0-beta.8" "fetch" "--manifest-path" "Cargo.toml", kill_on_drop: false }`
[INFO] running `Command { std: "docker" "create" "-v" "/var/lib/crater-agent-workspace/builds/worker-7-tc1/source:/opt/rustwide/workdir:ro,Z" "-v" "/var/lib/crater-agent-workspace/builds/worker-7-tc1/target:/opt/rustwide/target:rw,Z" "-v" "/var/lib/crater-agent-workspace/cargo-home:/opt/rustwide/cargo-home:ro,Z" "-v" "/var/lib/crater-agent-workspace/rustup-home:/opt/rustwide/rustup-home:ro,Z" "-m" "1610612736" "--network" "none" "ghcr.io/rust-lang/crates-build-env/linux@sha256:77db811e55d90add9212f6832c23229e3de5f1c1f9905e8cb07319ea15df73ac" "sleep" "infinity", kill_on_drop: false }`
[INFO] [stdout] 07b1eda19d0404519fadad32e9b1330c5369ccf0ca14cad488175ccff80a6865
[INFO] running `Command { std: "docker" "start" "07b1eda19d0404519fadad32e9b1330c5369ccf0ca14cad488175ccff80a6865", kill_on_drop: false }`
[INFO] running `Command { std: "docker" "inspect" "07b1eda19d0404519fadad32e9b1330c5369ccf0ca14cad488175ccff80a6865", kill_on_drop: false }`
[INFO] running `Command { std: "docker" "exec" "-e" "SOURCE_DIR=/opt/rustwide/workdir" "-e" "CARGO_HOME=/opt/rustwide/cargo-home" "-e" "RUSTUP_HOME=/opt/rustwide/rustup-home" "-e" "CARGO_TARGET_DIR=/opt/rustwide/target" "-w" "/opt/rustwide/workdir" "--user" "0:0" "07b1eda19d0404519fadad32e9b1330c5369ccf0ca14cad488175ccff80a6865" "/opt/rustwide/cargo-home/bin/cargo" "+1.99.0-beta.8" "metadata" "--no-deps" "--format-version=1", kill_on_drop: false }`
[INFO] running `Command { std: "docker" "inspect" "07b1eda19d0404519fadad32e9b1330c5369ccf0ca14cad488175ccff80a6865", kill_on_drop: false }`
[INFO] running `Command { std: "docker" "exec" "-e" "SOURCE_DIR=/opt/rustwide/workdir" "-e" "CARGO_HOME=/opt/rustwide/cargo-home" "-e" "RUSTUP_HOME=/opt/rustwide/rustup-home" "-e" "CARGO_TARGET_DIR=/opt/rustwide/target" "-e" "CARGO_INCREMENTAL=0" "-e" "RUST_BACKTRACE=full" "-e" "RUSTFLAGS=--cap-lints=warn" "-e" "RUSTDOCFLAGS=--cap-lints=warn" "-w" "/opt/rustwide/workdir" "--user" "0:0" "07b1eda19d0404519fadad32e9b1330c5369ccf0ca14cad488175ccff80a6865" "/opt/rustwide/cargo-home/bin/cargo" "+1.99.0-beta.8" "build" "--frozen" "--message-format=json" "--release", kill_on_drop: false }`
[INFO] [stderr]    Compiling proc-macro2 v1.0.101
[INFO] [stderr]    Compiling indexmap v2.11.1
[INFO] [stderr]    Compiling quote v1.0.40
[INFO] [stderr]    Compiling syn v2.0.106
[INFO] [stderr]    Compiling toml_edit v0.22.27
[INFO] [stderr]    Compiling proc-macro-crate v3.3.0
[INFO] [stderr]    Compiling veecle-os-data-support-someip-macros v0.1.0 (/opt/rustwide/workdir)
[INFO] [stderr]     Finished `release` profile [optimized] target(s) in 8.95s
[INFO] running `Command { std: "docker" "inspect" "07b1eda19d0404519fadad32e9b1330c5369ccf0ca14cad488175ccff80a6865", kill_on_drop: false }`
[INFO] running `Command { std: "docker" "exec" "-e" "SOURCE_DIR=/opt/rustwide/workdir" "-e" "CARGO_HOME=/opt/rustwide/cargo-home" "-e" "RUSTUP_HOME=/opt/rustwide/rustup-home" "-e" "CARGO_TARGET_DIR=/opt/rustwide/target" "-e" "CARGO_INCREMENTAL=0" "-e" "RUST_BACKTRACE=full" "-e" "RUSTFLAGS=--cap-lints=warn" "-e" "RUSTDOCFLAGS=--cap-lints=warn" "-w" "/opt/rustwide/workdir" "--user" "0:0" "07b1eda19d0404519fadad32e9b1330c5369ccf0ca14cad488175ccff80a6865" "/opt/rustwide/cargo-home/bin/cargo" "+1.99.0-beta.8" "test" "--frozen" "--no-run" "--message-format=json" "--release", kill_on_drop: false }`
[INFO] [stderr]    Compiling veecle-os-data-support-someip-macros v0.1.0 (/opt/rustwide/workdir)
[INFO] [stderr]     Finished `release` profile [optimized] target(s) in 0.80s
[INFO] running `Command { std: "docker" "inspect" "07b1eda19d0404519fadad32e9b1330c5369ccf0ca14cad488175ccff80a6865", kill_on_drop: false }`
[INFO] running `Command { std: "docker" "exec" "-e" "SOURCE_DIR=/opt/rustwide/workdir" "-e" "CARGO_HOME=/opt/rustwide/cargo-home" "-e" "RUSTUP_HOME=/opt/rustwide/rustup-home" "-e" "CARGO_TARGET_DIR=/opt/rustwide/target" "-e" "CARGO_INCREMENTAL=0" "-e" "RUST_BACKTRACE=full" "-e" "RUSTFLAGS=--cap-lints=warn" "-e" "RUSTDOCFLAGS=--cap-lints=warn" "-w" "/opt/rustwide/workdir" "--user" "0:0" "07b1eda19d0404519fadad32e9b1330c5369ccf0ca14cad488175ccff80a6865" "/opt/rustwide/cargo-home/bin/cargo" "+1.99.0-beta.8" "test" "--frozen" "--release", kill_on_drop: false }`
[INFO] [stderr]     Finished `release` profile [optimized] target(s) in 0.03s
[INFO] [stderr]      Running unittests src/lib.rs (/opt/rustwide/target/release/deps/veecle_os_data_support_someip_macros-4d599775747861c3)
[INFO] [stdout] 
[INFO] [stdout] running 0 tests
[INFO] [stdout] 
[INFO] [stdout] test result: ok. 0 passed; 0 failed; 0 ignored; 0 measured; 0 filtered out; finished in 0.00s
[INFO] [stdout] 
[INFO] [stderr]    Doc-tests veecle_os_data_support_someip_macros
[INFO] [stdout] 
[INFO] [stdout] running 7 tests
[INFO] [stdout] test src/lib.rs - someip_serialize (line 114) ... FAILED
[INFO] [stdout] test src/lib.rs - someip_parse (line 54) ... FAILED
[INFO] [stdout] test src/lib.rs - someip_parse (line 32) ... FAILED
[INFO] [stdout] test src/lib.rs - someip_parse (line 66) - compile fail ... ok
[INFO] [stdout] test src/lib.rs - someip_serialize (line 91) ... FAILED
[INFO] [stdout] test src/lib.rs - someip_serialize (line 126) - compile fail ... ok
[INFO] [stderr] error: doctest failed, to rerun pass `--doc`
[INFO] [stdout] test src/lib.rs - someip_parse (line 11) ... FAILED
[INFO] [stdout] 
[INFO] [stdout] failures:
[INFO] [stdout] 
[INFO] [stdout] ---- src/lib.rs - someip_serialize (line 114) stdout ----
[INFO] [stdout] error[E0433]: cannot find module or crate `veecle_os_data_support_someip` in this scope
[INFO] [stdout]    --> src/lib.rs:115:5
[INFO] [stdout]     |
[INFO] [stdout] 115 | use veecle_os_data_support_someip::serialize::Serialize;
[INFO] [stdout]     |     ^^^^^^^^^^^^^^^^^^^^^^^^^^^^^ use of unresolved module or unlinked crate `veecle_os_data_support_someip`
[INFO] [stdout]     |
[INFO] [stdout] help: there is a crate or module with a similar name
[INFO] [stdout]     |
[INFO] [stdout] 115 | use veecle_os_data_support_someip_macros::serialize::Serialize;
[INFO] [stdout]     |                                  +++++++
[INFO] [stdout] 
[INFO] [stdout] error: aborting due to 1 previous error
[INFO] [stdout] 
[INFO] [stdout] For more information about this error, try `rustc --explain E0433`.
[INFO] [stdout] Couldn't compile the test.
[INFO] [stdout] ---- src/lib.rs - someip_parse (line 54) stdout ----
[INFO] [stdout] error[E0433]: cannot find module or crate `veecle_os_data_support_someip` in this scope
[INFO] [stdout]   --> src/lib.rs:55:5
[INFO] [stdout]    |
[INFO] [stdout] 55 | use veecle_os_data_support_someip::parse::Parse;
[INFO] [stdout]    |     ^^^^^^^^^^^^^^^^^^^^^^^^^^^^^ use of unresolved module or unlinked crate `veecle_os_data_support_someip`
[INFO] [stdout]    |
[INFO] [stdout] help: there is a crate or module with a similar name
[INFO] [stdout]    |
[INFO] [stdout] 55 | use veecle_os_data_support_someip_macros::parse::Parse;
[INFO] [stdout]    |                                  +++++++
[INFO] [stdout] 
[INFO] [stdout] error: aborting due to 1 previous error
[INFO] [stdout] 
[INFO] [stdout] For more information about this error, try `rustc --explain E0433`.
[INFO] [stdout] Couldn't compile the test.
[INFO] [stdout] ---- src/lib.rs - someip_parse (line 32) stdout ----
[INFO] [stdout] error[E0433]: cannot find module or crate `veecle_os_data_support_someip` in this scope
[INFO] [stdout]   --> src/lib.rs:33:5
[INFO] [stdout]    |
[INFO] [stdout] 33 | use veecle_os_data_support_someip::parse::{ByteReader, Parse, ParseError, ParseExt};
[INFO] [stdout]    |     ^^^^^^^^^^^^^^^^^^^^^^^^^^^^^ use of unresolved module or unlinked crate `veecle_os_data_support_someip`
[INFO] [stdout]    |
[INFO] [stdout] help: there is a crate or module with a similar name
[INFO] [stdout]    |
[INFO] [stdout] 33 | use veecle_os_data_support_someip_macros::parse::{ByteReader, Parse, ParseError, ParseExt};
[INFO] [stdout]    |                                  +++++++
[INFO] [stdout] 
[INFO] [stdout] error: aborting due to 1 previous error
[INFO] [stdout] 
[INFO] [stdout] For more information about this error, try `rustc --explain E0433`.
[INFO] [stdout] Couldn't compile the test.
[INFO] [stdout] ---- src/lib.rs - someip_serialize (line 91) stdout ----
[INFO] [stdout] error[E0433]: cannot find module or crate `veecle_os_data_support_someip` in this scope
[INFO] [stdout]   --> src/lib.rs:92:5
[INFO] [stdout]    |
[INFO] [stdout] 92 | use veecle_os_data_support_someip::serialize::{Serialize, SerializeExt};
[INFO] [stdout]    |     ^^^^^^^^^^^^^^^^^^^^^^^^^^^^^ use of unresolved module or unlinked crate `veecle_os_data_support_someip`
[INFO] [stdout]    |
[INFO] [stdout] help: there is a crate or module with a similar name
[INFO] [stdout]    |
[INFO] [stdout] 92 | use veecle_os_data_support_someip_macros::serialize::{Serialize, SerializeExt};
[INFO] [stdout]    |                                  +++++++
[INFO] [stdout] 
[INFO] [stdout] error[E0599]: no method named `serialize` found for struct `SomeIpStruct` in the current scope
[INFO] [stdout]    --> src/lib.rs:107:20
[INFO] [stdout]     |
[INFO] [stdout]  95 | struct SomeIpStruct {
[INFO] [stdout]     | ------------------- method `serialize` not found for this struct
[INFO] [stdout] ...
[INFO] [stdout] 107 | let output = input.serialize(&mut buffer).unwrap();
[INFO] [stdout]     |                    ^^^^^^^^^ method not found in `SomeIpStruct`
[INFO] [stdout] 
[INFO] [stdout] error: aborting due to 2 previous errors
[INFO] [stdout] 
[INFO] [stdout] Some errors have detailed explanations: E0433, E0599.
[INFO] [stdout] For more information about an error, try `rustc --explain E0433`.
[INFO] [stdout] Couldn't compile the test.
[INFO] [stdout] ---- src/lib.rs - someip_parse (line 11) stdout ----
[INFO] [stdout] error[E0433]: cannot find module or crate `veecle_os_data_support_someip` in this scope
[INFO] [stdout]   --> src/lib.rs:12:5
[INFO] [stdout]    |
[INFO] [stdout] 12 | use veecle_os_data_support_someip::parse::{Parse, ParseExt};
[INFO] [stdout]    |     ^^^^^^^^^^^^^^^^^^^^^^^^^^^^^ use of unresolved module or unlinked crate `veecle_os_data_support_someip`
[INFO] [stdout]    |
[INFO] [stdout] help: there is a crate or module with a similar name
[INFO] [stdout]    |
[INFO] [stdout] 12 | use veecle_os_data_support_someip_macros::parse::{Parse, ParseExt};
[INFO] [stdout]    |                                  +++++++
[INFO] [stdout] 
[INFO] [stdout] error[E0599]: no associated function or constant named `parse` found for struct `SomeIpStruct` in the current scope
[INFO] [stdout]   --> src/lib.rs:26:31
[INFO] [stdout]    |
[INFO] [stdout] 15 | struct SomeIpStruct {
[INFO] [stdout]    | ------------------- associated function or constant `parse` not found for this struct
[INFO] [stdout] ...
[INFO] [stdout] 26 | let my_struct = SomeIpStruct::parse(bytes).unwrap();
[INFO] [stdout]    |                               ^^^^^ associated function or constant not found in `SomeIpStruct`
[INFO] [stdout] 
[INFO] [stdout] error: aborting due to 2 previous errors
[INFO] [stdout] 
[INFO] [stdout] Some errors have detailed explanations: E0433, E0599.
[INFO] [stdout] For more information about an error, try `rustc --explain E0433`.
[INFO] [stdout] Couldn't compile the test.
[INFO] [stdout] 
[INFO] [stdout] failures:
[INFO] [stdout]     src/lib.rs - someip_parse (line 11)
[INFO] [stdout]     src/lib.rs - someip_parse (line 32)
[INFO] [stdout]     src/lib.rs - someip_parse (line 54)
[INFO] [stdout]     src/lib.rs - someip_serialize (line 114)
[INFO] [stdout]     src/lib.rs - someip_serialize (line 91)
[INFO] [stdout] 
[INFO] [stdout] test result: FAILED. 2 passed; 5 failed; 0 ignored; 0 measured; 0 filtered out; finished in 0.22s
[INFO] [stdout] 
[INFO] [stdout] all doctests ran in 0.27s; merged doctests compilation took 0.05s
[INFO] running `Command { std: "docker" "inspect" "07b1eda19d0404519fadad32e9b1330c5369ccf0ca14cad488175ccff80a6865", kill_on_drop: false }`
[INFO] running `Command { std: "docker" "rm" "-f" "07b1eda19d0404519fadad32e9b1330c5369ccf0ca14cad488175ccff80a6865", kill_on_drop: false }`
[INFO] [stdout] 07b1eda19d0404519fadad32e9b1330c5369ccf0ca14cad488175ccff80a6865
