[INFO] fetching crate vectorpin 0.2.0...
[INFO] testing vectorpin-0.2.0 against 1.99.0-beta.8+cargoflags=--release for beta-release-1.100-2
[INFO] extracting crate vectorpin 0.2.0 into /workspace/builds/worker-5-tc1/source
[INFO] started tweaking crates.io crate vectorpin 0.2.0
[INFO] removed 0 missing examples
[INFO] removed 0 missing tests
[INFO] finished tweaking crates.io crate vectorpin 0.2.0
[INFO] tweaked toml for crates.io crate vectorpin 0.2.0 written to /workspace/builds/worker-5-tc1/source/Cargo.toml
[INFO] validating manifest of crates.io crate vectorpin 0.2.0 on toolchain 1.99.0-beta.8
[INFO] running `Command { std: CARGO_HOME="/workspace/cargo-home" RUSTUP_HOME="/workspace/rustup-home" "/workspace/cargo-home/bin/cargo" "+1.99.0-beta.8" "metadata" "--manifest-path" "Cargo.toml" "--no-deps", kill_on_drop: false }`
[INFO] crate crates.io crate vectorpin 0.2.0 already has a lockfile, it will not be regenerated
[INFO] running `Command { std: CARGO_HOME="/workspace/cargo-home" RUSTUP_HOME="/workspace/rustup-home" "/workspace/cargo-home/bin/cargo" "+1.99.0-beta.8" "fetch" "--manifest-path" "Cargo.toml", kill_on_drop: false }`
[INFO] running `Command { std: "docker" "create" "-v" "/var/lib/crater-agent-workspace/builds/worker-5-tc1/source:/opt/rustwide/workdir:ro,Z" "-v" "/var/lib/crater-agent-workspace/builds/worker-5-tc1/target:/opt/rustwide/target:rw,Z" "-v" "/var/lib/crater-agent-workspace/cargo-home:/opt/rustwide/cargo-home:ro,Z" "-v" "/var/lib/crater-agent-workspace/rustup-home:/opt/rustwide/rustup-home:ro,Z" "-m" "1610612736" "--network" "none" "ghcr.io/rust-lang/crates-build-env/linux@sha256:77db811e55d90add9212f6832c23229e3de5f1c1f9905e8cb07319ea15df73ac" "sleep" "infinity", kill_on_drop: false }`
[INFO] [stdout] ca78425095bdce372667d46cc7ec83cf386b0408646614290cf9556ff609f8f3
[INFO] running `Command { std: "docker" "start" "ca78425095bdce372667d46cc7ec83cf386b0408646614290cf9556ff609f8f3", kill_on_drop: false }`
[INFO] running `Command { std: "docker" "inspect" "ca78425095bdce372667d46cc7ec83cf386b0408646614290cf9556ff609f8f3", kill_on_drop: false }`
[INFO] running `Command { std: "docker" "exec" "-e" "SOURCE_DIR=/opt/rustwide/workdir" "-e" "CARGO_HOME=/opt/rustwide/cargo-home" "-e" "RUSTUP_HOME=/opt/rustwide/rustup-home" "-e" "CARGO_TARGET_DIR=/opt/rustwide/target" "-w" "/opt/rustwide/workdir" "--user" "0:0" "ca78425095bdce372667d46cc7ec83cf386b0408646614290cf9556ff609f8f3" "/opt/rustwide/cargo-home/bin/cargo" "+1.99.0-beta.8" "metadata" "--no-deps" "--format-version=1", kill_on_drop: false }`
[INFO] running `Command { std: "docker" "inspect" "ca78425095bdce372667d46cc7ec83cf386b0408646614290cf9556ff609f8f3", kill_on_drop: false }`
[INFO] running `Command { std: "docker" "exec" "-e" "SOURCE_DIR=/opt/rustwide/workdir" "-e" "CARGO_HOME=/opt/rustwide/cargo-home" "-e" "RUSTUP_HOME=/opt/rustwide/rustup-home" "-e" "CARGO_TARGET_DIR=/opt/rustwide/target" "-e" "CARGO_INCREMENTAL=0" "-e" "RUST_BACKTRACE=full" "-e" "RUSTFLAGS=--cap-lints=warn" "-e" "RUSTDOCFLAGS=--cap-lints=warn" "-w" "/opt/rustwide/workdir" "--user" "0:0" "ca78425095bdce372667d46cc7ec83cf386b0408646614290cf9556ff609f8f3" "/opt/rustwide/cargo-home/bin/cargo" "+1.99.0-beta.8" "build" "--frozen" "--message-format=json" "--release", kill_on_drop: false }`
[INFO] [stderr]    Compiling curve25519-dalek v4.1.3
[INFO] [stderr]    Compiling generic-array v0.14.7
[INFO] [stderr]    Compiling getrandom v0.2.17
[INFO] [stderr]    Compiling serde_json v1.0.149
[INFO] [stderr]    Compiling curve25519-dalek-derive v0.1.1
[INFO] [stderr]    Compiling thiserror-impl v1.0.69
[INFO] [stderr]    Compiling serde v1.0.228
[INFO] [stderr]    Compiling rand_core v0.6.4
[INFO] [stderr]    Compiling rand_chacha v0.3.1
[INFO] [stderr]    Compiling rand v0.8.6
[INFO] [stderr]    Compiling block-buffer v0.10.4
[INFO] [stderr]    Compiling crypto-common v0.1.7
[INFO] [stderr]    Compiling digest v0.10.7
[INFO] [stderr]    Compiling thiserror v1.0.69
[INFO] [stderr]    Compiling sha2 v0.10.9
[INFO] [stderr]    Compiling ed25519-dalek v2.2.0
[INFO] [stderr]    Compiling vectorpin v0.2.0 (/opt/rustwide/workdir)
[INFO] [stderr]     Finished `release` profile [optimized] target(s) in 10.32s
[INFO] running `Command { std: "docker" "inspect" "ca78425095bdce372667d46cc7ec83cf386b0408646614290cf9556ff609f8f3", kill_on_drop: false }`
[INFO] running `Command { std: "docker" "exec" "-e" "SOURCE_DIR=/opt/rustwide/workdir" "-e" "CARGO_HOME=/opt/rustwide/cargo-home" "-e" "RUSTUP_HOME=/opt/rustwide/rustup-home" "-e" "CARGO_TARGET_DIR=/opt/rustwide/target" "-e" "CARGO_INCREMENTAL=0" "-e" "RUST_BACKTRACE=full" "-e" "RUSTFLAGS=--cap-lints=warn" "-e" "RUSTDOCFLAGS=--cap-lints=warn" "-w" "/opt/rustwide/workdir" "--user" "0:0" "ca78425095bdce372667d46cc7ec83cf386b0408646614290cf9556ff609f8f3" "/opt/rustwide/cargo-home/bin/cargo" "+1.99.0-beta.8" "test" "--frozen" "--no-run" "--message-format=json" "--release", kill_on_drop: false }`
[INFO] [stderr]    Compiling getrandom v0.2.17
[INFO] [stderr]    Compiling clap_builder v4.6.0
[INFO] [stderr]    Compiling itertools v0.10.5
[INFO] [stderr]    Compiling is-terminal v0.4.17
[INFO] [stderr]    Compiling ppv-lite86 v0.2.21
[INFO] [stderr]    Compiling rand_core v0.6.4
[INFO] [stderr]    Compiling ed25519-dalek v2.2.0
[INFO] [stderr]    Compiling rand_chacha v0.3.1
[INFO] [stderr]    Compiling rand v0.8.6
[INFO] [stderr]    Compiling vectorpin v0.2.0 (/opt/rustwide/workdir)
[INFO] [stderr]    Compiling criterion-plot v0.5.0
[INFO] [stderr]    Compiling clap v4.6.1
[INFO] [stderr]    Compiling criterion v0.5.1
[INFO] [stderr]     Finished `release` profile [optimized] target(s) in 29.89s
[INFO] running `Command { std: "docker" "inspect" "ca78425095bdce372667d46cc7ec83cf386b0408646614290cf9556ff609f8f3", kill_on_drop: false }`
[INFO] running `Command { std: "docker" "exec" "-e" "SOURCE_DIR=/opt/rustwide/workdir" "-e" "CARGO_HOME=/opt/rustwide/cargo-home" "-e" "RUSTUP_HOME=/opt/rustwide/rustup-home" "-e" "CARGO_TARGET_DIR=/opt/rustwide/target" "-e" "CARGO_INCREMENTAL=0" "-e" "RUST_BACKTRACE=full" "-e" "RUSTFLAGS=--cap-lints=warn" "-e" "RUSTDOCFLAGS=--cap-lints=warn" "-w" "/opt/rustwide/workdir" "--user" "0:0" "ca78425095bdce372667d46cc7ec83cf386b0408646614290cf9556ff609f8f3" "/opt/rustwide/cargo-home/bin/cargo" "+1.99.0-beta.8" "test" "--frozen" "--release", kill_on_drop: false }`
[INFO] [stderr]     Finished `release` profile [optimized] target(s) in 0.14s
[INFO] [stderr]      Running unittests src/lib.rs (/opt/rustwide/target/release/deps/vectorpin-8d0dcf7edf1b426d)
[INFO] [stdout] 
[INFO] [stdout] running 22 tests
[INFO] [stdout] test attestation::tests::canonicalize_starts_with_domain_tag ... ok
[INFO] [stdout] test hash::tests::hash_text_distinguishes_content ... ok
[INFO] [stdout] test attestation::tests::domain_tag_is_13_bytes ... ok
[INFO] [stdout] test hash::tests::canonical_vector_bytes_endianness_is_explicit ... ok
[INFO] [stdout] test signer::tests::pin_round_trip_basic ... ok
[INFO] [stdout] test verifier::tests::ts_round_trip ... ok
[INFO] [stdout] test verifier::tests::shape_mismatch_is_caught ... ok
[INFO] [stdout] test hash::tests::hash_text_normalizes_nfc ... ok
[INFO] [stdout] test hash::tests::vector_dtype_round_trip ... ok
[INFO] [stdout] test signer::tests::from_private_bytes_rejects_bad_length ... ok
[INFO] [stdout] test verifier::tests::verify_full_passes_on_honest_inputs ... ok
[INFO] [stdout] test signer::tests::from_private_bytes_rejects_empty_kid ... ok
[INFO] [stdout] test verifier::tests::unknown_key_is_caught ... ok
[INFO] [stdout] test signer::tests::signer_rejects_nan ... ok
[INFO] [stdout] test signer::tests::signer_rejects_infinity ... ok
[INFO] [stdout] test attestation::tests::canonicalize_is_deterministic ... ok
[INFO] [stdout] test verifier::tests::key_expired_lower_bound ... ok
[INFO] [stdout] test verifier::tests::source_mismatch_is_caught ... ok
[INFO] [stdout] test attestation::tests::canonicalize_includes_kid ... ok
[INFO] [stdout] test verifier::tests::vector_tamper_is_caught ... ok
[INFO] [stdout] test hash::tests::hash_text_is_stable ... ok
[INFO] [stdout] test hash::tests::hash_vector_format_is_sha256_hex ... ok
[INFO] [stdout] 
[INFO] [stdout] test result: ok. 22 passed; 0 failed; 0 ignored; 0 measured; 0 filtered out; finished in 0.03s
[INFO] [stdout] 
[INFO] [stderr]      Running tests/cross_lang.rs (/opt/rustwide/target/release/deps/cross_lang-560a539d53b33403)
[INFO] [stdout] 
[INFO] [stdout] running 3 tests
[INFO] [stdout] test cross_language_v2_negative_fixtures ... FAILED
[INFO] [stdout] test legacy_v1_verifier_accepts_all_v1_fixtures ... FAILED
[INFO] [stdout] test cross_language_v2_positive_fixtures ... FAILED
[INFO] [stdout] 
[INFO] [stdout] failures:
[INFO] [stdout] 
[INFO] [stdout] ---- cross_language_v2_negative_fixtures stdout ----
[INFO] [stdout] 
[INFO] [stdout] thread 'cross_language_v2_negative_fixtures' (858) panicked at tests/cross_lang.rs:323:46:
[INFO] [stdout] read negative_v2.json: Os { code: 2, kind: NotFound, message: "No such file or directory" }
[INFO] [stdout] stack backtrace:
[INFO] [stdout]    0:     0x58623bbe7261 - <<std[70759c8f55707aa4]::sys::backtrace::BacktraceLock>::print::DisplayBacktrace as core[df12db4294e9bfd3]::fmt::Display>::fmt
[INFO] [stdout]    1:     0x58623bbfbcaa - core[df12db4294e9bfd3]::fmt::write
[INFO] [stdout]    2:     0x58623bbeb6fc - <alloc[2182bb758b4b3781]::vec::Vec<u8> as core[df12db4294e9bfd3]::io::write::Write>::write_fmt
[INFO] [stdout]    3:     0x58623bbc3356 - std[70759c8f55707aa4]::panicking::default_hook::{closure#0}
[INFO] [stdout]    4:     0x58623bbdf659 - std[70759c8f55707aa4]::panicking::default_hook
[INFO] [stdout]    5:     0x58623bb41770 - test[9d35eded1c95d3be]::test_main_inner::<test[9d35eded1c95d3be]::test_main_static::{closure#0}>::{closure#0}
[INFO] [stdout]    6:     0x58623bbdf812 - std[70759c8f55707aa4]::panicking::panic_with_hook
[INFO] [stdout]    7:     0x58623bbc3402 - std[70759c8f55707aa4]::panicking::panic_handler::{closure#0}
[INFO] [stdout]    8:     0x58623bbbbff9 - std[70759c8f55707aa4]::sys::backtrace::__rust_end_short_backtrace::<std[70759c8f55707aa4]::panicking::panic_handler::{closure#0}, !>
[INFO] [stdout]    9:     0x58623bbc3ffd - __rustc[8fa7c3cbc660c2b3]::rust_begin_unwind
[INFO] [stdout]   10:     0x58623bbfc3dc - core[df12db4294e9bfd3]::panicking::panic_fmt
[INFO] [stdout]   11:     0x58623bbfc1b2 - core[df12db4294e9bfd3]::result::unwrap_failed
[INFO] [stdout]   12:     0x58623bb29263 - <cross_lang[f6fe6a56a3006985]::cross_language_v2_negative_fixtures::{closure#0} as core[df12db4294e9bfd3]::ops::function::FnOnce<()>>::call_once
[INFO] [stdout]   13:     0x58623bb34a5b - test[9d35eded1c95d3be]::__rust_begin_short_backtrace::<core[df12db4294e9bfd3]::result::Result<(), alloc[2182bb758b4b3781]::string::String>, fn() -> core[df12db4294e9bfd3]::result::Result<(), alloc[2182bb758b4b3781]::string::String>>
[INFO] [stdout]   14:     0x58623bb420c5 - test[9d35eded1c95d3be]::run_test::{closure#0}
[INFO] [stdout]   15:     0x58623bb3b984 - std[70759c8f55707aa4]::sys::backtrace::__rust_begin_short_backtrace::<test[9d35eded1c95d3be]::run_test::{closure#1}, ()>
[INFO] [stdout]   16:     0x58623bb45222 - <std[70759c8f55707aa4]::thread::lifecycle::spawn_unchecked<test[9d35eded1c95d3be]::run_test::{closure#1}, ()>::{closure#1} as core[df12db4294e9bfd3]::ops::function::FnOnce<()>>::call_once::{shim:vtable#0}
[INFO] [stdout]   17:     0x58623bbe67c9 - <std[70759c8f55707aa4]::sys::thread::unix::Thread>::new::thread_start
[INFO] [stdout]   18:     0x7bc60be65dfa - <unknown>
[INFO] [stdout]   19:     0x7bc60bef93d4 - clone
[INFO] [stdout]   20:                0x0 - <unknown>
[INFO] [stdout] 
[INFO] [stdout] ---- legacy_v1_verifier_accepts_all_v1_fixtures stdout ----
[INFO] [stdout] 
[INFO] [stdout] thread 'legacy_v1_verifier_accepts_all_v1_fixtures' (860) panicked at tests/cross_lang.rs:364:46:
[INFO] [stdout] read v1.json: Os { code: 2, kind: NotFound, message: "No such file or directory" }
[INFO] [stdout] stack backtrace:
[INFO] [stdout]    0:     0x58623bbe7261 - <<std[70759c8f55707aa4]::sys::backtrace::BacktraceLock>::print::DisplayBacktrace as core[df12db4294e9bfd3]::fmt::Display>::fmt
[INFO] [stdout]    1:     0x58623bbfbcaa - core[df12db4294e9bfd3]::fmt::write
[INFO] [stdout]    2:     0x58623bbeb6fc - <alloc[2182bb758b4b3781]::vec::Vec<u8> as core[df12db4294e9bfd3]::io::write::Write>::write_fmt
[INFO] [stdout]    3:     0x58623bbc3356 - std[70759c8f55707aa4]::panicking::default_hook::{closure#0}
[INFO] [stdout]    4:     0x58623bbdf659 - std[70759c8f55707aa4]::panicking::default_hook
[INFO] [stdout]    5:     0x58623bb41770 - test[9d35eded1c95d3be]::test_main_inner::<test[9d35eded1c95d3be]::test_main_static::{closure#0}>::{closure#0}
[INFO] [stdout]    6:     0x58623bbdf812 - std[70759c8f55707aa4]::panicking::panic_with_hook
[INFO] [stdout]    7:     0x58623bbc3402 - std[70759c8f55707aa4]::panicking::panic_handler::{closure#0}
[INFO] [stdout]    8:     0x58623bbbbff9 - std[70759c8f55707aa4]::sys::backtrace::__rust_end_short_backtrace::<std[70759c8f55707aa4]::panicking::panic_handler::{closure#0}, !>
[INFO] [stdout]    9:     0x58623bbc3ffd - __rustc[8fa7c3cbc660c2b3]::rust_begin_unwind
[INFO] [stdout]   10:     0x58623bbfc3dc - core[df12db4294e9bfd3]::panicking::panic_fmt
[INFO] [stdout]   11:     0x58623bbfc1b2 - core[df12db4294e9bfd3]::result::unwrap_failed
[INFO] [stdout]   12:     0x58623bb2bb96 - <cross_lang[f6fe6a56a3006985]::legacy_v1_verifier_accepts_all_v1_fixtures::{closure#0} as core[df12db4294e9bfd3]::ops::function::FnOnce<()>>::call_once
[INFO] [stdout]   13:     0x58623bb34a5b - test[9d35eded1c95d3be]::__rust_begin_short_backtrace::<core[df12db4294e9bfd3]::result::Result<(), alloc[2182bb758b4b3781]::string::String>, fn() -> core[df12db4294e9bfd3]::result::Result<(), alloc[2182bb758b4b3781]::string::String>>
[INFO] [stdout]   14:     0x58623bb420c5 - test[9d35eded1c95d3be]::run_test::{closure#0}
[INFO] [stdout]   15:     0x58623bb3b984 - std[70759c8f55707aa4]::sys::backtrace::__rust_begin_short_backtrace::<test[9d35eded1c95d3be]::run_test::{closure#1}, ()>
[INFO] [stdout]   16:     0x58623bb45222 - <std[70759c8f55707aa4]::thread::lifecycle::spawn_unchecked<test[9d35eded1c95d3be]::run_test::{closure#1}, ()>::{closure#1} as core[df12db4294e9bfd3]::ops::function::FnOnce<()>>::call_once::{shim:vtable#0}
[INFO] [stdout]   17:     0x58623bbe67c9 - <std[70759c8f55707aa4]::sys::thread::unix::Thread>::new::thread_start
[INFO] [stdout]   18:     0x7bc60be65dfa - <unknown>
[INFO] [stdout]   19:     0x7bc60bef93d4 - clone
[INFO] [stdout]   20:                0x0 - <unknown>
[INFO] [stdout] 
[INFO] [stdout] ---- cross_language_v2_positive_fixtures stdout ----
[INFO] [stdout] 
[INFO] [stdout] thread 'cross_language_v2_positive_fixtures' (859) panicked at tests/cross_lang.rs:186:46:
[INFO] [stdout] read v2.json: Os { code: 2, kind: NotFound, message: "No such file or directory" }
[INFO] [stdout] stack backtrace:
[INFO] [stdout]    0:     0x58623bbe7261 - <<std[70759c8f55707aa4]::sys::backtrace::BacktraceLock>::print::DisplayBacktrace as core[df12db4294e9bfd3]::fmt::Display>::fmt
[INFO] [stdout]    1:     0x58623bbfbcaa - core[df12db4294e9bfd3]::fmt::write
[INFO] [stdout]    2:     0x58623bbeb6fc - <alloc[2182bb758b4b3781]::vec::Vec<u8> as core[df12db4294e9bfd3]::io::write::Write>::write_fmt
[INFO] [stdout]    3:     0x58623bbc3356 - std[70759c8f55707aa4]::panicking::default_hook::{closure#0}
[INFO] [stdout]    4:     0x58623bbdf659 - std[70759c8f55707aa4]::panicking::default_hook
[INFO] [stdout]    5:     0x58623bb41770 - test[9d35eded1c95d3be]::test_main_inner::<test[9d35eded1c95d3be]::test_main_static::{closure#0}>::{closure#0}
[INFO] [stdout]    6:     0x58623bbdf812 - std[70759c8f55707aa4]::panicking::panic_with_hook
[INFO] [stdout]    7:     0x58623bbc3402 - std[70759c8f55707aa4]::panicking::panic_handler::{closure#0}
[INFO] [stdout]    8:     0x58623bbbbff9 - std[70759c8f55707aa4]::sys::backtrace::__rust_end_short_backtrace::<std[70759c8f55707aa4]::panicking::panic_handler::{closure#0}, !>
[INFO] [stdout]    9:     0x58623bbc3ffd - __rustc[8fa7c3cbc660c2b3]::rust_begin_unwind
[INFO] [stdout]   10:     0x58623bbfc3dc - core[df12db4294e9bfd3]::panicking::panic_fmt
[INFO] [stdout]   11:     0x58623bbfc1b2 - core[df12db4294e9bfd3]::result::unwrap_failed
[INFO] [stdout]   12:     0x58623bb2afdd - <cross_lang[f6fe6a56a3006985]::cross_language_v2_positive_fixtures::{closure#0} as core[df12db4294e9bfd3]::ops::function::FnOnce<()>>::call_once
[INFO] [stdout]   13:     0x58623bb34a5b - test[9d35eded1c95d3be]::__rust_begin_short_backtrace::<core[df12db4294e9bfd3]::result::Result<(), alloc[2182bb758b4b3781]::string::String>, fn() -> core[df12db4294e9bfd3]::result::Result<(), alloc[2182bb758b4b3781]::string::String>>
[INFO] [stdout]   14:     0x58623bb420c5 - test[9d35eded1c95d3be]::run_test::{closure#0}
[INFO] [stdout]   15:     0x58623bb3b984 - std[70759c8f55707aa4]::sys::backtrace::__rust_begin_short_backtrace::<test[9d35eded1c95d3be]::run_test::{closure#1}, ()>
[INFO] [stdout]   16:     0x58623bb45222 - <std[70759c8f55707aa4]::thread::lifecycle::spawn_unchecked<test[9d35eded1c95d3be]::run_test::{closure#1}, ()>::{closure#1} as core[df12db4294e9bfd3]::ops::function::FnOnce<()>>::call_once::{shim:vtable#0}
[INFO] [stdout]   17:     0x58623bbe67c9 - <std[70759c8f55707aa4]::sys::thread::unix::Thread>::new::thread_start
[INFO] [stdout]   18:     0x7bc60be65dfa - <unknown>
[INFO] [stdout]   19:     0x7bc60bef93d4 - clone
[INFO] [stdout]   20:                0x0 - <unknown>
[INFO] [stdout] 
[INFO] [stdout] 
[INFO] [stdout] failures:
[INFO] [stdout]     cross_language_v2_negative_fixtures
[INFO] [stdout]     cross_language_v2_positive_fixtures
[INFO] [stdout]     legacy_v1_verifier_accepts_all_v1_fixtures
[INFO] [stdout] 
[INFO] [stdout] test result: FAILED. 0 passed; 3 failed; 0 ignored; 0 measured; 0 filtered out; finished in 0.00s
[INFO] [stdout] 
[INFO] [stderr] error: test failed, to rerun pass `--test cross_lang`
[INFO] running `Command { std: "docker" "inspect" "ca78425095bdce372667d46cc7ec83cf386b0408646614290cf9556ff609f8f3", kill_on_drop: false }`
[INFO] running `Command { std: "docker" "rm" "-f" "ca78425095bdce372667d46cc7ec83cf386b0408646614290cf9556ff609f8f3", kill_on_drop: false }`
[INFO] [stdout] ca78425095bdce372667d46cc7ec83cf386b0408646614290cf9556ff609f8f3
