[INFO] fetching crate vectordraw 0.1.2...
[INFO] testing vectordraw-0.1.2 against 1.100.0-beta.1+cargoflags=--release for beta-release-1.100-2
[INFO] extracting crate vectordraw 0.1.2 into /workspace/builds/worker-7-tc2/source
[INFO] started tweaking crates.io crate vectordraw 0.1.2
[INFO] finished tweaking crates.io crate vectordraw 0.1.2
[INFO] tweaked toml for crates.io crate vectordraw 0.1.2 written to /workspace/builds/worker-7-tc2/source/Cargo.toml
[INFO] validating manifest of crates.io crate vectordraw 0.1.2 on toolchain 1.100.0-beta.1
[INFO] running `Command { std: CARGO_HOME="/workspace/cargo-home" RUSTUP_HOME="/workspace/rustup-home" "/workspace/cargo-home/bin/cargo" "+1.100.0-beta.1" "metadata" "--manifest-path" "Cargo.toml" "--no-deps", kill_on_drop: false }`
[INFO] running `Command { std: CARGO_HOME="/workspace/cargo-home" RUSTUP_HOME="/workspace/rustup-home" "/workspace/cargo-home/bin/cargo" "+1.100.0-beta.1" "generate-lockfile" "--manifest-path" "Cargo.toml", kill_on_drop: false }`
[INFO] running `Command { std: CARGO_HOME="/workspace/cargo-home" RUSTUP_HOME="/workspace/rustup-home" "/workspace/cargo-home/bin/cargo" "+1.100.0-beta.1" "fetch" "--manifest-path" "Cargo.toml", kill_on_drop: false }`
[INFO] [stderr] warning: Cargo.toml: `package.edition` is unspecified, defaulting to `2015` while the latest is `2024`
[INFO] [stderr] warning: `vectordraw` (manifest) generated 1 warning
[INFO] running `Command { std: "docker" "create" "-v" "/var/lib/crater-agent-workspace/builds/worker-7-tc2/source:/opt/rustwide/workdir:ro,Z" "-v" "/var/lib/crater-agent-workspace/builds/worker-7-tc2/target:/opt/rustwide/target:rw,Z" "-v" "/var/lib/crater-agent-workspace/cargo-home:/opt/rustwide/cargo-home:ro,Z" "-v" "/var/lib/crater-agent-workspace/rustup-home:/opt/rustwide/rustup-home:ro,Z" "-m" "1610612736" "--network" "none" "ghcr.io/rust-lang/crates-build-env/linux@sha256:77db811e55d90add9212f6832c23229e3de5f1c1f9905e8cb07319ea15df73ac" "sleep" "infinity", kill_on_drop: false }`
[INFO] [stdout] 24b9a86cbf41f9db0a520a30c8eebead7b294c4821301157c498b0c16878c0ec
[INFO] running `Command { std: "docker" "start" "24b9a86cbf41f9db0a520a30c8eebead7b294c4821301157c498b0c16878c0ec", kill_on_drop: false }`
[INFO] running `Command { std: "docker" "inspect" "24b9a86cbf41f9db0a520a30c8eebead7b294c4821301157c498b0c16878c0ec", kill_on_drop: false }`
[INFO] running `Command { std: "docker" "exec" "-e" "SOURCE_DIR=/opt/rustwide/workdir" "-e" "CARGO_HOME=/opt/rustwide/cargo-home" "-e" "RUSTUP_HOME=/opt/rustwide/rustup-home" "-e" "CARGO_TARGET_DIR=/opt/rustwide/target" "-w" "/opt/rustwide/workdir" "--user" "0:0" "24b9a86cbf41f9db0a520a30c8eebead7b294c4821301157c498b0c16878c0ec" "/opt/rustwide/cargo-home/bin/cargo" "+1.100.0-beta.1" "metadata" "--no-deps" "--format-version=1", kill_on_drop: false }`
[INFO] running `Command { std: "docker" "inspect" "24b9a86cbf41f9db0a520a30c8eebead7b294c4821301157c498b0c16878c0ec", kill_on_drop: false }`
[INFO] running `Command { std: "docker" "exec" "-e" "SOURCE_DIR=/opt/rustwide/workdir" "-e" "CARGO_HOME=/opt/rustwide/cargo-home" "-e" "RUSTUP_HOME=/opt/rustwide/rustup-home" "-e" "CARGO_TARGET_DIR=/opt/rustwide/target" "-e" "CARGO_INCREMENTAL=0" "-e" "RUST_BACKTRACE=full" "-e" "RUSTFLAGS=--cap-lints=warn" "-e" "RUSTDOCFLAGS=--cap-lints=warn" "-w" "/opt/rustwide/workdir" "--user" "0:0" "24b9a86cbf41f9db0a520a30c8eebead7b294c4821301157c498b0c16878c0ec" "/opt/rustwide/cargo-home/bin/cargo" "+1.100.0-beta.1" "build" "--frozen" "--message-format=json" "--release", kill_on_drop: false }`
[INFO] [stderr] warning: Cargo.toml: `package.edition` is unspecified, defaulting to `2015` while the latest is `2024`
[INFO] [stderr] warning: `vectordraw` (manifest) generated 1 warning
[INFO] [stderr]    Compiling vectordraw v0.1.2 (/opt/rustwide/workdir)
[INFO] [stderr]     Finished `release` profile [optimized] target(s) in 0.16s
[INFO] running `Command { std: "docker" "inspect" "24b9a86cbf41f9db0a520a30c8eebead7b294c4821301157c498b0c16878c0ec", kill_on_drop: false }`
[INFO] running `Command { std: "docker" "exec" "-e" "SOURCE_DIR=/opt/rustwide/workdir" "-e" "CARGO_HOME=/opt/rustwide/cargo-home" "-e" "RUSTUP_HOME=/opt/rustwide/rustup-home" "-e" "CARGO_TARGET_DIR=/opt/rustwide/target" "-e" "CARGO_INCREMENTAL=0" "-e" "RUST_BACKTRACE=full" "-e" "RUSTFLAGS=--cap-lints=warn" "-e" "RUSTDOCFLAGS=--cap-lints=warn" "-w" "/opt/rustwide/workdir" "--user" "0:0" "24b9a86cbf41f9db0a520a30c8eebead7b294c4821301157c498b0c16878c0ec" "/opt/rustwide/cargo-home/bin/cargo" "+1.100.0-beta.1" "test" "--frozen" "--no-run" "--message-format=json" "--release", kill_on_drop: false }`
[INFO] [stderr] warning: Cargo.toml: `package.edition` is unspecified, defaulting to `2015` while the latest is `2024`
[INFO] [stderr] warning: `vectordraw` (manifest) generated 1 warning
[INFO] [stderr]    Compiling vectordraw v0.1.2 (/opt/rustwide/workdir)
[INFO] [stderr]     Finished `release` profile [optimized] target(s) in 0.56s
[INFO] running `Command { std: "docker" "inspect" "24b9a86cbf41f9db0a520a30c8eebead7b294c4821301157c498b0c16878c0ec", kill_on_drop: false }`
[INFO] running `Command { std: "docker" "exec" "-e" "SOURCE_DIR=/opt/rustwide/workdir" "-e" "CARGO_HOME=/opt/rustwide/cargo-home" "-e" "RUSTUP_HOME=/opt/rustwide/rustup-home" "-e" "CARGO_TARGET_DIR=/opt/rustwide/target" "-e" "CARGO_INCREMENTAL=0" "-e" "RUST_BACKTRACE=full" "-e" "RUSTFLAGS=--cap-lints=warn" "-e" "RUSTDOCFLAGS=--cap-lints=warn" "-w" "/opt/rustwide/workdir" "--user" "0:0" "24b9a86cbf41f9db0a520a30c8eebead7b294c4821301157c498b0c16878c0ec" "/opt/rustwide/cargo-home/bin/cargo" "+1.100.0-beta.1" "test" "--frozen" "--release", kill_on_drop: false }`
[INFO] [stderr] warning: Cargo.toml: `package.edition` is unspecified, defaulting to `2015` while the latest is `2024`
[INFO] [stderr] warning: `vectordraw` (manifest) generated 1 warning
[INFO] [stderr]     Finished `release` profile [optimized] target(s) in 0.01s
[INFO] [stderr]      Running unittests src/lib.rs (/opt/rustwide/target/release/build/vectordraw/cd2f8124edca4a71/out/vectordraw-cd2f8124edca4a71)
[INFO] [stdout] 
[INFO] [stdout] running 5 tests
[INFO] [stdout] test svg::test::empty ... ok
[INFO] [stdout] test svg::test::triangle_polygon_reversed ... FAILED
[INFO] [stdout] test svg::test::triangle_polygon_reversed_with_holes ... FAILED
[INFO] [stdout] test svg::test::triangle_polygon ... FAILED
[INFO] [stdout] test svg::test::empty_polygon ... ok
[INFO] [stdout] 
[INFO] [stdout] failures:
[INFO] [stdout] 
[INFO] [stdout] ---- svg::test::triangle_polygon_reversed stdout ----
[INFO] [stdout] 
[INFO] [stdout] thread 'svg::test::triangle_polygon_reversed' (147) panicked at src/svg.rs:92:9:
[INFO] [stdout] assertion `left == right` failed
[INFO] [stdout]   left: "<svg xmlns=\"http://www.w3.org/2000/svg\">\n    <path d=\"M0.00,0.00 L0.00,50.00 L50.00,0.00 z\"/>\n</svg>"
[INFO] [stdout]  right: "<svg xmlns=\"http://www.w3.org/2000/svg\">\n    <path d=\"M0,0 L0,50 L50,0 z\"/>\n</svg>"
[INFO] [stdout] stack backtrace:
[INFO] [stdout]    0:     0x5d3f1be203e1 - <<std[617be2ca0a6fd877]::sys::backtrace::BacktraceLock>::print::DisplayBacktrace as core[a373ad73a504971]::fmt::Display>::fmt
[INFO] [stdout]    1:     0x5d3f1be343aa - core[a373ad73a504971]::fmt::write
[INFO] [stdout]    2:     0x5d3f1be245fc - <alloc[2e1b2a31b91974c5]::vec::Vec<u8> as core[a373ad73a504971]::io::write::Write>::write_fmt
[INFO] [stdout]    3:     0x5d3f1bdfc846 - std[617be2ca0a6fd877]::panicking::default_hook::{closure#0}
[INFO] [stdout]    4:     0x5d3f1be18a79 - std[617be2ca0a6fd877]::panicking::default_hook
[INFO] [stdout]    5:     0x5d3f1bdb5120 - test[aada8e7e76ba119b]::test_main_inner::{closure#0}
[INFO] [stdout]    6:     0x5d3f1be18c32 - std[617be2ca0a6fd877]::panicking::panic_with_hook
[INFO] [stdout]    7:     0x5d3f1bdfc8f2 - std[617be2ca0a6fd877]::panicking::panic_handler::{closure#0}
[INFO] [stdout]    8:     0x5d3f1bdf5609 - std[617be2ca0a6fd877]::sys::backtrace::__rust_end_short_backtrace::<std[617be2ca0a6fd877]::panicking::panic_handler::{closure#0}, !>
[INFO] [stdout]    9:     0x5d3f1bdfd4fd - __rustc[ea4f61d10b84890b]::rust_begin_unwind
[INFO] [stdout]   10:     0x5d3f1be34adc - core[a373ad73a504971]::panicking::panic_fmt
[INFO] [stdout]   11:     0x5d3f1be349f3 - core[a373ad73a504971]::panicking::assert_failed_inner
[INFO] [stdout]   12:     0x5d3f1bda6be7 - core[a373ad73a504971]::panicking::assert_failed::<&str, &str>
[INFO] [stdout]   13:     0x5d3f1bda7be9 - vectordraw[c1973439ea4d49a6]::svg::test::triangle_polygon_reversed
[INFO] [stdout]   14:     0x5d3f1bda84b9 - <vectordraw[c1973439ea4d49a6]::svg::test::triangle_polygon_reversed::{closure#0} as core[a373ad73a504971]::ops::function::FnOnce<()>>::call_once
[INFO] [stdout]   15:     0x5d3f1bda856b - test[aada8e7e76ba119b]::__rust_begin_short_backtrace::<core[a373ad73a504971]::result::Result<(), alloc[2e1b2a31b91974c5]::string::String>, fn() -> core[a373ad73a504971]::result::Result<(), alloc[2e1b2a31b91974c5]::string::String>>
[INFO] [stdout]   16:     0x5d3f1bdb5745 - test[aada8e7e76ba119b]::run_test::{closure#0}
[INFO] [stdout]   17:     0x5d3f1bdaf034 - std[617be2ca0a6fd877]::sys::backtrace::__rust_begin_short_backtrace::<test[aada8e7e76ba119b]::run_test::{closure#1}, ()>
[INFO] [stdout]   18:     0x5d3f1bdb87d2 - <std[617be2ca0a6fd877]::thread::lifecycle::spawn_unchecked<test[aada8e7e76ba119b]::run_test::{closure#1}, ()>::{closure#1} as core[a373ad73a504971]::ops::function::FnOnce<()>>::call_once::{shim:vtable#0}
[INFO] [stdout]   19:     0x5d3f1be1fc3f - <std[617be2ca0a6fd877]::sys::thread::unix::Thread>::new::thread_start
[INFO] [stdout]   20:     0x7845e721adfa - <unknown>
[INFO] [stdout]   21:     0x7845e72ae3d4 - clone
[INFO] [stdout]   22:                0x0 - <unknown>
[INFO] [stdout] 
[INFO] [stdout] ---- svg::test::triangle_polygon_reversed_with_holes stdout ----
[INFO] [stdout] 
[INFO] [stdout] thread 'svg::test::triangle_polygon_reversed_with_holes' (148) panicked at src/svg.rs:104:9:
[INFO] [stdout] assertion `left == right` failed
[INFO] [stdout]   left: "<svg xmlns=\"http://www.w3.org/2000/svg\">\n    <path d=\"M50.00,0.00 L0.00,0.00 L0.00,50.00 L50.00,0.00 M30.00,10.00 L10.00,30.00 L10.00,10.00 L30.00,10.00 \"/>\n</svg>"
[INFO] [stdout]  right: "<svg xmlns=\"http://www.w3.org/2000/svg\">\n    <path d=\"M50,0 L0,0 L0,50 L50,0 M30,10 L10,30 L10,10 L30,10 \"/>\n</svg>"
[INFO] [stdout] stack backtrace:
[INFO] [stdout]    0:     0x5d3f1be203e1 - <<std[617be2ca0a6fd877]::sys::backtrace::BacktraceLock>::print::DisplayBacktrace as core[a373ad73a504971]::fmt::Display>::fmt
[INFO] [stdout]    1:     0x5d3f1be343aa - core[a373ad73a504971]::fmt::write
[INFO] [stdout]    2:     0x5d3f1be245fc - <alloc[2e1b2a31b91974c5]::vec::Vec<u8> as core[a373ad73a504971]::io::write::Write>::write_fmt
[INFO] [stdout]    3:     0x5d3f1bdfc846 - std[617be2ca0a6fd877]::panicking::default_hook::{closure#0}
[INFO] [stdout]    4:     0x5d3f1be18a79 - std[617be2ca0a6fd877]::panicking::default_hook
[INFO] [stdout]    5:     0x5d3f1bdb5120 - test[aada8e7e76ba119b]::test_main_inner::{closure#0}
[INFO] [stdout]    6:     0x5d3f1be18c32 - std[617be2ca0a6fd877]::panicking::panic_with_hook
[INFO] [stdout]    7:     0x5d3f1bdfc8f2 - std[617be2ca0a6fd877]::panicking::panic_handler::{closure#0}
[INFO] [stdout]    8:     0x5d3f1bdf5609 - std[617be2ca0a6fd877]::sys::backtrace::__rust_end_short_backtrace::<std[617be2ca0a6fd877]::panicking::panic_handler::{closure#0}, !>
[INFO] [stdout]    9:     0x5d3f1bdfd4fd - __rustc[ea4f61d10b84890b]::rust_begin_unwind
[INFO] [stdout]   10:     0x5d3f1be34adc - core[a373ad73a504971]::panicking::panic_fmt
[INFO] [stdout]   11:     0x5d3f1be349f3 - core[a373ad73a504971]::panicking::assert_failed_inner
[INFO] [stdout]   12:     0x5d3f1bda6be7 - core[a373ad73a504971]::panicking::assert_failed::<&str, &str>
[INFO] [stdout]   13:     0x5d3f1bda7cb9 - vectordraw[c1973439ea4d49a6]::svg::test::triangle_polygon_reversed_with_holes
[INFO] [stdout]   14:     0x5d3f1bda84d9 - <vectordraw[c1973439ea4d49a6]::svg::test::triangle_polygon_reversed_with_holes::{closure#0} as core[a373ad73a504971]::ops::function::FnOnce<()>>::call_once
[INFO] [stdout]   15:     0x5d3f1bda856b - test[aada8e7e76ba119b]::__rust_begin_short_backtrace::<core[a373ad73a504971]::result::Result<(), alloc[2e1b2a31b91974c5]::string::String>, fn() -> core[a373ad73a504971]::result::Result<(), alloc[2e1b2a31b91974c5]::string::String>>
[INFO] [stdout]   16:     0x5d3f1bdb5745 - test[aada8e7e76ba119b]::run_test::{closure#0}
[INFO] [stdout]   17:     0x5d3f1bdaf034 - std[617be2ca0a6fd877]::sys::backtrace::__rust_begin_short_backtrace::<test[aada8e7e76ba119b]::run_test::{closure#1}, ()>
[INFO] [stdout]   18:     0x5d3f1bdb87d2 - <std[617be2ca0a6fd877]::thread::lifecycle::spawn_unchecked<test[aada8e7e76ba119b]::run_test::{closure#1}, ()>::{closure#1} as core[a373ad73a504971]::ops::function::FnOnce<()>>::call_once::{shim:vtable#0}
[INFO] [stdout]   19:     0x5d3f1be1fc3f - <std[617be2ca0a6fd877]::sys::thread::unix::Thread>::new::thread_start
[INFO] [stdout]   20:     0x7845e721adfa - <unknown>
[INFO] [stdout]   21:     0x7845e72ae3d4 - clone
[INFO] [stdout]   22:                0x0 - <unknown>
[INFO] [stdout] 
[INFO] [stdout] ---- svg::test::triangle_polygon stdout ----
[INFO] [stdout] 
[INFO] [stdout] thread 'svg::test::triangle_polygon' (146) panicked at src/svg.rs:80:9:
[INFO] [stdout] assertion `left == right` failed
[INFO] [stdout]   left: "<svg xmlns=\"http://www.w3.org/2000/svg\">\n    <path d=\"M0.00,0.00 L0.00,50.00 L50.00,0.00 z\"/>\n</svg>"
[INFO] [stdout]  right: "<svg xmlns=\"http://www.w3.org/2000/svg\">\n    <path d=\"M0,0 L0,50 L50,0 z\"/>\n</svg>"
[INFO] [stdout] stack backtrace:
[INFO] [stdout]    0:     0x5d3f1be203e1 - <<std[617be2ca0a6fd877]::sys::backtrace::BacktraceLock>::print::DisplayBacktrace as core[a373ad73a504971]::fmt::Display>::fmt
[INFO] [stdout]    1:     0x5d3f1be343aa - core[a373ad73a504971]::fmt::write
[INFO] [stdout]    2:     0x5d3f1be245fc - <alloc[2e1b2a31b91974c5]::vec::Vec<u8> as core[a373ad73a504971]::io::write::Write>::write_fmt
[INFO] [stdout]    3:     0x5d3f1bdfc846 - std[617be2ca0a6fd877]::panicking::default_hook::{closure#0}
[INFO] [stdout]    4:     0x5d3f1be18a79 - std[617be2ca0a6fd877]::panicking::default_hook
[INFO] [stdout]    5:     0x5d3f1bdb5120 - test[aada8e7e76ba119b]::test_main_inner::{closure#0}
[INFO] [stdout]    6:     0x5d3f1be18c32 - std[617be2ca0a6fd877]::panicking::panic_with_hook
[INFO] [stdout]    7:     0x5d3f1bdfc8f2 - std[617be2ca0a6fd877]::panicking::panic_handler::{closure#0}
[INFO] [stdout]    8:     0x5d3f1bdf5609 - std[617be2ca0a6fd877]::sys::backtrace::__rust_end_short_backtrace::<std[617be2ca0a6fd877]::panicking::panic_handler::{closure#0}, !>
[INFO] [stdout]    9:     0x5d3f1bdfd4fd - __rustc[ea4f61d10b84890b]::rust_begin_unwind
[INFO] [stdout]   10:     0x5d3f1be34adc - core[a373ad73a504971]::panicking::panic_fmt
[INFO] [stdout]   11:     0x5d3f1be349f3 - core[a373ad73a504971]::panicking::assert_failed_inner
[INFO] [stdout]   12:     0x5d3f1bda6be7 - core[a373ad73a504971]::panicking::assert_failed::<&str, &str>
[INFO] [stdout]   13:     0x5d3f1bda7b19 - vectordraw[c1973439ea4d49a6]::svg::test::triangle_polygon
[INFO] [stdout]   14:     0x5d3f1bda8499 - <vectordraw[c1973439ea4d49a6]::svg::test::triangle_polygon::{closure#0} as core[a373ad73a504971]::ops::function::FnOnce<()>>::call_once
[INFO] [stdout]   15:     0x5d3f1bda856b - test[aada8e7e76ba119b]::__rust_begin_short_backtrace::<core[a373ad73a504971]::result::Result<(), alloc[2e1b2a31b91974c5]::string::String>, fn() -> core[a373ad73a504971]::result::Result<(), alloc[2e1b2a31b91974c5]::string::String>>
[INFO] [stdout]   16:     0x5d3f1bdb5745 - test[aada8e7e76ba119b]::run_test::{closure#0}
[INFO] [stdout]   17:     0x5d3f1bdaf034 - std[617be2ca0a6fd877]::sys::backtrace::__rust_begin_short_backtrace::<test[aada8e7e76ba119b]::run_test::{closure#1}, ()>
[INFO] [stdout]   18:     0x5d3f1bdb87d2 - <std[617be2ca0a6fd877]::thread::lifecycle::spawn_unchecked<test[aada8e7e76ba119b]::run_test::{closure#1}, ()>::{closure#1} as core[a373ad73a504971]::ops::function::FnOnce<()>>::call_once::{shim:vtable#0}
[INFO] [stdout]   19:     0x5d3f1be1fc3f - <std[617be2ca0a6fd877]::sys::thread::unix::Thread>::new::thread_start
[INFO] [stdout]   20:     0x7845e721adfa - <unknown>
[INFO] [stdout]   21:     0x7845e72ae3d4 - clone
[INFO] [stdout]   22:                0x0 - <unknown>
[INFO] [stdout] 
[INFO] [stdout] 
[INFO] [stdout] failures:
[INFO] [stdout]     svg::test::triangle_polygon
[INFO] [stdout]     svg::test::triangle_polygon_reversed
[INFO] [stdout]     svg::test::triangle_polygon_reversed_with_holes
[INFO] [stderr] error: test failed, to rerun pass `--lib`
[INFO] [stdout] 
[INFO] [stdout] test result: FAILED. 2 passed; 3 failed; 0 ignored; 0 measured; 0 filtered out; finished in 0.00s
[INFO] [stdout] 
[INFO] running `Command { std: "docker" "inspect" "24b9a86cbf41f9db0a520a30c8eebead7b294c4821301157c498b0c16878c0ec", kill_on_drop: false }`
[INFO] running `Command { std: "docker" "rm" "-f" "24b9a86cbf41f9db0a520a30c8eebead7b294c4821301157c498b0c16878c0ec", kill_on_drop: false }`
[INFO] [stdout] 24b9a86cbf41f9db0a520a30c8eebead7b294c4821301157c498b0c16878c0ec
