[INFO] fetching crate vectora 0.8.1...
[INFO] testing vectora-0.8.1 against 1.99.0-beta.8+cargoflags=--release for beta-release-1.100-2
[INFO] extracting crate vectora 0.8.1 into /workspace/builds/worker-0-tc1/source
[INFO] started tweaking crates.io crate vectora 0.8.1
[INFO] finished tweaking crates.io crate vectora 0.8.1
[INFO] tweaked toml for crates.io crate vectora 0.8.1 written to /workspace/builds/worker-0-tc1/source/Cargo.toml
[INFO] validating manifest of crates.io crate vectora 0.8.1 on toolchain 1.99.0-beta.8
[INFO] running `Command { std: CARGO_HOME="/workspace/cargo-home" RUSTUP_HOME="/workspace/rustup-home" "/workspace/cargo-home/bin/cargo" "+1.99.0-beta.8" "metadata" "--manifest-path" "Cargo.toml" "--no-deps", kill_on_drop: false }`
[INFO] running `Command { std: CARGO_HOME="/workspace/cargo-home" RUSTUP_HOME="/workspace/rustup-home" "/workspace/cargo-home/bin/cargo" "+1.99.0-beta.8" "generate-lockfile" "--manifest-path" "Cargo.toml", kill_on_drop: false }`
[INFO] [stderr]     Updating crates.io index
[INFO] [stderr]      Locking 85 packages to highest compatible versions
[INFO] [stderr]       Adding criterion v0.3.6 (available: v0.8.2)
[INFO] running `Command { std: CARGO_HOME="/workspace/cargo-home" RUSTUP_HOME="/workspace/rustup-home" "/workspace/cargo-home/bin/cargo" "+1.99.0-beta.8" "fetch" "--manifest-path" "Cargo.toml", kill_on_drop: false }`
[INFO] [stderr]  Downloading crates ...
[INFO] [stderr]   Downloaded tempdir v0.3.7
[INFO] running `Command { std: "docker" "create" "-v" "/var/lib/crater-agent-workspace/builds/worker-0-tc1/source:/opt/rustwide/workdir:ro,Z" "-v" "/var/lib/crater-agent-workspace/builds/worker-0-tc1/target:/opt/rustwide/target:rw,Z" "-v" "/var/lib/crater-agent-workspace/cargo-home:/opt/rustwide/cargo-home:ro,Z" "-v" "/var/lib/crater-agent-workspace/rustup-home:/opt/rustwide/rustup-home:ro,Z" "-m" "1610612736" "--network" "none" "ghcr.io/rust-lang/crates-build-env/linux@sha256:77db811e55d90add9212f6832c23229e3de5f1c1f9905e8cb07319ea15df73ac" "sleep" "infinity", kill_on_drop: false }`
[INFO] [stdout] 592975b9274aabf60f64fd4ee8c2e72671c335f3f3851b4d9c9c8b45163a4da5
[INFO] running `Command { std: "docker" "start" "592975b9274aabf60f64fd4ee8c2e72671c335f3f3851b4d9c9c8b45163a4da5", kill_on_drop: false }`
[INFO] running `Command { std: "docker" "inspect" "592975b9274aabf60f64fd4ee8c2e72671c335f3f3851b4d9c9c8b45163a4da5", kill_on_drop: false }`
[INFO] running `Command { std: "docker" "exec" "-e" "SOURCE_DIR=/opt/rustwide/workdir" "-e" "CARGO_HOME=/opt/rustwide/cargo-home" "-e" "RUSTUP_HOME=/opt/rustwide/rustup-home" "-e" "CARGO_TARGET_DIR=/opt/rustwide/target" "-w" "/opt/rustwide/workdir" "--user" "0:0" "592975b9274aabf60f64fd4ee8c2e72671c335f3f3851b4d9c9c8b45163a4da5" "/opt/rustwide/cargo-home/bin/cargo" "+1.99.0-beta.8" "metadata" "--no-deps" "--format-version=1", kill_on_drop: false }`
[INFO] running `Command { std: "docker" "inspect" "592975b9274aabf60f64fd4ee8c2e72671c335f3f3851b4d9c9c8b45163a4da5", kill_on_drop: false }`
[INFO] running `Command { std: "docker" "exec" "-e" "SOURCE_DIR=/opt/rustwide/workdir" "-e" "CARGO_HOME=/opt/rustwide/cargo-home" "-e" "RUSTUP_HOME=/opt/rustwide/rustup-home" "-e" "CARGO_TARGET_DIR=/opt/rustwide/target" "-e" "CARGO_INCREMENTAL=0" "-e" "RUST_BACKTRACE=full" "-e" "RUSTFLAGS=--cap-lints=warn" "-e" "RUSTDOCFLAGS=--cap-lints=warn" "-w" "/opt/rustwide/workdir" "--user" "0:0" "592975b9274aabf60f64fd4ee8c2e72671c335f3f3851b4d9c9c8b45163a4da5" "/opt/rustwide/cargo-home/bin/cargo" "+1.99.0-beta.8" "build" "--frozen" "--message-format=json" "--release", kill_on_drop: false }`
[INFO] [stderr]    Compiling num-bigint v0.4.8
[INFO] [stderr]    Compiling num-iter v0.1.46
[INFO] [stderr]    Compiling approx v0.5.1
[INFO] [stderr]    Compiling num-rational v0.4.2
[INFO] [stderr]    Compiling num v0.4.3
[INFO] [stderr]    Compiling vectora v0.8.1 (/opt/rustwide/workdir)
[INFO] [stderr]     Finished `release` profile [optimized] target(s) in 5.09s
[INFO] running `Command { std: "docker" "inspect" "592975b9274aabf60f64fd4ee8c2e72671c335f3f3851b4d9c9c8b45163a4da5", kill_on_drop: false }`
[INFO] running `Command { std: "docker" "exec" "-e" "SOURCE_DIR=/opt/rustwide/workdir" "-e" "CARGO_HOME=/opt/rustwide/cargo-home" "-e" "RUSTUP_HOME=/opt/rustwide/rustup-home" "-e" "CARGO_TARGET_DIR=/opt/rustwide/target" "-e" "CARGO_INCREMENTAL=0" "-e" "RUST_BACKTRACE=full" "-e" "RUSTFLAGS=--cap-lints=warn" "-e" "RUSTDOCFLAGS=--cap-lints=warn" "-w" "/opt/rustwide/workdir" "--user" "0:0" "592975b9274aabf60f64fd4ee8c2e72671c335f3f3851b4d9c9c8b45163a4da5" "/opt/rustwide/cargo-home/bin/cargo" "+1.99.0-beta.8" "test" "--frozen" "--no-run" "--message-format=json" "--release", kill_on_drop: false }`
[INFO] [stderr]    Compiling num-traits v0.2.19
[INFO] [stderr]    Compiling serde_core v1.0.229
[INFO] [stderr]    Compiling crossbeam-utils v0.8.23
[INFO] [stderr]    Compiling crossbeam-epoch v0.9.21
[INFO] [stderr]    Compiling crossbeam-deque v0.8.8
[INFO] [stderr]    Compiling either v1.19.0
[INFO] [stderr]    Compiling unicode-width v0.1.14
[INFO] [stderr]    Compiling plotters-backend v0.3.7
[INFO] [stderr]    Compiling regex-automata v0.4.18
[INFO] [stderr]    Compiling csv-core v0.1.13
[INFO] [stderr]    Compiling same-file v1.0.6
[INFO] [stderr]    Compiling cast v0.3.0
[INFO] [stderr]    Compiling half v1.8.3
[INFO] [stderr]    Compiling rand v0.4.6
[INFO] [stderr]    Compiling syn v3.0.9
[INFO] [stderr]    Compiling atty v0.2.14
[INFO] [stderr]    Compiling walkdir v2.5.0
[INFO] [stderr]    Compiling remove_dir_all v0.5.3
[INFO] [stderr]    Compiling oorandom v11.1.5
[INFO] [stderr]    Compiling textwrap v0.11.0
[INFO] [stderr]    Compiling plotters-svg v0.3.7
[INFO] [stderr]    Compiling clap v2.34.0
[INFO] [stderr]    Compiling itertools v0.10.5
[INFO] [stderr]    Compiling tempdir v0.3.7
[INFO] [stderr]    Compiling rayon-core v1.13.0
[INFO] [stderr]    Compiling num-integer v0.1.47
[INFO] [stderr]    Compiling num-complex v0.4.6
[INFO] [stderr]    Compiling plotters v0.3.7
[INFO] [stderr]    Compiling approx v0.5.1
[INFO] [stderr]    Compiling num-bigint v0.4.8
[INFO] [stderr]    Compiling num-iter v0.1.46
[INFO] [stderr]    Compiling rayon v1.12.0
[INFO] [stderr]    Compiling criterion-plot v0.4.5
[INFO] [stderr]    Compiling serde_derive v1.0.229
[INFO] [stderr]    Compiling regex v1.13.1
[INFO] [stderr]    Compiling serde v1.0.229
[INFO] [stderr]    Compiling serde_json v1.0.154
[INFO] [stderr]    Compiling csv v1.4.0
[INFO] [stderr]    Compiling num-rational v0.4.2
[INFO] [stderr]    Compiling num v0.4.3
[INFO] [stderr]    Compiling vectora v0.8.1 (/opt/rustwide/workdir)
[INFO] [stderr]    Compiling serde_cbor v0.11.2
[INFO] [stderr]    Compiling tinytemplate v1.2.1
[INFO] [stderr]    Compiling criterion v0.3.6
[INFO] [stderr]     Finished `release` profile [optimized] target(s) in 51.52s
[INFO] running `Command { std: "docker" "inspect" "592975b9274aabf60f64fd4ee8c2e72671c335f3f3851b4d9c9c8b45163a4da5", kill_on_drop: false }`
[INFO] running `Command { std: "docker" "exec" "-e" "SOURCE_DIR=/opt/rustwide/workdir" "-e" "CARGO_HOME=/opt/rustwide/cargo-home" "-e" "RUSTUP_HOME=/opt/rustwide/rustup-home" "-e" "CARGO_TARGET_DIR=/opt/rustwide/target" "-e" "CARGO_INCREMENTAL=0" "-e" "RUST_BACKTRACE=full" "-e" "RUSTFLAGS=--cap-lints=warn" "-e" "RUSTDOCFLAGS=--cap-lints=warn" "-w" "/opt/rustwide/workdir" "--user" "0:0" "592975b9274aabf60f64fd4ee8c2e72671c335f3f3851b4d9c9c8b45163a4da5" "/opt/rustwide/cargo-home/bin/cargo" "+1.99.0-beta.8" "test" "--frozen" "--release", kill_on_drop: false }`
[INFO] [stderr]     Finished `release` profile [optimized] target(s) in 0.11s
[INFO] [stderr]      Running unittests src/lib.rs (/opt/rustwide/target/release/deps/vectora-ee07af22706730a7)
[INFO] [stdout] 
[INFO] [stdout] running 170 tests
[INFO] [stdout] test types::macros::tests::macro_try_vector_i32 ... ok
[INFO] [stdout] test types::macros::tests::macro_vector_complex_f64 ... ok
[INFO] [stdout] test types::macros::tests::macro_vector_i32 ... ok
[INFO] [stdout] test types::macros::tests::macro_vector_i64 ... ok
[INFO] [stdout] test types::macros::tests::macro_vector_isize ... ok
[INFO] [stdout] test types::macros::tests::macro_vector_u128 ... ok
[INFO] [stdout] test types::macros::tests::macro_vector_u16 ... ok
[INFO] [stdout] test types::macros::tests::macro_vector_f32 ... ok
[INFO] [stdout] test types::macros::tests::macro_vector_complex_i32 ... ok
[INFO] [stdout] test types::macros::tests::macro_try_vector_f64 ... ok
[INFO] [stdout] test types::macros::tests::macro_vector_u8 ... ok
[INFO] [stdout] test types::macros::tests::macro_vector_usize ... ok
[INFO] [stdout] test types::macros::tests::macro_try_vector_complex_f64 ... ok
[INFO] [stdout] test types::macros::tests::macro_vector_f64 ... ok
[INFO] [stdout] test types::macros::tests::macro_vector_u64 ... ok
[INFO] [stdout] test types::macros::tests::macro_vector_i8 ... ok
[INFO] [stdout] test types::macros::tests::macro_vector_u32 ... ok
[INFO] [stdout] test types::macros::tests::macro_try_vector_complex_i32 ... ok
[INFO] [stdout] test types::macros::tests::macro_vector_i128 ... ok
[INFO] [stdout] test types::macros::tests::macro_vector_i16 ... ok
[INFO] [stdout] test types::vector::tests::vector_instantiation_complex_f64 ... ok
[INFO] [stdout] test types::vector::tests::vector_instantiation_default_u32 ... ok
[INFO] [stdout] test types::vector::tests::vector_instantiation_new_f64 ... ok
[INFO] [stdout] test types::vector::tests::vector_instantiation_new_u128 ... ok
[INFO] [stdout] test types::vector::tests::vector_instantiation_new_i16 ... ok
[INFO] [stdout] test types::vector::tests::vector_instantiation_complex_f64_default ... ok
[INFO] [stdout] test types::vector::tests::vector_instantiation_new_f32 ... ok
[INFO] [stdout] test types::vector::tests::vector_instantiation_new_i128 ... ok
[INFO] [stdout] test types::vector::tests::vector_instantiation_complex_i32 ... ok
[INFO] [stdout] test types::vector::tests::vector_instantiation_new_i32 ... ok
[INFO] [stdout] test types::vector::tests::vector_instantiation_complex_i32_default ... ok
[INFO] [stdout] test types::vector::tests::vector_instantiation_new_i64 ... ok
[INFO] [stdout] test types::vector::tests::vector_instantiation_default_f64 ... ok
[INFO] [stdout] test types::vector::tests::vector_instantiation_new_i8 ... ok
[INFO] [stdout] test types::vector::tests::vector_instantiation_from_array ... ok
[INFO] [stdout] test types::vector::tests::vector_instantiation_new_isize ... ok
[INFO] [stdout] test types::vector::tests::vector_method_as_mut_array ... ok
[INFO] [stdout] test types::vector::tests::vector_instantiation_new_u16 ... ok
[INFO] [stdout] test types::vector::tests::vector_instantiation_new_usize ... ok
[INFO] [stdout] test types::vector::tests::vector_method_as_mut_slice ... ok
[INFO] [stdout] test types::vector::tests::vector_instantiation_new_u32 ... ok
[INFO] [stdout] test types::vector::tests::vector_method_as_array ... ok
[INFO] [stdout] test types::vector::tests::vector_method_as_slice ... ok
[INFO] [stdout] test types::vector::tests::vector_instantiation_new_u64 ... ok
[INFO] [stdout] test types::vector::tests::vector_method_dot ... ok
[INFO] [stdout] test types::vector::tests::vector_method_get_with_range ... ok
[INFO] [stdout] test types::vector::tests::vector_method_enumerate ... ok
[INFO] [stdout] test types::vector::tests::vector_method_get_mut_with_range_complex ... ok
[INFO] [stdout] test types::vector::tests::vector_method_get_mut_with_value ... ok
[INFO] [stdout] test types::vector::tests::vector_method_get_mut_with_value_complex ... ok
[INFO] [stdout] test types::vector::tests::vector_instantiation_new_u8 ... ok
[INFO] [stdout] test types::vector::tests::vector_method_get_mut_with_range ... ok
[INFO] [stdout] test types::vector::tests::vector_method_magnitude_float ... ok
[INFO] [stdout] test types::vector::tests::vector_method_magnitude_int ... ok
[INFO] [stdout] test types::vector::tests::vector_method_map_closure ... ok
[INFO] [stdout] test types::vector::tests::vector_method_max ... ok
[INFO] [stdout] test types::vector::tests::vector_method_mean_geo ... ok
[INFO] [stdout] test types::vector::tests::vector_method_mean_err ... ok
[INFO] [stdout] test types::vector::tests::vector_method_lerp_bounds_check_nan ... ok
[INFO] [stdout] test types::vector::tests::vector_method_lerp_bounds_checks ... ok
[INFO] [stdout] test types::vector::tests::vector_method_map_fn ... ok
[INFO] [stdout] test types::vector::tests::vector_method_max_fp ... ok
[INFO] [stdout] test types::vector::tests::vector_method_len_is_empty ... ok
[INFO] [stdout] test types::vector::tests::vector_method_get_with_range_complex ... ok
[INFO] [stdout] test types::vector::tests::vector_method_get_with_value_complex ... ok
[INFO] [stdout] test types::vector::tests::vector_method_get_with_value ... ok
[INFO] [stdout] test types::vector::tests::vector_method_lerp ... ok
[INFO] [stdout] test types::vector::tests::vector_method_mean ... ok
[INFO] [stdout] test types::vector::tests::vector_method_iter ... ok
[INFO] [stdout] test types::vector::tests::vector_method_mean_harmonic ... ok
[INFO] [stdout] test types::vector::tests::vector_method_midpoint ... ok
[INFO] [stdout] test types::vector::tests::vector_method_mean_geo_err ... ok
[INFO] [stdout] test types::vector::tests::vector_method_mean_harmonic_err ... ok
[INFO] [stdout] test types::vector::tests::vector_method_mut_add_panics_on_overflow - should panic ... FAILED
[INFO] [stdout] test types::vector::tests::vector_method_mut_map_closure ... ok
[INFO] [stdout] test types::vector::tests::vector_method_min ... ok
[INFO] [stdout] test types::vector::tests::vector_method_mut_map_fn ... ok
[INFO] [stdout] test types::vector::tests::vector_method_mut_add ... ok
[INFO] [stdout] test types::vector::tests::vector_method_median ... ok
[INFO] [stdout] test types::vector::tests::vector_method_stddev ... ok
[INFO] [stdout] test types::vector::tests::vector_method_mut_mul ... ok
[INFO] [stdout] test types::vector::tests::vector_method_to_type_numeric_casts ... ok
[INFO] [stdout] test types::vector::tests::vector_method_mut_mul_overflow_panic - should panic ... FAILED
[INFO] [stdout] test types::vector::tests::vector_method_to_array ... ok
[INFO] [stdout] test types::vector::tests::vector_method_normalize ... ok
[INFO] [stdout] test types::vector::tests::vector_method_variance_err_empty ... ok
[INFO] [stdout] test types::vector::tests::vector_method_product ... ok
[INFO] [stdout] test types::vector::tests::vector_method_stddev_err_empty ... ok
[INFO] [stdout] test types::vector::tests::vector_method_sum ... ok
[INFO] [stdout] test types::vector::tests::vector_method_to_vec ... ok
[INFO] [stdout] test types::vector::tests::vector_method_variance_impl ... ok
[INFO] [stdout] test types::vector::tests::vector_method_stddev_err_ddof_out_of_range_neg ... ok
[INFO] [stdout] test types::vector::tests::vector_method_mut_sub_panics_on_overflow - should panic ... FAILED
[INFO] [stdout] test types::vector::tests::vector_method_variance_err_ddof_out_of_range_neg ... ok
[INFO] [stdout] test types::vector::tests::vector_method_pretty ... ok
[INFO] [stdout] test types::vector::tests::vector_method_mut_sub ... ok
[INFO] [stdout] test types::vector::tests::vector_send_sync_concurrency_float ... ok
[INFO] [stdout] test types::vector::tests::vector_private_rel_eq_cmp_panic_nan_rhs - should panic ... ok
[INFO] [stdout] test types::vector::tests::vector_method_min_fp ... ok
[INFO] [stdout] test types::vector::tests::vector_private_rel_eq_cmp ... ok
[INFO] [stdout] test types::vector::tests::vector_private_rel_eq_cmp_panic_nan_lhs - should panic ... ok
[INFO] [stdout] test types::vector::tests::vector_multi_overloaded_operator_precedence ... ok
[INFO] [stdout] test types::vector::tests::vector_send_sync_concurrency_complex_float ... ok
[INFO] [stdout] test types::vector::tests::vector_to_num_cast_safety ... ok
[INFO] [stdout] test types::vector::tests::vector_trait_borrow ... ok
[INFO] [stdout] test types::vector::tests::vector_trait_borrow_mut ... ok
[INFO] [stdout] test types::vector::tests::vector_trait_add ... ok
[INFO] [stdout] test types::vector::tests::vector_trait_as_mut ... ok
[INFO] [stdout] test types::vector::tests::vector_to_num_cast ... ok
[INFO] [stdout] test types::vector::tests::vector_trait_as_ref ... ok
[INFO] [stdout] test types::vector::tests::vector_to_num_cast_complex ... ok
[INFO] [stdout] test types::vector::tests::vector_trait_absdiffeq_complex_f64 ... ok
[INFO] [stdout] test types::vector::tests::vector_trait_deref ... ok
[INFO] [stdout] test types::vector::tests::vector_trait_deref_mut ... ok
[INFO] [stdout] test types::vector::tests::vector_trait_from_into_complex_uint_to_complex_uint ... ok
[INFO] [stdout] test types::vector::tests::vector_trait_from_into_float_to_float ... ok
[INFO] [stdout] test types::vector::tests::vector_trait_from_into_iint_to_float ... ok
[INFO] [stdout] test types::vector::tests::vector_trait_add_panics_on_overflow - should panic ... FAILED
[INFO] [stdout] test types::vector::tests::vector_trait_absdiffeq_f64 ... ok
[INFO] [stdout] test types::vector::tests::vector_trait_any ... ok
[INFO] [stdout] test types::vector::tests::vector_trait_from_into_iint_to_iint ... ok
[INFO] [stdout] test types::vector::tests::vector_trait_from_into_array_to_vector ... ok
[INFO] [stdout] test types::vector::tests::vector_trait_from_into_uint_to_float ... ok
[INFO] [stdout] test types::vector::tests::vector_send_sync_concurrency_int ... ok
[INFO] [stdout] test types::vector::tests::vector_trait_index_access ... ok
[INFO] [stdout] test types::vector::tests::vector_trait_index_access_out_of_bounds - should panic ... ok
[INFO] [stdout] test types::vector::tests::vector_trait_display ... ok
[INFO] [stdout] test types::vector::tests::vector_trait_from_into_complex_uint_to_complex_float ... ok
[INFO] [stdout] test types::vector::tests::vector_trait_index_assignment ... ok
[INFO] [stdout] test types::vector::tests::vector_trait_from_into_complex_float_to_complex_float ... ok
[INFO] [stdout] test types::vector::tests::vector_trait_from_into_complex_iint_to_complex_float ... ok
[INFO] [stdout] test types::vector::tests::vector_trait_from_into_complex_iint_to_complex_iint ... ok
[INFO] [stdout] test types::vector::tests::vector_trait_from_into_slice_err ... ok
[INFO] [stdout] test types::vector::tests::vector_trait_from_into_complex_uint_to_complex_iint ... ok
[INFO] [stdout] test types::vector::tests::vector_trait_from_into_vec_to_vector ... ok
[INFO] [stdout] test types::vector::tests::vector_trait_fromiterator_collect ... ok
[INFO] [stdout] test types::vector::tests::vector_trait_partial_eq_complex_f64 ... ok
[INFO] [stdout] test types::vector::tests::vector_trait_from_into_uint_to_uint ... ok
[INFO] [stdout] test types::vector::tests::vector_trait_index_slice_access_out_of_bounds - should panic ... ok
[INFO] [stdout] test types::vector::tests::vector_trait_intoiterator_owned ... ok
[INFO] [stdout] test types::vector::tests::vector_trait_index_slicing ... ok
[INFO] [stdout] test types::vector::tests::vector_trait_from_into_uint_to_iint ... ok
[INFO] [stdout] test types::vector::tests::vector_trait_partial_eq_complex_i32 ... ok
[INFO] [stdout] test types::vector::tests::vector_trait_partial_eq_i32 ... ok
[INFO] [stdout] test types::vector::tests::vector_trait_partial_eq_i8 ... ok
[INFO] [stdout] test types::vector::tests::vector_trait_partial_eq_i64 ... ok
[INFO] [stdout] test types::vector::tests::vector_trait_partial_eq_u128 ... ok
[INFO] [stdout] test types::vector::tests::vector_trait_partial_eq_f32 ... ok
[INFO] [stdout] test types::vector::tests::vector_trait_partial_eq_u16 ... ok
[INFO] [stdout] test types::vector::tests::vector_trait_partial_eq_f64 ... ok
[INFO] [stdout] test types::vector::tests::vector_trait_partial_eq_i128 ... ok
[INFO] [stdout] test types::vector::tests::vector_trait_partial_eq_i16 ... ok
[INFO] [stdout] test types::vector::tests::vector_trait_partial_eq_isize ... ok
[INFO] [stdout] test types::vector::tests::vector_trait_relativeeq_complex_f64 ... ok
[INFO] [stdout] test types::vector::tests::vector_trait_sub_panics_on_overflow - should panic ... FAILED
[INFO] [stdout] test types::vector::tests::vector_trait_ulpseq_complex_f64 ... ok
[INFO] [stdout] test types::vector::tests::vector_trait_relativeeq_f64 ... ok
[INFO] [stdout] test types::vector::tests::vector_trait_sub ... ok
[INFO] [stdout] test types::vector::tests::vector_trait_partial_eq_u64 ... ok
[INFO] [stdout] test types::vector::tests::vector_trait_mul ... ok
[INFO] [stdout] test types::vector::tests::vector_trait_partial_eq_usize ... ok
[INFO] [stdout] test types::vector::tests::vector_trait_ulpseq_f64 ... ok
[INFO] [stdout] test types::vector::tests::vector_trait_mul_overflow_panic - should panic ... FAILED
[INFO] [stdout] test types::vector::tests::vector_trait_partial_eq_u32 ... ok
[INFO] [stdout] test types::vector::tests::vector_trait_neg_unary ... ok
[INFO] [stdout] test types::vector::tests::vector_trait_intoiterator_ref ... ok
[INFO] [stdout] test types::vector::tests::vector_trait_intoiterator_mut_ref ... ok
[INFO] [stdout] test types::vector::tests::vector_method_variance_err_ddof_out_of_range_greater_vector_size ... ok
[INFO] [stdout] test types::vector::tests::vector_method_stddev_err_ddof_out_of_range_greater_vector_size ... ok
[INFO] [stdout] test types::vector::tests::vector_trait_partial_eq_u8 ... ok
[INFO] [stdout] 
[INFO] [stdout] failures:
[INFO] [stdout] 
[INFO] [stdout] ---- types::vector::tests::vector_method_mut_add_panics_on_overflow stdout ----
[INFO] [stdout] note: test did not panic as expected at src/types/vector.rs:7307:8
[INFO] [stdout] ---- types::vector::tests::vector_method_mut_mul_overflow_panic stdout ----
[INFO] [stdout] note: test did not panic as expected at src/types/vector.rs:7577:8
[INFO] [stdout] ---- types::vector::tests::vector_method_mut_sub_panics_on_overflow stdout ----
[INFO] [stdout] note: test did not panic as expected at src/types/vector.rs:7456:8
[INFO] [stdout] ---- types::vector::tests::vector_trait_add_panics_on_overflow stdout ----
[INFO] [stdout] note: test did not panic as expected at src/types/vector.rs:7299:8
[INFO] [stdout] ---- types::vector::tests::vector_trait_sub_panics_on_overflow stdout ----
[INFO] [stdout] note: test did not panic as expected at src/types/vector.rs:7448:8
[INFO] [stdout] ---- types::vector::tests::vector_trait_mul_overflow_panic stdout ----
[INFO] [stdout] note: test did not panic as expected at src/types/vector.rs:7570:8
[INFO] [stdout] 
[INFO] [stdout] failures:
[INFO] [stdout]     types::vector::tests::vector_method_mut_add_panics_on_overflow
[INFO] [stdout]     types::vector::tests::vector_method_mut_mul_overflow_panic
[INFO] [stdout]     types::vector::tests::vector_method_mut_sub_panics_on_overflow
[INFO] [stdout]     types::vector::tests::vector_trait_add_panics_on_overflow
[INFO] [stdout]     types::vector::tests::vector_trait_mul_overflow_panic
[INFO] [stdout]     types::vector::tests::vector_trait_sub_panics_on_overflow
[INFO] [stdout] 
[INFO] [stdout] test result: FAILED. 164 passed; 6 failed; 0 ignored; 0 measured; 0 filtered out; finished in 0.29s
[INFO] [stdout] 
[INFO] [stderr] error: test failed, to rerun pass `--lib`
[INFO] running `Command { std: "docker" "inspect" "592975b9274aabf60f64fd4ee8c2e72671c335f3f3851b4d9c9c8b45163a4da5", kill_on_drop: false }`
[INFO] running `Command { std: "docker" "rm" "-f" "592975b9274aabf60f64fd4ee8c2e72671c335f3f3851b4d9c9c8b45163a4da5", kill_on_drop: false }`
[INFO] [stdout] 592975b9274aabf60f64fd4ee8c2e72671c335f3f3851b4d9c9c8b45163a4da5
