[INFO] fetching crate vector_xlite 1.4.0...
[INFO] testing vector_xlite-1.4.0 against 1.100.0-beta.1+cargoflags=--release for beta-release-1.100-2
[INFO] extracting crate vector_xlite 1.4.0 into /workspace/builds/worker-6-tc2/source
[INFO] started tweaking crates.io crate vector_xlite 1.4.0
[INFO] finished tweaking crates.io crate vector_xlite 1.4.0
[INFO] tweaked toml for crates.io crate vector_xlite 1.4.0 written to /workspace/builds/worker-6-tc2/source/Cargo.toml
[INFO] validating manifest of crates.io crate vector_xlite 1.4.0 on toolchain 1.100.0-beta.1
[INFO] running `Command { std: CARGO_HOME="/workspace/cargo-home" RUSTUP_HOME="/workspace/rustup-home" "/workspace/cargo-home/bin/cargo" "+1.100.0-beta.1" "metadata" "--manifest-path" "Cargo.toml" "--no-deps", kill_on_drop: false }`
[INFO] crate crates.io crate vector_xlite 1.4.0 already has a lockfile, it will not be regenerated
[INFO] running `Command { std: CARGO_HOME="/workspace/cargo-home" RUSTUP_HOME="/workspace/rustup-home" "/workspace/cargo-home/bin/cargo" "+1.100.0-beta.1" "fetch" "--manifest-path" "Cargo.toml", kill_on_drop: false }`
[INFO] [stderr] warning: `package.homepage` is redundant with `package.repository`
[INFO] [stderr]   --> Cargo.toml:33:12
[INFO] [stderr]    |
[INFO] [stderr] 33 | homepage = "https://github.com/uttom-akash/vector-xlite"
[INFO] [stderr]    |            ^^^^^^^^^^^^^^^^^^^^^^^^^^^^^^^^^^^^^^^^^^^^^
[INFO] [stderr] ...
[INFO] [stderr] 38 | repository = "https://github.com/uttom-akash/vector-xlite"
[INFO] [stderr]    |              ---------------------------------------------
[INFO] [stderr]    |
[INFO] [stderr]    = note: `cargo::redundant_homepage` is set to `warn` by default
[INFO] [stderr] help: consider removing `package.homepage`
[INFO] [stderr] warning: `vector_xlite` (manifest) generated 1 warning
[INFO] running `Command { std: "docker" "create" "-v" "/var/lib/crater-agent-workspace/builds/worker-6-tc2/source:/opt/rustwide/workdir:ro,Z" "-v" "/var/lib/crater-agent-workspace/builds/worker-6-tc2/target:/opt/rustwide/target:rw,Z" "-v" "/var/lib/crater-agent-workspace/cargo-home:/opt/rustwide/cargo-home:ro,Z" "-v" "/var/lib/crater-agent-workspace/rustup-home:/opt/rustwide/rustup-home:ro,Z" "-m" "1610612736" "--network" "none" "ghcr.io/rust-lang/crates-build-env/linux@sha256:77db811e55d90add9212f6832c23229e3de5f1c1f9905e8cb07319ea15df73ac" "sleep" "infinity", kill_on_drop: false }`
[INFO] [stdout] 966d4ae2a579fa628bbe88f4bf870a47bed597860738ab3b948f2d6afe09a88b
[INFO] running `Command { std: "docker" "start" "966d4ae2a579fa628bbe88f4bf870a47bed597860738ab3b948f2d6afe09a88b", kill_on_drop: false }`
[INFO] running `Command { std: "docker" "inspect" "966d4ae2a579fa628bbe88f4bf870a47bed597860738ab3b948f2d6afe09a88b", kill_on_drop: false }`
[INFO] running `Command { std: "docker" "exec" "-e" "SOURCE_DIR=/opt/rustwide/workdir" "-e" "CARGO_HOME=/opt/rustwide/cargo-home" "-e" "RUSTUP_HOME=/opt/rustwide/rustup-home" "-e" "CARGO_TARGET_DIR=/opt/rustwide/target" "-w" "/opt/rustwide/workdir" "--user" "0:0" "966d4ae2a579fa628bbe88f4bf870a47bed597860738ab3b948f2d6afe09a88b" "/opt/rustwide/cargo-home/bin/cargo" "+1.100.0-beta.1" "metadata" "--no-deps" "--format-version=1", kill_on_drop: false }`
[INFO] running `Command { std: "docker" "inspect" "966d4ae2a579fa628bbe88f4bf870a47bed597860738ab3b948f2d6afe09a88b", kill_on_drop: false }`
[INFO] running `Command { std: "docker" "exec" "-e" "SOURCE_DIR=/opt/rustwide/workdir" "-e" "CARGO_HOME=/opt/rustwide/cargo-home" "-e" "RUSTUP_HOME=/opt/rustwide/rustup-home" "-e" "CARGO_TARGET_DIR=/opt/rustwide/target" "-e" "CARGO_INCREMENTAL=0" "-e" "RUST_BACKTRACE=full" "-e" "RUSTFLAGS=--cap-lints=warn" "-e" "RUSTDOCFLAGS=--cap-lints=warn" "-w" "/opt/rustwide/workdir" "--user" "0:0" "966d4ae2a579fa628bbe88f4bf870a47bed597860738ab3b948f2d6afe09a88b" "/opt/rustwide/cargo-home/bin/cargo" "+1.100.0-beta.1" "build" "--frozen" "--message-format=json" "--release", kill_on_drop: false }`
[INFO] [stderr] warning: `package.homepage` is redundant with `package.repository`
[INFO] [stderr]   --> Cargo.toml:33:12
[INFO] [stderr]    |
[INFO] [stderr] 33 | homepage = "https://github.com/uttom-akash/vector-xlite"
[INFO] [stderr]    |            ^^^^^^^^^^^^^^^^^^^^^^^^^^^^^^^^^^^^^^^^^^^^^
[INFO] [stderr] ...
[INFO] [stderr] 38 | repository = "https://github.com/uttom-akash/vector-xlite"
[INFO] [stderr]    |              ---------------------------------------------
[INFO] [stderr]    |
[INFO] [stderr]    = note: `cargo::redundant_homepage` is set to `warn` by default
[INFO] [stderr] help: consider removing `package.homepage`
[INFO] [stderr] warning: `vector_xlite` (manifest) generated 1 warning
[INFO] [stderr]    Compiling regex-syntax v0.8.8
[INFO] [stderr]    Compiling fallible-streaming-iterator v0.1.9
[INFO] [stderr]    Compiling libsqlite3-sys v0.35.0
[INFO] [stderr]    Compiling hashbrown v0.15.5
[INFO] [stderr]    Compiling aho-corasick v1.1.4
[INFO] [stderr]    Compiling parking_lot_core v0.9.12
[INFO] [stderr]    Compiling rand_core v0.9.3
[INFO] [stderr]    Compiling rand_chacha v0.9.0
[INFO] [stderr]    Compiling parking_lot v0.12.5
[INFO] [stderr]    Compiling rand v0.9.2
[INFO] [stderr]    Compiling scheduled-thread-pool v0.2.7
[INFO] [stderr]    Compiling r2d2 v0.8.10
[INFO] [stderr]    Compiling hashlink v0.10.0
[INFO] [stderr]    Compiling uuid v1.19.0
[INFO] [stderr]    Compiling rusqlite v0.37.0
[INFO] [stderr]    Compiling regex-automata v0.4.13
[INFO] [stderr]    Compiling r2d2_sqlite v0.31.0
[INFO] [stderr]    Compiling regex v1.12.2
[INFO] [stderr]    Compiling vector_xlite v1.4.0 (/opt/rustwide/workdir)
[INFO] [stdout] warning: unused import: `DropBehavior`
[INFO] [stdout]  --> src/executor/sqlite_query_executor.rs:4:16
[INFO] [stdout]   |
[INFO] [stdout] 4 | use rusqlite::{DropBehavior, Result};
[INFO] [stdout]   |                ^^^^^^^^^^^^
[INFO] [stdout]   |
[INFO] [stdout]   = note: `#[warn(unused_imports)]` (part of `#[warn(unused)]`) on by default
[INFO] [stdout] 
[INFO] [stdout] 
[INFO] [stdout] warning: glob import doesn't reexport anything with visibility `pub` because no imported item is public enough
[INFO] [stdout]  --> src/constant/mod.rs:3:9
[INFO] [stdout]   |
[INFO] [stdout] 3 | pub use constant::*;
[INFO] [stdout]   |         ^^^^^^^^^^^
[INFO] [stdout]   |
[INFO] [stdout] note: the most public imported item is `pub(crate)`
[INFO] [stdout]  --> src/constant/mod.rs:3:9
[INFO] [stdout]   |
[INFO] [stdout] 3 | pub use constant::*;
[INFO] [stdout]   |         ^^^^^^^^^^^
[INFO] [stdout]   = help: reduce the glob import's visibility or increase visibility of imported items
[INFO] [stdout] 
[INFO] [stdout] 
[INFO] [stdout] warning: static `RE_COLLECTION_NAME` is never used
[INFO] [stdout]   --> src/helper/sql_helper.rs:16:8
[INFO] [stdout]    |
[INFO] [stdout] 16 | static RE_COLLECTION_NAME: Lazy<Regex> =
[INFO] [stdout]    |        ^^^^^^^^^^^^^^^^^^
[INFO] [stdout]    |
[INFO] [stdout]    = note: `#[warn(dead_code)]` (part of `#[warn(unused)]`) on by default
[INFO] [stdout] 
[INFO] [stdout] 
[INFO] [stdout] warning: function `parse_collection_name` is never used
[INFO] [stdout]   --> src/helper/sql_helper.rs:82:8
[INFO] [stdout]    |
[INFO] [stdout] 82 | pub fn parse_collection_name(sql_opt: Option<&String>) -> Option<String> {
[INFO] [stdout]    |        ^^^^^^^^^^^^^^^^^^^^^
[INFO] [stdout] 
[INFO] [stdout] 
[INFO] [stdout] warning: constant `WIN_VECTOR_EXTENSION_PATH` is never used
[INFO] [stdout]  --> src/constant/constant.rs:2:18
[INFO] [stdout]   |
[INFO] [stdout] 2 | pub(crate) const WIN_VECTOR_EXTENSION_PATH: &str = "vector_extension/vector_extension.dll";
[INFO] [stdout]   |                  ^^^^^^^^^^^^^^^^^^^^^^^^^
[INFO] [stdout] 
[INFO] [stdout] 
[INFO] [stdout] warning: constant `MAC_VECTOR_EXTENSION_PATH` is never used
[INFO] [stdout]  --> src/constant/constant.rs:3:18
[INFO] [stdout]   |
[INFO] [stdout] 3 | pub(crate) const MAC_VECTOR_EXTENSION_PATH: &str = "vector_extension/vector_extension.dylib";
[INFO] [stdout]   |                  ^^^^^^^^^^^^^^^^^^^^^^^^^
[INFO] [stdout] 
[INFO] [stdout] 
[INFO] [stdout] warning: constant `LINUX_VECTOR_EXTENSION_PATH` is never used
[INFO] [stdout]  --> src/constant/constant.rs:4:18
[INFO] [stdout]   |
[INFO] [stdout] 4 | pub(crate) const LINUX_VECTOR_EXTENSION_PATH: &str = "vector_extension/vector_extension.so";
[INFO] [stdout]   |                  ^^^^^^^^^^^^^^^^^^^^^^^^^^^
[INFO] [stdout] 
[INFO] [stdout] 
[INFO] [stdout] warning: constant `CARGO_MANIFEST_DIR_ENV` is never used
[INFO] [stdout]  --> src/constant/constant.rs:5:18
[INFO] [stdout]   |
[INFO] [stdout] 5 | pub(crate) const CARGO_MANIFEST_DIR_ENV: &str = "CARGO_MANIFEST_DIR";
[INFO] [stdout]   |                  ^^^^^^^^^^^^^^^^^^^^^^
[INFO] [stdout] 
[INFO] [stdout] 
[INFO] [stdout] warning: field `path` is never read
[INFO] [stdout]    --> src/snapshot/importer.rs:273:5
[INFO] [stdout]     |
[INFO] [stdout] 271 | struct FileWriter {
[INFO] [stdout]     |        ---------- field in this struct
[INFO] [stdout] 272 |     file: File,
[INFO] [stdout] 273 |     path: PathBuf,
[INFO] [stdout]     |     ^^^^
[INFO] [stdout] 
[INFO] [stdout] 
[INFO] [stdout] warning: function `backup_to_memory` is never used
[INFO] [stdout]    --> src/snapshot/sqlite_backup.rs:111:8
[INFO] [stdout]     |
[INFO] [stdout] 111 | pub fn backup_to_memory(pool: &Pool<SqliteConnectionManager>) -> Result<Vec<u8>, VecXError> {
[INFO] [stdout]     |        ^^^^^^^^^^^^^^^^
[INFO] [stdout] 
[INFO] [stdout] 
[INFO] [stdout] warning: function `restore_from_memory` is never used
[INFO] [stdout]    --> src/snapshot/sqlite_backup.rs:170:8
[INFO] [stdout]     |
[INFO] [stdout] 170 | pub fn restore_from_memory(
[INFO] [stdout]     |        ^^^^^^^^^^^^^^^^^^^
[INFO] [stdout] 
[INFO] [stdout] 
[INFO] [stderr]     Finished `release` profile [optimized] target(s) in 24.42s
[INFO] running `Command { std: "docker" "inspect" "966d4ae2a579fa628bbe88f4bf870a47bed597860738ab3b948f2d6afe09a88b", kill_on_drop: false }`
[INFO] running `Command { std: "docker" "exec" "-e" "SOURCE_DIR=/opt/rustwide/workdir" "-e" "CARGO_HOME=/opt/rustwide/cargo-home" "-e" "RUSTUP_HOME=/opt/rustwide/rustup-home" "-e" "CARGO_TARGET_DIR=/opt/rustwide/target" "-e" "CARGO_INCREMENTAL=0" "-e" "RUST_BACKTRACE=full" "-e" "RUSTFLAGS=--cap-lints=warn" "-e" "RUSTDOCFLAGS=--cap-lints=warn" "-w" "/opt/rustwide/workdir" "--user" "0:0" "966d4ae2a579fa628bbe88f4bf870a47bed597860738ab3b948f2d6afe09a88b" "/opt/rustwide/cargo-home/bin/cargo" "+1.100.0-beta.1" "test" "--frozen" "--no-run" "--message-format=json" "--release", kill_on_drop: false }`
[INFO] [stderr] warning: `package.homepage` is redundant with `package.repository`
[INFO] [stderr]   --> Cargo.toml:33:12
[INFO] [stderr]    |
[INFO] [stderr] 33 | homepage = "https://github.com/uttom-akash/vector-xlite"
[INFO] [stderr]    |            ^^^^^^^^^^^^^^^^^^^^^^^^^^^^^^^^^^^^^^^^^^^^^
[INFO] [stderr] ...
[INFO] [stderr] 38 | repository = "https://github.com/uttom-akash/vector-xlite"
[INFO] [stderr]    |              ---------------------------------------------
[INFO] [stderr]    |
[INFO] [stderr]    = note: `cargo::redundant_homepage` is set to `warn` by default
[INFO] [stderr] help: consider removing `package.homepage`
[INFO] [stderr] warning: `vector_xlite` (manifest) generated 1 warning
[INFO] [stderr]    Compiling vector_xlite v1.4.0 (/opt/rustwide/workdir)
[INFO] [stdout] warning: unused import: `DropBehavior`
[INFO] [stdout]  --> src/executor/sqlite_query_executor.rs:4:16
[INFO] [stdout]   |
[INFO] [stdout] 4 | use rusqlite::{DropBehavior, Result};
[INFO] [stdout]   |                ^^^^^^^^^^^^
[INFO] [stdout]   |
[INFO] [stdout]   = note: `#[warn(unused_imports)]` (part of `#[warn(unused)]`) on by default
[INFO] [stdout] 
[INFO] [stdout] 
[INFO] [stdout] warning: glob import doesn't reexport anything with visibility `pub` because no imported item is public enough
[INFO] [stdout]  --> src/constant/mod.rs:3:9
[INFO] [stdout]   |
[INFO] [stdout] 3 | pub use constant::*;
[INFO] [stdout]   |         ^^^^^^^^^^^
[INFO] [stdout]   |
[INFO] [stdout] note: the most public imported item is `pub(crate)`
[INFO] [stdout]  --> src/constant/mod.rs:3:9
[INFO] [stdout]   |
[INFO] [stdout] 3 | pub use constant::*;
[INFO] [stdout]   |         ^^^^^^^^^^^
[INFO] [stdout]   = help: reduce the glob import's visibility or increase visibility of imported items
[INFO] [stdout] 
[INFO] [stdout] 
[INFO] [stdout] warning: static `RE_COLLECTION_NAME` is never used
[INFO] [stdout]   --> src/helper/sql_helper.rs:16:8
[INFO] [stdout]    |
[INFO] [stdout] 16 | static RE_COLLECTION_NAME: Lazy<Regex> =
[INFO] [stdout]    |        ^^^^^^^^^^^^^^^^^^
[INFO] [stdout]    |
[INFO] [stdout]    = note: `#[warn(dead_code)]` (part of `#[warn(unused)]`) on by default
[INFO] [stdout] 
[INFO] [stdout] 
[INFO] [stdout] warning: function `parse_collection_name` is never used
[INFO] [stdout]   --> src/helper/sql_helper.rs:82:8
[INFO] [stdout]    |
[INFO] [stdout] 82 | pub fn parse_collection_name(sql_opt: Option<&String>) -> Option<String> {
[INFO] [stdout]    |        ^^^^^^^^^^^^^^^^^^^^^
[INFO] [stdout] 
[INFO] [stdout] 
[INFO] [stdout] warning: constant `WIN_VECTOR_EXTENSION_PATH` is never used
[INFO] [stdout]  --> src/constant/constant.rs:2:18
[INFO] [stdout]   |
[INFO] [stdout] 2 | pub(crate) const WIN_VECTOR_EXTENSION_PATH: &str = "vector_extension/vector_extension.dll";
[INFO] [stdout]   |                  ^^^^^^^^^^^^^^^^^^^^^^^^^
[INFO] [stdout] 
[INFO] [stdout] 
[INFO] [stdout] warning: constant `MAC_VECTOR_EXTENSION_PATH` is never used
[INFO] [stdout]  --> src/constant/constant.rs:3:18
[INFO] [stdout]   |
[INFO] [stdout] 3 | pub(crate) const MAC_VECTOR_EXTENSION_PATH: &str = "vector_extension/vector_extension.dylib";
[INFO] [stdout]   |                  ^^^^^^^^^^^^^^^^^^^^^^^^^
[INFO] [stdout] 
[INFO] [stdout] 
[INFO] [stdout] warning: constant `LINUX_VECTOR_EXTENSION_PATH` is never used
[INFO] [stdout]  --> src/constant/constant.rs:4:18
[INFO] [stdout]   |
[INFO] [stdout] 4 | pub(crate) const LINUX_VECTOR_EXTENSION_PATH: &str = "vector_extension/vector_extension.so";
[INFO] [stdout]   |                  ^^^^^^^^^^^^^^^^^^^^^^^^^^^
[INFO] [stdout] 
[INFO] [stdout] 
[INFO] [stdout] warning: constant `CARGO_MANIFEST_DIR_ENV` is never used
[INFO] [stdout]  --> src/constant/constant.rs:5:18
[INFO] [stdout]   |
[INFO] [stdout] 5 | pub(crate) const CARGO_MANIFEST_DIR_ENV: &str = "CARGO_MANIFEST_DIR";
[INFO] [stdout]   |                  ^^^^^^^^^^^^^^^^^^^^^^
[INFO] [stdout] 
[INFO] [stdout] 
[INFO] [stdout] warning: field `path` is never read
[INFO] [stdout]    --> src/snapshot/importer.rs:273:5
[INFO] [stdout]     |
[INFO] [stdout] 271 | struct FileWriter {
[INFO] [stdout]     |        ---------- field in this struct
[INFO] [stdout] 272 |     file: File,
[INFO] [stdout] 273 |     path: PathBuf,
[INFO] [stdout]     |     ^^^^
[INFO] [stdout] 
[INFO] [stdout] 
[INFO] [stdout] warning: function `backup_to_memory` is never used
[INFO] [stdout]    --> src/snapshot/sqlite_backup.rs:111:8
[INFO] [stdout]     |
[INFO] [stdout] 111 | pub fn backup_to_memory(pool: &Pool<SqliteConnectionManager>) -> Result<Vec<u8>, VecXError> {
[INFO] [stdout]     |        ^^^^^^^^^^^^^^^^
[INFO] [stdout] 
[INFO] [stdout] 
[INFO] [stdout] warning: function `restore_from_memory` is never used
[INFO] [stdout]    --> src/snapshot/sqlite_backup.rs:170:8
[INFO] [stdout]     |
[INFO] [stdout] 170 | pub fn restore_from_memory(
[INFO] [stdout]     |        ^^^^^^^^^^^^^^^^^^^
[INFO] [stdout] 
[INFO] [stdout] 
[INFO] [stdout] warning: unused import: `DropBehavior`
[INFO] [stdout]  --> src/executor/sqlite_query_executor.rs:4:16
[INFO] [stdout]   |
[INFO] [stdout] 4 | use rusqlite::{DropBehavior, Result};
[INFO] [stdout]   |                ^^^^^^^^^^^^
[INFO] [stdout]   |
[INFO] [stdout]   = note: `#[warn(unused_imports)]` (part of `#[warn(unused)]`) on by default
[INFO] [stdout] 
[INFO] [stdout] 
[INFO] [stdout] warning: glob import doesn't reexport anything with visibility `pub` because no imported item is public enough
[INFO] [stdout]  --> src/constant/mod.rs:3:9
[INFO] [stdout]   |
[INFO] [stdout] 3 | pub use constant::*;
[INFO] [stdout]   |         ^^^^^^^^^^^
[INFO] [stdout]   |
[INFO] [stdout] note: the most public imported item is `pub(crate)`
[INFO] [stdout]  --> src/constant/mod.rs:3:9
[INFO] [stdout]   |
[INFO] [stdout] 3 | pub use constant::*;
[INFO] [stdout]   |         ^^^^^^^^^^^
[INFO] [stdout]   = help: reduce the glob import's visibility or increase visibility of imported items
[INFO] [stdout] 
[INFO] [stdout] 
[INFO] [stdout] warning: static `RE_COLLECTION_NAME` is never used
[INFO] [stdout]   --> src/helper/sql_helper.rs:16:8
[INFO] [stdout]    |
[INFO] [stdout] 16 | static RE_COLLECTION_NAME: Lazy<Regex> =
[INFO] [stdout]    |        ^^^^^^^^^^^^^^^^^^
[INFO] [stdout]    |
[INFO] [stdout]    = note: `#[warn(dead_code)]` (part of `#[warn(unused)]`) on by default
[INFO] [stdout] 
[INFO] [stdout] 
[INFO] [stdout] warning: function `parse_collection_name` is never used
[INFO] [stdout]   --> src/helper/sql_helper.rs:82:8
[INFO] [stdout]    |
[INFO] [stdout] 82 | pub fn parse_collection_name(sql_opt: Option<&String>) -> Option<String> {
[INFO] [stdout]    |        ^^^^^^^^^^^^^^^^^^^^^
[INFO] [stdout] 
[INFO] [stdout] 
[INFO] [stdout] warning: constant `WIN_VECTOR_EXTENSION_PATH` is never used
[INFO] [stdout]  --> src/constant/constant.rs:2:18
[INFO] [stdout]   |
[INFO] [stdout] 2 | pub(crate) const WIN_VECTOR_EXTENSION_PATH: &str = "vector_extension/vector_extension.dll";
[INFO] [stdout]   |                  ^^^^^^^^^^^^^^^^^^^^^^^^^
[INFO] [stdout] 
[INFO] [stdout] 
[INFO] [stdout] warning: constant `MAC_VECTOR_EXTENSION_PATH` is never used
[INFO] [stdout]  --> src/constant/constant.rs:3:18
[INFO] [stdout]   |
[INFO] [stdout] 3 | pub(crate) const MAC_VECTOR_EXTENSION_PATH: &str = "vector_extension/vector_extension.dylib";
[INFO] [stdout]   |                  ^^^^^^^^^^^^^^^^^^^^^^^^^
[INFO] [stdout] 
[INFO] [stdout] 
[INFO] [stdout] warning: constant `LINUX_VECTOR_EXTENSION_PATH` is never used
[INFO] [stdout]  --> src/constant/constant.rs:4:18
[INFO] [stdout]   |
[INFO] [stdout] 4 | pub(crate) const LINUX_VECTOR_EXTENSION_PATH: &str = "vector_extension/vector_extension.so";
[INFO] [stdout]   |                  ^^^^^^^^^^^^^^^^^^^^^^^^^^^
[INFO] [stdout] 
[INFO] [stdout] 
[INFO] [stdout] warning: constant `CARGO_MANIFEST_DIR_ENV` is never used
[INFO] [stdout]  --> src/constant/constant.rs:5:18
[INFO] [stdout]   |
[INFO] [stdout] 5 | pub(crate) const CARGO_MANIFEST_DIR_ENV: &str = "CARGO_MANIFEST_DIR";
[INFO] [stdout]   |                  ^^^^^^^^^^^^^^^^^^^^^^
[INFO] [stdout] 
[INFO] [stdout] 
[INFO] [stdout] warning: field `path` is never read
[INFO] [stdout]    --> src/snapshot/importer.rs:273:5
[INFO] [stdout]     |
[INFO] [stdout] 271 | struct FileWriter {
[INFO] [stdout]     |        ---------- field in this struct
[INFO] [stdout] 272 |     file: File,
[INFO] [stdout] 273 |     path: PathBuf,
[INFO] [stdout]     |     ^^^^
[INFO] [stdout] 
[INFO] [stdout] 
[INFO] [stdout] warning: function `backup_to_memory` is never used
[INFO] [stdout]    --> src/snapshot/sqlite_backup.rs:111:8
[INFO] [stdout]     |
[INFO] [stdout] 111 | pub fn backup_to_memory(pool: &Pool<SqliteConnectionManager>) -> Result<Vec<u8>, VecXError> {
[INFO] [stdout]     |        ^^^^^^^^^^^^^^^^
[INFO] [stdout] 
[INFO] [stdout] 
[INFO] [stdout] warning: function `restore_from_memory` is never used
[INFO] [stdout]    --> src/snapshot/sqlite_backup.rs:170:8
[INFO] [stdout]     |
[INFO] [stdout] 170 | pub fn restore_from_memory(
[INFO] [stdout]     |        ^^^^^^^^^^^^^^^^^^^
[INFO] [stdout] 
[INFO] [stdout] 
[INFO] [stderr]     Finished `release` profile [optimized] target(s) in 1.08s
[INFO] running `Command { std: "docker" "inspect" "966d4ae2a579fa628bbe88f4bf870a47bed597860738ab3b948f2d6afe09a88b", kill_on_drop: false }`
[INFO] running `Command { std: "docker" "exec" "-e" "SOURCE_DIR=/opt/rustwide/workdir" "-e" "CARGO_HOME=/opt/rustwide/cargo-home" "-e" "RUSTUP_HOME=/opt/rustwide/rustup-home" "-e" "CARGO_TARGET_DIR=/opt/rustwide/target" "-e" "CARGO_INCREMENTAL=0" "-e" "RUST_BACKTRACE=full" "-e" "RUSTFLAGS=--cap-lints=warn" "-e" "RUSTDOCFLAGS=--cap-lints=warn" "-w" "/opt/rustwide/workdir" "--user" "0:0" "966d4ae2a579fa628bbe88f4bf870a47bed597860738ab3b948f2d6afe09a88b" "/opt/rustwide/cargo-home/bin/cargo" "+1.100.0-beta.1" "test" "--frozen" "--release", kill_on_drop: false }`
[INFO] [stderr] warning: `package.homepage` is redundant with `package.repository`
[INFO] [stderr]   --> Cargo.toml:33:12
[INFO] [stderr]    |
[INFO] [stderr] 33 | homepage = "https://github.com/uttom-akash/vector-xlite"
[INFO] [stderr]    |            ^^^^^^^^^^^^^^^^^^^^^^^^^^^^^^^^^^^^^^^^^^^^^
[INFO] [stderr] ...
[INFO] [stderr] 38 | repository = "https://github.com/uttom-akash/vector-xlite"
[INFO] [stderr]    |              ---------------------------------------------
[INFO] [stderr]    |
[INFO] [stderr]    = note: `cargo::redundant_homepage` is set to `warn` by default
[INFO] [stderr] help: consider removing `package.homepage`
[INFO] [stderr] warning: `vector_xlite` (manifest) generated 1 warning
[INFO] [stderr] warning: unused import: `DropBehavior`
[INFO] [stderr]  --> src/executor/sqlite_query_executor.rs:4:16
[INFO] [stderr]   |
[INFO] [stderr] 4 | use rusqlite::{DropBehavior, Result};
[INFO] [stderr]   |                ^^^^^^^^^^^^
[INFO] [stderr]   |
[INFO] [stderr]   = note: `#[warn(unused_imports)]` (part of `#[warn(unused)]`) on by default
[INFO] [stderr] 
[INFO] [stderr] warning: glob import doesn't reexport anything with visibility `pub` because no imported item is public enough
[INFO] [stderr]  --> src/constant/mod.rs:3:9
[INFO] [stderr]   |
[INFO] [stderr] 3 | pub use constant::*;
[INFO] [stderr]   |         ^^^^^^^^^^^
[INFO] [stderr]   |
[INFO] [stderr] note: the most public imported item is `pub(crate)`
[INFO] [stderr]  --> src/constant/mod.rs:3:9
[INFO] [stderr]   |
[INFO] [stderr] 3 | pub use constant::*;
[INFO] [stderr]   |         ^^^^^^^^^^^
[INFO] [stderr]   = help: reduce the glob import's visibility or increase visibility of imported items
[INFO] [stderr] 
[INFO] [stderr] warning: static `RE_COLLECTION_NAME` is never used
[INFO] [stderr]   --> src/helper/sql_helper.rs:16:8
[INFO] [stderr]    |
[INFO] [stderr] 16 | static RE_COLLECTION_NAME: Lazy<Regex> =
[INFO] [stderr]    |        ^^^^^^^^^^^^^^^^^^
[INFO] [stderr]    |
[INFO] [stderr]    = note: `#[warn(dead_code)]` (part of `#[warn(unused)]`) on by default
[INFO] [stderr] 
[INFO] [stderr] warning: function `parse_collection_name` is never used
[INFO] [stderr]   --> src/helper/sql_helper.rs:82:8
[INFO] [stderr]    |
[INFO] [stderr] 82 | pub fn parse_collection_name(sql_opt: Option<&String>) -> Option<String> {
[INFO] [stderr]    |        ^^^^^^^^^^^^^^^^^^^^^
[INFO] [stderr] 
[INFO] [stderr] warning: constant `WIN_VECTOR_EXTENSION_PATH` is never used
[INFO] [stderr]  --> src/constant/constant.rs:2:18
[INFO] [stderr]   |
[INFO] [stderr] 2 | pub(crate) const WIN_VECTOR_EXTENSION_PATH: &str = "vector_extension/vector_extension.dll";
[INFO] [stderr]   |                  ^^^^^^^^^^^^^^^^^^^^^^^^^
[INFO] [stderr] 
[INFO] [stderr] warning: constant `MAC_VECTOR_EXTENSION_PATH` is never used
[INFO] [stderr]  --> src/constant/constant.rs:3:18
[INFO] [stderr]   |
[INFO] [stderr] 3 | pub(crate) const MAC_VECTOR_EXTENSION_PATH: &str = "vector_extension/vector_extension.dylib";
[INFO] [stderr]   |                  ^^^^^^^^^^^^^^^^^^^^^^^^^
[INFO] [stderr] 
[INFO] [stderr] warning: constant `LINUX_VECTOR_EXTENSION_PATH` is never used
[INFO] [stderr]  --> src/constant/constant.rs:4:18
[INFO] [stderr]   |
[INFO] [stderr] 4 | pub(crate) const LINUX_VECTOR_EXTENSION_PATH: &str = "vector_extension/vector_extension.so";
[INFO] [stderr]   |                  ^^^^^^^^^^^^^^^^^^^^^^^^^^^
[INFO] [stderr] 
[INFO] [stderr] warning: constant `CARGO_MANIFEST_DIR_ENV` is never used
[INFO] [stderr]  --> src/constant/constant.rs:5:18
[INFO] [stderr]   |
[INFO] [stderr] 5 | pub(crate) const CARGO_MANIFEST_DIR_ENV: &str = "CARGO_MANIFEST_DIR";
[INFO] [stderr]   |                  ^^^^^^^^^^^^^^^^^^^^^^
[INFO] [stderr] 
[INFO] [stderr] warning: field `path` is never read
[INFO] [stderr]    --> src/snapshot/importer.rs:273:5
[INFO] [stderr]     |
[INFO] [stderr] 271 | struct FileWriter {
[INFO] [stderr]     |        ---------- field in this struct
[INFO] [stderr] 272 |     file: File,
[INFO] [stderr] 273 |     path: PathBuf,
[INFO] [stderr]     |     ^^^^
[INFO] [stderr] 
[INFO] [stderr] warning: function `backup_to_memory` is never used
[INFO] [stderr]    --> src/snapshot/sqlite_backup.rs:111:8
[INFO] [stderr]     |
[INFO] [stderr] 111 | pub fn backup_to_memory(pool: &Pool<SqliteConnectionManager>) -> Result<Vec<u8>, VecXError> {
[INFO] [stderr]     |        ^^^^^^^^^^^^^^^^
[INFO] [stderr] 
[INFO] [stderr] warning: function `restore_from_memory` is never used
[INFO] [stderr]    --> src/snapshot/sqlite_backup.rs:170:8
[INFO] [stderr]     |
[INFO] [stderr] 170 | pub fn restore_from_memory(
[INFO] [stderr]     |        ^^^^^^^^^^^^^^^^^^^
[INFO] [stderr] 
[INFO] [stderr] warning: `vector_xlite` (lib) generated 11 warnings (run `cargo fix --lib -p vector_xlite` to apply 1 suggestion)
[INFO] [stderr] warning: `vector_xlite` (lib test) generated 11 warnings (11 duplicates)
[INFO] [stderr]     Finished `release` profile [optimized] target(s) in 0.07s
[INFO] [stderr]      Running unittests src/lib.rs (/opt/rustwide/target/release/build/vector_xlite/cd7234585b4a9990/out/vector_xlite-cd7234585b4a9990)
[INFO] [stdout] 
[INFO] [stdout] running 6 tests
[INFO] [stdout] test types::delete_collection::tests::test_delete_collection_builder_success ... ok
[INFO] [stdout] test snapshot::sqlite_backup::tests::test_extract_index_path ... FAILED
[INFO] [stdout] test types::delete_point::tests::test_delete_point_builder_missing_id ... ok
[INFO] [stdout] test types::delete_point::tests::test_delete_point_builder_missing_collection_name ... ok
[INFO] [stdout] test types::delete_point::tests::test_delete_point_builder_success ... ok
[INFO] [stdout] test types::delete_collection::tests::test_delete_collection_builder_missing_collection_name ... ok
[INFO] [stdout] 
[INFO] [stdout] failures:
[INFO] [stdout] 
[INFO] [stdout] ---- snapshot::sqlite_backup::tests::test_extract_index_path stdout ----
[INFO] [stdout] 
[INFO] [stdout] thread 'snapshot::sqlite_backup::tests::test_extract_index_path' (488) panicked at src/snapshot/sqlite_backup.rs:268:9:
[INFO] [stdout] assertion `left == right` failed
[INFO] [stdout]   left: None
[INFO] [stdout]  right: Some("/tmp/test.idx")
[INFO] [stdout] stack backtrace:
[INFO] [stdout]    0:     0x5b111bdd73d1 - <<std[617be2ca0a6fd877]::sys::backtrace::BacktraceLock>::print::DisplayBacktrace as core[a373ad73a504971]::fmt::Display>::fmt
[INFO] [stdout]    1:     0x5b111bdebeba - core[a373ad73a504971]::fmt::write
[INFO] [stdout]    2:     0x5b111bddb5ec - <alloc[2e1b2a31b91974c5]::vec::Vec<u8> as core[a373ad73a504971]::io::write::Write>::write_fmt
[INFO] [stdout]    3:     0x5b111bdb3836 - std[617be2ca0a6fd877]::panicking::default_hook::{closure#0}
[INFO] [stdout]    4:     0x5b111bdcfa69 - std[617be2ca0a6fd877]::panicking::default_hook
[INFO] [stdout]    5:     0x5b111bd6c110 - test[aada8e7e76ba119b]::test_main_inner::{closure#0}
[INFO] [stdout]    6:     0x5b111bdcfc22 - std[617be2ca0a6fd877]::panicking::panic_with_hook
[INFO] [stdout]    7:     0x5b111bdb38e2 - std[617be2ca0a6fd877]::panicking::panic_handler::{closure#0}
[INFO] [stdout]    8:     0x5b111bdac5f9 - std[617be2ca0a6fd877]::sys::backtrace::__rust_end_short_backtrace::<std[617be2ca0a6fd877]::panicking::panic_handler::{closure#0}, !>
[INFO] [stdout]    9:     0x5b111bdb44ed - __rustc[ea4f61d10b84890b]::rust_begin_unwind
[INFO] [stdout]   10:     0x5b111bdec5ec - core[a373ad73a504971]::panicking::panic_fmt
[INFO] [stdout]   11:     0x5b111bdec503 - core[a373ad73a504971]::panicking::assert_failed_inner
[INFO] [stdout]   12:     0x5b111bd5dd92 - core[a373ad73a504971]::panicking::assert_failed::<core[a373ad73a504971]::option::Option<alloc[2e1b2a31b91974c5]::string::String>, core[a373ad73a504971]::option::Option<alloc[2e1b2a31b91974c5]::string::String>>
[INFO] [stdout]   13:     0x5b111bd5ed0e - <vector_xlite[1e1d19d010bf18a3]::snapshot::sqlite_backup::tests::test_extract_index_path::{closure#0} as core[a373ad73a504971]::ops::function::FnOnce<()>>::call_once
[INFO] [stdout]   14:     0x5b111bd5f55b - test[aada8e7e76ba119b]::__rust_begin_short_backtrace::<core[a373ad73a504971]::result::Result<(), alloc[2e1b2a31b91974c5]::string::String>, fn() -> core[a373ad73a504971]::result::Result<(), alloc[2e1b2a31b91974c5]::string::String>>
[INFO] [stdout]   15:     0x5b111bd6c735 - test[aada8e7e76ba119b]::run_test::{closure#0}
[INFO] [stdout]   16:     0x5b111bd66024 - std[617be2ca0a6fd877]::sys::backtrace::__rust_begin_short_backtrace::<test[aada8e7e76ba119b]::run_test::{closure#1}, ()>
[INFO] [stdout]   17:     0x5b111bd6f7c2 - <std[617be2ca0a6fd877]::thread::lifecycle::spawn_unchecked<test[aada8e7e76ba119b]::run_test::{closure#1}, ()>::{closure#1} as core[a373ad73a504971]::ops::function::FnOnce<()>>::call_once::{shim:vtable#0}
[INFO] [stdout]   18:     0x5b111bdd6c2f - <std[617be2ca0a6fd877]::sys::thread::unix::Thread>::new::thread_start
[INFO] [stdout]   19:     0x74ebd233bdfa - <unknown>
[INFO] [stdout]   20:     0x74ebd23cf3d4 - clone
[INFO] [stdout]   21:                0x0 - <unknown>
[INFO] [stdout] 
[INFO] [stdout] 
[INFO] [stdout] failures:
[INFO] [stdout]     snapshot::sqlite_backup::tests::test_extract_index_path
[INFO] [stdout] 
[INFO] [stdout] test result: FAILED. 5 passed; 1 failed; 0 ignored; 0 measured; 0 filtered out; finished in 0.01s
[INFO] [stdout] 
[INFO] [stderr] error: test failed, to rerun pass `--lib`
[INFO] running `Command { std: "docker" "inspect" "966d4ae2a579fa628bbe88f4bf870a47bed597860738ab3b948f2d6afe09a88b", kill_on_drop: false }`
[INFO] running `Command { std: "docker" "rm" "-f" "966d4ae2a579fa628bbe88f4bf870a47bed597860738ab3b948f2d6afe09a88b", kill_on_drop: false }`
[INFO] [stdout] 966d4ae2a579fa628bbe88f4bf870a47bed597860738ab3b948f2d6afe09a88b
