[INFO] fetching crate vector-db-core 0.1.112...
[INFO] testing vector-db-core-0.1.112 against 1.99.0-beta.8+cargoflags=--release for beta-release-1.100-2
[INFO] extracting crate vector-db-core 0.1.112 into /workspace/builds/worker-7-tc1/source
[INFO] started tweaking crates.io crate vector-db-core 0.1.112
[INFO] finished tweaking crates.io crate vector-db-core 0.1.112
[INFO] tweaked toml for crates.io crate vector-db-core 0.1.112 written to /workspace/builds/worker-7-tc1/source/Cargo.toml
[INFO] validating manifest of crates.io crate vector-db-core 0.1.112 on toolchain 1.99.0-beta.8
[INFO] running `Command { std: CARGO_HOME="/workspace/cargo-home" RUSTUP_HOME="/workspace/rustup-home" "/workspace/cargo-home/bin/cargo" "+1.99.0-beta.8" "metadata" "--manifest-path" "Cargo.toml" "--no-deps", kill_on_drop: false }`
[INFO] crate crates.io crate vector-db-core 0.1.112 already has a lockfile, it will not be regenerated
[INFO] running `Command { std: CARGO_HOME="/workspace/cargo-home" RUSTUP_HOME="/workspace/rustup-home" "/workspace/cargo-home/bin/cargo" "+1.99.0-beta.8" "fetch" "--manifest-path" "Cargo.toml", kill_on_drop: false }`
[INFO] running `Command { std: "docker" "create" "-v" "/var/lib/crater-agent-workspace/builds/worker-7-tc1/source:/opt/rustwide/workdir:ro,Z" "-v" "/var/lib/crater-agent-workspace/builds/worker-7-tc1/target:/opt/rustwide/target:rw,Z" "-v" "/var/lib/crater-agent-workspace/cargo-home:/opt/rustwide/cargo-home:ro,Z" "-v" "/var/lib/crater-agent-workspace/rustup-home:/opt/rustwide/rustup-home:ro,Z" "-m" "1610612736" "--network" "none" "ghcr.io/rust-lang/crates-build-env/linux@sha256:77db811e55d90add9212f6832c23229e3de5f1c1f9905e8cb07319ea15df73ac" "sleep" "infinity", kill_on_drop: false }`
[INFO] [stdout] 838a1cbe311449316eb1f4552d6b2126d6cc0736955c38b9f0518a2d49369ee4
[INFO] running `Command { std: "docker" "start" "838a1cbe311449316eb1f4552d6b2126d6cc0736955c38b9f0518a2d49369ee4", kill_on_drop: false }`
[INFO] running `Command { std: "docker" "inspect" "838a1cbe311449316eb1f4552d6b2126d6cc0736955c38b9f0518a2d49369ee4", kill_on_drop: false }`
[INFO] running `Command { std: "docker" "exec" "-e" "SOURCE_DIR=/opt/rustwide/workdir" "-e" "CARGO_HOME=/opt/rustwide/cargo-home" "-e" "RUSTUP_HOME=/opt/rustwide/rustup-home" "-e" "CARGO_TARGET_DIR=/opt/rustwide/target" "-w" "/opt/rustwide/workdir" "--user" "0:0" "838a1cbe311449316eb1f4552d6b2126d6cc0736955c38b9f0518a2d49369ee4" "/opt/rustwide/cargo-home/bin/cargo" "+1.99.0-beta.8" "metadata" "--no-deps" "--format-version=1", kill_on_drop: false }`
[INFO] running `Command { std: "docker" "inspect" "838a1cbe311449316eb1f4552d6b2126d6cc0736955c38b9f0518a2d49369ee4", kill_on_drop: false }`
[INFO] running `Command { std: "docker" "exec" "-e" "SOURCE_DIR=/opt/rustwide/workdir" "-e" "CARGO_HOME=/opt/rustwide/cargo-home" "-e" "RUSTUP_HOME=/opt/rustwide/rustup-home" "-e" "CARGO_TARGET_DIR=/opt/rustwide/target" "-e" "CARGO_INCREMENTAL=0" "-e" "RUST_BACKTRACE=full" "-e" "RUSTFLAGS=--cap-lints=warn" "-e" "RUSTDOCFLAGS=--cap-lints=warn" "-w" "/opt/rustwide/workdir" "--user" "0:0" "838a1cbe311449316eb1f4552d6b2126d6cc0736955c38b9f0518a2d49369ee4" "/opt/rustwide/cargo-home/bin/cargo" "+1.99.0-beta.8" "build" "--frozen" "--message-format=json" "--release", kill_on_drop: false }`
[INFO] [stderr]    Compiling proc-macro2 v1.0.93
[INFO] [stderr]    Compiling unicode-ident v1.0.16
[INFO] [stderr]    Compiling serde v1.0.217
[INFO] [stderr]    Compiling rayon-core v1.12.1
[INFO] [stderr]    Compiling serde_json v1.0.138
[INFO] [stderr]    Compiling foldhash v0.1.5
[INFO] [stderr]    Compiling allocator-api2 v0.2.21
[INFO] [stderr]    Compiling either v1.13.0
[INFO] [stderr]    Compiling itoa v1.0.14
[INFO] [stderr]    Compiling ryu v1.0.19
[INFO] [stderr]    Compiling memchr v2.7.4
[INFO] [stderr]    Compiling hashbrown v0.15.2
[INFO] [stderr]    Compiling quote v1.0.38
[INFO] [stderr]    Compiling rayon v1.10.0
[INFO] [stderr]    Compiling syn v2.0.96
[INFO] [stderr]    Compiling lru v0.13.0
[INFO] [stderr]    Compiling serde_derive v1.0.217
[INFO] [stderr]    Compiling bincode v1.3.3
[INFO] [stderr]    Compiling vector-db-core v0.1.112 (/opt/rustwide/workdir)
[INFO] [stderr]     Finished `release` profile [optimized] target(s) in 21.70s
[INFO] running `Command { std: "docker" "inspect" "838a1cbe311449316eb1f4552d6b2126d6cc0736955c38b9f0518a2d49369ee4", kill_on_drop: false }`
[INFO] running `Command { std: "docker" "exec" "-e" "SOURCE_DIR=/opt/rustwide/workdir" "-e" "CARGO_HOME=/opt/rustwide/cargo-home" "-e" "RUSTUP_HOME=/opt/rustwide/rustup-home" "-e" "CARGO_TARGET_DIR=/opt/rustwide/target" "-e" "CARGO_INCREMENTAL=0" "-e" "RUST_BACKTRACE=full" "-e" "RUSTFLAGS=--cap-lints=warn" "-e" "RUSTDOCFLAGS=--cap-lints=warn" "-w" "/opt/rustwide/workdir" "--user" "0:0" "838a1cbe311449316eb1f4552d6b2126d6cc0736955c38b9f0518a2d49369ee4" "/opt/rustwide/cargo-home/bin/cargo" "+1.99.0-beta.8" "test" "--frozen" "--no-run" "--message-format=json" "--release", kill_on_drop: false }`
[INFO] [stderr]    Compiling vector-db-core v0.1.112 (/opt/rustwide/workdir)
[INFO] [stderr]     Finished `release` profile [optimized] target(s) in 8.31s
[INFO] running `Command { std: "docker" "inspect" "838a1cbe311449316eb1f4552d6b2126d6cc0736955c38b9f0518a2d49369ee4", kill_on_drop: false }`
[INFO] running `Command { std: "docker" "exec" "-e" "SOURCE_DIR=/opt/rustwide/workdir" "-e" "CARGO_HOME=/opt/rustwide/cargo-home" "-e" "RUSTUP_HOME=/opt/rustwide/rustup-home" "-e" "CARGO_TARGET_DIR=/opt/rustwide/target" "-e" "CARGO_INCREMENTAL=0" "-e" "RUST_BACKTRACE=full" "-e" "RUSTFLAGS=--cap-lints=warn" "-e" "RUSTDOCFLAGS=--cap-lints=warn" "-w" "/opt/rustwide/workdir" "--user" "0:0" "838a1cbe311449316eb1f4552d6b2126d6cc0736955c38b9f0518a2d49369ee4" "/opt/rustwide/cargo-home/bin/cargo" "+1.99.0-beta.8" "test" "--frozen" "--release", kill_on_drop: false }`
[INFO] [stderr]     Finished `release` profile [optimized] target(s) in 0.06s
[INFO] [stderr]      Running unittests src/lib.rs (/opt/rustwide/target/release/deps/vector_db_core-c8c0f14d87cca1a3)
[INFO] [stdout] 
[INFO] [stdout] running 22 tests
[INFO] [stdout] test cache::readable_cache::test::test_extend_dynamic_engine ... FAILED
[INFO] [stdout] test cache::readable_cache::test::test_add_bulk_compare ... FAILED
[INFO] [stdout] test cache::readable_cache::test::test_one_by_one_getting_dynamic ... FAILED
[INFO] [stdout] test cache::readable_cache::test::test_one_by_one_push_dynamic ... FAILED
[INFO] [stdout] test cache::writable_cache::test::test_extend_static ... FAILED
[INFO] [stdout] test cache::writable_cache::test::test_one_by_one_push_static ... FAILED
[INFO] [stdout] test cache::readable_cache::test::test_getting_lot_static ... FAILED
[INFO] [stdout] test services::dynamic_vector_manage_service::test::test_get_dynamic_length ... FAILED
[INFO] [stdout] test services::dynamic_vector_manage_service::test::test_load_bulk ... FAILED
[INFO] [stdout] test services::dynamic_vector_manage_service::test::test_load_one ... FAILED
[INFO] [stdout] test cache::writable_cache::test::test_one_by_one_push_dynamic ... FAILED
[INFO] [stdout] test cache::writable_cache::test::test_push_static_one ... FAILED
[INFO] [stdout] test cache::readable_cache::test::test_getting_static_multi_turns ... FAILED
[INFO] [stdout] test services::file_access_service::test::test_file_access_service ... FAILED
[INFO] [stdout] test cache::readable_cache::test::test_read_static_bulk_compare ... FAILED
[INFO] [stdout] test cache::readable_cache::test::test_one_by_one_getting_static ... FAILED
[INFO] [stdout] test services::static_vector_manage_service::test::test_static_one ... FAILED
[INFO] [stdout] test services::static_vector_manage_service::test::test_static_bulk ... FAILED
[INFO] [stdout] test services::string_repository::test::test_write_dynamic_repository ... FAILED
[INFO] [stdout] test services::dynamic_vector_manage_service::test::test_save_one ... FAILED
[INFO] [stdout] test services::string_repository::test::test_load_dynamic_repository ... FAILED
[INFO] [stdout] test services::dynamic_vector_manage_service::test::test_save_bulk ... FAILED
[INFO] [stdout] 
[INFO] [stdout] failures:
[INFO] [stdout] 
[INFO] [stdout] ---- cache::readable_cache::test::test_extend_dynamic_engine stdout ----
[INFO] [stdout] 
[INFO] [stdout] thread 'cache::readable_cache::test::test_extend_dynamic_engine' (474) panicked at src/services/file_access_service.rs:26:42:
[INFO] [stdout] Unable to create file: Os { code: 30, kind: ReadOnlyFilesystem, message: "Read-only file system" }
[INFO] [stdout] stack backtrace:
[INFO] [stdout]    0:     0x592c79dafab1 - <<std[70759c8f55707aa4]::sys::backtrace::BacktraceLock>::print::DisplayBacktrace as core[df12db4294e9bfd3]::fmt::Display>::fmt
[INFO] [stdout]    1:     0x592c79dc444a - core[df12db4294e9bfd3]::fmt::write
[INFO] [stdout]    2:     0x592c79db408c - <alloc[2182bb758b4b3781]::vec::Vec<u8> as core[df12db4294e9bfd3]::io::write::Write>::write_fmt
[INFO] [stdout]    3:     0x592c79d8bb86 - std[70759c8f55707aa4]::panicking::default_hook::{closure#0}
[INFO] [stdout]    4:     0x592c79da7f09 - std[70759c8f55707aa4]::panicking::default_hook
[INFO] [stdout]    5:     0x592c79d3b6d0 - test[9d35eded1c95d3be]::test_main_inner::<test[9d35eded1c95d3be]::test_main_static::{closure#0}>::{closure#0}
[INFO] [stdout]    6:     0x592c79da8232 - std[70759c8f55707aa4]::panicking::panic_with_hook
[INFO] [stdout]    7:     0x592c79d8bc32 - std[70759c8f55707aa4]::panicking::panic_handler::{closure#0}
[INFO] [stdout]    8:     0x592c79d84909 - std[70759c8f55707aa4]::sys::backtrace::__rust_end_short_backtrace::<std[70759c8f55707aa4]::panicking::panic_handler::{closure#0}, !>
[INFO] [stdout]    9:     0x592c79d8c82d - __rustc[8fa7c3cbc660c2b3]::rust_begin_unwind
[INFO] [stdout]   10:     0x592c79dc4b7c - core[df12db4294e9bfd3]::panicking::panic_fmt
[INFO] [stdout]   11:     0x592c79dc4952 - core[df12db4294e9bfd3]::result::unwrap_failed
[INFO] [stdout]   12:     0x592c79d24c35 - <vector_db_core[b8eba65a0511549d]::services::file_access_service::FileAccessService>::new
[INFO] [stdout]   13:     0x592c79d270d6 - <vector_db_core[b8eba65a0511549d]::services::dynamic_vector_manage_service::DynamicVectorManageService<vector_db_core[b8eba65a0511549d]::services::dynamic_vector_manage_service::test::ExampleStruct>>::new
[INFO] [stdout]   14:     0x592c79d2d02a - vector_db_core[b8eba65a0511549d]::cache::readable_cache::test::test_extend_dynamic_engine
[INFO] [stdout]   15:     0x592c79d2ad79 - <vector_db_core[b8eba65a0511549d]::cache::readable_cache::test::test_extend_dynamic_engine::{closure#0} as core[df12db4294e9bfd3]::ops::function::FnOnce<()>>::call_once
[INFO] [stdout]   16:     0x592c79d2e9bb - test[9d35eded1c95d3be]::__rust_begin_short_backtrace::<core[df12db4294e9bfd3]::result::Result<(), alloc[2182bb758b4b3781]::string::String>, fn() -> core[df12db4294e9bfd3]::result::Result<(), alloc[2182bb758b4b3781]::string::String>>
[INFO] [stdout]   17:     0x592c79d3c025 - test[9d35eded1c95d3be]::run_test::{closure#0}
[INFO] [stdout]   18:     0x592c79d358e4 - std[70759c8f55707aa4]::sys::backtrace::__rust_begin_short_backtrace::<test[9d35eded1c95d3be]::run_test::{closure#1}, ()>
[INFO] [stdout]   19:     0x592c79d3f182 - <std[70759c8f55707aa4]::thread::lifecycle::spawn_unchecked<test[9d35eded1c95d3be]::run_test::{closure#1}, ()>::{closure#1} as core[df12db4294e9bfd3]::ops::function::FnOnce<()>>::call_once::{shim:vtable#0}
[INFO] [stdout]   20:     0x592c79daf379 - <std[70759c8f55707aa4]::sys::thread::unix::Thread>::new::thread_start
[INFO] [stdout]   21:     0x7eb637c61dfa - <unknown>
[INFO] [stdout]   22:     0x7eb637cf53d4 - clone
[INFO] [stdout]   23:                0x0 - <unknown>
[INFO] [stdout] 
[INFO] [stdout] ---- cache::readable_cache::test::test_add_bulk_compare stdout ----
[INFO] [stdout] 
[INFO] [stdout] thread 'cache::readable_cache::test::test_add_bulk_compare' (473) panicked at src/services/file_access_service.rs:26:42:
[INFO] [stdout] Unable to create file: Os { code: 30, kind: ReadOnlyFilesystem, message: "Read-only file system" }
[INFO] [stdout] stack backtrace:
[INFO] [stdout]    0:     0x592c79dafab1 - <<std[70759c8f55707aa4]::sys::backtrace::BacktraceLock>::print::DisplayBacktrace as core[df12db4294e9bfd3]::fmt::Display>::fmt
[INFO] [stdout]    1:     0x592c79dc444a - core[df12db4294e9bfd3]::fmt::write
[INFO] [stdout]    2:     0x592c79db408c - <alloc[2182bb758b4b3781]::vec::Vec<u8> as core[df12db4294e9bfd3]::io::write::Write>::write_fmt
[INFO] [stdout]    3:     0x592c79d8bb86 - std[70759c8f55707aa4]::panicking::default_hook::{closure#0}
[INFO] [stdout]    4:     0x592c79da7f09 - std[70759c8f55707aa4]::panicking::default_hook
[INFO] [stdout]    5:     0x592c79d3b6d0 - test[9d35eded1c95d3be]::test_main_inner::<test[9d35eded1c95d3be]::test_main_static::{closure#0}>::{closure#0}
[INFO] [stdout]    6:     0x592c79da8232 - std[70759c8f55707aa4]::panicking::panic_with_hook
[INFO] [stdout]    7:     0x592c79d8bc32 - std[70759c8f55707aa4]::panicking::panic_handler::{closure#0}
[INFO] [stdout]    8:     0x592c79d84909 - std[70759c8f55707aa4]::sys::backtrace::__rust_end_short_backtrace::<std[70759c8f55707aa4]::panicking::panic_handler::{closure#0}, !>
[INFO] [stdout]    9:     0x592c79d8c82d - __rustc[8fa7c3cbc660c2b3]::rust_begin_unwind
[INFO] [stdout]   10:     0x592c79dc4b7c - core[df12db4294e9bfd3]::panicking::panic_fmt
[INFO] [stdout]   11:     0x592c79dc4952 - core[df12db4294e9bfd3]::result::unwrap_failed
[INFO] [stdout]   12:     0x592c79d24c35 - <vector_db_core[b8eba65a0511549d]::services::file_access_service::FileAccessService>::new
[INFO] [stdout]   13:     0x592c79d16c00 - <vector_db_core[b8eba65a0511549d]::services::static_vector_manage_service::StaticVectorManageService<vector_db_core[b8eba65a0511549d]::cache::readable_cache::test::StaticStruct>>::new
[INFO] [stdout]   14:     0x592c79d2c5c2 - vector_db_core[b8eba65a0511549d]::cache::readable_cache::test::test_add_bulk_compare
[INFO] [stdout]   15:     0x592c79d2ad39 - <vector_db_core[b8eba65a0511549d]::cache::readable_cache::test::test_add_bulk_compare::{closure#0} as core[df12db4294e9bfd3]::ops::function::FnOnce<()>>::call_once
[INFO] [stdout]   16:     0x592c79d2e9bb - test[9d35eded1c95d3be]::__rust_begin_short_backtrace::<core[df12db4294e9bfd3]::result::Result<(), alloc[2182bb758b4b3781]::string::String>, fn() -> core[df12db4294e9bfd3]::result::Result<(), alloc[2182bb758b4b3781]::string::String>>
[INFO] [stdout]   17:     0x592c79d3c025 - test[9d35eded1c95d3be]::run_test::{closure#0}
[INFO] [stdout]   18:     0x592c79d358e4 - std[70759c8f55707aa4]::sys::backtrace::__rust_begin_short_backtrace::<test[9d35eded1c95d3be]::run_test::{closure#1}, ()>
[INFO] [stdout]   19:     0x592c79d3f182 - <std[70759c8f55707aa4]::thread::lifecycle::spawn_unchecked<test[9d35eded1c95d3be]::run_test::{closure#1}, ()>::{closure#1} as core[df12db4294e9bfd3]::ops::function::FnOnce<()>>::call_once::{shim:vtable#0}
[INFO] [stdout]   20:     0x592c79daf379 - <std[70759c8f55707aa4]::sys::thread::unix::Thread>::new::thread_start
[INFO] [stdout]   21:     0x7eb637c61dfa - <unknown>
[INFO] [stdout]   22:     0x7eb637cf53d4 - clone
[INFO] [stdout]   23:                0x0 - <unknown>
[INFO] [stdout] 
[INFO] [stdout] ---- cache::readable_cache::test::test_one_by_one_getting_dynamic stdout ----
[INFO] [stdout] 
[INFO] [stdout] thread 'cache::readable_cache::test::test_one_by_one_getting_dynamic' (477) panicked at src/services/file_access_service.rs:26:42:
[INFO] [stdout] Unable to create file: Os { code: 30, kind: ReadOnlyFilesystem, message: "Read-only file system" }
[INFO] [stdout] stack backtrace:
[INFO] [stdout]    0:     0x592c79dafab1 - <<std[70759c8f55707aa4]::sys::backtrace::BacktraceLock>::print::DisplayBacktrace as core[df12db4294e9bfd3]::fmt::Display>::fmt
[INFO] [stdout]    1:     0x592c79dc444a - core[df12db4294e9bfd3]::fmt::write
[INFO] [stdout]    2:     0x592c79db408c - <alloc[2182bb758b4b3781]::vec::Vec<u8> as core[df12db4294e9bfd3]::io::write::Write>::write_fmt
[INFO] [stdout]    3:     0x592c79d8bb86 - std[70759c8f55707aa4]::panicking::default_hook::{closure#0}
[INFO] [stdout]    4:     0x592c79da7f09 - std[70759c8f55707aa4]::panicking::default_hook
[INFO] [stdout]    5:     0x592c79d3b6d0 - test[9d35eded1c95d3be]::test_main_inner::<test[9d35eded1c95d3be]::test_main_static::{closure#0}>::{closure#0}
[INFO] [stdout]    6:     0x592c79da8232 - std[70759c8f55707aa4]::panicking::panic_with_hook
[INFO] [stdout]    7:     0x592c79d8bc32 - std[70759c8f55707aa4]::panicking::panic_handler::{closure#0}
[INFO] [stdout]    8:     0x592c79d84909 - std[70759c8f55707aa4]::sys::backtrace::__rust_end_short_backtrace::<std[70759c8f55707aa4]::panicking::panic_handler::{closure#0}, !>
[INFO] [stdout]    9:     0x592c79d8c82d - __rustc[8fa7c3cbc660c2b3]::rust_begin_unwind
[INFO] [stdout]   10:     0x592c79dc4b7c - core[df12db4294e9bfd3]::panicking::panic_fmt
[INFO] [stdout]   11:     0x592c79dc4952 - core[df12db4294e9bfd3]::result::unwrap_failed
[INFO] [stdout]   12:     0x592c79d24c35 - <vector_db_core[b8eba65a0511549d]::services::file_access_service::FileAccessService>::new
[INFO] [stdout]   13:     0x592c79d270d6 - <vector_db_core[b8eba65a0511549d]::services::dynamic_vector_manage_service::DynamicVectorManageService<vector_db_core[b8eba65a0511549d]::services::dynamic_vector_manage_service::test::ExampleStruct>>::new
[INFO] [stdout]   14:     0x592c79d2e090 - vector_db_core[b8eba65a0511549d]::cache::readable_cache::test::test_one_by_one_getting_dynamic
[INFO] [stdout]   15:     0x592c79d2ae19 - <vector_db_core[b8eba65a0511549d]::cache::readable_cache::test::test_one_by_one_getting_dynamic::{closure#0} as core[df12db4294e9bfd3]::ops::function::FnOnce<()>>::call_once
[INFO] [stdout]   16:     0x592c79d2e9bb - test[9d35eded1c95d3be]::__rust_begin_short_backtrace::<core[df12db4294e9bfd3]::result::Result<(), alloc[2182bb758b4b3781]::string::String>, fn() -> core[df12db4294e9bfd3]::result::Result<(), alloc[2182bb758b4b3781]::string::String>>
[INFO] [stdout]   17:     0x592c79d3c025 - test[9d35eded1c95d3be]::run_test::{closure#0}
[INFO] [stdout]   18:     0x592c79d358e4 - std[70759c8f55707aa4]::sys::backtrace::__rust_begin_short_backtrace::<test[9d35eded1c95d3be]::run_test::{closure#1}, ()>
[INFO] [stdout]   19:     0x592c79d3f182 - <std[70759c8f55707aa4]::thread::lifecycle::spawn_unchecked<test[9d35eded1c95d3be]::run_test::{closure#1}, ()>::{closure#1} as core[df12db4294e9bfd3]::ops::function::FnOnce<()>>::call_once::{shim:vtable#0}
[INFO] [stdout]   20:     0x592c79daf379 - <std[70759c8f55707aa4]::sys::thread::unix::Thread>::new::thread_start
[INFO] [stdout]   21:     0x7eb637c61dfa - <unknown>
[INFO] [stdout]   22:     0x7eb637cf53d4 - clone
[INFO] [stdout]   23:                0x0 - <unknown>
[INFO] [stdout] 
[INFO] [stdout] ---- cache::readable_cache::test::test_one_by_one_push_dynamic stdout ----
[INFO] [stdout] 
[INFO] [stdout] thread 'cache::readable_cache::test::test_one_by_one_push_dynamic' (479) panicked at src/services/file_access_service.rs:26:42:
[INFO] [stdout] Unable to create file: Os { code: 30, kind: ReadOnlyFilesystem, message: "Read-only file system" }
[INFO] [stdout] stack backtrace:
[INFO] [stdout]    0:     0x592c79dafab1 - <<std[70759c8f55707aa4]::sys::backtrace::BacktraceLock>::print::DisplayBacktrace as core[df12db4294e9bfd3]::fmt::Display>::fmt
[INFO] [stdout]    1:     0x592c79dc444a - core[df12db4294e9bfd3]::fmt::write
[INFO] [stdout]    2:     0x592c79db408c - <alloc[2182bb758b4b3781]::vec::Vec<u8> as core[df12db4294e9bfd3]::io::write::Write>::write_fmt
[INFO] [stdout]    3:     0x592c79d8bb86 - std[70759c8f55707aa4]::panicking::default_hook::{closure#0}
[INFO] [stdout]    4:     0x592c79da7f09 - std[70759c8f55707aa4]::panicking::default_hook
[INFO] [stdout]    5:     0x592c79d3b6d0 - test[9d35eded1c95d3be]::test_main_inner::<test[9d35eded1c95d3be]::test_main_static::{closure#0}>::{closure#0}
[INFO] [stdout]    6:     0x592c79da8232 - std[70759c8f55707aa4]::panicking::panic_with_hook
[INFO] [stdout]    7:     0x592c79d8bc32 - std[70759c8f55707aa4]::panicking::panic_handler::{closure#0}
[INFO] [stdout]    8:     0x592c79d84909 - std[70759c8f55707aa4]::sys::backtrace::__rust_end_short_backtrace::<std[70759c8f55707aa4]::panicking::panic_handler::{closure#0}, !>
[INFO] [stdout]    9:     0x592c79d8c82d - __rustc[8fa7c3cbc660c2b3]::rust_begin_unwind
[INFO] [stdout]   10:     0x592c79dc4b7c - core[df12db4294e9bfd3]::panicking::panic_fmt
[INFO] [stdout]   11:     0x592c79dc4952 - core[df12db4294e9bfd3]::result::unwrap_failed
[INFO] [stdout]   12:     0x592c79d24c35 - <vector_db_core[b8eba65a0511549d]::services::file_access_service::FileAccessService>::new
[INFO] [stdout]   13:     0x592c79d270d6 - <vector_db_core[b8eba65a0511549d]::services::dynamic_vector_manage_service::DynamicVectorManageService<vector_db_core[b8eba65a0511549d]::services::dynamic_vector_manage_service::test::ExampleStruct>>::new
[INFO] [stdout]   14:     0x592c79d2d2be - vector_db_core[b8eba65a0511549d]::cache::readable_cache::test::test_one_by_one_push_dynamic
[INFO] [stdout]   15:     0x592c79d2ad99 - <vector_db_core[b8eba65a0511549d]::cache::readable_cache::test::test_one_by_one_push_dynamic::{closure#0} as core[df12db4294e9bfd3]::ops::function::FnOnce<()>>::call_once
[INFO] [stdout]   16:     0x592c79d2e9bb - test[9d35eded1c95d3be]::__rust_begin_short_backtrace::<core[df12db4294e9bfd3]::result::Result<(), alloc[2182bb758b4b3781]::string::String>, fn() -> core[df12db4294e9bfd3]::result::Result<(), alloc[2182bb758b4b3781]::string::String>>
[INFO] [stdout]   17:     0x592c79d3c025 - test[9d35eded1c95d3be]::run_test::{closure#0}
[INFO] [stdout]   18:     0x592c79d358e4 - std[70759c8f55707aa4]::sys::backtrace::__rust_begin_short_backtrace::<test[9d35eded1c95d3be]::run_test::{closure#1}, ()>
[INFO] [stdout]   19:     0x592c79d3f182 - <std[70759c8f55707aa4]::thread::lifecycle::spawn_unchecked<test[9d35eded1c95d3be]::run_test::{closure#1}, ()>::{closure#1} as core[df12db4294e9bfd3]::ops::function::FnOnce<()>>::call_once::{shim:vtable#0}
[INFO] [stdout]   20:     0x592c79daf379 - <std[70759c8f55707aa4]::sys::thread::unix::Thread>::new::thread_start
[INFO] [stdout]   21:     0x7eb637c61dfa - <unknown>
[INFO] [stdout]   22:     0x7eb637cf53d4 - clone
[INFO] [stdout]   23:                0x0 - <unknown>
[INFO] [stdout] 
[INFO] [stdout] ---- cache::writable_cache::test::test_extend_static stdout ----
[INFO] [stdout] 
[INFO] [stdout] thread 'cache::writable_cache::test::test_extend_static' (481) panicked at src/services/file_access_service.rs:26:42:
[INFO] [stdout] Unable to create file: Os { code: 30, kind: ReadOnlyFilesystem, message: "Read-only file system" }
[INFO] [stdout] stack backtrace:
[INFO] [stdout]    0:     0x592c79dafab1 - <<std[70759c8f55707aa4]::sys::backtrace::BacktraceLock>::print::DisplayBacktrace as core[df12db4294e9bfd3]::fmt::Display>::fmt
[INFO] [stdout]    1:     0x592c79dc444a - core[df12db4294e9bfd3]::fmt::write
[INFO] [stdout]    2:     0x592c79db408c - <alloc[2182bb758b4b3781]::vec::Vec<u8> as core[df12db4294e9bfd3]::io::write::Write>::write_fmt
[INFO] [stdout]    3:     0x592c79d8bb86 - std[70759c8f55707aa4]::panicking::default_hook::{closure#0}
[INFO] [stdout]    4:     0x592c79da7f09 - std[70759c8f55707aa4]::panicking::default_hook
[INFO] [stdout]    5:     0x592c79d3b6d0 - test[9d35eded1c95d3be]::test_main_inner::<test[9d35eded1c95d3be]::test_main_static::{closure#0}>::{closure#0}
[INFO] [stdout]    6:     0x592c79da8232 - std[70759c8f55707aa4]::panicking::panic_with_hook
[INFO] [stdout]    7:     0x592c79d8bc32 - std[70759c8f55707aa4]::panicking::panic_handler::{closure#0}
[INFO] [stdout]    8:     0x592c79d84909 - std[70759c8f55707aa4]::sys::backtrace::__rust_end_short_backtrace::<std[70759c8f55707aa4]::panicking::panic_handler::{closure#0}, !>
[INFO] [stdout]    9:     0x592c79d8c82d - __rustc[8fa7c3cbc660c2b3]::rust_begin_unwind
[INFO] [stdout]   10:     0x592c79dc4b7c - core[df12db4294e9bfd3]::panicking::panic_fmt
[INFO] [stdout]   11:     0x592c79dc4952 - core[df12db4294e9bfd3]::result::unwrap_failed
[INFO] [stdout]   12:     0x592c79d24c35 - <vector_db_core[b8eba65a0511549d]::services::file_access_service::FileAccessService>::new
[INFO] [stdout]   13:     0x592c79d19080 - <vector_db_core[b8eba65a0511549d]::services::static_vector_manage_service::StaticVectorManageService<vector_db_core[b8eba65a0511549d]::cache::writable_cache::test::StaticStruct> as vector_db_core[b8eba65a0511549d]::vector_engine::VectorEngine<vector_db_core[b8eba65a0511549d]::cache::writable_cache::test::StaticStruct>>::new
[INFO] [stdout]   14:     0x592c79d20883 - <vector_db_core[b8eba65a0511549d]::cache::writable_cache::WritableCache<vector_db_core[b8eba65a0511549d]::services::static_vector_manage_service::StaticVectorManageService<vector_db_core[b8eba65a0511549d]::cache::writable_cache::test::StaticStruct>, vector_db_core[b8eba65a0511549d]::cache::writable_cache::test::StaticStruct>>::new
[INFO] [stdout]   15:     0x592c79d21363 - vector_db_core[b8eba65a0511549d]::cache::writable_cache::test::test_extend_static
[INFO] [stdout]   16:     0x592c79d2ae39 - <vector_db_core[b8eba65a0511549d]::cache::writable_cache::test::test_extend_static::{closure#0} as core[df12db4294e9bfd3]::ops::function::FnOnce<()>>::call_once
[INFO] [stdout]   17:     0x592c79d2e9bb - test[9d35eded1c95d3be]::__rust_begin_short_backtrace::<core[df12db4294e9bfd3]::result::Result<(), alloc[2182bb758b4b3781]::string::String>, fn() -> core[df12db4294e9bfd3]::result::Result<(), alloc[2182bb758b4b3781]::string::String>>
[INFO] [stdout]   18:     0x592c79d3c025 - test[9d35eded1c95d3be]::run_test::{closure#0}
[INFO] [stdout]   19:     0x592c79d358e4 - std[70759c8f55707aa4]::sys::backtrace::__rust_begin_short_backtrace::<test[9d35eded1c95d3be]::run_test::{closure#1}, ()>
[INFO] [stdout]   20:     0x592c79d3f182 - <std[70759c8f55707aa4]::thread::lifecycle::spawn_unchecked<test[9d35eded1c95d3be]::run_test::{closure#1}, ()>::{closure#1} as core[df12db4294e9bfd3]::ops::function::FnOnce<()>>::call_once::{shim:vtable#0}
[INFO] [stdout]   21:     0x592c79daf379 - <std[70759c8f55707aa4]::sys::thread::unix::Thread>::new::thread_start
[INFO] [stdout]   22:     0x7eb637c61dfa - <unknown>
[INFO] [stdout]   23:     0x7eb637cf53d4 - clone
[INFO] [stdout]   24:                0x0 - <unknown>
[INFO] [stdout] 
[INFO] [stdout] ---- cache::writable_cache::test::test_one_by_one_push_static stdout ----
[INFO] [stdout] 
[INFO] [stdout] thread 'cache::writable_cache::test::test_one_by_one_push_static' (483) panicked at src/services/file_access_service.rs:26:42:
[INFO] [stdout] Unable to create file: Os { code: 30, kind: ReadOnlyFilesystem, message: "Read-only file system" }
[INFO] [stdout] stack backtrace:
[INFO] [stdout]    0:     0x592c79dafab1 - <<std[70759c8f55707aa4]::sys::backtrace::BacktraceLock>::print::DisplayBacktrace as core[df12db4294e9bfd3]::fmt::Display>::fmt
[INFO] [stdout]    1:     0x592c79dc444a - core[df12db4294e9bfd3]::fmt::write
[INFO] [stdout]    2:     0x592c79db408c - <alloc[2182bb758b4b3781]::vec::Vec<u8> as core[df12db4294e9bfd3]::io::write::Write>::write_fmt
[INFO] [stdout]    3:     0x592c79d8bb86 - std[70759c8f55707aa4]::panicking::default_hook::{closure#0}
[INFO] [stdout]    4:     0x592c79da7f09 - std[70759c8f55707aa4]::panicking::default_hook
[INFO] [stdout]    5:     0x592c79d3b6d0 - test[9d35eded1c95d3be]::test_main_inner::<test[9d35eded1c95d3be]::test_main_static::{closure#0}>::{closure#0}
[INFO] [stdout]    6:     0x592c79da8232 - std[70759c8f55707aa4]::panicking::panic_with_hook
[INFO] [stdout]    7:     0x592c79d8bc32 - std[70759c8f55707aa4]::panicking::panic_handler::{closure#0}
[INFO] [stdout]    8:     0x592c79d84909 - std[70759c8f55707aa4]::sys::backtrace::__rust_end_short_backtrace::<std[70759c8f55707aa4]::panicking::panic_handler::{closure#0}, !>
[INFO] [stdout]    9:     0x592c79d8c82d - __rustc[8fa7c3cbc660c2b3]::rust_begin_unwind
[INFO] [stdout]   10:     0x592c79dc4b7c - core[df12db4294e9bfd3]::panicking::panic_fmt
[INFO] [stdout]   11:     0x592c79dc4952 - core[df12db4294e9bfd3]::result::unwrap_failed
[INFO] [stdout]   12:     0x592c79d24c35 - <vector_db_core[b8eba65a0511549d]::services::file_access_service::FileAccessService>::new
[INFO] [stdout]   13:     0x592c79d19080 - <vector_db_core[b8eba65a0511549d]::services::static_vector_manage_service::StaticVectorManageService<vector_db_core[b8eba65a0511549d]::cache::writable_cache::test::StaticStruct> as vector_db_core[b8eba65a0511549d]::vector_engine::VectorEngine<vector_db_core[b8eba65a0511549d]::cache::writable_cache::test::StaticStruct>>::new
[INFO] [stdout]   14:     0x592c79d20883 - <vector_db_core[b8eba65a0511549d]::cache::writable_cache::WritableCache<vector_db_core[b8eba65a0511549d]::services::static_vector_manage_service::StaticVectorManageService<vector_db_core[b8eba65a0511549d]::cache::writable_cache::test::StaticStruct>, vector_db_core[b8eba65a0511549d]::cache::writable_cache::test::StaticStruct>>::new
[INFO] [stdout]   15:     0x592c79d21886 - vector_db_core[b8eba65a0511549d]::cache::writable_cache::test::test_one_by_one_push_static
[INFO] [stdout]   16:     0x592c79d2ae79 - <vector_db_core[b8eba65a0511549d]::cache::writable_cache::test::test_one_by_one_push_static::{closure#0} as core[df12db4294e9bfd3]::ops::function::FnOnce<()>>::call_once
[INFO] [stdout]   17:     0x592c79d2e9bb - test[9d35eded1c95d3be]::__rust_begin_short_backtrace::<core[df12db4294e9bfd3]::result::Result<(), alloc[2182bb758b4b3781]::string::String>, fn() -> core[df12db4294e9bfd3]::result::Result<(), alloc[2182bb758b4b3781]::string::String>>
[INFO] [stdout]   18:     0x592c79d3c025 - test[9d35eded1c95d3be]::run_test::{closure#0}
[INFO] [stdout]   19:     0x592c79d358e4 - std[70759c8f55707aa4]::sys::backtrace::__rust_begin_short_backtrace::<test[9d35eded1c95d3be]::run_test::{closure#1}, ()>
[INFO] [stdout]   20:     0x592c79d3f182 - <std[70759c8f55707aa4]::thread::lifecycle::spawn_unchecked<test[9d35eded1c95d3be]::run_test::{closure#1}, ()>::{closure#1} as core[df12db4294e9bfd3]::ops::function::FnOnce<()>>::call_once::{shim:vtable#0}
[INFO] [stdout]   21:     0x592c79daf379 - <std[70759c8f55707aa4]::sys::thread::unix::Thread>::new::thread_start
[INFO] [stdout]   22:     0x7eb637c61dfa - <unknown>
[INFO] [stdout]   23:     0x7eb637cf53d4 - clone
[INFO] [stdout]   24:                0x0 - <unknown>
[INFO] [stdout] 
[INFO] [stdout] ---- cache::readable_cache::test::test_getting_lot_static stdout ----
[INFO] [stdout] 
[INFO] [stdout] thread 'cache::readable_cache::test::test_getting_lot_static' (475) panicked at src/services/file_access_service.rs:26:42:
[INFO] [stdout] Unable to create file: Os { code: 30, kind: ReadOnlyFilesystem, message: "Read-only file system" }
[INFO] [stdout] stack backtrace:
[INFO] [stdout]    0:     0x592c79dafab1 - <<std[70759c8f55707aa4]::sys::backtrace::BacktraceLock>::print::DisplayBacktrace as core[df12db4294e9bfd3]::fmt::Display>::fmt
[INFO] [stdout]    1:     0x592c79dc444a - core[df12db4294e9bfd3]::fmt::write
[INFO] [stdout]    2:     0x592c79db408c - <alloc[2182bb758b4b3781]::vec::Vec<u8> as core[df12db4294e9bfd3]::io::write::Write>::write_fmt
[INFO] [stdout]    3:     0x592c79d8bb86 - std[70759c8f55707aa4]::panicking::default_hook::{closure#0}
[INFO] [stdout]    4:     0x592c79da7f09 - std[70759c8f55707aa4]::panicking::default_hook
[INFO] [stdout]    5:     0x592c79d3b6d0 - test[9d35eded1c95d3be]::test_main_inner::<test[9d35eded1c95d3be]::test_main_static::{closure#0}>::{closure#0}
[INFO] [stdout]    6:     0x592c79da8232 - std[70759c8f55707aa4]::panicking::panic_with_hook
[INFO] [stdout]    7:     0x592c79d8bc32 - std[70759c8f55707aa4]::panicking::panic_handler::{closure#0}
[INFO] [stdout]    8:     0x592c79d84909 - std[70759c8f55707aa4]::sys::backtrace::__rust_end_short_backtrace::<std[70759c8f55707aa4]::panicking::panic_handler::{closure#0}, !>
[INFO] [stdout]    9:     0x592c79d8c82d - __rustc[8fa7c3cbc660c2b3]::rust_begin_unwind
[INFO] [stdout]   10:     0x592c79dc4b7c - core[df12db4294e9bfd3]::panicking::panic_fmt
[INFO] [stdout]   11:     0x592c79dc4952 - core[df12db4294e9bfd3]::result::unwrap_failed
[INFO] [stdout]   12:     0x592c79d24c35 - <vector_db_core[b8eba65a0511549d]::services::file_access_service::FileAccessService>::new
[INFO] [stdout]   13:     0x592c79d16c00 - <vector_db_core[b8eba65a0511549d]::services::static_vector_manage_service::StaticVectorManageService<vector_db_core[b8eba65a0511549d]::cache::readable_cache::test::StaticStruct>>::new
[INFO] [stdout]   14:     0x592c79d2c911 - vector_db_core[b8eba65a0511549d]::cache::readable_cache::test::test_getting_lot_static
[INFO] [stdout]   15:     0x592c79d2ad59 - <vector_db_core[b8eba65a0511549d]::cache::readable_cache::test::test_getting_lot_static::{closure#0} as core[df12db4294e9bfd3]::ops::function::FnOnce<()>>::call_once
[INFO] [stdout]   16:     0x592c79d2e9bb - test[9d35eded1c95d3be]::__rust_begin_short_backtrace::<core[df12db4294e9bfd3]::result::Result<(), alloc[2182bb758b4b3781]::string::String>, fn() -> core[df12db4294e9bfd3]::result::Result<(), alloc[2182bb758b4b3781]::string::String>>
[INFO] [stdout]   17:     0x592c79d3c025 - test[9d35eded1c95d3be]::run_test::{closure#0}
[INFO] [stdout]   18:     0x592c79d358e4 - std[70759c8f55707aa4]::sys::backtrace::__rust_begin_short_backtrace::<test[9d35eded1c95d3be]::run_test::{closure#1}, ()>
[INFO] [stdout]   19:     0x592c79d3f182 - <std[70759c8f55707aa4]::thread::lifecycle::spawn_unchecked<test[9d35eded1c95d3be]::run_test::{closure#1}, ()>::{closure#1} as core[df12db4294e9bfd3]::ops::function::FnOnce<()>>::call_once::{shim:vtable#0}
[INFO] [stdout]   20:     0x592c79daf379 - <std[70759c8f55707aa4]::sys::thread::unix::Thread>::new::thread_start
[INFO] [stdout]   21:     0x7eb637c61dfa - <unknown>
[INFO] [stdout]   22:     0x7eb637cf53d4 - clone
[INFO] [stdout]   23:                0x0 - <unknown>
[INFO] [stdout] 
[INFO] [stdout] ---- services::dynamic_vector_manage_service::test::test_get_dynamic_length stdout ----
[INFO] [stdout] 
[INFO] [stdout] thread 'services::dynamic_vector_manage_service::test::test_get_dynamic_length' (485) panicked at src/services/file_access_service.rs:26:42:
[INFO] [stdout] Unable to create file: Os { code: 30, kind: ReadOnlyFilesystem, message: "Read-only file system" }
[INFO] [stdout] stack backtrace:
[INFO] [stdout]    0:     0x592c79dafab1 - <<std[70759c8f55707aa4]::sys::backtrace::BacktraceLock>::print::DisplayBacktrace as core[df12db4294e9bfd3]::fmt::Display>::fmt
[INFO] [stdout]    1:     0x592c79dc444a - core[df12db4294e9bfd3]::fmt::write
[INFO] [stdout]    2:     0x592c79db408c - <alloc[2182bb758b4b3781]::vec::Vec<u8> as core[df12db4294e9bfd3]::io::write::Write>::write_fmt
[INFO] [stdout]    3:     0x592c79d8bb86 - std[70759c8f55707aa4]::panicking::default_hook::{closure#0}
[INFO] [stdout]    4:     0x592c79da7f09 - std[70759c8f55707aa4]::panicking::default_hook
[INFO] [stdout]    5:     0x592c79d3b6d0 - test[9d35eded1c95d3be]::test_main_inner::<test[9d35eded1c95d3be]::test_main_static::{closure#0}>::{closure#0}
[INFO] [stdout]    6:     0x592c79da8232 - std[70759c8f55707aa4]::panicking::panic_with_hook
[INFO] [stdout]    7:     0x592c79d8bc32 - std[70759c8f55707aa4]::panicking::panic_handler::{closure#0}
[INFO] [stdout]    8:     0x592c79d84909 - std[70759c8f55707aa4]::sys::backtrace::__rust_end_short_backtrace::<std[70759c8f55707aa4]::panicking::panic_handler::{closure#0}, !>
[INFO] [stdout]    9:     0x592c79d8c82d - __rustc[8fa7c3cbc660c2b3]::rust_begin_unwind
[INFO] [stdout]   10:     0x592c79dc4b7c - core[df12db4294e9bfd3]::panicking::panic_fmt
[INFO] [stdout]   11:     0x592c79dc4952 - core[df12db4294e9bfd3]::result::unwrap_failed
[INFO] [stdout]   12:     0x592c79d24c35 - <vector_db_core[b8eba65a0511549d]::services::file_access_service::FileAccessService>::new
[INFO] [stdout]   13:     0x592c79d270d6 - <vector_db_core[b8eba65a0511549d]::services::dynamic_vector_manage_service::DynamicVectorManageService<vector_db_core[b8eba65a0511549d]::services::dynamic_vector_manage_service::test::ExampleStruct>>::new
[INFO] [stdout]   14:     0x592c79d12d7e - vector_db_core[b8eba65a0511549d]::services::dynamic_vector_manage_service::test::test_get_dynamic_length
[INFO] [stdout]   15:     0x592c79d2afd9 - <vector_db_core[b8eba65a0511549d]::services::dynamic_vector_manage_service::test::test_get_dynamic_length::{closure#0} as core[df12db4294e9bfd3]::ops::function::FnOnce<()>>::call_once
[INFO] [stdout]   16:     0x592c79d2e9bb - test[9d35eded1c95d3be]::__rust_begin_short_backtrace::<core[df12db4294e9bfd3]::result::Result<(), alloc[2182bb758b4b3781]::string::String>, fn() -> core[df12db4294e9bfd3]::result::Result<(), alloc[2182bb758b4b3781]::string::String>>
[INFO] [stdout]   17:     0x592c79d3c025 - test[9d35eded1c95d3be]::run_test::{closure#0}
[INFO] [stdout]   18:     0x592c79d358e4 - std[70759c8f55707aa4]::sys::backtrace::__rust_begin_short_backtrace::<test[9d35eded1c95d3be]::run_test::{closure#1}, ()>
[INFO] [stdout]   19:     0x592c79d3f182 - <std[70759c8f55707aa4]::thread::lifecycle::spawn_unchecked<test[9d35eded1c95d3be]::run_test::{closure#1}, ()>::{closure#1} as core[df12db4294e9bfd3]::ops::function::FnOnce<()>>::call_once::{shim:vtable#0}
[INFO] [stdout]   20:     0x592c79daf379 - <std[70759c8f55707aa4]::sys::thread::unix::Thread>::new::thread_start
[INFO] [stdout]   21:     0x7eb637c61dfa - <unknown>
[INFO] [stdout]   22:     0x7eb637cf53d4 - clone
[INFO] [stdout]   23:                0x0 - <unknown>
[INFO] [stdout] 
[INFO] [stdout] ---- services::dynamic_vector_manage_service::test::test_load_bulk stdout ----
[INFO] [stdout] 
[INFO] [stdout] thread 'services::dynamic_vector_manage_service::test::test_load_bulk' (486) panicked at src/services/file_access_service.rs:26:42:
[INFO] [stdout] Unable to create file: Os { code: 30, kind: ReadOnlyFilesystem, message: "Read-only file system" }
[INFO] [stdout] stack backtrace:
[INFO] [stdout]    0:     0x592c79dafab1 - <<std[70759c8f55707aa4]::sys::backtrace::BacktraceLock>::print::DisplayBacktrace as core[df12db4294e9bfd3]::fmt::Display>::fmt
[INFO] [stdout]    1:     0x592c79dc444a - core[df12db4294e9bfd3]::fmt::write
[INFO] [stdout]    2:     0x592c79db408c - <alloc[2182bb758b4b3781]::vec::Vec<u8> as core[df12db4294e9bfd3]::io::write::Write>::write_fmt
[INFO] [stdout]    3:     0x592c79d8bb86 - std[70759c8f55707aa4]::panicking::default_hook::{closure#0}
[INFO] [stdout]    4:     0x592c79da7f09 - std[70759c8f55707aa4]::panicking::default_hook
[INFO] [stdout]    5:     0x592c79d3b6d0 - test[9d35eded1c95d3be]::test_main_inner::<test[9d35eded1c95d3be]::test_main_static::{closure#0}>::{closure#0}
[INFO] [stdout]    6:     0x592c79da8232 - std[70759c8f55707aa4]::panicking::panic_with_hook
[INFO] [stdout]    7:     0x592c79d8bc32 - std[70759c8f55707aa4]::panicking::panic_handler::{closure#0}
[INFO] [stdout]    8:     0x592c79d84909 - std[70759c8f55707aa4]::sys::backtrace::__rust_end_short_backtrace::<std[70759c8f55707aa4]::panicking::panic_handler::{closure#0}, !>
[INFO] [stdout]    9:     0x592c79d8c82d - __rustc[8fa7c3cbc660c2b3]::rust_begin_unwind
[INFO] [stdout]   10:     0x592c79dc4b7c - core[df12db4294e9bfd3]::panicking::panic_fmt
[INFO] [stdout]   11:     0x592c79dc4952 - core[df12db4294e9bfd3]::result::unwrap_failed
[INFO] [stdout]   12:     0x592c79d24c35 - <vector_db_core[b8eba65a0511549d]::services::file_access_service::FileAccessService>::new
[INFO] [stdout]   13:     0x592c79d270d6 - <vector_db_core[b8eba65a0511549d]::services::dynamic_vector_manage_service::DynamicVectorManageService<vector_db_core[b8eba65a0511549d]::services::dynamic_vector_manage_service::test::ExampleStruct>>::new
[INFO] [stdout]   14:     0x592c79d11f7f - vector_db_core[b8eba65a0511549d]::services::dynamic_vector_manage_service::test::test_load_bulk
[INFO] [stdout]   15:     0x592c79d2af99 - <vector_db_core[b8eba65a0511549d]::services::dynamic_vector_manage_service::test::test_load_bulk::{closure#0} as core[df12db4294e9bfd3]::ops::function::FnOnce<()>>::call_once
[INFO] [stdout]   16:     0x592c79d2e9bb - test[9d35eded1c95d3be]::__rust_begin_short_backtrace::<core[df12db4294e9bfd3]::result::Result<(), alloc[2182bb758b4b3781]::string::String>, fn() -> core[df12db4294e9bfd3]::result::Result<(), alloc[2182bb758b4b3781]::string::String>>
[INFO] [stdout]   17:     0x592c79d3c025 - test[9d35eded1c95d3be]::run_test::{closure#0}
[INFO] [stdout]   18:     0x592c79d358e4 - std[70759c8f55707aa4]::sys::backtrace::__rust_begin_short_backtrace::<test[9d35eded1c95d3be]::run_test::{closure#1}, ()>
[INFO] [stdout]   19:     0x592c79d3f182 - <std[70759c8f55707aa4]::thread::lifecycle::spawn_unchecked<test[9d35eded1c95d3be]::run_test::{closure#1}, ()>::{closure#1} as core[df12db4294e9bfd3]::ops::function::FnOnce<()>>::call_once::{shim:vtable#0}
[INFO] [stdout]   20:     0x592c79daf379 - <std[70759c8f55707aa4]::sys::thread::unix::Thread>::new::thread_start
[INFO] [stdout]   21:     0x7eb637c61dfa - <unknown>
[INFO] [stdout]   22:     0x7eb637cf53d4 - clone
[INFO] [stdout]   23:                0x0 - <unknown>
[INFO] [stdout] 
[INFO] [stdout] ---- services::dynamic_vector_manage_service::test::test_load_one stdout ----
[INFO] [stdout] 
[INFO] [stdout] thread 'services::dynamic_vector_manage_service::test::test_load_one' (487) panicked at src/services/file_access_service.rs:26:42:
[INFO] [stdout] Unable to create file: Os { code: 30, kind: ReadOnlyFilesystem, message: "Read-only file system" }
[INFO] [stdout] stack backtrace:
[INFO] [stdout]    0:     0x592c79dafab1 - <<std[70759c8f55707aa4]::sys::backtrace::BacktraceLock>::print::DisplayBacktrace as core[df12db4294e9bfd3]::fmt::Display>::fmt
[INFO] [stdout]    1:     0x592c79dc444a - core[df12db4294e9bfd3]::fmt::write
[INFO] [stdout]    2:     0x592c79db408c - <alloc[2182bb758b4b3781]::vec::Vec<u8> as core[df12db4294e9bfd3]::io::write::Write>::write_fmt
[INFO] [stdout]    3:     0x592c79d8bb86 - std[70759c8f55707aa4]::panicking::default_hook::{closure#0}
[INFO] [stdout]    4:     0x592c79da7f09 - std[70759c8f55707aa4]::panicking::default_hook
[INFO] [stdout]    5:     0x592c79d3b6d0 - test[9d35eded1c95d3be]::test_main_inner::<test[9d35eded1c95d3be]::test_main_static::{closure#0}>::{closure#0}
[INFO] [stdout]    6:     0x592c79da8232 - std[70759c8f55707aa4]::panicking::panic_with_hook
[INFO] [stdout]    7:     0x592c79d8bc32 - std[70759c8f55707aa4]::panicking::panic_handler::{closure#0}
[INFO] [stdout]    8:     0x592c79d84909 - std[70759c8f55707aa4]::sys::backtrace::__rust_end_short_backtrace::<std[70759c8f55707aa4]::panicking::panic_handler::{closure#0}, !>
[INFO] [stdout]    9:     0x592c79d8c82d - __rustc[8fa7c3cbc660c2b3]::rust_begin_unwind
[INFO] [stdout]   10:     0x592c79dc4b7c - core[df12db4294e9bfd3]::panicking::panic_fmt
[INFO] [stdout]   11:     0x592c79dc4952 - core[df12db4294e9bfd3]::result::unwrap_failed
[INFO] [stdout]   12:     0x592c79d24c35 - <vector_db_core[b8eba65a0511549d]::services::file_access_service::FileAccessService>::new
[INFO] [stdout]   13:     0x592c79d270d6 - <vector_db_core[b8eba65a0511549d]::services::dynamic_vector_manage_service::DynamicVectorManageService<vector_db_core[b8eba65a0511549d]::services::dynamic_vector_manage_service::test::ExampleStruct>>::new
[INFO] [stdout]   14:     0x592c79d116aa - vector_db_core[b8eba65a0511549d]::services::dynamic_vector_manage_service::test::test_load_one
[INFO] [stdout]   15:     0x592c79d2af59 - <vector_db_core[b8eba65a0511549d]::services::dynamic_vector_manage_service::test::test_load_one::{closure#0} as core[df12db4294e9bfd3]::ops::function::FnOnce<()>>::call_once
[INFO] [stdout]   16:     0x592c79d2e9bb - test[9d35eded1c95d3be]::__rust_begin_short_backtrace::<core[df12db4294e9bfd3]::result::Result<(), alloc[2182bb758b4b3781]::string::String>, fn() -> core[df12db4294e9bfd3]::result::Result<(), alloc[2182bb758b4b3781]::string::String>>
[INFO] [stdout]   17:     0x592c79d3c025 - test[9d35eded1c95d3be]::run_test::{closure#0}
[INFO] [stdout]   18:     0x592c79d358e4 - std[70759c8f55707aa4]::sys::backtrace::__rust_begin_short_backtrace::<test[9d35eded1c95d3be]::run_test::{closure#1}, ()>
[INFO] [stdout]   19:     0x592c79d3f182 - <std[70759c8f55707aa4]::thread::lifecycle::spawn_unchecked<test[9d35eded1c95d3be]::run_test::{closure#1}, ()>::{closure#1} as core[df12db4294e9bfd3]::ops::function::FnOnce<()>>::call_once::{shim:vtable#0}
[INFO] [stdout]   20:     0x592c79daf379 - <std[70759c8f55707aa4]::sys::thread::unix::Thread>::new::thread_start
[INFO] [stdout]   21:     0x7eb637c61dfa - <unknown>
[INFO] [stdout]   22:     0x7eb637cf53d4 - clone
[INFO] [stdout]   23:                0x0 - <unknown>
[INFO] [stdout] 
[INFO] [stdout] ---- cache::writable_cache::test::test_one_by_one_push_dynamic stdout ----
[INFO] [stdout] 
[INFO] [stdout] thread 'cache::writable_cache::test::test_one_by_one_push_dynamic' (482) panicked at src/services/file_access_service.rs:26:42:
[INFO] [stdout] Unable to create file: Os { code: 30, kind: ReadOnlyFilesystem, message: "Read-only file system" }
[INFO] [stdout] stack backtrace:
[INFO] [stdout]    0:     0x592c79dafab1 - <<std[70759c8f55707aa4]::sys::backtrace::BacktraceLock>::print::DisplayBacktrace as core[df12db4294e9bfd3]::fmt::Display>::fmt
[INFO] [stdout]    1:     0x592c79dc444a - core[df12db4294e9bfd3]::fmt::write
[INFO] [stdout]    2:     0x592c79db408c - <alloc[2182bb758b4b3781]::vec::Vec<u8> as core[df12db4294e9bfd3]::io::write::Write>::write_fmt
[INFO] [stdout]    3:     0x592c79d8bb86 - std[70759c8f55707aa4]::panicking::default_hook::{closure#0}
[INFO] [stdout]    4:     0x592c79da7f09 - std[70759c8f55707aa4]::panicking::default_hook
[INFO] [stdout]    5:     0x592c79d3b6d0 - test[9d35eded1c95d3be]::test_main_inner::<test[9d35eded1c95d3be]::test_main_static::{closure#0}>::{closure#0}
[INFO] [stdout]    6:     0x592c79da8232 - std[70759c8f55707aa4]::panicking::panic_with_hook
[INFO] [stdout]    7:     0x592c79d8bc32 - std[70759c8f55707aa4]::panicking::panic_handler::{closure#0}
[INFO] [stdout]    8:     0x592c79d84909 - std[70759c8f55707aa4]::sys::backtrace::__rust_end_short_backtrace::<std[70759c8f55707aa4]::panicking::panic_handler::{closure#0}, !>
[INFO] [stdout]    9:     0x592c79d8c82d - __rustc[8fa7c3cbc660c2b3]::rust_begin_unwind
[INFO] [stdout]   10:     0x592c79dc4b7c - core[df12db4294e9bfd3]::panicking::panic_fmt
[INFO] [stdout]   11:     0x592c79dc4952 - core[df12db4294e9bfd3]::result::unwrap_failed
[INFO] [stdout]   12:     0x592c79d24c35 - <vector_db_core[b8eba65a0511549d]::services::file_access_service::FileAccessService>::new
[INFO] [stdout]   13:     0x592c79d29976 - <vector_db_core[b8eba65a0511549d]::services::dynamic_vector_manage_service::DynamicVectorManageService<vector_db_core[b8eba65a0511549d]::cache::writable_cache::test::StaticStruct> as vector_db_core[b8eba65a0511549d]::vector_engine::VectorEngine<vector_db_core[b8eba65a0511549d]::cache::writable_cache::test::StaticStruct>>::new
[INFO] [stdout]   14:     0x592c79d21a19 - vector_db_core[b8eba65a0511549d]::cache::writable_cache::test::test_one_by_one_push_dynamic
[INFO] [stdout]   15:     0x592c79d2ae99 - <vector_db_core[b8eba65a0511549d]::cache::writable_cache::test::test_one_by_one_push_dynamic::{closure#0} as core[df12db4294e9bfd3]::ops::function::FnOnce<()>>::call_once
[INFO] [stdout]   16:     0x592c79d2e9bb - test[9d35eded1c95d3be]::__rust_begin_short_backtrace::<core[df12db4294e9bfd3]::result::Result<(), alloc[2182bb758b4b3781]::string::String>, fn() -> core[df12db4294e9bfd3]::result::Result<(), alloc[2182bb758b4b3781]::string::String>>
[INFO] [stdout]   17:     0x592c79d3c025 - test[9d35eded1c95d3be]::run_test::{closure#0}
[INFO] [stdout]   18:     0x592c79d358e4 - std[70759c8f55707aa4]::sys::backtrace::__rust_begin_short_backtrace::<test[9d35eded1c95d3be]::run_test::{closure#1}, ()>
[INFO] [stdout]   19:     0x592c79d3f182 - <std[70759c8f55707aa4]::thread::lifecycle::spawn_unchecked<test[9d35eded1c95d3be]::run_test::{closure#1}, ()>::{closure#1} as core[df12db4294e9bfd3]::ops::function::FnOnce<()>>::call_once::{shim:vtable#0}
[INFO] [stdout]   20:     0x592c79daf379 - <std[70759c8f55707aa4]::sys::thread::unix::Thread>::new::thread_start
[INFO] [stdout]   21:     0x7eb637c61dfa - <unknown>
[INFO] [stdout]   22:     0x7eb637cf53d4 - clone
[INFO] [stdout]   23:                0x0 - <unknown>
[INFO] [stdout] 
[INFO] [stdout] ---- cache::writable_cache::test::test_push_static_one stdout ----
[INFO] [stdout] 
[INFO] [stdout] thread 'cache::writable_cache::test::test_push_static_one' (484) panicked at src/services/file_access_service.rs:26:42:
[INFO] [stdout] Unable to create file: Os { code: 30, kind: ReadOnlyFilesystem, message: "Read-only file system" }
[INFO] [stdout] stack backtrace:
[INFO] [stdout]    0:     0x592c79dafab1 - <<std[70759c8f55707aa4]::sys::backtrace::BacktraceLock>::print::DisplayBacktrace as core[df12db4294e9bfd3]::fmt::Display>::fmt
[INFO] [stdout]    1:     0x592c79dc444a - core[df12db4294e9bfd3]::fmt::write
[INFO] [stdout]    2:     0x592c79db408c - <alloc[2182bb758b4b3781]::vec::Vec<u8> as core[df12db4294e9bfd3]::io::write::Write>::write_fmt
[INFO] [stdout]    3:     0x592c79d8bb86 - std[70759c8f55707aa4]::panicking::default_hook::{closure#0}
[INFO] [stdout]    4:     0x592c79da7f09 - std[70759c8f55707aa4]::panicking::default_hook
[INFO] [stdout]    5:     0x592c79d3b6d0 - test[9d35eded1c95d3be]::test_main_inner::<test[9d35eded1c95d3be]::test_main_static::{closure#0}>::{closure#0}
[INFO] [stdout]    6:     0x592c79da8232 - std[70759c8f55707aa4]::panicking::panic_with_hook
[INFO] [stdout]    7:     0x592c79d8bc32 - std[70759c8f55707aa4]::panicking::panic_handler::{closure#0}
[INFO] [stdout]    8:     0x592c79d84909 - std[70759c8f55707aa4]::sys::backtrace::__rust_end_short_backtrace::<std[70759c8f55707aa4]::panicking::panic_handler::{closure#0}, !>
[INFO] [stdout]    9:     0x592c79d8c82d - __rustc[8fa7c3cbc660c2b3]::rust_begin_unwind
[INFO] [stdout]   10:     0x592c79dc4b7c - core[df12db4294e9bfd3]::panicking::panic_fmt
[INFO] [stdout]   11:     0x592c79dc4952 - core[df12db4294e9bfd3]::result::unwrap_failed
[INFO] [stdout]   12:     0x592c79d24c35 - <vector_db_core[b8eba65a0511549d]::services::file_access_service::FileAccessService>::new
[INFO] [stdout]   13:     0x592c79d19080 - <vector_db_core[b8eba65a0511549d]::services::static_vector_manage_service::StaticVectorManageService<vector_db_core[b8eba65a0511549d]::cache::writable_cache::test::StaticStruct> as vector_db_core[b8eba65a0511549d]::vector_engine::VectorEngine<vector_db_core[b8eba65a0511549d]::cache::writable_cache::test::StaticStruct>>::new
[INFO] [stdout]   14:     0x592c79d20883 - <vector_db_core[b8eba65a0511549d]::cache::writable_cache::WritableCache<vector_db_core[b8eba65a0511549d]::services::static_vector_manage_service::StaticVectorManageService<vector_db_core[b8eba65a0511549d]::cache::writable_cache::test::StaticStruct>, vector_db_core[b8eba65a0511549d]::cache::writable_cache::test::StaticStruct>>::new
[INFO] [stdout]   15:     0x592c79d2174e - vector_db_core[b8eba65a0511549d]::cache::writable_cache::test::test_push_static_one
[INFO] [stdout]   16:     0x592c79d2ae59 - <vector_db_core[b8eba65a0511549d]::cache::writable_cache::test::test_push_static_one::{closure#0} as core[df12db4294e9bfd3]::ops::function::FnOnce<()>>::call_once
[INFO] [stdout]   17:     0x592c79d2e9bb - test[9d35eded1c95d3be]::__rust_begin_short_backtrace::<core[df12db4294e9bfd3]::result::Result<(), alloc[2182bb758b4b3781]::string::String>, fn() -> core[df12db4294e9bfd3]::result::Result<(), alloc[2182bb758b4b3781]::string::String>>
[INFO] [stdout]   18:     0x592c79d3c025 - test[9d35eded1c95d3be]::run_test::{closure#0}
[INFO] [stdout]   19:     0x592c79d358e4 - std[70759c8f55707aa4]::sys::backtrace::__rust_begin_short_backtrace::<test[9d35eded1c95d3be]::run_test::{closure#1}, ()>
[INFO] [stdout]   20:     0x592c79d3f182 - <std[70759c8f55707aa4]::thread::lifecycle::spawn_unchecked<test[9d35eded1c95d3be]::run_test::{closure#1}, ()>::{closure#1} as core[df12db4294e9bfd3]::ops::function::FnOnce<()>>::call_once::{shim:vtable#0}
[INFO] [stdout]   21:     0x592c79daf379 - <std[70759c8f55707aa4]::sys::thread::unix::Thread>::new::thread_start
[INFO] [stdout]   22:     0x7eb637c61dfa - <unknown>
[INFO] [stdout]   23:     0x7eb637cf53d4 - clone
[INFO] [stdout]   24:                0x0 - <unknown>
[INFO] [stdout] 
[INFO] [stdout] ---- cache::readable_cache::test::test_getting_static_multi_turns stdout ----
[INFO] [stdout] 
[INFO] [stdout] thread 'cache::readable_cache::test::test_getting_static_multi_turns' (476) panicked at src/services/file_access_service.rs:26:42:
[INFO] [stdout] Unable to create file: Os { code: 30, kind: ReadOnlyFilesystem, message: "Read-only file system" }
[INFO] [stdout] stack backtrace:
[INFO] [stdout]    0:     0x592c79dafab1 - <<std[70759c8f55707aa4]::sys::backtrace::BacktraceLock>::print::DisplayBacktrace as core[df12db4294e9bfd3]::fmt::Display>::fmt
[INFO] [stdout]    1:     0x592c79dc444a - core[df12db4294e9bfd3]::fmt::write
[INFO] [stdout]    2:     0x592c79db408c - <alloc[2182bb758b4b3781]::vec::Vec<u8> as core[df12db4294e9bfd3]::io::write::Write>::write_fmt
[INFO] [stdout]    3:     0x592c79d8bb86 - std[70759c8f55707aa4]::panicking::default_hook::{closure#0}
[INFO] [stdout]    4:     0x592c79da7f09 - std[70759c8f55707aa4]::panicking::default_hook
[INFO] [stdout]    5:     0x592c79d3b6d0 - test[9d35eded1c95d3be]::test_main_inner::<test[9d35eded1c95d3be]::test_main_static::{closure#0}>::{closure#0}
[INFO] [stdout]    6:     0x592c79da8232 - std[70759c8f55707aa4]::panicking::panic_with_hook
[INFO] [stdout]    7:     0x592c79d8bc32 - std[70759c8f55707aa4]::panicking::panic_handler::{closure#0}
[INFO] [stdout]    8:     0x592c79d84909 - std[70759c8f55707aa4]::sys::backtrace::__rust_end_short_backtrace::<std[70759c8f55707aa4]::panicking::panic_handler::{closure#0}, !>
[INFO] [stdout]    9:     0x592c79d8c82d - __rustc[8fa7c3cbc660c2b3]::rust_begin_unwind
[INFO] [stdout]   10:     0x592c79dc4b7c - core[df12db4294e9bfd3]::panicking::panic_fmt
[INFO] [stdout]   11:     0x592c79dc4952 - core[df12db4294e9bfd3]::result::unwrap_failed
[INFO] [stdout]   12:     0x592c79d24c35 - <vector_db_core[b8eba65a0511549d]::services::file_access_service::FileAccessService>::new
[INFO] [stdout]   13:     0x592c79d16c00 - <vector_db_core[b8eba65a0511549d]::services::static_vector_manage_service::StaticVectorManageService<vector_db_core[b8eba65a0511549d]::cache::readable_cache::test::StaticStruct>>::new
[INFO] [stdout]   14:     0x592c79d2d9be - vector_db_core[b8eba65a0511549d]::cache::readable_cache::test::test_getting_static_multi_turns
[INFO] [stdout]   15:     0x592c79d2adf9 - <vector_db_core[b8eba65a0511549d]::cache::readable_cache::test::test_getting_static_multi_turns::{closure#0} as core[df12db4294e9bfd3]::ops::function::FnOnce<()>>::call_once
[INFO] [stdout]   16:     0x592c79d2e9bb - test[9d35eded1c95d3be]::__rust_begin_short_backtrace::<core[df12db4294e9bfd3]::result::Result<(), alloc[2182bb758b4b3781]::string::String>, fn() -> core[df12db4294e9bfd3]::result::Result<(), alloc[2182bb758b4b3781]::string::String>>
[INFO] [stdout]   17:     0x592c79d3c025 - test[9d35eded1c95d3be]::run_test::{closure#0}
[INFO] [stdout]   18:     0x592c79d358e4 - std[70759c8f55707aa4]::sys::backtrace::__rust_begin_short_backtrace::<test[9d35eded1c95d3be]::run_test::{closure#1}, ()>
[INFO] [stdout]   19:     0x592c79d3f182 - <std[70759c8f55707aa4]::thread::lifecycle::spawn_unchecked<test[9d35eded1c95d3be]::run_test::{closure#1}, ()>::{closure#1} as core[df12db4294e9bfd3]::ops::function::FnOnce<()>>::call_once::{shim:vtable#0}
[INFO] [stdout]   20:     0x592c79daf379 - <std[70759c8f55707aa4]::sys::thread::unix::Thread>::new::thread_start
[INFO] [stdout]   21:     0x7eb637c61dfa - <unknown>
[INFO] [stdout]   22:     0x7eb637cf53d4 - clone
[INFO] [stdout]   23:                0x0 - <unknown>
[INFO] [stdout] 
[INFO] [stdout] ---- services::file_access_service::test::test_file_access_service stdout ----
[INFO] [stdout] 
[INFO] [stdout] thread 'services::file_access_service::test::test_file_access_service' (490) panicked at src/services/file_access_service.rs:26:42:
[INFO] [stdout] Unable to create file: Os { code: 30, kind: ReadOnlyFilesystem, message: "Read-only file system" }
[INFO] [stdout] stack backtrace:
[INFO] [stdout]    0:     0x592c79dafab1 - <<std[70759c8f55707aa4]::sys::backtrace::BacktraceLock>::print::DisplayBacktrace as core[df12db4294e9bfd3]::fmt::Display>::fmt
[INFO] [stdout]    1:     0x592c79dc444a - core[df12db4294e9bfd3]::fmt::write
[INFO] [stdout]    2:     0x592c79db408c - <alloc[2182bb758b4b3781]::vec::Vec<u8> as core[df12db4294e9bfd3]::io::write::Write>::write_fmt
[INFO] [stdout]    3:     0x592c79d8bb86 - std[70759c8f55707aa4]::panicking::default_hook::{closure#0}
[INFO] [stdout]    4:     0x592c79da7f09 - std[70759c8f55707aa4]::panicking::default_hook
[INFO] [stdout]    5:     0x592c79d3b6d0 - test[9d35eded1c95d3be]::test_main_inner::<test[9d35eded1c95d3be]::test_main_static::{closure#0}>::{closure#0}
[INFO] [stdout]    6:     0x592c79da8232 - std[70759c8f55707aa4]::panicking::panic_with_hook
[INFO] [stdout]    7:     0x592c79d8bc32 - std[70759c8f55707aa4]::panicking::panic_handler::{closure#0}
[INFO] [stdout]    8:     0x592c79d84909 - std[70759c8f55707aa4]::sys::backtrace::__rust_end_short_backtrace::<std[70759c8f55707aa4]::panicking::panic_handler::{closure#0}, !>
[INFO] [stdout]    9:     0x592c79d8c82d - __rustc[8fa7c3cbc660c2b3]::rust_begin_unwind
[INFO] [stdout]   10:     0x592c79dc4b7c - core[df12db4294e9bfd3]::panicking::panic_fmt
[INFO] [stdout]   11:     0x592c79dc4952 - core[df12db4294e9bfd3]::result::unwrap_failed
[INFO] [stdout]   12:     0x592c79d24c35 - <vector_db_core[b8eba65a0511549d]::services::file_access_service::FileAccessService>::new
[INFO] [stdout]   13:     0x592c79d11349 - vector_db_core[b8eba65a0511549d]::services::file_access_service::test::test_file_access_service
[INFO] [stdout]   14:     0x592c79d2aef9 - <vector_db_core[b8eba65a0511549d]::services::file_access_service::test::test_file_access_service::{closure#0} as core[df12db4294e9bfd3]::ops::function::FnOnce<()>>::call_once
[INFO] [stdout]   15:     0x592c79d2e9bb - test[9d35eded1c95d3be]::__rust_begin_short_backtrace::<core[df12db4294e9bfd3]::result::Result<(), alloc[2182bb758b4b3781]::string::String>, fn() -> core[df12db4294e9bfd3]::result::Result<(), alloc[2182bb758b4b3781]::string::String>>
[INFO] [stdout]   16:     0x592c79d3c025 - test[9d35eded1c95d3be]::run_test::{closure#0}
[INFO] [stdout]   17:     0x592c79d358e4 - std[70759c8f55707aa4]::sys::backtrace::__rust_begin_short_backtrace::<test[9d35eded1c95d3be]::run_test::{closure#1}, ()>
[INFO] [stdout]   18:     0x592c79d3f182 - <std[70759c8f55707aa4]::thread::lifecycle::spawn_unchecked<test[9d35eded1c95d3be]::run_test::{closure#1}, ()>::{closure#1} as core[df12db4294e9bfd3]::ops::function::FnOnce<()>>::call_once::{shim:vtable#0}
[INFO] [stdout]   19:     0x592c79daf379 - <std[70759c8f55707aa4]::sys::thread::unix::Thread>::new::thread_start
[INFO] [stdout]   20:     0x7eb637c61dfa - <unknown>
[INFO] [stdout]   21:     0x7eb637cf53d4 - clone
[INFO] [stdout]   22:                0x0 - <unknown>
[INFO] [stdout] 
[INFO] [stdout] ---- cache::readable_cache::test::test_read_static_bulk_compare stdout ----
[INFO] [stdout] 
[INFO] [stdout] thread 'cache::readable_cache::test::test_read_static_bulk_compare' (480) panicked at src/services/file_access_service.rs:26:42:
[INFO] [stdout] Unable to create file: Os { code: 30, kind: ReadOnlyFilesystem, message: "Read-only file system" }
[INFO] [stdout] stack backtrace:
[INFO] [stdout]    0:     0x592c79dafab1 - <<std[70759c8f55707aa4]::sys::backtrace::BacktraceLock>::print::DisplayBacktrace as core[df12db4294e9bfd3]::fmt::Display>::fmt
[INFO] [stdout]    1:     0x592c79dc444a - core[df12db4294e9bfd3]::fmt::write
[INFO] [stdout]    2:     0x592c79db408c - <alloc[2182bb758b4b3781]::vec::Vec<u8> as core[df12db4294e9bfd3]::io::write::Write>::write_fmt
[INFO] [stdout]    3:     0x592c79d8bb86 - std[70759c8f55707aa4]::panicking::default_hook::{closure#0}
[INFO] [stdout]    4:     0x592c79da7f09 - std[70759c8f55707aa4]::panicking::default_hook
[INFO] [stdout]    5:     0x592c79d3b6d0 - test[9d35eded1c95d3be]::test_main_inner::<test[9d35eded1c95d3be]::test_main_static::{closure#0}>::{closure#0}
[INFO] [stdout]    6:     0x592c79da8232 - std[70759c8f55707aa4]::panicking::panic_with_hook
[INFO] [stdout]    7:     0x592c79d8bc32 - std[70759c8f55707aa4]::panicking::panic_handler::{closure#0}
[INFO] [stdout]    8:     0x592c79d84909 - std[70759c8f55707aa4]::sys::backtrace::__rust_end_short_backtrace::<std[70759c8f55707aa4]::panicking::panic_handler::{closure#0}, !>
[INFO] [stdout]    9:     0x592c79d8c82d - __rustc[8fa7c3cbc660c2b3]::rust_begin_unwind
[INFO] [stdout]   10:     0x592c79dc4b7c - core[df12db4294e9bfd3]::panicking::panic_fmt
[INFO] [stdout]   11:     0x592c79dc4952 - core[df12db4294e9bfd3]::result::unwrap_failed
[INFO] [stdout]   12:     0x592c79d24c35 - <vector_db_core[b8eba65a0511549d]::services::file_access_service::FileAccessService>::new
[INFO] [stdout]   13:     0x592c79d16c00 - <vector_db_core[b8eba65a0511549d]::services::static_vector_manage_service::StaticVectorManageService<vector_db_core[b8eba65a0511549d]::cache::readable_cache::test::StaticStruct>>::new
[INFO] [stdout]   14:     0x592c79d2d4f3 - vector_db_core[b8eba65a0511549d]::cache::readable_cache::test::test_read_static_bulk_compare
[INFO] [stdout]   15:     0x592c79d2adb9 - <vector_db_core[b8eba65a0511549d]::cache::readable_cache::test::test_read_static_bulk_compare::{closure#0} as core[df12db4294e9bfd3]::ops::function::FnOnce<()>>::call_once
[INFO] [stdout]   16:     0x592c79d2e9bb - test[9d35eded1c95d3be]::__rust_begin_short_backtrace::<core[df12db4294e9bfd3]::result::Result<(), alloc[2182bb758b4b3781]::string::String>, fn() -> core[df12db4294e9bfd3]::result::Result<(), alloc[2182bb758b4b3781]::string::String>>
[INFO] [stdout]   17:     0x592c79d3c025 - test[9d35eded1c95d3be]::run_test::{closure#0}
[INFO] [stdout]   18:     0x592c79d358e4 - std[70759c8f55707aa4]::sys::backtrace::__rust_begin_short_backtrace::<test[9d35eded1c95d3be]::run_test::{closure#1}, ()>
[INFO] [stdout]   19:     0x592c79d3f182 - <std[70759c8f55707aa4]::thread::lifecycle::spawn_unchecked<test[9d35eded1c95d3be]::run_test::{closure#1}, ()>::{closure#1} as core[df12db4294e9bfd3]::ops::function::FnOnce<()>>::call_once::{shim:vtable#0}
[INFO] [stdout]   20:     0x592c79daf379 - <std[70759c8f55707aa4]::sys::thread::unix::Thread>::new::thread_start
[INFO] [stdout]   21:     0x7eb637c61dfa - <unknown>
[INFO] [stdout]   22:     0x7eb637cf53d4 - clone
[INFO] [stdout]   23:                0x0 - <unknown>
[INFO] [stdout] 
[INFO] [stdout] ---- cache::readable_cache::test::test_one_by_one_getting_static stdout ----
[INFO] [stdout] 
[INFO] [stdout] thread 'cache::readable_cache::test::test_one_by_one_getting_static' (478) panicked at src/services/file_access_service.rs:26:42:
[INFO] [stdout] Unable to create file: Os { code: 30, kind: ReadOnlyFilesystem, message: "Read-only file system" }
[INFO] [stdout] stack backtrace:
[INFO] [stdout]    0:     0x592c79dafab1 - <<std[70759c8f55707aa4]::sys::backtrace::BacktraceLock>::print::DisplayBacktrace as core[df12db4294e9bfd3]::fmt::Display>::fmt
[INFO] [stdout]    1:     0x592c79dc444a - core[df12db4294e9bfd3]::fmt::write
[INFO] [stdout]    2:     0x592c79db408c - <alloc[2182bb758b4b3781]::vec::Vec<u8> as core[df12db4294e9bfd3]::io::write::Write>::write_fmt
[INFO] [stdout]    3:     0x592c79d8bb86 - std[70759c8f55707aa4]::panicking::default_hook::{closure#0}
[INFO] [stdout]    4:     0x592c79da7f09 - std[70759c8f55707aa4]::panicking::default_hook
[INFO] [stdout]    5:     0x592c79d3b6d0 - test[9d35eded1c95d3be]::test_main_inner::<test[9d35eded1c95d3be]::test_main_static::{closure#0}>::{closure#0}
[INFO] [stdout]    6:     0x592c79da8232 - std[70759c8f55707aa4]::panicking::panic_with_hook
[INFO] [stdout]    7:     0x592c79d8bc32 - std[70759c8f55707aa4]::panicking::panic_handler::{closure#0}
[INFO] [stdout]    8:     0x592c79d84909 - std[70759c8f55707aa4]::sys::backtrace::__rust_end_short_backtrace::<std[70759c8f55707aa4]::panicking::panic_handler::{closure#0}, !>
[INFO] [stdout]    9:     0x592c79d8c82d - __rustc[8fa7c3cbc660c2b3]::rust_begin_unwind
[INFO] [stdout]   10:     0x592c79dc4b7c - core[df12db4294e9bfd3]::panicking::panic_fmt
[INFO] [stdout]   11:     0x592c79dc4952 - core[df12db4294e9bfd3]::result::unwrap_failed
[INFO] [stdout]   12:     0x592c79d24c35 - <vector_db_core[b8eba65a0511549d]::services::file_access_service::FileAccessService>::new
[INFO] [stdout]   13:     0x592c79d16c00 - <vector_db_core[b8eba65a0511549d]::services::static_vector_manage_service::StaticVectorManageService<vector_db_core[b8eba65a0511549d]::cache::readable_cache::test::StaticStruct>>::new
[INFO] [stdout]   14:     0x592c79d1f57c - <vector_db_core[b8eba65a0511549d]::cache::readable_cache::ReadableCache<vector_db_core[b8eba65a0511549d]::services::static_vector_manage_service::StaticVectorManageService<vector_db_core[b8eba65a0511549d]::cache::readable_cache::test::StaticStruct>, vector_db_core[b8eba65a0511549d]::cache::readable_cache::test::StaticStruct>>::new
[INFO] [stdout]   15:     0x592c79d2d6fe - vector_db_core[b8eba65a0511549d]::cache::readable_cache::test::test_one_by_one_getting_static
[INFO] [stdout]   16:     0x592c79d2add9 - <vector_db_core[b8eba65a0511549d]::cache::readable_cache::test::test_one_by_one_getting_static::{closure#0} as core[df12db4294e9bfd3]::ops::function::FnOnce<()>>::call_once
[INFO] [stdout]   17:     0x592c79d2e9bb - test[9d35eded1c95d3be]::__rust_begin_short_backtrace::<core[df12db4294e9bfd3]::result::Result<(), alloc[2182bb758b4b3781]::string::String>, fn() -> core[df12db4294e9bfd3]::result::Result<(), alloc[2182bb758b4b3781]::string::String>>
[INFO] [stdout]   18:     0x592c79d3c025 - test[9d35eded1c95d3be]::run_test::{closure#0}
[INFO] [stdout]   19:     0x592c79d358e4 - std[70759c8f55707aa4]::sys::backtrace::__rust_begin_short_backtrace::<test[9d35eded1c95d3be]::run_test::{closure#1}, ()>
[INFO] [stdout]   20:     0x592c79d3f182 - <std[70759c8f55707aa4]::thread::lifecycle::spawn_unchecked<test[9d35eded1c95d3be]::run_test::{closure#1}, ()>::{closure#1} as core[df12db4294e9bfd3]::ops::function::FnOnce<()>>::call_once::{shim:vtable#0}
[INFO] [stdout]   21:     0x592c79daf379 - <std[70759c8f55707aa4]::sys::thread::unix::Thread>::new::thread_start
[INFO] [stdout]   22:     0x7eb637c61dfa - <unknown>
[INFO] [stdout]   23:     0x7eb637cf53d4 - clone
[INFO] [stdout]   24:                0x0 - <unknown>
[INFO] [stdout] 
[INFO] [stdout] ---- services::static_vector_manage_service::test::test_static_one stdout ----
[INFO] [stdout] 
[INFO] [stdout] thread 'services::static_vector_manage_service::test::test_static_one' (492) panicked at src/services/file_access_service.rs:26:42:
[INFO] [stdout] Unable to create file: Os { code: 30, kind: ReadOnlyFilesystem, message: "Read-only file system" }
[INFO] [stdout] stack backtrace:
[INFO] [stdout]    0:     0x592c79dafab1 - <<std[70759c8f55707aa4]::sys::backtrace::BacktraceLock>::print::DisplayBacktrace as core[df12db4294e9bfd3]::fmt::Display>::fmt
[INFO] [stdout]    1:     0x592c79dc444a - core[df12db4294e9bfd3]::fmt::write
[INFO] [stdout]    2:     0x592c79db408c - <alloc[2182bb758b4b3781]::vec::Vec<u8> as core[df12db4294e9bfd3]::io::write::Write>::write_fmt
[INFO] [stdout]    3:     0x592c79d8bb86 - std[70759c8f55707aa4]::panicking::default_hook::{closure#0}
[INFO] [stdout]    4:     0x592c79da7f09 - std[70759c8f55707aa4]::panicking::default_hook
[INFO] [stdout]    5:     0x592c79d3b6d0 - test[9d35eded1c95d3be]::test_main_inner::<test[9d35eded1c95d3be]::test_main_static::{closure#0}>::{closure#0}
[INFO] [stdout]    6:     0x592c79da8232 - std[70759c8f55707aa4]::panicking::panic_with_hook
[INFO] [stdout]    7:     0x592c79d8bc32 - std[70759c8f55707aa4]::panicking::panic_handler::{closure#0}
[INFO] [stdout]    8:     0x592c79d84909 - std[70759c8f55707aa4]::sys::backtrace::__rust_end_short_backtrace::<std[70759c8f55707aa4]::panicking::panic_handler::{closure#0}, !>
[INFO] [stdout]    9:     0x592c79d8c82d - __rustc[8fa7c3cbc660c2b3]::rust_begin_unwind
[INFO] [stdout]   10:     0x592c79dc4b7c - core[df12db4294e9bfd3]::panicking::panic_fmt
[INFO] [stdout]   11:     0x592c79dc4952 - core[df12db4294e9bfd3]::result::unwrap_failed
[INFO] [stdout]   12:     0x592c79d24c35 - <vector_db_core[b8eba65a0511549d]::services::file_access_service::FileAccessService>::new
[INFO] [stdout]   13:     0x592c79d16886 - <vector_db_core[b8eba65a0511549d]::services::static_vector_manage_service::StaticVectorManageService<vector_db_core[b8eba65a0511549d]::services::static_vector_manage_service::test::StaticStruct>>::new
[INFO] [stdout]   14:     0x592c79d17bc3 - vector_db_core[b8eba65a0511549d]::services::static_vector_manage_service::test::test_static_one
[INFO] [stdout]   15:     0x592c79d2af19 - <vector_db_core[b8eba65a0511549d]::services::static_vector_manage_service::test::test_static_one::{closure#0} as core[df12db4294e9bfd3]::ops::function::FnOnce<()>>::call_once
[INFO] [stdout]   16:     0x592c79d2e9bb - test[9d35eded1c95d3be]::__rust_begin_short_backtrace::<core[df12db4294e9bfd3]::result::Result<(), alloc[2182bb758b4b3781]::string::String>, fn() -> core[df12db4294e9bfd3]::result::Result<(), alloc[2182bb758b4b3781]::string::String>>
[INFO] [stdout]   17:     0x592c79d3c025 - test[9d35eded1c95d3be]::run_test::{closure#0}
[INFO] [stdout]   18:     0x592c79d358e4 - std[70759c8f55707aa4]::sys::backtrace::__rust_begin_short_backtrace::<test[9d35eded1c95d3be]::run_test::{closure#1}, ()>
[INFO] [stdout]   19:     0x592c79d3f182 - <std[70759c8f55707aa4]::thread::lifecycle::spawn_unchecked<test[9d35eded1c95d3be]::run_test::{closure#1}, ()>::{closure#1} as core[df12db4294e9bfd3]::ops::function::FnOnce<()>>::call_once::{shim:vtable#0}
[INFO] [stdout]   20:     0x592c79daf379 - <std[70759c8f55707aa4]::sys::thread::unix::Thread>::new::thread_start
[INFO] [stdout]   21:     0x7eb637c61dfa - <unknown>
[INFO] [stdout]   22:     0x7eb637cf53d4 - clone
[INFO] [stdout]   23:                0x0 - <unknown>
[INFO] [stdout] 
[INFO] [stdout] ---- services::static_vector_manage_service::test::test_static_bulk stdout ----
[INFO] [stdout] 
[INFO] [stdout] thread 'services::static_vector_manage_service::test::test_static_bulk' (491) panicked at src/services/file_access_service.rs:26:42:
[INFO] [stdout] Unable to create file: Os { code: 30, kind: ReadOnlyFilesystem, message: "Read-only file system" }
[INFO] [stdout] stack backtrace:
[INFO] [stdout]    0:     0x592c79dafab1 - <<std[70759c8f55707aa4]::sys::backtrace::BacktraceLock>::print::DisplayBacktrace as core[df12db4294e9bfd3]::fmt::Display>::fmt
[INFO] [stdout]    1:     0x592c79dc444a - core[df12db4294e9bfd3]::fmt::write
[INFO] [stdout]    2:     0x592c79db408c - <alloc[2182bb758b4b3781]::vec::Vec<u8> as core[df12db4294e9bfd3]::io::write::Write>::write_fmt
[INFO] [stdout]    3:     0x592c79d8bb86 - std[70759c8f55707aa4]::panicking::default_hook::{closure#0}
[INFO] [stdout]    4:     0x592c79da7f09 - std[70759c8f55707aa4]::panicking::default_hook
[INFO] [stdout]    5:     0x592c79d3b6d0 - test[9d35eded1c95d3be]::test_main_inner::<test[9d35eded1c95d3be]::test_main_static::{closure#0}>::{closure#0}
[INFO] [stdout]    6:     0x592c79da8232 - std[70759c8f55707aa4]::panicking::panic_with_hook
[INFO] [stdout]    7:     0x592c79d8bc32 - std[70759c8f55707aa4]::panicking::panic_handler::{closure#0}
[INFO] [stdout]    8:     0x592c79d84909 - std[70759c8f55707aa4]::sys::backtrace::__rust_end_short_backtrace::<std[70759c8f55707aa4]::panicking::panic_handler::{closure#0}, !>
[INFO] [stdout]    9:     0x592c79d8c82d - __rustc[8fa7c3cbc660c2b3]::rust_begin_unwind
[INFO] [stdout]   10:     0x592c79dc4b7c - core[df12db4294e9bfd3]::panicking::panic_fmt
[INFO] [stdout]   11:     0x592c79dc4952 - core[df12db4294e9bfd3]::result::unwrap_failed
[INFO] [stdout]   12:     0x592c79d24c35 - <vector_db_core[b8eba65a0511549d]::services::file_access_service::FileAccessService>::new
[INFO] [stdout]   13:     0x592c79d16886 - <vector_db_core[b8eba65a0511549d]::services::static_vector_manage_service::StaticVectorManageService<vector_db_core[b8eba65a0511549d]::services::static_vector_manage_service::test::StaticStruct>>::new
[INFO] [stdout]   14:     0x592c79d18349 - vector_db_core[b8eba65a0511549d]::services::static_vector_manage_service::test::test_static_bulk
[INFO] [stdout]   15:     0x592c79d2af39 - <vector_db_core[b8eba65a0511549d]::services::static_vector_manage_service::test::test_static_bulk::{closure#0} as core[df12db4294e9bfd3]::ops::function::FnOnce<()>>::call_once
[INFO] [stdout]   16:     0x592c79d2e9bb - test[9d35eded1c95d3be]::__rust_begin_short_backtrace::<core[df12db4294e9bfd3]::result::Result<(), alloc[2182bb758b4b3781]::string::String>, fn() -> core[df12db4294e9bfd3]::result::Result<(), alloc[2182bb758b4b3781]::string::String>>
[INFO] [stdout]   17:     0x592c79d3c025 - test[9d35eded1c95d3be]::run_test::{closure#0}
[INFO] [stdout]   18:     0x592c79d358e4 - std[70759c8f55707aa4]::sys::backtrace::__rust_begin_short_backtrace::<test[9d35eded1c95d3be]::run_test::{closure#1}, ()>
[INFO] [stdout]   19:     0x592c79d3f182 - <std[70759c8f55707aa4]::thread::lifecycle::spawn_unchecked<test[9d35eded1c95d3be]::run_test::{closure#1}, ()>::{closure#1} as core[df12db4294e9bfd3]::ops::function::FnOnce<()>>::call_once::{shim:vtable#0}
[INFO] [stdout]   20:     0x592c79daf379 - <std[70759c8f55707aa4]::sys::thread::unix::Thread>::new::thread_start
[INFO] [stdout]   21:     0x7eb637c61dfa - <unknown>
[INFO] [stdout]   22:     0x7eb637cf53d4 - clone
[INFO] [stdout]   23:                0x0 - <unknown>
[INFO] [stdout] 
[INFO] [stdout] ---- services::string_repository::test::test_write_dynamic_repository stdout ----
[INFO] [stdout] 
[INFO] [stdout] thread 'services::string_repository::test::test_write_dynamic_repository' (494) panicked at src/services/file_access_service.rs:26:42:
[INFO] [stdout] Unable to create file: Os { code: 30, kind: ReadOnlyFilesystem, message: "Read-only file system" }
[INFO] [stdout] stack backtrace:
[INFO] [stdout]    0:     0x592c79dafab1 - <<std[70759c8f55707aa4]::sys::backtrace::BacktraceLock>::print::DisplayBacktrace as core[df12db4294e9bfd3]::fmt::Display>::fmt
[INFO] [stdout]    1:     0x592c79dc444a - core[df12db4294e9bfd3]::fmt::write
[INFO] [stdout]    2:     0x592c79db408c - <alloc[2182bb758b4b3781]::vec::Vec<u8> as core[df12db4294e9bfd3]::io::write::Write>::write_fmt
[INFO] [stdout]    3:     0x592c79d8bb86 - std[70759c8f55707aa4]::panicking::default_hook::{closure#0}
[INFO] [stdout]    4:     0x592c79da7f09 - std[70759c8f55707aa4]::panicking::default_hook
[INFO] [stdout]    5:     0x592c79d3b6d0 - test[9d35eded1c95d3be]::test_main_inner::<test[9d35eded1c95d3be]::test_main_static::{closure#0}>::{closure#0}
[INFO] [stdout]    6:     0x592c79da8232 - std[70759c8f55707aa4]::panicking::panic_with_hook
[INFO] [stdout]    7:     0x592c79d8bc32 - std[70759c8f55707aa4]::panicking::panic_handler::{closure#0}
[INFO] [stdout]    8:     0x592c79d84909 - std[70759c8f55707aa4]::sys::backtrace::__rust_end_short_backtrace::<std[70759c8f55707aa4]::panicking::panic_handler::{closure#0}, !>
[INFO] [stdout]    9:     0x592c79d8c82d - __rustc[8fa7c3cbc660c2b3]::rust_begin_unwind
[INFO] [stdout]   10:     0x592c79dc4b7c - core[df12db4294e9bfd3]::panicking::panic_fmt
[INFO] [stdout]   11:     0x592c79dc4952 - core[df12db4294e9bfd3]::result::unwrap_failed
[INFO] [stdout]   12:     0x592c79d24c35 - <vector_db_core[b8eba65a0511549d]::services::file_access_service::FileAccessService>::new
[INFO] [stdout]   13:     0x592c79d24103 - <vector_db_core[b8eba65a0511549d]::services::string_repository::StringRepository>::new
[INFO] [stdout]   14:     0x592c79d179e1 - vector_db_core[b8eba65a0511549d]::services::string_repository::test::test_write_dynamic_repository
[INFO] [stdout]   15:     0x592c79d2aed9 - <vector_db_core[b8eba65a0511549d]::services::string_repository::test::test_write_dynamic_repository::{closure#0} as core[df12db4294e9bfd3]::ops::function::FnOnce<()>>::call_once
[INFO] [stdout]   16:     0x592c79d2e9bb - test[9d35eded1c95d3be]::__rust_begin_short_backtrace::<core[df12db4294e9bfd3]::result::Result<(), alloc[2182bb758b4b3781]::string::String>, fn() -> core[df12db4294e9bfd3]::result::Result<(), alloc[2182bb758b4b3781]::string::String>>
[INFO] [stdout]   17:     0x592c79d3c025 - test[9d35eded1c95d3be]::run_test::{closure#0}
[INFO] [stdout]   18:     0x592c79d358e4 - std[70759c8f55707aa4]::sys::backtrace::__rust_begin_short_backtrace::<test[9d35eded1c95d3be]::run_test::{closure#1}, ()>
[INFO] [stdout]   19:     0x592c79d3f182 - <std[70759c8f55707aa4]::thread::lifecycle::spawn_unchecked<test[9d35eded1c95d3be]::run_test::{closure#1}, ()>::{closure#1} as core[df12db4294e9bfd3]::ops::function::FnOnce<()>>::call_once::{shim:vtable#0}
[INFO] [stdout]   20:     0x592c79daf379 - <std[70759c8f55707aa4]::sys::thread::unix::Thread>::new::thread_start
[INFO] [stdout]   21:     0x7eb637c61dfa - <unknown>
[INFO] [stdout]   22:     0x7eb637cf53d4 - clone
[INFO] [stdout]   23:                0x0 - <unknown>
[INFO] [stdout] 
[INFO] [stdout] ---- services::dynamic_vector_manage_service::test::test_save_one stdout ----
[INFO] [stdout] 
[INFO] [stdout] thread 'services::dynamic_vector_manage_service::test::test_save_one' (489) panicked at src/services/file_access_service.rs:26:42:
[INFO] [stdout] Unable to create file: Os { code: 30, kind: ReadOnlyFilesystem, message: "Read-only file system" }
[INFO] [stdout] stack backtrace:
[INFO] [stdout]    0:     0x592c79dafab1 - <<std[70759c8f55707aa4]::sys::backtrace::BacktraceLock>::print::DisplayBacktrace as core[df12db4294e9bfd3]::fmt::Display>::fmt
[INFO] [stdout]    1:     0x592c79dc444a - core[df12db4294e9bfd3]::fmt::write
[INFO] [stdout]    2:     0x592c79db408c - <alloc[2182bb758b4b3781]::vec::Vec<u8> as core[df12db4294e9bfd3]::io::write::Write>::write_fmt
[INFO] [stdout]    3:     0x592c79d8bb86 - std[70759c8f55707aa4]::panicking::default_hook::{closure#0}
[INFO] [stdout]    4:     0x592c79da7f09 - std[70759c8f55707aa4]::panicking::default_hook
[INFO] [stdout]    5:     0x592c79d3b6d0 - test[9d35eded1c95d3be]::test_main_inner::<test[9d35eded1c95d3be]::test_main_static::{closure#0}>::{closure#0}
[INFO] [stdout]    6:     0x592c79da8232 - std[70759c8f55707aa4]::panicking::panic_with_hook
[INFO] [stdout]    7:     0x592c79d8bc32 - std[70759c8f55707aa4]::panicking::panic_handler::{closure#0}
[INFO] [stdout]    8:     0x592c79d84909 - std[70759c8f55707aa4]::sys::backtrace::__rust_end_short_backtrace::<std[70759c8f55707aa4]::panicking::panic_handler::{closure#0}, !>
[INFO] [stdout]    9:     0x592c79d8c82d - __rustc[8fa7c3cbc660c2b3]::rust_begin_unwind
[INFO] [stdout]   10:     0x592c79dc4b7c - core[df12db4294e9bfd3]::panicking::panic_fmt
[INFO] [stdout]   11:     0x592c79dc4952 - core[df12db4294e9bfd3]::result::unwrap_failed
[INFO] [stdout]   12:     0x592c79d24c35 - <vector_db_core[b8eba65a0511549d]::services::file_access_service::FileAccessService>::new
[INFO] [stdout]   13:     0x592c79d270d6 - <vector_db_core[b8eba65a0511549d]::services::dynamic_vector_manage_service::DynamicVectorManageService<vector_db_core[b8eba65a0511549d]::services::dynamic_vector_manage_service::test::ExampleStruct>>::new
[INFO] [stdout]   14:     0x592c79d11b96 - vector_db_core[b8eba65a0511549d]::services::dynamic_vector_manage_service::test::test_save_one
[INFO] [stdout]   15:     0x592c79d2af79 - <vector_db_core[b8eba65a0511549d]::services::dynamic_vector_manage_service::test::test_save_one::{closure#0} as core[df12db4294e9bfd3]::ops::function::FnOnce<()>>::call_once
[INFO] [stdout]   16:     0x592c79d2e9bb - test[9d35eded1c95d3be]::__rust_begin_short_backtrace::<core[df12db4294e9bfd3]::result::Result<(), alloc[2182bb758b4b3781]::string::String>, fn() -> core[df12db4294e9bfd3]::result::Result<(), alloc[2182bb758b4b3781]::string::String>>
[INFO] [stdout]   17:     0x592c79d3c025 - test[9d35eded1c95d3be]::run_test::{closure#0}
[INFO] [stdout]   18:     0x592c79d358e4 - std[70759c8f55707aa4]::sys::backtrace::__rust_begin_short_backtrace::<test[9d35eded1c95d3be]::run_test::{closure#1}, ()>
[INFO] [stdout]   19:     0x592c79d3f182 - <std[70759c8f55707aa4]::thread::lifecycle::spawn_unchecked<test[9d35eded1c95d3be]::run_test::{closure#1}, ()>::{closure#1} as core[df12db4294e9bfd3]::ops::function::FnOnce<()>>::call_once::{shim:vtable#0}
[INFO] [stdout]   20:     0x592c79daf379 - <std[70759c8f55707aa4]::sys::thread::unix::Thread>::new::thread_start
[INFO] [stdout]   21:     0x7eb637c61dfa - <unknown>
[INFO] [stdout]   22:     0x7eb637cf53d4 - clone
[INFO] [stdout]   23:                0x0 - <unknown>
[INFO] [stdout] 
[INFO] [stdout] ---- services::string_repository::test::test_load_dynamic_repository stdout ----
[INFO] [stdout] 
[INFO] [stdout] thread 'services::string_repository::test::test_load_dynamic_repository' (493) panicked at src/services/file_access_service.rs:26:42:
[INFO] [stdout] Unable to create file: Os { code: 30, kind: ReadOnlyFilesystem, message: "Read-only file system" }
[INFO] [stdout] stack backtrace:
[INFO] [stdout]    0:     0x592c79dafab1 - <<std[70759c8f55707aa4]::sys::backtrace::BacktraceLock>::print::DisplayBacktrace as core[df12db4294e9bfd3]::fmt::Display>::fmt
[INFO] [stdout]    1:     0x592c79dc444a - core[df12db4294e9bfd3]::fmt::write
[INFO] [stdout]    2:     0x592c79db408c - <alloc[2182bb758b4b3781]::vec::Vec<u8> as core[df12db4294e9bfd3]::io::write::Write>::write_fmt
[INFO] [stdout]    3:     0x592c79d8bb86 - std[70759c8f55707aa4]::panicking::default_hook::{closure#0}
[INFO] [stdout]    4:     0x592c79da7f09 - std[70759c8f55707aa4]::panicking::default_hook
[INFO] [stdout]    5:     0x592c79d3b6d0 - test[9d35eded1c95d3be]::test_main_inner::<test[9d35eded1c95d3be]::test_main_static::{closure#0}>::{closure#0}
[INFO] [stdout]    6:     0x592c79da8232 - std[70759c8f55707aa4]::panicking::panic_with_hook
[INFO] [stdout]    7:     0x592c79d8bc32 - std[70759c8f55707aa4]::panicking::panic_handler::{closure#0}
[INFO] [stdout]    8:     0x592c79d84909 - std[70759c8f55707aa4]::sys::backtrace::__rust_end_short_backtrace::<std[70759c8f55707aa4]::panicking::panic_handler::{closure#0}, !>
[INFO] [stdout]    9:     0x592c79d8c82d - __rustc[8fa7c3cbc660c2b3]::rust_begin_unwind
[INFO] [stdout]   10:     0x592c79dc4b7c - core[df12db4294e9bfd3]::panicking::panic_fmt
[INFO] [stdout]   11:     0x592c79dc4952 - core[df12db4294e9bfd3]::result::unwrap_failed
[INFO] [stdout]   12:     0x592c79d24c35 - <vector_db_core[b8eba65a0511549d]::services::file_access_service::FileAccessService>::new
[INFO] [stdout]   13:     0x592c79d24103 - <vector_db_core[b8eba65a0511549d]::services::string_repository::StringRepository>::new
[INFO] [stdout]   14:     0x592c79d1775a - vector_db_core[b8eba65a0511549d]::services::string_repository::test::test_load_dynamic_repository
[INFO] [stderr] error: test failed, to rerun pass `--lib`
[INFO] [stdout]   15:     0x592c79d2aeb9 - <vector_db_core[b8eba65a0511549d]::services::string_repository::test::test_load_dynamic_repository::{closure#0} as core[df12db4294e9bfd3]::ops::function::FnOnce<()>>::call_once
[INFO] [stdout]   16:     0x592c79d2e9bb - test[9d35eded1c95d3be]::__rust_begin_short_backtrace::<core[df12db4294e9bfd3]::result::Result<(), alloc[2182bb758b4b3781]::string::String>, fn() -> core[df12db4294e9bfd3]::result::Result<(), alloc[2182bb758b4b3781]::string::String>>
[INFO] [stdout]   17:     0x592c79d3c025 - test[9d35eded1c95d3be]::run_test::{closure#0}
[INFO] [stdout]   18:     0x592c79d358e4 - std[70759c8f55707aa4]::sys::backtrace::__rust_begin_short_backtrace::<test[9d35eded1c95d3be]::run_test::{closure#1}, ()>
[INFO] [stdout]   19:     0x592c79d3f182 - <std[70759c8f55707aa4]::thread::lifecycle::spawn_unchecked<test[9d35eded1c95d3be]::run_test::{closure#1}, ()>::{closure#1} as core[df12db4294e9bfd3]::ops::function::FnOnce<()>>::call_once::{shim:vtable#0}
[INFO] [stdout]   20:     0x592c79daf379 - <std[70759c8f55707aa4]::sys::thread::unix::Thread>::new::thread_start
[INFO] [stdout]   21:     0x7eb637c61dfa - <unknown>
[INFO] [stdout]   22:     0x7eb637cf53d4 - clone
[INFO] [stdout]   23:                0x0 - <unknown>
[INFO] [stdout] 
[INFO] [stdout] ---- services::dynamic_vector_manage_service::test::test_save_bulk stdout ----
[INFO] [stdout] 
[INFO] [stdout] thread 'services::dynamic_vector_manage_service::test::test_save_bulk' (488) panicked at src/services/file_access_service.rs:26:42:
[INFO] [stdout] Unable to create file: Os { code: 30, kind: ReadOnlyFilesystem, message: "Read-only file system" }
[INFO] [stdout] stack backtrace:
[INFO] [stdout]    0:     0x592c79dafab1 - <<std[70759c8f55707aa4]::sys::backtrace::BacktraceLock>::print::DisplayBacktrace as core[df12db4294e9bfd3]::fmt::Display>::fmt
[INFO] [stdout]    1:     0x592c79dc444a - core[df12db4294e9bfd3]::fmt::write
[INFO] [stdout]    2:     0x592c79db408c - <alloc[2182bb758b4b3781]::vec::Vec<u8> as core[df12db4294e9bfd3]::io::write::Write>::write_fmt
[INFO] [stdout]    3:     0x592c79d8bb86 - std[70759c8f55707aa4]::panicking::default_hook::{closure#0}
[INFO] [stdout]    4:     0x592c79da7f09 - std[70759c8f55707aa4]::panicking::default_hook
[INFO] [stdout]    5:     0x592c79d3b6d0 - test[9d35eded1c95d3be]::test_main_inner::<test[9d35eded1c95d3be]::test_main_static::{closure#0}>::{closure#0}
[INFO] [stdout]    6:     0x592c79da8232 - std[70759c8f55707aa4]::panicking::panic_with_hook
[INFO] [stdout]    7:     0x592c79d8bc32 - std[70759c8f55707aa4]::panicking::panic_handler::{closure#0}
[INFO] [stdout]    8:     0x592c79d84909 - std[70759c8f55707aa4]::sys::backtrace::__rust_end_short_backtrace::<std[70759c8f55707aa4]::panicking::panic_handler::{closure#0}, !>
[INFO] [stdout]    9:     0x592c79d8c82d - __rustc[8fa7c3cbc660c2b3]::rust_begin_unwind
[INFO] [stdout]   10:     0x592c79dc4b7c - core[df12db4294e9bfd3]::panicking::panic_fmt
[INFO] [stdout]   11:     0x592c79dc4952 - core[df12db4294e9bfd3]::result::unwrap_failed
[INFO] [stdout]   12:     0x592c79d24c35 - <vector_db_core[b8eba65a0511549d]::services::file_access_service::FileAccessService>::new
[INFO] [stdout]   13:     0x592c79d270d6 - <vector_db_core[b8eba65a0511549d]::services::dynamic_vector_manage_service::DynamicVectorManageService<vector_db_core[b8eba65a0511549d]::services::dynamic_vector_manage_service::test::ExampleStruct>>::new
[INFO] [stdout]   14:     0x592c79d12777 - vector_db_core[b8eba65a0511549d]::services::dynamic_vector_manage_service::test::test_save_bulk
[INFO] [stdout]   15:     0x592c79d2afb9 - <vector_db_core[b8eba65a0511549d]::services::dynamic_vector_manage_service::test::test_save_bulk::{closure#0} as core[df12db4294e9bfd3]::ops::function::FnOnce<()>>::call_once
[INFO] [stdout]   16:     0x592c79d2e9bb - test[9d35eded1c95d3be]::__rust_begin_short_backtrace::<core[df12db4294e9bfd3]::result::Result<(), alloc[2182bb758b4b3781]::string::String>, fn() -> core[df12db4294e9bfd3]::result::Result<(), alloc[2182bb758b4b3781]::string::String>>
[INFO] [stdout]   17:     0x592c79d3c025 - test[9d35eded1c95d3be]::run_test::{closure#0}
[INFO] [stdout]   18:     0x592c79d358e4 - std[70759c8f55707aa4]::sys::backtrace::__rust_begin_short_backtrace::<test[9d35eded1c95d3be]::run_test::{closure#1}, ()>
[INFO] [stdout]   19:     0x592c79d3f182 - <std[70759c8f55707aa4]::thread::lifecycle::spawn_unchecked<test[9d35eded1c95d3be]::run_test::{closure#1}, ()>::{closure#1} as core[df12db4294e9bfd3]::ops::function::FnOnce<()>>::call_once::{shim:vtable#0}
[INFO] [stdout]   20:     0x592c79daf379 - <std[70759c8f55707aa4]::sys::thread::unix::Thread>::new::thread_start
[INFO] [stdout]   21:     0x7eb637c61dfa - <unknown>
[INFO] [stdout]   22:     0x7eb637cf53d4 - clone
[INFO] [stdout]   23:                0x0 - <unknown>
[INFO] [stdout] 
[INFO] [stdout] 
[INFO] [stdout] failures:
[INFO] [stdout]     cache::readable_cache::test::test_add_bulk_compare
[INFO] [stdout]     cache::readable_cache::test::test_extend_dynamic_engine
[INFO] [stdout]     cache::readable_cache::test::test_getting_lot_static
[INFO] [stdout]     cache::readable_cache::test::test_getting_static_multi_turns
[INFO] [stdout]     cache::readable_cache::test::test_one_by_one_getting_dynamic
[INFO] [stdout]     cache::readable_cache::test::test_one_by_one_getting_static
[INFO] [stdout]     cache::readable_cache::test::test_one_by_one_push_dynamic
[INFO] [stdout]     cache::readable_cache::test::test_read_static_bulk_compare
[INFO] [stdout]     cache::writable_cache::test::test_extend_static
[INFO] [stdout]     cache::writable_cache::test::test_one_by_one_push_dynamic
[INFO] [stdout]     cache::writable_cache::test::test_one_by_one_push_static
[INFO] [stdout]     cache::writable_cache::test::test_push_static_one
[INFO] [stdout]     services::dynamic_vector_manage_service::test::test_get_dynamic_length
[INFO] [stdout]     services::dynamic_vector_manage_service::test::test_load_bulk
[INFO] [stdout]     services::dynamic_vector_manage_service::test::test_load_one
[INFO] [stdout]     services::dynamic_vector_manage_service::test::test_save_bulk
[INFO] [stdout]     services::dynamic_vector_manage_service::test::test_save_one
[INFO] [stdout]     services::file_access_service::test::test_file_access_service
[INFO] [stdout]     services::static_vector_manage_service::test::test_static_bulk
[INFO] [stdout]     services::static_vector_manage_service::test::test_static_one
[INFO] [stdout]     services::string_repository::test::test_load_dynamic_repository
[INFO] [stdout]     services::string_repository::test::test_write_dynamic_repository
[INFO] [stdout] 
[INFO] [stdout] test result: FAILED. 0 passed; 22 failed; 0 ignored; 0 measured; 0 filtered out; finished in 0.02s
[INFO] [stdout] 
[INFO] running `Command { std: "docker" "inspect" "838a1cbe311449316eb1f4552d6b2126d6cc0736955c38b9f0518a2d49369ee4", kill_on_drop: false }`
[INFO] running `Command { std: "docker" "rm" "-f" "838a1cbe311449316eb1f4552d6b2126d6cc0736955c38b9f0518a2d49369ee4", kill_on_drop: false }`
[INFO] [stdout] 838a1cbe311449316eb1f4552d6b2126d6cc0736955c38b9f0518a2d49369ee4
