[INFO] fetching crate vds-mcp 2.0.0...
[INFO] testing vds-mcp-2.0.0 against 1.100.0-beta.1+cargoflags=--release for beta-release-1.100-2
[INFO] extracting crate vds-mcp 2.0.0 into /workspace/builds/worker-4-tc2/source
[INFO] started tweaking crates.io crate vds-mcp 2.0.0
[INFO] removed 0 missing tests
[INFO] finished tweaking crates.io crate vds-mcp 2.0.0
[INFO] tweaked toml for crates.io crate vds-mcp 2.0.0 written to /workspace/builds/worker-4-tc2/source/Cargo.toml
[INFO] validating manifest of crates.io crate vds-mcp 2.0.0 on toolchain 1.100.0-beta.1
[INFO] running `Command { std: CARGO_HOME="/workspace/cargo-home" RUSTUP_HOME="/workspace/rustup-home" "/workspace/cargo-home/bin/cargo" "+1.100.0-beta.1" "metadata" "--manifest-path" "Cargo.toml" "--no-deps", kill_on_drop: false }`
[INFO] crate crates.io crate vds-mcp 2.0.0 already has a lockfile, it will not be regenerated
[INFO] running `Command { std: CARGO_HOME="/workspace/cargo-home" RUSTUP_HOME="/workspace/rustup-home" "/workspace/cargo-home/bin/cargo" "+1.100.0-beta.1" "fetch" "--manifest-path" "Cargo.toml", kill_on_drop: false }`
[INFO] [stderr] warning: `package.homepage` is redundant with `package.repository`
[INFO] [stderr]    --> Cargo.toml:97:12
[INFO] [stderr]     |
[INFO] [stderr]  97 | homepage = "https://github.com/huhlig/vds-mcp"
[INFO] [stderr]     |            ^^^^^^^^^^^^^^^^^^^^^^^^^^^^^^^^^^^
[INFO] [stderr] ...
[INFO] [stderr] 103 | repository = "https://github.com/huhlig/vds-mcp"
[INFO] [stderr]     |              -----------------------------------
[INFO] [stderr]     |
[INFO] [stderr]     = note: `cargo::redundant_homepage` is set to `warn` by default
[INFO] [stderr] help: consider removing `package.homepage`
[INFO] [stderr] warning: `vds-mcp` (manifest) generated 1 warning
[INFO] running `Command { std: "docker" "create" "-v" "/var/lib/crater-agent-workspace/builds/worker-4-tc2/source:/opt/rustwide/workdir:ro,Z" "-v" "/var/lib/crater-agent-workspace/builds/worker-4-tc2/target:/opt/rustwide/target:rw,Z" "-v" "/var/lib/crater-agent-workspace/cargo-home:/opt/rustwide/cargo-home:ro,Z" "-v" "/var/lib/crater-agent-workspace/rustup-home:/opt/rustwide/rustup-home:ro,Z" "-m" "1610612736" "--network" "none" "ghcr.io/rust-lang/crates-build-env/linux@sha256:77db811e55d90add9212f6832c23229e3de5f1c1f9905e8cb07319ea15df73ac" "sleep" "infinity", kill_on_drop: false }`
[INFO] [stdout] 64f5020e055620ddabb2d72bddceb423e037538ed214b48d163f5eb5d6f3a687
[INFO] running `Command { std: "docker" "start" "64f5020e055620ddabb2d72bddceb423e037538ed214b48d163f5eb5d6f3a687", kill_on_drop: false }`
[INFO] running `Command { std: "docker" "inspect" "64f5020e055620ddabb2d72bddceb423e037538ed214b48d163f5eb5d6f3a687", kill_on_drop: false }`
[INFO] running `Command { std: "docker" "exec" "-e" "SOURCE_DIR=/opt/rustwide/workdir" "-e" "CARGO_HOME=/opt/rustwide/cargo-home" "-e" "RUSTUP_HOME=/opt/rustwide/rustup-home" "-e" "CARGO_TARGET_DIR=/opt/rustwide/target" "-w" "/opt/rustwide/workdir" "--user" "0:0" "64f5020e055620ddabb2d72bddceb423e037538ed214b48d163f5eb5d6f3a687" "/opt/rustwide/cargo-home/bin/cargo" "+1.100.0-beta.1" "metadata" "--no-deps" "--format-version=1", kill_on_drop: false }`
[INFO] running `Command { std: "docker" "inspect" "64f5020e055620ddabb2d72bddceb423e037538ed214b48d163f5eb5d6f3a687", kill_on_drop: false }`
[INFO] running `Command { std: "docker" "exec" "-e" "SOURCE_DIR=/opt/rustwide/workdir" "-e" "CARGO_HOME=/opt/rustwide/cargo-home" "-e" "RUSTUP_HOME=/opt/rustwide/rustup-home" "-e" "CARGO_TARGET_DIR=/opt/rustwide/target" "-e" "CARGO_INCREMENTAL=0" "-e" "RUST_BACKTRACE=full" "-e" "RUSTFLAGS=--cap-lints=warn" "-e" "RUSTDOCFLAGS=--cap-lints=warn" "-w" "/opt/rustwide/workdir" "--user" "0:0" "64f5020e055620ddabb2d72bddceb423e037538ed214b48d163f5eb5d6f3a687" "/opt/rustwide/cargo-home/bin/cargo" "+1.100.0-beta.1" "build" "--frozen" "--message-format=json" "--release", kill_on_drop: false }`
[INFO] [stderr] warning: `package.homepage` is redundant with `package.repository`
[INFO] [stderr]    --> Cargo.toml:97:12
[INFO] [stderr]     |
[INFO] [stderr]  97 | homepage = "https://github.com/huhlig/vds-mcp"
[INFO] [stderr]     |            ^^^^^^^^^^^^^^^^^^^^^^^^^^^^^^^^^^^
[INFO] [stderr] ...
[INFO] [stderr] 103 | repository = "https://github.com/huhlig/vds-mcp"
[INFO] [stderr]     |              -----------------------------------
[INFO] [stderr]     |
[INFO] [stderr]     = note: `cargo::redundant_homepage` is set to `warn` by default
[INFO] [stderr] help: consider removing `package.homepage`
[INFO] [stderr] warning: `vds-mcp` (manifest) generated 1 warning
[INFO] [stderr]    Compiling syn v2.0.117
[INFO] [stderr]    Compiling serde_core v1.0.228
[INFO] [stderr]    Compiling memchr v2.8.1
[INFO] [stderr]    Compiling serde v1.0.228
[INFO] [stderr]    Compiling futures-channel v0.3.32
[INFO] [stderr]    Compiling errno v0.3.14
[INFO] [stderr]    Compiling parking_lot_core v0.9.12
[INFO] [stderr]    Compiling libc v0.2.186
[INFO] [stderr]    Compiling signal-hook-registry v1.4.8
[INFO] [stderr]    Compiling parking_lot v0.12.5
[INFO] [stderr]    Compiling mio v1.2.1
[INFO] [stderr]    Compiling http v1.4.1
[INFO] [stderr]    Compiling socket2 v0.6.4
[INFO] [stderr]    Compiling log v0.4.30
[INFO] [stderr]    Compiling http-body v1.0.1
[INFO] [stderr]    Compiling jobserver v0.1.34
[INFO] [stderr]    Compiling serde_json v1.0.150
[INFO] [stderr]    Compiling http-body-util v0.1.3
[INFO] [stderr]    Compiling getrandom v0.4.2
[INFO] [stderr]    Compiling cc v1.2.62
[INFO] [stderr]    Compiling zmij v1.0.21
[INFO] [stderr]    Compiling crossbeam-utils v0.8.21
[INFO] [stderr]    Compiling ref-cast v1.0.25
[INFO] [stderr]    Compiling anstyle-parse v1.0.0
[INFO] [stderr]    Compiling heapless v0.7.17
[INFO] [stderr]    Compiling tower-layer v0.3.3
[INFO] [stderr]    Compiling zstd-safe v7.2.4
[INFO] [stderr]    Compiling colorchoice v1.0.5
[INFO] [stderr]    Compiling anstream v1.0.0
[INFO] [stderr]    Compiling hash32 v0.2.1
[INFO] [stderr]    Compiling chacha20 v0.10.0
[INFO] [stderr]    Compiling uuid v1.23.1
[INFO] [stderr]    Compiling inotify-sys v0.1.5
[INFO] [stderr]    Compiling crc-catalog v2.5.0
[INFO] [stderr]    Compiling redb v4.1.0
[INFO] [stderr]    Compiling rmcp v1.7.0
[INFO] [stderr]    Compiling dyn-clone v1.0.20
[INFO] [stderr]    Compiling simd-adler32 v0.3.9
[INFO] [stderr]    Compiling overload v0.1.1
[INFO] [stderr]    Compiling pulldown-cmark v0.13.4
[INFO] [stderr]    Compiling clap_lex v1.1.0
[INFO] [stderr]    Compiling clap_builder v4.6.0
[INFO] [stderr]    Compiling miniz_oxide v0.8.9
[INFO] [stderr]    Compiling crossbeam-channel v0.5.15
[INFO] [stderr]    Compiling zstd-sys v2.0.16+zstd.1.5.7
[INFO] [stderr]    Compiling serde_path_to_error v0.1.20
[INFO] [stderr]    Compiling inotify v0.9.6
[INFO] [stderr]    Compiling darling_core v0.23.0
[INFO] [stderr]    Compiling serde_derive_internals v0.29.1
[INFO] [stderr]    Compiling nu-ansi-term v0.46.0
[INFO] [stderr]    Compiling getopts v0.2.24
[INFO] [stderr]    Compiling crc v3.4.0
[INFO] [stderr]    Compiling dirs-sys v0.4.1
[INFO] [stderr]    Compiling digest v0.10.7
[INFO] [stderr]    Compiling serde_derive v1.0.228
[INFO] [stderr]    Compiling tokio-macros v2.7.0
[INFO] [stderr]    Compiling futures-macro v0.3.32
[INFO] [stderr]    Compiling tracing-attributes v0.1.31
[INFO] [stderr]    Compiling thiserror-impl v2.0.18
[INFO] [stderr]    Compiling tokio v1.52.3
[INFO] [stderr]    Compiling futures-util v0.3.32
[INFO] [stderr]    Compiling darling_macro v0.23.0
[INFO] [stderr]    Compiling ref-cast-impl v1.0.25
[INFO] [stderr]    Compiling thiserror v2.0.18
[INFO] [stderr]    Compiling darling v0.23.0
[INFO] [stderr]    Compiling schemars_derive v1.2.1
[INFO] [stderr]    Compiling rmcp-macros v1.7.0
[INFO] [stderr]    Compiling tracing v0.1.44
[INFO] [stderr]    Compiling axum-core v0.5.6
[INFO] [stderr]    Compiling cobs v0.3.0
[INFO] [stderr]    Compiling clap_derive v4.6.1
[INFO] [stderr]    Compiling async-trait v0.1.89
[INFO] [stderr]    Compiling rand v0.10.1
[INFO] [stderr]    Compiling chrono v0.4.44
[INFO] [stderr]    Compiling futures-executor v0.3.32
[INFO] [stderr]    Compiling sse-stream v0.2.3
[INFO] [stderr]    Compiling futures v0.3.32
[INFO] [stderr]    Compiling serde_urlencoded v0.7.1
[INFO] [stderr]    Compiling mio v0.8.11
[INFO] [stderr]    Compiling filetime v0.2.29
[INFO] [stderr]    Compiling bitflags v2.11.1
[INFO] [stderr]    Compiling pastey v0.2.3
[INFO] [stderr]    Compiling matchit v0.8.4
[INFO] [stderr]    Compiling pulldown-cmark-escape v0.11.0
[INFO] [stderr]    Compiling postcard v1.1.3
[INFO] [stderr]    Compiling notify v6.1.1
[INFO] [stderr]    Compiling sha2 v0.10.9
[INFO] [stderr]    Compiling flate2 v1.1.9
[INFO] [stderr]    Compiling schemars v1.2.1
[INFO] [stderr]    Compiling hyper v1.10.0
[INFO] [stderr]    Compiling tower v0.5.3
[INFO] [stderr]    Compiling hyper-util v0.1.20
[INFO] [stderr]    Compiling tokio-util v0.7.18
[INFO] [stderr]    Compiling tokio-stream v0.1.18
[INFO] [stderr]    Compiling axum v0.8.9
[INFO] [stderr]    Compiling clap v4.6.1
[INFO] [stderr]    Compiling dirs v5.0.1
[INFO] [stderr]    Compiling diffy v0.3.0
[INFO] [stderr]    Compiling glob v0.3.3
[INFO] [stderr]    Compiling zstd v0.13.3
[INFO] [stderr]    Compiling vds-mcp v2.0.0 (/opt/rustwide/workdir)
[INFO] [stdout] warning: fields `lease` and `watcher` are never read
[INFO] [stdout]    --> src/filesystem_service.rs:162:5
[INFO] [stdout]     |
[INFO] [stdout] 160 | struct SwitchableState {
[INFO] [stdout]     |        --------------- fields in this struct
[INFO] [stdout] 161 |     workspace_root: PathBuf,
[INFO] [stdout] 162 |     lease: WorkspaceLease,
[INFO] [stdout]     |     ^^^^^
[INFO] [stdout] 163 |     watcher: Option<notify::RecommendedWatcher>,
[INFO] [stdout]     |     ^^^^^^^
[INFO] [stdout]     |
[INFO] [stdout]     = note: `#[warn(dead_code)]` (part of `#[warn(unused)]`) on by default
[INFO] [stdout] 
[INFO] [stdout] 
[INFO] [stderr] warning: unused dependency `dirs`
[INFO] [stderr]   --> Cargo.toml:24:15
[INFO] [stderr]    |
[INFO] [stderr] 24 | [dependencies.dirs]
[INFO] [stderr]    |               ^^^^^
[INFO] [stderr]    |
[INFO] [stderr]    = note: `cargo::unused_dependencies` is set to `warn` by default
[INFO] [stderr] help: consider removing the dependency on `dirs`
[INFO] [stderr] warning: unused dependency `flate2`
[INFO] [stderr]   --> Cargo.toml:27:15
[INFO] [stderr]    |
[INFO] [stderr] 27 | [dependencies.flate2]
[INFO] [stderr]    |               ^^^^^^^
[INFO] [stderr]    |
[INFO] [stderr] help: consider removing the dependency on `flate2`
[INFO] [stderr] warning: unused dependency `postcard`
[INFO] [stderr]   --> Cargo.toml:40:15
[INFO] [stderr]    |
[INFO] [stderr] 40 | [dependencies.postcard]
[INFO] [stderr]    |               ^^^^^^^^^
[INFO] [stderr]    |
[INFO] [stderr] help: consider removing the dependency on `postcard`
[INFO] [stderr] warning: unused dependency `zstd`
[INFO] [stderr]   --> Cargo.toml:74:15
[INFO] [stderr]    |
[INFO] [stderr] 74 | [dependencies.zstd]
[INFO] [stderr]    |               ^^^^^
[INFO] [stderr]    |
[INFO] [stderr] help: consider removing the dependency on `zstd`
[INFO] [stderr] warning: `vds-mcp` (manifest) generated 4 warnings
[INFO] [stderr]     Finished `release` profile [optimized] target(s) in 6m 37s
[INFO] running `Command { std: "docker" "inspect" "64f5020e055620ddabb2d72bddceb423e037538ed214b48d163f5eb5d6f3a687", kill_on_drop: false }`
[INFO] running `Command { std: "docker" "exec" "-e" "SOURCE_DIR=/opt/rustwide/workdir" "-e" "CARGO_HOME=/opt/rustwide/cargo-home" "-e" "RUSTUP_HOME=/opt/rustwide/rustup-home" "-e" "CARGO_TARGET_DIR=/opt/rustwide/target" "-e" "CARGO_INCREMENTAL=0" "-e" "RUST_BACKTRACE=full" "-e" "RUSTFLAGS=--cap-lints=warn" "-e" "RUSTDOCFLAGS=--cap-lints=warn" "-w" "/opt/rustwide/workdir" "--user" "0:0" "64f5020e055620ddabb2d72bddceb423e037538ed214b48d163f5eb5d6f3a687" "/opt/rustwide/cargo-home/bin/cargo" "+1.100.0-beta.1" "test" "--frozen" "--no-run" "--message-format=json" "--release", kill_on_drop: false }`
[INFO] [stderr] warning: `package.homepage` is redundant with `package.repository`
[INFO] [stderr]    --> Cargo.toml:97:12
[INFO] [stderr]     |
[INFO] [stderr]  97 | homepage = "https://github.com/huhlig/vds-mcp"
[INFO] [stderr]     |            ^^^^^^^^^^^^^^^^^^^^^^^^^^^^^^^^^^^
[INFO] [stderr] ...
[INFO] [stderr] 103 | repository = "https://github.com/huhlig/vds-mcp"
[INFO] [stderr]     |              -----------------------------------
[INFO] [stderr]     |
[INFO] [stderr]     = note: `cargo::redundant_homepage` is set to `warn` by default
[INFO] [stderr] help: consider removing `package.homepage`
[INFO] [stderr] warning: `vds-mcp` (manifest) generated 1 warning
[INFO] [stderr]    Compiling vds-mcp v2.0.0 (/opt/rustwide/workdir)
[INFO] [stdout] warning: fields `lease` and `watcher` are never read
[INFO] [stdout]    --> src/filesystem_service.rs:162:5
[INFO] [stdout]     |
[INFO] [stdout] 160 | struct SwitchableState {
[INFO] [stdout]     |        --------------- fields in this struct
[INFO] [stdout] 161 |     workspace_root: PathBuf,
[INFO] [stdout] 162 |     lease: WorkspaceLease,
[INFO] [stdout]     |     ^^^^^
[INFO] [stdout] 163 |     watcher: Option<notify::RecommendedWatcher>,
[INFO] [stdout]     |     ^^^^^^^
[INFO] [stdout]     |
[INFO] [stdout]     = note: `#[warn(dead_code)]` (part of `#[warn(unused)]`) on by default
[INFO] [stdout] 
[INFO] [stdout] 
[INFO] [stdout] warning: fields `lease` and `watcher` are never read
[INFO] [stdout]    --> src/filesystem_service.rs:162:5
[INFO] [stdout]     |
[INFO] [stdout] 160 | struct SwitchableState {
[INFO] [stdout]     |        --------------- fields in this struct
[INFO] [stdout] 161 |     workspace_root: PathBuf,
[INFO] [stdout] 162 |     lease: WorkspaceLease,
[INFO] [stdout]     |     ^^^^^
[INFO] [stdout] 163 |     watcher: Option<notify::RecommendedWatcher>,
[INFO] [stdout]     |     ^^^^^^^
[INFO] [stdout]     |
[INFO] [stdout]     = note: `#[warn(dead_code)]` (part of `#[warn(unused)]`) on by default
[INFO] [stdout] 
[INFO] [stdout] 
[INFO] [stderr] warning: unused dependency `dirs`
[INFO] [stderr]   --> Cargo.toml:24:15
[INFO] [stderr]    |
[INFO] [stderr] 24 | [dependencies.dirs]
[INFO] [stderr]    |               ^^^^^
[INFO] [stderr]    |
[INFO] [stderr]    = note: `cargo::unused_dependencies` is set to `warn` by default
[INFO] [stderr] help: consider removing the dependency on `dirs`
[INFO] [stderr] warning: unused dependency `flate2`
[INFO] [stderr]   --> Cargo.toml:27:15
[INFO] [stderr]    |
[INFO] [stderr] 27 | [dependencies.flate2]
[INFO] [stderr]    |               ^^^^^^^
[INFO] [stderr]    |
[INFO] [stderr] help: consider removing the dependency on `flate2`
[INFO] [stderr] warning: unused dependency `postcard`
[INFO] [stderr]   --> Cargo.toml:40:15
[INFO] [stderr]    |
[INFO] [stderr] 40 | [dependencies.postcard]
[INFO] [stderr]    |               ^^^^^^^^^
[INFO] [stderr]    |
[INFO] [stderr] help: consider removing the dependency on `postcard`
[INFO] [stderr] warning: unused dependency `zstd`
[INFO] [stderr]   --> Cargo.toml:74:15
[INFO] [stderr]    |
[INFO] [stderr] 74 | [dependencies.zstd]
[INFO] [stderr]    |               ^^^^^
[INFO] [stderr]    |
[INFO] [stderr] help: consider removing the dependency on `zstd`
[INFO] [stderr] warning: `vds-mcp` (manifest) generated 4 warnings
[INFO] [stderr]     Finished `release` profile [optimized] target(s) in 1m 48s
[INFO] running `Command { std: "docker" "inspect" "64f5020e055620ddabb2d72bddceb423e037538ed214b48d163f5eb5d6f3a687", kill_on_drop: false }`
[INFO] running `Command { std: "docker" "exec" "-e" "SOURCE_DIR=/opt/rustwide/workdir" "-e" "CARGO_HOME=/opt/rustwide/cargo-home" "-e" "RUSTUP_HOME=/opt/rustwide/rustup-home" "-e" "CARGO_TARGET_DIR=/opt/rustwide/target" "-e" "CARGO_INCREMENTAL=0" "-e" "RUST_BACKTRACE=full" "-e" "RUSTFLAGS=--cap-lints=warn" "-e" "RUSTDOCFLAGS=--cap-lints=warn" "-w" "/opt/rustwide/workdir" "--user" "0:0" "64f5020e055620ddabb2d72bddceb423e037538ed214b48d163f5eb5d6f3a687" "/opt/rustwide/cargo-home/bin/cargo" "+1.100.0-beta.1" "test" "--frozen" "--release", kill_on_drop: false }`
[INFO] [stderr] warning: `package.homepage` is redundant with `package.repository`
[INFO] [stderr]    --> Cargo.toml:97:12
[INFO] [stderr]     |
[INFO] [stderr]  97 | homepage = "https://github.com/huhlig/vds-mcp"
[INFO] [stderr]     |            ^^^^^^^^^^^^^^^^^^^^^^^^^^^^^^^^^^^
[INFO] [stderr] ...
[INFO] [stderr] 103 | repository = "https://github.com/huhlig/vds-mcp"
[INFO] [stderr]     |              -----------------------------------
[INFO] [stderr]     |
[INFO] [stderr]     = note: `cargo::redundant_homepage` is set to `warn` by default
[INFO] [stderr] help: consider removing `package.homepage`
[INFO] [stderr] warning: `vds-mcp` (manifest) generated 1 warning
[INFO] [stderr] warning: fields `lease` and `watcher` are never read
[INFO] [stderr]    --> src/filesystem_service.rs:162:5
[INFO] [stderr]     |
[INFO] [stderr] 160 | struct SwitchableState {
[INFO] [stderr]     |        --------------- fields in this struct
[INFO] [stderr] 161 |     workspace_root: PathBuf,
[INFO] [stderr] 162 |     lease: WorkspaceLease,
[INFO] [stderr]     |     ^^^^^
[INFO] [stderr] 163 |     watcher: Option<notify::RecommendedWatcher>,
[INFO] [stderr]     |     ^^^^^^^
[INFO] [stderr]     |
[INFO] [stderr]     = note: `#[warn(dead_code)]` (part of `#[warn(unused)]`) on by default
[INFO] [stderr] 
[INFO] [stderr] warning: `vds-mcp` (lib) generated 1 warning
[INFO] [stderr] warning: `vds-mcp` (lib test) generated 1 warning (1 duplicate)
[INFO] [stderr] warning: unused dependency `dirs`
[INFO] [stderr]   --> Cargo.toml:24:15
[INFO] [stderr]    |
[INFO] [stderr] 24 | [dependencies.dirs]
[INFO] [stderr]    |               ^^^^^
[INFO] [stderr]    |
[INFO] [stderr]    = note: `cargo::unused_dependencies` is set to `warn` by default
[INFO] [stderr] help: consider removing the dependency on `dirs`
[INFO] [stderr] warning: unused dependency `flate2`
[INFO] [stderr]   --> Cargo.toml:27:15
[INFO] [stderr]    |
[INFO] [stderr] 27 | [dependencies.flate2]
[INFO] [stderr]    |               ^^^^^^^
[INFO] [stderr]    |
[INFO] [stderr] help: consider removing the dependency on `flate2`
[INFO] [stderr] warning: unused dependency `postcard`
[INFO] [stderr]   --> Cargo.toml:40:15
[INFO] [stderr]    |
[INFO] [stderr] 40 | [dependencies.postcard]
[INFO] [stderr]    |               ^^^^^^^^^
[INFO] [stderr]    |
[INFO] [stderr] help: consider removing the dependency on `postcard`
[INFO] [stderr] warning: unused dependency `zstd`
[INFO] [stderr]   --> Cargo.toml:74:15
[INFO] [stderr]    |
[INFO] [stderr] 74 | [dependencies.zstd]
[INFO] [stderr]    |               ^^^^^
[INFO] [stderr]    |
[INFO] [stderr] help: consider removing the dependency on `zstd`
[INFO] [stderr] warning: `vds-mcp` (manifest) generated 4 warnings
[INFO] [stderr]     Finished `release` profile [optimized] target(s) in 0.29s
[INFO] [stderr]      Running unittests src/lib.rs (/opt/rustwide/target/release/build/vds-mcp/c2ab0f7ebd522a94/out/vds-c2ab0f7ebd522a94)
[INFO] [stdout] 
[INFO] [stdout] running 83 tests
[INFO] [stdout] test document::tests::generated_ids_use_prefixed_base62_uuidv7_shape ... ok
[INFO] [stdout] test document::tests::sections_deserialize_without_embedding_field ... ok
[INFO] [stdout] test filesystem_service::tests::does_not_advertise_mutations_before_filesystem_writes_are_ready ... ok
[INFO] [stdout] test filesystem_service::tests::create_document_creates_file_and_promotes_it ... ok
[INFO] [stdout] test filesystem_service::tests::exposes_filesystem_reads_and_indexed_search ... ok
[INFO] [stdout] test filesystem_service::tests::append_and_set_metadata_work_on_managed_section ... ok
[INFO] [stdout] test filesystem_service::tests::diff_section_versions_returns_structured_hunks ... ok
[INFO] [stdout] test filesystem_service::tests::create_and_remove_sections_update_markdown_structurally ... ok
[INFO] [stdout] test filesystem_service::tests::moves_and_renames_managed_markdown_with_hash_guards ... ok
[INFO] [stdout] test filesystem_service::tests::patch_section_applies_ordered_ops_and_commits_surgically ... ok
[INFO] [stdout] test filesystem_service::tests::section_versions_and_get_version_return_history ... ok
[INFO] [stdout] test filesystem_service::tests::remove_document_file_soft_deletes_file_and_leaves_tombstone ... ok
[INFO] [stdout] test filesystem_service::tests::restore_document_file_revives_removed_document ... ok
[INFO] [stdout] test filesystem_service::tests::create_and_list_and_restore_document_snapshot ... ok
[INFO] [stdout] test markdown::tests::atx_headings_skip_levels_become_children_of_nearest_ancestor ... ok
[INFO] [stdout] test markdown::tests::atx_headings_with_trailing_hashes_are_parsed ... ok
[INFO] [stdout] test markdown::tests::consecutive_empty_sections_all_get_distinct_spans ... ok
[INFO] [stdout] test markdown::tests::duplicate_heading_titles_produce_distinct_sections ... ok
[INFO] [stdout] test markdown::tests::duplicate_headings_each_have_distinct_source_spans ... ok
[INFO] [stdout] test markdown::tests::empty_sections_parse_and_round_trip_without_content ... ok
[INFO] [stdout] test markdown::tests::golden_content_edit_empty_to_nonempty ... ok
[INFO] [stdout] test markdown::tests::golden_content_edit_last_section ... ok
[INFO] [stdout] test markdown::tests::golden_content_edit_middle_section ... ok
[INFO] [stdout] test markdown::tests::golden_content_edit_nonempty_to_empty ... ok
[INFO] [stdout] test markdown::tests::golden_fenced_code_block_preserved_through_adjacent_edit ... ok
[INFO] [stdout] test markdown::tests::golden_fenced_code_content_is_stored_verbatim ... ok
[INFO] [stdout] test markdown::tests::golden_heading_rename_middle_section ... ok
[INFO] [stdout] test markdown::tests::golden_heading_rename_only_heading_line_changes ... ok
[INFO] [stdout] test markdown::tests::golden_html_comment_preserved_through_adjacent_edit ... ok
[INFO] [stdout] test markdown::tests::golden_render_preserves_heading_id_attribute ... ok
[INFO] [stdout] test markdown::tests::golden_render_sections_exact_output ... ok
[INFO] [stdout] test markdown::tests::golden_render_sections_fenced_code_exact_output ... ok
[INFO] [stdout] test markdown::tests::ignores_headings_inside_fenced_code ... ok
[INFO] [stdout] test markdown::tests::imports_headings_into_tree_and_exports_in_order ... ok
[INFO] [stdout] test markdown::tests::imports_overview_fixture_as_addressable_sections ... ok
[INFO] [stdout] test markdown::tests::imports_to_storage_and_exports_markdown_in_tree_order ... FAILED
[INFO] [stdout] test markdown::tests::overview_fixture_round_trips_key_markdown_sections ... FAILED
[INFO] [stdout] test markdown::tests::setext_content_is_preserved_through_source_span_edit ... ok
[INFO] [stdout] test markdown::tests::setext_h1_and_h2_are_treated_as_headings ... ok
[INFO] [stdout] test markdown::tests::unicode_content_source_spans_are_byte_accurate ... ok
[INFO] [stdout] test markdown::tests::unicode_heading_titles_and_content_are_preserved ... ok
[INFO] [stdout] test filesystem_service::tests::unmanage_document_file_leaves_markdown_and_archives_history ... ok
[INFO] [stdout] test filesystem_service::tests::split_section_divides_content_and_inserts_new_section_after ... ok
[INFO] [stdout] test metadata::tests::apply_content_mutation_rejects_external_edit_on_disk ... ok
[INFO] [stdout] test filesystem_service::tests::switch_section_version_restores_historical_content ... ok
[INFO] [stdout] test filesystem_service::tests::structural_mutation_preserves_crlf_line_endings ... ok
[INFO] [stdout] test metadata::tests::content_mutation_after_rename_crash_recovers_metadata_updates ... ok
[INFO] [stdout] test metadata::tests::initializes_once_and_preserves_workspace_identity ... ok
[INFO] [stdout] test metadata::tests::promotes_a_materialized_document_and_reloads_its_catalog ... ok
[INFO] [stdout] test metadata::tests::recovers_interrupted_content_mutation_by_completing_the_commit ... ok
[INFO] [stdout] test metadata::tests::failure_injection_promote_recovers_at_all_steps ... ok
[INFO] [stdout] test metadata::tests::recovers_interrupted_content_mutation_by_rolling_back_when_disk_is_unchanged ... ok
[INFO] [stdout] test metadata::tests::recovers_interrupted_promotion_by_completing_the_rename ... ok
[INFO] [stdout] test metadata::tests::recovers_interrupted_soft_deletion_after_metadata_was_moved ... ok
[INFO] [stdout] test metadata::tests::recovers_interrupted_unmanage_before_metadata_was_moved ... ok
[INFO] [stdout] test metadata::tests::refuses_to_mix_json_metadata_with_a_legacy_database ... ok
[INFO] [stdout] test metadata::tests::recovers_when_markdown_moved_before_metadata_was_published ... ok
[INFO] [stdout] test filesystem_service::tests::update_and_rename_section_surgically_edits_markdown ... ok
[INFO] [stdout] test search::tests::acronym_run_is_split_from_following_word ... ok
[INFO] [stdout] test search::tests::camel_case_identifier_is_searchable_by_component_words ... ok
[INFO] [stdout] test search::tests::camel_split_ranges_produces_correct_boundaries ... ok
[INFO] [stdout] test search::tests::can_filter_to_one_document_and_use_or_semantics ... ok
[INFO] [stdout] test search::tests::pascal_case_identifier_is_searchable_by_component_words ... ok
[INFO] [stdout] test metadata::tests::workspace_lease_rejects_second_writer_on_same_workspace ... ok
[INFO] [stdout] test search::tests::quoted_phrase_in_mixed_query ... ok
[INFO] [stdout] test search::tests::query_atoms_parses_phrases_and_terms ... ok
[INFO] [stdout] test search::tests::quoted_phrase_matches_contiguous_words ... ok
[INFO] [stdout] test search::tests::quoted_phrase_no_match_returns_empty ... ok
[INFO] [stdout] test search::tests::searches_multiple_documents_with_bm25_title_boosting ... ok
[INFO] [stdout] test search::tests::remove_and_add_document_replaces_postings ... ok
[INFO] [stdout] test search::tests::supports_prefix_queries_and_path_filters ... ok
[INFO] [stdout] test service::tests::advertised_tool_schemas_are_specific ... ok
[INFO] [stdout] test storage::tests::stores_and_queries_document_state ... FAILED
[INFO] [stdout] test workspace::tests::materializes_current_documents_without_a_database ... ok
[INFO] [stdout] test metadata::tests::failure_injection_soft_deletion_recovers_at_all_steps ... ok
[INFO] [stdout] test workspace::tests::validates_prospective_markdown_destinations_against_workspace_policy ... ok
[INFO] [stdout] test workspace::tests::discovers_markdown_and_applies_vdsignore_in_order ... ok
[INFO] [stdout] test metadata::tests::three_way_merge_returns_conflict_on_overlapping_edits ... ok
[INFO] [stdout] test metadata::tests::three_way_merge_applies_non_conflicting_external_edit ... ok
[INFO] [stdout] test workspace::tests::reloads_managed_identities_and_detects_external_content_changes ... ok
[INFO] [stdout] test metadata::tests::failure_injection_content_mutation_staging_recovers_at_all_steps ... ok
[INFO] [stdout] test filesystem_service::tests::watcher_reconciles_managed_identity_after_external_rename ... ok
[INFO] [stdout] test filesystem_service::tests::watcher_reloads_workspace_after_external_file_edit ... ok
[INFO] [stdout] 
[INFO] [stdout] failures:
[INFO] [stdout] 
[INFO] [stdout] ---- markdown::tests::imports_to_storage_and_exports_markdown_in_tree_order stdout ----
[INFO] [stdout] 
[INFO] [stdout] thread 'markdown::tests::imports_to_storage_and_exports_markdown_in_tree_order' (2352) panicked at src/markdown.rs:697:57:
[INFO] [stdout] called `Result::unwrap()` on an `Err` value: Os { code: 30, kind: ReadOnlyFilesystem, message: "Read-only file system" }
[INFO] [stdout] stack backtrace:
[INFO] [stdout]    0:     0x630d9c731521 - <<std[617be2ca0a6fd877]::sys::backtrace::BacktraceLock>::print::DisplayBacktrace as core[a373ad73a504971]::fmt::Display>::fmt
[INFO] [stdout]    1:     0x630d9c747e2a - core[a373ad73a504971]::fmt::write
[INFO] [stdout]    2:     0x630d9c735c0c - <alloc[2e1b2a31b91974c5]::vec::Vec<u8> as core[a373ad73a504971]::io::write::Write>::write_fmt
[INFO] [stdout]    3:     0x630d9c709016 - std[617be2ca0a6fd877]::panicking::default_hook::{closure#0}
[INFO] [stdout]    4:     0x630d9c726e59 - std[617be2ca0a6fd877]::panicking::default_hook
[INFO] [stdout]    5:     0x630d9c5fa3e0 - test[aada8e7e76ba119b]::test_main_inner::{closure#0}
[INFO] [stdout]    6:     0x630d9c727012 - std[617be2ca0a6fd877]::panicking::panic_with_hook
[INFO] [stdout]    7:     0x630d9c7090c2 - std[617be2ca0a6fd877]::panicking::panic_handler::{closure#0}
[INFO] [stdout]    8:     0x630d9c7019f9 - std[617be2ca0a6fd877]::sys::backtrace::__rust_end_short_backtrace::<std[617be2ca0a6fd877]::panicking::panic_handler::{closure#0}, !>
[INFO] [stdout]    9:     0x630d9c709dbd - __rustc[ea4f61d10b84890b]::rust_begin_unwind
[INFO] [stdout]   10:     0x630d9c74855c - core[a373ad73a504971]::panicking::panic_fmt
[INFO] [stdout]   11:     0x630d9c748332 - core[a373ad73a504971]::result::unwrap_failed
[INFO] [stdout]   12:     0x630d9c5bf44c - <vds[396a37388fac35c6]::markdown::tests::imports_to_storage_and_exports_markdown_in_tree_order::{closure#0} as core[a373ad73a504971]::ops::function::FnOnce<()>>::call_once
[INFO] [stdout]   13:     0x630d9c5ed82b - test[aada8e7e76ba119b]::__rust_begin_short_backtrace::<core[a373ad73a504971]::result::Result<(), alloc[2e1b2a31b91974c5]::string::String>, fn() -> core[a373ad73a504971]::result::Result<(), alloc[2e1b2a31b91974c5]::string::String>>
[INFO] [stdout]   14:     0x630d9c5faa05 - test[aada8e7e76ba119b]::run_test::{closure#0}
[INFO] [stdout]   15:     0x630d9c5f42f4 - std[617be2ca0a6fd877]::sys::backtrace::__rust_begin_short_backtrace::<test[aada8e7e76ba119b]::run_test::{closure#1}, ()>
[INFO] [stdout]   16:     0x630d9c5fda92 - <std[617be2ca0a6fd877]::thread::lifecycle::spawn_unchecked<test[aada8e7e76ba119b]::run_test::{closure#1}, ()>::{closure#1} as core[a373ad73a504971]::ops::function::FnOnce<()>>::call_once::{shim:vtable#0}
[INFO] [stdout]   17:     0x630d9c73035f - <std[617be2ca0a6fd877]::sys::thread::unix::Thread>::new::thread_start
[INFO] [stdout]   18:     0x73d6b070adfa - <unknown>
[INFO] [stdout]   19:     0x73d6b079e3d4 - clone
[INFO] [stdout]   20:                0x0 - <unknown>
[INFO] [stdout] 
[INFO] [stdout] ---- markdown::tests::overview_fixture_round_trips_key_markdown_sections stdout ----
[INFO] [stdout] 
[INFO] [stdout] thread 'markdown::tests::overview_fixture_round_trips_key_markdown_sections' (2353) panicked at src/markdown.rs:955:57:
[INFO] [stdout] called `Result::unwrap()` on an `Err` value: Os { code: 30, kind: ReadOnlyFilesystem, message: "Read-only file system" }
[INFO] [stdout] stack backtrace:
[INFO] [stdout]    0:     0x630d9c731521 - <<std[617be2ca0a6fd877]::sys::backtrace::BacktraceLock>::print::DisplayBacktrace as core[a373ad73a504971]::fmt::Display>::fmt
[INFO] [stdout]    1:     0x630d9c747e2a - core[a373ad73a504971]::fmt::write
[INFO] [stdout]    2:     0x630d9c735c0c - <alloc[2e1b2a31b91974c5]::vec::Vec<u8> as core[a373ad73a504971]::io::write::Write>::write_fmt
[INFO] [stdout]    3:     0x630d9c709016 - std[617be2ca0a6fd877]::panicking::default_hook::{closure#0}
[INFO] [stdout]    4:     0x630d9c726e59 - std[617be2ca0a6fd877]::panicking::default_hook
[INFO] [stdout]    5:     0x630d9c5fa3e0 - test[aada8e7e76ba119b]::test_main_inner::{closure#0}
[INFO] [stdout]    6:     0x630d9c727012 - std[617be2ca0a6fd877]::panicking::panic_with_hook
[INFO] [stdout]    7:     0x630d9c7090c2 - std[617be2ca0a6fd877]::panicking::panic_handler::{closure#0}
[INFO] [stdout]    8:     0x630d9c7019f9 - std[617be2ca0a6fd877]::sys::backtrace::__rust_end_short_backtrace::<std[617be2ca0a6fd877]::panicking::panic_handler::{closure#0}, !>
[INFO] [stdout]    9:     0x630d9c709dbd - __rustc[ea4f61d10b84890b]::rust_begin_unwind
[INFO] [stdout]   10:     0x630d9c74855c - core[a373ad73a504971]::panicking::panic_fmt
[INFO] [stdout]   11:     0x630d9c748332 - core[a373ad73a504971]::result::unwrap_failed
[INFO] [stdout]   12:     0x630d9c5bda0c - <vds[396a37388fac35c6]::markdown::tests::overview_fixture_round_trips_key_markdown_sections::{closure#0} as core[a373ad73a504971]::ops::function::FnOnce<()>>::call_once
[INFO] [stdout]   13:     0x630d9c5ed82b - test[aada8e7e76ba119b]::__rust_begin_short_backtrace::<core[a373ad73a504971]::result::Result<(), alloc[2e1b2a31b91974c5]::string::String>, fn() -> core[a373ad73a504971]::result::Result<(), alloc[2e1b2a31b91974c5]::string::String>>
[INFO] [stdout]   14:     0x630d9c5faa05 - test[aada8e7e76ba119b]::run_test::{closure#0}
[INFO] [stdout]   15:     0x630d9c5f42f4 - std[617be2ca0a6fd877]::sys::backtrace::__rust_begin_short_backtrace::<test[aada8e7e76ba119b]::run_test::{closure#1}, ()>
[INFO] [stdout]   16:     0x630d9c5fda92 - <std[617be2ca0a6fd877]::thread::lifecycle::spawn_unchecked<test[aada8e7e76ba119b]::run_test::{closure#1}, ()>::{closure#1} as core[a373ad73a504971]::ops::function::FnOnce<()>>::call_once::{shim:vtable#0}
[INFO] [stdout]   17:     0x630d9c73035f - <std[617be2ca0a6fd877]::sys::thread::unix::Thread>::new::thread_start
[INFO] [stdout]   18:     0x73d6b070adfa - <unknown>
[INFO] [stdout]   19:     0x73d6b079e3d4 - clone
[INFO] [stdout]   20:                0x0 - <unknown>
[INFO] [stdout] 
[INFO] [stdout] ---- storage::tests::stores_and_queries_document_state stdout ----
[INFO] [stdout] 
[INFO] [stdout] thread 'storage::tests::stores_and_queries_document_state' (2388) panicked at src/storage.rs:743:57:
[INFO] [stdout] called `Result::unwrap()` on an `Err` value: Os { code: 30, kind: ReadOnlyFilesystem, message: "Read-only file system" }
[INFO] [stdout] stack backtrace:
[INFO] [stdout]    0:     0x630d9c731521 - <<std[617be2ca0a6fd877]::sys::backtrace::BacktraceLock>::print::DisplayBacktrace as core[a373ad73a504971]::fmt::Display>::fmt
[INFO] [stdout]    1:     0x630d9c747e2a - core[a373ad73a504971]::fmt::write
[INFO] [stdout]    2:     0x630d9c735c0c - <alloc[2e1b2a31b91974c5]::vec::Vec<u8> as core[a373ad73a504971]::io::write::Write>::write_fmt
[INFO] [stdout]    3:     0x630d9c709016 - std[617be2ca0a6fd877]::panicking::default_hook::{closure#0}
[INFO] [stdout]    4:     0x630d9c726e59 - std[617be2ca0a6fd877]::panicking::default_hook
[INFO] [stdout]    5:     0x630d9c5fa3e0 - test[aada8e7e76ba119b]::test_main_inner::{closure#0}
[INFO] [stdout]    6:     0x630d9c727012 - std[617be2ca0a6fd877]::panicking::panic_with_hook
[INFO] [stdout]    7:     0x630d9c7090c2 - std[617be2ca0a6fd877]::panicking::panic_handler::{closure#0}
[INFO] [stdout]    8:     0x630d9c7019f9 - std[617be2ca0a6fd877]::sys::backtrace::__rust_end_short_backtrace::<std[617be2ca0a6fd877]::panicking::panic_handler::{closure#0}, !>
[INFO] [stdout]    9:     0x630d9c709dbd - __rustc[ea4f61d10b84890b]::rust_begin_unwind
[INFO] [stdout]   10:     0x630d9c74855c - core[a373ad73a504971]::panicking::panic_fmt
[INFO] [stdout]   11:     0x630d9c748332 - core[a373ad73a504971]::result::unwrap_failed
[INFO] [stdout]   12:     0x630d9c546f1f - <vds[396a37388fac35c6]::storage::tests::stores_and_queries_document_state::{closure#0} as core[a373ad73a504971]::ops::function::FnOnce<()>>::call_once
[INFO] [stdout]   13:     0x630d9c5ed82b - test[aada8e7e76ba119b]::__rust_begin_short_backtrace::<core[a373ad73a504971]::result::Result<(), alloc[2e1b2a31b91974c5]::string::String>, fn() -> core[a373ad73a504971]::result::Result<(), alloc[2e1b2a31b91974c5]::string::String>>
[INFO] [stdout]   14:     0x630d9c5faa05 - test[aada8e7e76ba119b]::run_test::{closure#0}
[INFO] [stdout]   15:     0x630d9c5f42f4 - std[617be2ca0a6fd877]::sys::backtrace::__rust_begin_short_backtrace::<test[aada8e7e76ba119b]::run_test::{closure#1}, ()>
[INFO] [stdout]   16:     0x630d9c5fda92 - <std[617be2ca0a6fd877]::thread::lifecycle::spawn_unchecked<test[aada8e7e76ba119b]::run_test::{closure#1}, ()>::{closure#1} as core[a373ad73a504971]::ops::function::FnOnce<()>>::call_once::{shim:vtable#0}
[INFO] [stdout]   17:     0x630d9c73035f - <std[617be2ca0a6fd877]::sys::thread::unix::Thread>::new::thread_start
[INFO] [stdout]   18:     0x73d6b070adfa - <unknown>
[INFO] [stdout]   19:     0x73d6b079e3d4 - clone
[INFO] [stdout]   20:                0x0 - <unknown>
[INFO] [stdout] 
[INFO] [stdout] 
[INFO] [stdout] failures:
[INFO] [stdout]     markdown::tests::imports_to_storage_and_exports_markdown_in_tree_order
[INFO] [stdout]     markdown::tests::overview_fixture_round_trips_key_markdown_sections
[INFO] [stdout]     storage::tests::stores_and_queries_document_state
[INFO] [stdout] 
[INFO] [stdout] test result: FAILED. 80 passed; 3 failed; 0 ignored; 0 measured; 0 filtered out; finished in 1.40s
[INFO] [stdout] 
[INFO] [stderr] error: test failed, to rerun pass `--lib`
[INFO] running `Command { std: "docker" "inspect" "64f5020e055620ddabb2d72bddceb423e037538ed214b48d163f5eb5d6f3a687", kill_on_drop: false }`
[INFO] running `Command { std: "docker" "rm" "-f" "64f5020e055620ddabb2d72bddceb423e037538ed214b48d163f5eb5d6f3a687", kill_on_drop: false }`
[INFO] [stdout] 64f5020e055620ddabb2d72bddceb423e037538ed214b48d163f5eb5d6f3a687
