[INFO] fetching crate vde-tmux-manager 0.0.29...
[INFO] testing vde-tmux-manager-0.0.29 against 1.100.0-beta.1+cargoflags=--release for beta-release-1.100-2
[INFO] extracting crate vde-tmux-manager 0.0.29 into /workspace/builds/worker-7-tc2/source
[INFO] started tweaking crates.io crate vde-tmux-manager 0.0.29
[INFO] finished tweaking crates.io crate vde-tmux-manager 0.0.29
[INFO] tweaked toml for crates.io crate vde-tmux-manager 0.0.29 written to /workspace/builds/worker-7-tc2/source/Cargo.toml
[INFO] validating manifest of crates.io crate vde-tmux-manager 0.0.29 on toolchain 1.100.0-beta.1
[INFO] running `Command { std: CARGO_HOME="/workspace/cargo-home" RUSTUP_HOME="/workspace/rustup-home" "/workspace/cargo-home/bin/cargo" "+1.100.0-beta.1" "metadata" "--manifest-path" "Cargo.toml" "--no-deps", kill_on_drop: false }`
[INFO] crate crates.io crate vde-tmux-manager 0.0.29 already has a lockfile, it will not be regenerated
[INFO] running `Command { std: CARGO_HOME="/workspace/cargo-home" RUSTUP_HOME="/workspace/rustup-home" "/workspace/cargo-home/bin/cargo" "+1.100.0-beta.1" "fetch" "--manifest-path" "Cargo.toml", kill_on_drop: false }`
[INFO] running `Command { std: "docker" "create" "-v" "/var/lib/crater-agent-workspace/builds/worker-7-tc2/source:/opt/rustwide/workdir:ro,Z" "-v" "/var/lib/crater-agent-workspace/builds/worker-7-tc2/target:/opt/rustwide/target:rw,Z" "-v" "/var/lib/crater-agent-workspace/cargo-home:/opt/rustwide/cargo-home:ro,Z" "-v" "/var/lib/crater-agent-workspace/rustup-home:/opt/rustwide/rustup-home:ro,Z" "-m" "1610612736" "--network" "none" "ghcr.io/rust-lang/crates-build-env/linux@sha256:77db811e55d90add9212f6832c23229e3de5f1c1f9905e8cb07319ea15df73ac" "sleep" "infinity", kill_on_drop: false }`
[INFO] [stdout] 9a705ed1952c39e084f224398f849bff98c99bc1515900b7853f3b9769ed9e4c
[INFO] running `Command { std: "docker" "start" "9a705ed1952c39e084f224398f849bff98c99bc1515900b7853f3b9769ed9e4c", kill_on_drop: false }`
[INFO] running `Command { std: "docker" "inspect" "9a705ed1952c39e084f224398f849bff98c99bc1515900b7853f3b9769ed9e4c", kill_on_drop: false }`
[INFO] running `Command { std: "docker" "exec" "-e" "SOURCE_DIR=/opt/rustwide/workdir" "-e" "CARGO_HOME=/opt/rustwide/cargo-home" "-e" "RUSTUP_HOME=/opt/rustwide/rustup-home" "-e" "CARGO_TARGET_DIR=/opt/rustwide/target" "-w" "/opt/rustwide/workdir" "--user" "0:0" "9a705ed1952c39e084f224398f849bff98c99bc1515900b7853f3b9769ed9e4c" "/opt/rustwide/cargo-home/bin/cargo" "+1.100.0-beta.1" "metadata" "--no-deps" "--format-version=1", kill_on_drop: false }`
[INFO] running `Command { std: "docker" "inspect" "9a705ed1952c39e084f224398f849bff98c99bc1515900b7853f3b9769ed9e4c", kill_on_drop: false }`
[INFO] running `Command { std: "docker" "exec" "-e" "SOURCE_DIR=/opt/rustwide/workdir" "-e" "CARGO_HOME=/opt/rustwide/cargo-home" "-e" "RUSTUP_HOME=/opt/rustwide/rustup-home" "-e" "CARGO_TARGET_DIR=/opt/rustwide/target" "-e" "CARGO_INCREMENTAL=0" "-e" "RUST_BACKTRACE=full" "-e" "RUSTFLAGS=--cap-lints=warn" "-e" "RUSTDOCFLAGS=--cap-lints=warn" "-w" "/opt/rustwide/workdir" "--user" "0:0" "9a705ed1952c39e084f224398f849bff98c99bc1515900b7853f3b9769ed9e4c" "/opt/rustwide/cargo-home/bin/cargo" "+1.100.0-beta.1" "build" "--frozen" "--message-format=json" "--release", kill_on_drop: false }`
[INFO] [stderr]    Compiling unicode-segmentation v1.13.2
[INFO] [stderr]    Compiling serde_path_to_error v0.1.20
[INFO] [stderr]    Compiling serde v1.0.228
[INFO] [stderr]    Compiling serde_yaml v0.9.34+deprecated
[INFO] [stderr]    Compiling vtm-core v0.0.29
[INFO] [stderr]    Compiling vde-tmux-manager v0.0.29 (/opt/rustwide/workdir)
[INFO] [stderr]     Finished `release` profile [optimized] target(s) in 16.34s
[INFO] running `Command { std: "docker" "inspect" "9a705ed1952c39e084f224398f849bff98c99bc1515900b7853f3b9769ed9e4c", kill_on_drop: false }`
[INFO] running `Command { std: "docker" "exec" "-e" "SOURCE_DIR=/opt/rustwide/workdir" "-e" "CARGO_HOME=/opt/rustwide/cargo-home" "-e" "RUSTUP_HOME=/opt/rustwide/rustup-home" "-e" "CARGO_TARGET_DIR=/opt/rustwide/target" "-e" "CARGO_INCREMENTAL=0" "-e" "RUST_BACKTRACE=full" "-e" "RUSTFLAGS=--cap-lints=warn" "-e" "RUSTDOCFLAGS=--cap-lints=warn" "-w" "/opt/rustwide/workdir" "--user" "0:0" "9a705ed1952c39e084f224398f849bff98c99bc1515900b7853f3b9769ed9e4c" "/opt/rustwide/cargo-home/bin/cargo" "+1.100.0-beta.1" "test" "--frozen" "--no-run" "--message-format=json" "--release", kill_on_drop: false }`
[INFO] [stderr]    Compiling vde-tmux-manager v0.0.29 (/opt/rustwide/workdir)
[INFO] [stderr]     Finished `release` profile [optimized] target(s) in 5.60s
[INFO] running `Command { std: "docker" "inspect" "9a705ed1952c39e084f224398f849bff98c99bc1515900b7853f3b9769ed9e4c", kill_on_drop: false }`
[INFO] running `Command { std: "docker" "exec" "-e" "SOURCE_DIR=/opt/rustwide/workdir" "-e" "CARGO_HOME=/opt/rustwide/cargo-home" "-e" "RUSTUP_HOME=/opt/rustwide/rustup-home" "-e" "CARGO_TARGET_DIR=/opt/rustwide/target" "-e" "CARGO_INCREMENTAL=0" "-e" "RUST_BACKTRACE=full" "-e" "RUSTFLAGS=--cap-lints=warn" "-e" "RUSTDOCFLAGS=--cap-lints=warn" "-w" "/opt/rustwide/workdir" "--user" "0:0" "9a705ed1952c39e084f224398f849bff98c99bc1515900b7853f3b9769ed9e4c" "/opt/rustwide/cargo-home/bin/cargo" "+1.100.0-beta.1" "test" "--frozen" "--release", kill_on_drop: false }`
[INFO] [stderr]     Finished `release` profile [optimized] target(s) in 0.06s
[INFO] [stderr]      Running unittests src/main.rs (/opt/rustwide/target/release/build/vde-tmux-manager/d9525814887013c3/out/vtm-d9525814887013c3)
[INFO] [stdout] 
[INFO] [stdout] running 13 tests
[INFO] [stdout] test cli::statusline::tests::renders_session_ranges ... ok
[INFO] [stdout] test cli::session_manager::tests::parses_expected_selection_lines ... ok
[INFO] [stdout] test cli::statusline::tests::renders_current_category_display_name ... ok
[INFO] [stdout] test cli::dispatch::tests::subscribe_emits_changed_payload ... ok
[INFO] [stdout] test cli::session_manager::tests::builds_selector_entries_for_sessions_and_windows ... ok
[INFO] [stdout] test cli::session_manager::tests::parses_entry_line ... ok
[INFO] [stdout] test cli::dispatch::tests::subscribe_emits_initial_payload ... ok
[INFO] [stdout] test cli::dispatch::tests::returns_unknown_command_error ... FAILED
[INFO] [stdout] test cli::dispatch::tests::renders_statusline_category_with_fake_tmux ... FAILED
[INFO] [stdout] test cli::project::tests::replaces_dots_in_project_basename_for_tmux_session_name ... ok
[INFO] [stdout] test cli::dispatch::tests::subscribe_skips_unchanged_payload ... ok
[INFO] [stdout] test cli::dispatch::tests::builds_subscribe_payload_as_single_line_json ... ok
[INFO] [stderr] error: test failed, to rerun pass `--bin vtm`
[INFO] [stdout] test cli::dispatch::tests::exports_state_as_json ... ok
[INFO] [stdout] 
[INFO] [stdout] failures:
[INFO] [stdout] 
[INFO] [stdout] ---- cli::dispatch::tests::returns_unknown_command_error stdout ----
[INFO] [stdout] 
[INFO] [stdout] thread 'cli::dispatch::tests::returns_unknown_command_error' (326) panicked at src/cli/dispatch.rs:573:79:
[INFO] [stdout] response: failed to spawn command: ghq
[INFO] [stdout] 
[INFO] [stdout] Caused by:
[INFO] [stdout]     No such file or directory (os error 2)
[INFO] [stdout] 
[INFO] [stdout] Stack backtrace:
[INFO] [stdout]    0: <core::io::error::Error as anyhow::context::ext::StdError>::ext_context::<alloc::string::String>
[INFO] [stdout]    1: vtm_core::command::run_command::<[&str; 1], &str>
[INFO] [stdout]    2: vtm_core::runtime::resolve_ghq_root
[INFO] [stdout]    3: vtm::cli::dispatch::run_cli_with_context
[INFO] [stdout]    4: <vtm::cli::dispatch::tests::returns_unknown_command_error::{closure#0} as core::ops::function::FnOnce<()>>::call_once
[INFO] [stdout]    5: test::__rust_begin_short_backtrace::<core::result::Result<(), alloc::string::String>, fn() -> core::result::Result<(), alloc::string::String>>
[INFO] [stdout]    6: test::run_test::{closure#0}
[INFO] [stdout]    7: std::sys::backtrace::__rust_begin_short_backtrace::<test::run_test::{closure#1}, ()>
[INFO] [stdout]    8: <std::thread::lifecycle::spawn_unchecked<test::run_test::{closure#1}, ()>::{closure#1} as core::ops::function::FnOnce<()>>::call_once::{shim:vtable#0}
[INFO] [stdout]    9: <std::sys::thread::unix::Thread>::new::thread_start
[INFO] [stdout]   10: <unknown>
[INFO] [stdout]   11: clone
[INFO] [stdout] stack backtrace:
[INFO] [stdout]    0:     0x65148d40bfd1 - <<std[617be2ca0a6fd877]::sys::backtrace::BacktraceLock>::print::DisplayBacktrace as core[a373ad73a504971]::fmt::Display>::fmt
[INFO] [stdout]    1:     0x65148d4234ba - core[a373ad73a504971]::fmt::write
[INFO] [stdout]    2:     0x65148d4107ec - <alloc[2e1b2a31b91974c5]::vec::Vec<u8> as core[a373ad73a504971]::io::write::Write>::write_fmt
[INFO] [stdout]    3:     0x65148d3e6346 - std[617be2ca0a6fd877]::panicking::default_hook::{closure#0}
[INFO] [stdout]    4:     0x65148d403e69 - std[617be2ca0a6fd877]::panicking::default_hook
[INFO] [stdout]    5:     0x65148d24f910 - test[aada8e7e76ba119b]::test_main_inner::{closure#0}
[INFO] [stdout]    6:     0x65148d404022 - std[617be2ca0a6fd877]::panicking::panic_with_hook
[INFO] [stdout]    7:     0x65148d3e63f2 - std[617be2ca0a6fd877]::panicking::panic_handler::{closure#0}
[INFO] [stdout]    8:     0x65148d3de8c9 - std[617be2ca0a6fd877]::sys::backtrace::__rust_end_short_backtrace::<std[617be2ca0a6fd877]::panicking::panic_handler::{closure#0}, !>
[INFO] [stdout]    9:     0x65148d3e71cd - __rustc[ea4f61d10b84890b]::rust_begin_unwind
[INFO] [stdout]   10:     0x65148d423c9c - core[a373ad73a504971]::panicking::panic_fmt
[INFO] [stdout]   11:     0x65148d423a72 - core[a373ad73a504971]::result::unwrap_failed
[INFO] [stdout]   12:     0x65148d220279 - <vtm[3848eb0872d9e460]::cli::dispatch::tests::returns_unknown_command_error::{closure#0} as core[a373ad73a504971]::ops::function::FnOnce<()>>::call_once
[INFO] [stdout]   13:     0x65148d242d5b - test[aada8e7e76ba119b]::__rust_begin_short_backtrace::<core[a373ad73a504971]::result::Result<(), alloc[2e1b2a31b91974c5]::string::String>, fn() -> core[a373ad73a504971]::result::Result<(), alloc[2e1b2a31b91974c5]::string::String>>
[INFO] [stdout]   14:     0x65148d24ff35 - test[aada8e7e76ba119b]::run_test::{closure#0}
[INFO] [stdout]   15:     0x65148d249824 - std[617be2ca0a6fd877]::sys::backtrace::__rust_begin_short_backtrace::<test[aada8e7e76ba119b]::run_test::{closure#1}, ()>
[INFO] [stdout]   16:     0x65148d252fc2 - <std[617be2ca0a6fd877]::thread::lifecycle::spawn_unchecked<test[aada8e7e76ba119b]::run_test::{closure#1}, ()>::{closure#1} as core[a373ad73a504971]::ops::function::FnOnce<()>>::call_once::{shim:vtable#0}
[INFO] [stdout]   17:     0x65148d40b2ef - <std[617be2ca0a6fd877]::sys::thread::unix::Thread>::new::thread_start
[INFO] [stdout]   18:     0x743671fb4dfa - <unknown>
[INFO] [stdout]   19:     0x7436720483d4 - clone
[INFO] [stdout]   20:                0x0 - <unknown>
[INFO] [stdout] 
[INFO] [stdout] ---- cli::dispatch::tests::renders_statusline_category_with_fake_tmux stdout ----
[INFO] [stdout] 
[INFO] [stdout] thread 'cli::dispatch::tests::renders_statusline_category_with_fake_tmux' (325) panicked at src/cli/dispatch.rs:598:80:
[INFO] [stdout] response: failed to spawn command: ghq
[INFO] [stdout] 
[INFO] [stdout] Caused by:
[INFO] [stdout]     No such file or directory (os error 2)
[INFO] [stdout] 
[INFO] [stdout] Stack backtrace:
[INFO] [stdout]    0: <core::io::error::Error as anyhow::context::ext::StdError>::ext_context::<alloc::string::String>
[INFO] [stdout]    1: vtm_core::command::run_command::<[&str; 1], &str>
[INFO] [stdout]    2: vtm_core::runtime::resolve_ghq_root
[INFO] [stdout]    3: vtm::cli::statusline::run_statusline_category
[INFO] [stdout]    4: vtm::cli::dispatch::run_cli_with_context
[INFO] [stdout]    5: <vtm::cli::dispatch::tests::renders_statusline_category_with_fake_tmux::{closure#0} as core::ops::function::FnOnce<()>>::call_once
[INFO] [stdout]    6: test::__rust_begin_short_backtrace::<core::result::Result<(), alloc::string::String>, fn() -> core::result::Result<(), alloc::string::String>>
[INFO] [stdout]    7: test::run_test::{closure#0}
[INFO] [stdout]    8: std::sys::backtrace::__rust_begin_short_backtrace::<test::run_test::{closure#1}, ()>
[INFO] [stdout]    9: <std::thread::lifecycle::spawn_unchecked<test::run_test::{closure#1}, ()>::{closure#1} as core::ops::function::FnOnce<()>>::call_once::{shim:vtable#0}
[INFO] [stdout]   10: <std::sys::thread::unix::Thread>::new::thread_start
[INFO] [stdout]   11: <unknown>
[INFO] [stdout]   12: clone
[INFO] [stdout] stack backtrace:
[INFO] [stdout]    0:     0x65148d40bfd1 - <<std[617be2ca0a6fd877]::sys::backtrace::BacktraceLock>::print::DisplayBacktrace as core[a373ad73a504971]::fmt::Display>::fmt
[INFO] [stdout]    1:     0x65148d4234ba - core[a373ad73a504971]::fmt::write
[INFO] [stdout]    2:     0x65148d4107ec - <alloc[2e1b2a31b91974c5]::vec::Vec<u8> as core[a373ad73a504971]::io::write::Write>::write_fmt
[INFO] [stdout]    3:     0x65148d3e6346 - std[617be2ca0a6fd877]::panicking::default_hook::{closure#0}
[INFO] [stdout]    4:     0x65148d403e69 - std[617be2ca0a6fd877]::panicking::default_hook
[INFO] [stdout]    5:     0x65148d24f910 - test[aada8e7e76ba119b]::test_main_inner::{closure#0}
[INFO] [stdout]    6:     0x65148d404022 - std[617be2ca0a6fd877]::panicking::panic_with_hook
[INFO] [stdout]    7:     0x65148d3e63f2 - std[617be2ca0a6fd877]::panicking::panic_handler::{closure#0}
[INFO] [stdout]    8:     0x65148d3de8c9 - std[617be2ca0a6fd877]::sys::backtrace::__rust_end_short_backtrace::<std[617be2ca0a6fd877]::panicking::panic_handler::{closure#0}, !>
[INFO] [stdout]    9:     0x65148d3e71cd - __rustc[ea4f61d10b84890b]::rust_begin_unwind
[INFO] [stdout]   10:     0x65148d423c9c - core[a373ad73a504971]::panicking::panic_fmt
[INFO] [stdout]   11:     0x65148d423a72 - core[a373ad73a504971]::result::unwrap_failed
[INFO] [stdout]   12:     0x65148d220edb - <vtm[3848eb0872d9e460]::cli::dispatch::tests::renders_statusline_category_with_fake_tmux::{closure#0} as core[a373ad73a504971]::ops::function::FnOnce<()>>::call_once
[INFO] [stdout]   13:     0x65148d242d5b - test[aada8e7e76ba119b]::__rust_begin_short_backtrace::<core[a373ad73a504971]::result::Result<(), alloc[2e1b2a31b91974c5]::string::String>, fn() -> core[a373ad73a504971]::result::Result<(), alloc[2e1b2a31b91974c5]::string::String>>
[INFO] [stdout]   14:     0x65148d24ff35 - test[aada8e7e76ba119b]::run_test::{closure#0}
[INFO] [stdout]   15:     0x65148d249824 - std[617be2ca0a6fd877]::sys::backtrace::__rust_begin_short_backtrace::<test[aada8e7e76ba119b]::run_test::{closure#1}, ()>
[INFO] [stdout]   16:     0x65148d252fc2 - <std[617be2ca0a6fd877]::thread::lifecycle::spawn_unchecked<test[aada8e7e76ba119b]::run_test::{closure#1}, ()>::{closure#1} as core[a373ad73a504971]::ops::function::FnOnce<()>>::call_once::{shim:vtable#0}
[INFO] [stdout]   17:     0x65148d40b2ef - <std[617be2ca0a6fd877]::sys::thread::unix::Thread>::new::thread_start
[INFO] [stdout]   18:     0x743671fb4dfa - <unknown>
[INFO] [stdout]   19:     0x7436720483d4 - clone
[INFO] [stdout]   20:                0x0 - <unknown>
[INFO] [stdout] 
[INFO] [stdout] 
[INFO] [stdout] failures:
[INFO] [stdout]     cli::dispatch::tests::renders_statusline_category_with_fake_tmux
[INFO] [stdout]     cli::dispatch::tests::returns_unknown_command_error
[INFO] [stdout] 
[INFO] [stdout] test result: FAILED. 11 passed; 2 failed; 0 ignored; 0 measured; 0 filtered out; finished in 0.14s
[INFO] [stdout] 
[INFO] running `Command { std: "docker" "inspect" "9a705ed1952c39e084f224398f849bff98c99bc1515900b7853f3b9769ed9e4c", kill_on_drop: false }`
[INFO] running `Command { std: "docker" "rm" "-f" "9a705ed1952c39e084f224398f849bff98c99bc1515900b7853f3b9769ed9e4c", kill_on_drop: false }`
[INFO] [stdout] 9a705ed1952c39e084f224398f849bff98c99bc1515900b7853f3b9769ed9e4c
