[INFO] fetching crate vcs-runner 0.19.1...
[INFO] testing vcs-runner-0.19.1 against 1.99.0-beta.8+cargoflags=--release for beta-release-1.100-2
[INFO] extracting crate vcs-runner 0.19.1 into /workspace/builds/worker-2-tc1/source
[INFO] removed /workspace/builds/worker-2-tc1/source/rust-toolchain.toml
[INFO] started tweaking crates.io crate vcs-runner 0.19.1
[INFO] removed 0 missing examples
[INFO] removed 0 missing tests
[INFO] finished tweaking crates.io crate vcs-runner 0.19.1
[INFO] tweaked toml for crates.io crate vcs-runner 0.19.1 written to /workspace/builds/worker-2-tc1/source/Cargo.toml
[INFO] validating manifest of crates.io crate vcs-runner 0.19.1 on toolchain 1.99.0-beta.8
[INFO] running `Command { std: CARGO_HOME="/workspace/cargo-home" RUSTUP_HOME="/workspace/rustup-home" "/workspace/cargo-home/bin/cargo" "+1.99.0-beta.8" "metadata" "--manifest-path" "Cargo.toml" "--no-deps", kill_on_drop: false }`
[INFO] crate crates.io crate vcs-runner 0.19.1 already has a lockfile, it will not be regenerated
[INFO] running `Command { std: CARGO_HOME="/workspace/cargo-home" RUSTUP_HOME="/workspace/rustup-home" "/workspace/cargo-home/bin/cargo" "+1.99.0-beta.8" "fetch" "--manifest-path" "Cargo.toml", kill_on_drop: false }`
[INFO] [stderr]     Updating crates.io index
[INFO] [stderr]  Downloading crates ...
[INFO] [stderr]   Downloaded shared_child v1.1.1
[INFO] [stderr]   Downloaded toml_writer v1.1.3+spec-1.1.0
[INFO] [stderr]   Downloaded sigchld v0.2.4
[INFO] [stderr]   Downloaded serde_spanned v1.1.2
[INFO] [stderr]   Downloaded os_pipe v1.2.3
[INFO] [stderr]   Downloaded procpilot v0.9.0
[INFO] [stderr]   Downloaded libc v0.2.185
[INFO] running `Command { std: "docker" "create" "-v" "/var/lib/crater-agent-workspace/builds/worker-2-tc1/source:/opt/rustwide/workdir:ro,Z" "-v" "/var/lib/crater-agent-workspace/builds/worker-2-tc1/target:/opt/rustwide/target:rw,Z" "-v" "/var/lib/crater-agent-workspace/cargo-home:/opt/rustwide/cargo-home:ro,Z" "-v" "/var/lib/crater-agent-workspace/rustup-home:/opt/rustwide/rustup-home:ro,Z" "-m" "1610612736" "--network" "none" "ghcr.io/rust-lang/crates-build-env/linux@sha256:77db811e55d90add9212f6832c23229e3de5f1c1f9905e8cb07319ea15df73ac" "sleep" "infinity", kill_on_drop: false }`
[INFO] [stdout] eedc2ede3a4f21f35f4caf39fccf322c6171c13339c84aff7ecf1435707fc068
[INFO] running `Command { std: "docker" "start" "eedc2ede3a4f21f35f4caf39fccf322c6171c13339c84aff7ecf1435707fc068", kill_on_drop: false }`
[INFO] running `Command { std: "docker" "inspect" "eedc2ede3a4f21f35f4caf39fccf322c6171c13339c84aff7ecf1435707fc068", kill_on_drop: false }`
[INFO] running `Command { std: "docker" "exec" "-e" "SOURCE_DIR=/opt/rustwide/workdir" "-e" "CARGO_HOME=/opt/rustwide/cargo-home" "-e" "RUSTUP_HOME=/opt/rustwide/rustup-home" "-e" "CARGO_TARGET_DIR=/opt/rustwide/target" "-w" "/opt/rustwide/workdir" "--user" "0:0" "eedc2ede3a4f21f35f4caf39fccf322c6171c13339c84aff7ecf1435707fc068" "/opt/rustwide/cargo-home/bin/cargo" "+1.99.0-beta.8" "metadata" "--no-deps" "--format-version=1", kill_on_drop: false }`
[INFO] running `Command { std: "docker" "inspect" "eedc2ede3a4f21f35f4caf39fccf322c6171c13339c84aff7ecf1435707fc068", kill_on_drop: false }`
[INFO] running `Command { std: "docker" "exec" "-e" "SOURCE_DIR=/opt/rustwide/workdir" "-e" "CARGO_HOME=/opt/rustwide/cargo-home" "-e" "RUSTUP_HOME=/opt/rustwide/rustup-home" "-e" "CARGO_TARGET_DIR=/opt/rustwide/target" "-e" "CARGO_INCREMENTAL=0" "-e" "RUST_BACKTRACE=full" "-e" "RUSTFLAGS=--cap-lints=warn" "-e" "RUSTDOCFLAGS=--cap-lints=warn" "-w" "/opt/rustwide/workdir" "--user" "0:0" "eedc2ede3a4f21f35f4caf39fccf322c6171c13339c84aff7ecf1435707fc068" "/opt/rustwide/cargo-home/bin/cargo" "+1.99.0-beta.8" "build" "--frozen" "--message-format=json" "--release", kill_on_drop: false }`
[INFO] [stderr]    Compiling libc v0.2.185
[INFO] [stderr]    Compiling quote v1.0.45
[INFO] [stderr]    Compiling signal-hook v0.3.18
[INFO] [stderr]    Compiling fastrand v2.4.1
[INFO] [stderr]    Compiling proc-macro2 v1.0.106
[INFO] [stderr]    Compiling anyhow v1.0.104
[INFO] [stderr]    Compiling serde_json v1.0.149
[INFO] [stderr]    Compiling backon v1.6.0
[INFO] [stderr]    Compiling syn v2.0.117
[INFO] [stderr]    Compiling errno v0.3.14
[INFO] [stderr]    Compiling os_pipe v1.2.3
[INFO] [stderr]    Compiling wait-timeout v0.2.1
[INFO] [stderr]    Compiling signal-hook-registry v1.4.8
[INFO] [stderr]    Compiling sigchld v0.2.4
[INFO] [stderr]    Compiling shared_child v1.1.1
[INFO] [stderr]    Compiling procpilot v0.9.0
[INFO] [stderr]    Compiling serde_derive v1.0.228
[INFO] [stderr]    Compiling serde v1.0.228
[INFO] [stderr]    Compiling vcs-runner v0.19.1 (/opt/rustwide/workdir)
[INFO] [stderr]     Finished `release` profile [optimized] target(s) in 21.28s
[INFO] running `Command { std: "docker" "inspect" "eedc2ede3a4f21f35f4caf39fccf322c6171c13339c84aff7ecf1435707fc068", kill_on_drop: false }`
[INFO] running `Command { std: "docker" "exec" "-e" "SOURCE_DIR=/opt/rustwide/workdir" "-e" "CARGO_HOME=/opt/rustwide/cargo-home" "-e" "RUSTUP_HOME=/opt/rustwide/rustup-home" "-e" "CARGO_TARGET_DIR=/opt/rustwide/target" "-e" "CARGO_INCREMENTAL=0" "-e" "RUST_BACKTRACE=full" "-e" "RUSTFLAGS=--cap-lints=warn" "-e" "RUSTDOCFLAGS=--cap-lints=warn" "-w" "/opt/rustwide/workdir" "--user" "0:0" "eedc2ede3a4f21f35f4caf39fccf322c6171c13339c84aff7ecf1435707fc068" "/opt/rustwide/cargo-home/bin/cargo" "+1.99.0-beta.8" "test" "--frozen" "--no-run" "--message-format=json" "--release", kill_on_drop: false }`
[INFO] [stderr]    Compiling getrandom v0.3.4
[INFO] [stderr]    Compiling zerocopy v0.8.62
[INFO] [stderr]    Compiling proc-macro2 v1.0.106
[INFO] [stderr]    Compiling bitflags v2.11.0
[INFO] [stderr]    Compiling num-traits v0.2.19
[INFO] [stderr]    Compiling getrandom v0.4.2
[INFO] [stderr]    Compiling once_cell v1.21.4
[INFO] [stderr]    Compiling unicode-ident v1.0.24
[INFO] [stderr]    Compiling backon v1.6.0
[INFO] [stderr]    Compiling quote v1.0.45
[INFO] [stderr]    Compiling winnow v1.0.4
[INFO] [stderr]    Compiling quick-error v1.2.3
[INFO] [stderr]    Compiling rustix v1.1.4
[INFO] [stderr]    Compiling bit-vec v0.8.0
[INFO] [stderr]    Compiling rand_core v0.9.5
[INFO] [stderr]    Compiling procpilot v0.9.0
[INFO] [stderr]    Compiling serde_json v1.0.149
[INFO] [stderr]    Compiling bit-set v0.8.0
[INFO] [stderr]    Compiling toml_parser v1.1.4+spec-1.1.0
[INFO] [stderr]    Compiling rand v0.9.5
[INFO] [stderr]    Compiling rand_xorshift v0.4.0
[INFO] [stderr]    Compiling serde v1.0.228
[INFO] [stderr]    Compiling toml_datetime v0.7.5+spec-1.1.0
[INFO] [stderr]    Compiling tempfile v3.27.0
[INFO] [stderr]    Compiling rusty-fork v0.3.1
[INFO] [stderr]    Compiling serde_spanned v1.1.2
[INFO] [stderr]    Compiling unarray v0.1.4
[INFO] [stderr]    Compiling winnow v0.7.15
[INFO] [stderr]    Compiling toml_writer v1.1.3+spec-1.1.0
[INFO] [stderr]    Compiling syn v2.0.117
[INFO] [stderr]    Compiling vcs-runner v0.19.1 (/opt/rustwide/workdir)
[INFO] [stderr]    Compiling toml v0.9.12+spec-1.1.0
[INFO] [stderr]    Compiling ppv-lite86 v0.2.21
[INFO] [stderr]    Compiling rand_chacha v0.9.0
[INFO] [stderr]    Compiling proptest v1.11.0
[INFO] [stderr]     Finished `release` profile [optimized] target(s) in 1m 48s
[INFO] running `Command { std: "docker" "inspect" "eedc2ede3a4f21f35f4caf39fccf322c6171c13339c84aff7ecf1435707fc068", kill_on_drop: false }`
[INFO] running `Command { std: "docker" "exec" "-e" "SOURCE_DIR=/opt/rustwide/workdir" "-e" "CARGO_HOME=/opt/rustwide/cargo-home" "-e" "RUSTUP_HOME=/opt/rustwide/rustup-home" "-e" "CARGO_TARGET_DIR=/opt/rustwide/target" "-e" "CARGO_INCREMENTAL=0" "-e" "RUST_BACKTRACE=full" "-e" "RUSTFLAGS=--cap-lints=warn" "-e" "RUSTDOCFLAGS=--cap-lints=warn" "-w" "/opt/rustwide/workdir" "--user" "0:0" "eedc2ede3a4f21f35f4caf39fccf322c6171c13339c84aff7ecf1435707fc068" "/opt/rustwide/cargo-home/bin/cargo" "+1.99.0-beta.8" "test" "--frozen" "--release", kill_on_drop: false }`
[INFO] [stderr]     Finished `release` profile [optimized] target(s) in 0.18s
[INFO] [stderr]      Running unittests src/lib.rs (/opt/rustwide/target/release/deps/vcs_runner-8d86e600355fc7e5)
[INFO] [stdout] 
[INFO] [stdout] running 150 tests
[INFO] [stdout] test detect::tests::detect_jj_only ... ok
[INFO] [stdout] test detect::tests::a_relative_path_is_resolved_against_the_working_directory ... ok
[INFO] [stdout] test detect::tests::detect_colocated ... ok
[INFO] [stdout] test detect::tests::detect_ancestor ... ok
[INFO] [stdout] test detect::tests::detect_git_only ... ok
[INFO] [stdout] test jj_compat_tests::capture_fixtures ... ignored, captures fixtures from the jj named by VCS_RUNNER_CAPTURE_JJ
[INFO] [stdout] test detect::tests::detect_git_worktree_file ... ok
[INFO] [stdout] test detect::tests::the_part_after_the_last_dotdot_is_kept_without_it ... ok
[INFO] [stdout] test detect::tests::detect_through_dotdot_finds_the_real_parent ... ok
[INFO] [stdout] test jj_compat_tests::jj_0_33_0 ... ok
[INFO] [stdout] test jj_compat_tests::jj_0_36_0 ... ok
[INFO] [stdout] test jj_compat_tests::jj_0_37_0 ... ok
[INFO] [stdout] test jj_compat_tests::jj_0_40_0 ... ok
[INFO] [stdout] test jj_compat_tests::jj_0_46_0 ... ok
[INFO] [stdout] test jj_compat_tests::jj_0_38_0 ... ok
[INFO] [stdout] test jj_version::tests::divergent_query_falls_back_before_0_38_and_when_unknown ... ok
[INFO] [stdout] test jj_version::tests::divergent_query_uses_the_revset_from_0_38 ... ok
[INFO] [stdout] test detect::tests::detect_through_dotdot_does_not_credit_the_dir_it_left ... ok
[INFO] [stdout] test jj_version::tests::parses_release_and_plain_version_strings ... ok
[INFO] [stdout] test jj_version::tests::properties::the_divergent_revset_is_used_from_0_38_on_and_never_before ... ok
[INFO] [stdout] test parse_bookmark::tests::a_bookmark_with_no_remote_is_local ... ok
[INFO] [stdout] test detect::tests::detect_empty_dir ... ok
[INFO] [stdout] test parse_bookmark::tests::a_conflicted_remote_ref_is_not_skipped_but_makes_its_bookmark_unsynced ... ok
[INFO] [stdout] test parse_bookmark::tests::a_git_remote_line_is_ignored ... ok
[INFO] [stdout] test parse_bookmark::tests::a_locally_deleted_bookmark_is_skipped_and_its_remote_line_ignored ... ok
[INFO] [stdout] test jj_version::tests::installed_version_is_the_one_jj_reports ... ok
[INFO] [stdout] test jj_compat_tests::jj_0_45_1 ... ok
[INFO] [stdout] test jj_compat_tests::every_captured_version_has_a_test ... ok
[INFO] [stdout] test parse_bookmark::tests::a_remote_line_at_the_local_target_is_synced ... ok
[INFO] [stdout] test parse_bookmark::tests::a_remote_line_means_unsynced_and_is_not_a_bookmark_itself ... ok
[INFO] [stdout] test parse_bookmark::tests::a_skipped_name_is_decoded_and_reported_once ... ok
[INFO] [stdout] test parse_bookmark::tests::another_bookmarks_remote_on_the_target_does_not_count ... ok
[INFO] [stdout] test jj_version::tests::rejects_what_is_not_a_version ... ok
[INFO] [stdout] test parse_bookmark::tests::empty_output ... ok
[INFO] [stdout] test parse_bookmark::tests::its_own_remote_bookmark_on_the_target_is_synced ... ok
[INFO] [stdout] test parse_bookmark::tests::unparseable_lines_are_unknown ... ok
[INFO] [stdout] test parse_git::tests::added ... ok
[INFO] [stdout] test parse_bookmark::tests::legacy_output_keeps_its_rule ... ok
[INFO] [stdout] test parse_bookmark::tests::legacy_stale_line_is_skipped_by_name ... ok
[INFO] [stdout] test parse_bookmark::tests::template_names_every_key_the_parser_reads ... ok
[INFO] [stdout] test parse_git::tests::a_malformed_quoted_path_is_kept_as_printed ... ok
[INFO] [stdout] test parse_git::tests::copied_with_similarity_score ... ok
[INFO] [stdout] test parse_git::tests::empty ... ok
[INFO] [stdout] test parse_git::tests::every_named_escape_and_the_octal_bounds_unquote ... ok
[INFO] [stdout] test parse_git::tests::path_with_spaces_preserved ... ok
[INFO] [stdout] test parse_git::tests::modified ... ok
[INFO] [stdout] test parse_git::tests::quoted_paths_are_unquoted ... ok
[INFO] [stdout] test parse_git::tests::deleted ... ok
[INFO] [stdout] test parse_git::tests::multiple_lines ... ok
[INFO] [stdout] test parse_git::tests::properties::a_printed_change_reads_back_to_the_same_path ... ok
[INFO] [stdout] test parse_git::tests::skips_blank_lines ... ok
[INFO] [stdout] test parse_git::tests::trailing_whitespace_in_a_path_is_kept ... ok
[INFO] [stdout] test parse_jj::tests::diff_summary_added ... ok
[INFO] [stdout] test parse_jj::tests::diff_summary_braces_in_a_modified_path_are_literal ... ok
[INFO] [stdout] test parse_jj::tests::diff_summary_deleted ... ok
[INFO] [stdout] test parse_jj::tests::diff_summary_empty ... ok
[INFO] [stdout] test parse_jj::tests::diff_summary_keeps_trailing_whitespace_in_a_path ... ok
[INFO] [stdout] test parse_jj::tests::diff_summary_modified ... ok
[INFO] [stdout] test parse_jj::tests::diff_summary_multiple ... ok
[INFO] [stdout] test parse_jj::tests::diff_summary_path_with_spaces ... ok
[INFO] [stdout] test parse_jj::tests::diff_summary_reads_jjs_brace_renames ... ok
[INFO] [stdout] test parse_jj::tests::diff_summary_rename_without_arrow_skipped ... ok
[INFO] [stdout] test parse_jj::tests::diff_summary_renamed ... ok
[INFO] [stdout] test parse_jj::tests::diff_summary_skips_blank_lines ... ok
[INFO] [stdout] test parse_jj::tests::diff_summary_skips_unknown_status ... ok
[INFO] [stdout] test parse_jj::tests::log_basic_entry ... ok
[INFO] [stdout] test parse_jj::tests::log_conflicted_and_empty ... ok
[INFO] [stdout] test parse_git::tests::skips_unknown_status ... ok
[INFO] [stdout] test parse_git::tests::rename_without_second_path_skipped ... ok
[INFO] [stdout] test parse_jj::tests::log_empty_commit ... ok
[INFO] [stdout] test jj_version::tests::properties::a_printed_version_parses_back ... ok
[INFO] [stdout] test parse_git::tests::properties::a_printed_rename_reads_back_to_both_paths ... ok
[INFO] [stdout] test parse_git::tests::renamed_with_similarity_score ... ok
[INFO] [stdout] test parse_jj::tests::diff_summary_copied ... ok
[INFO] [stdout] test parse_jj::tests::log_malformed_line_skipped ... ok
[INFO] [stdout] test parse_jj::tests::log_working_copy ... ok
[INFO] [stdout] test parse_bookmark::tests::properties::every_bookmark_reads_back_with_the_status_it_was_printed_with ... ok
[INFO] [stdout] test parse_jj::tests::log_empty_output ... ok
[INFO] [stdout] test parse_jj::tests::log_summary_method ... ok
[INFO] [stdout] test parse_jj::tests::log_template_contains_required_fields ... ok
[INFO] [stdout] test parse_jj::tests::remote_list_empty ... ok
[INFO] [stdout] test parse_jj::tests::log_conflicted_commit ... ok
[INFO] [stdout] test parse_jj::tests::remote_list_skips_empty_lines ... ok
[INFO] [stdout] test parse_op::tests::id_lines_drop_empty_lines_and_keep_order ... ok
[INFO] [stdout] test parse_op::tests::operation_log_skips_lines_without_a_tab ... ok
[INFO] [stdout] test parse_op::tests::operation_log_splits_at_the_first_tab ... ok
[INFO] [stdout] test parse_jj::tests::properties::a_plain_change_keeps_its_path_exactly ... ok
[INFO] [stdout] test parse_jj::tests::properties::an_arrow_rename_splits_at_the_arrow ... ok
[INFO] [stdout] test parse_jj::tests::remote_list_multiple ... ok
[INFO] [stdout] test parse_jj::tests::remote_list_single ... ok
[INFO] [stdout] test runner::tests::colocation_consistent_for_a_plain_bookmark ... ok
[INFO] [stdout] test runner::tests::colocation_consistent_for_a_stack ... ok
[INFO] [stdout] test runner::tests::colocation_consistent_when_bookmark_moved ... ok
[INFO] [stdout] test runner::tests::divergent_change_ids_dedups_to_distinct_changes ... ok
[INFO] [stdout] test parse_jj::tests::properties::a_brace_rename_expands_to_both_whole_paths ... ok
[INFO] [stdout] test parse_jj::tests::properties::a_remote_list_reads_back_exactly ... ok
[INFO] [stdout] test parse_op::tests::properties::id_lines_read_back_in_order_whatever_blank_lines_sit_between ... ok
[INFO] [stdout] test parse_op::tests::properties::an_operation_log_reads_back_exactly ... ok
[INFO] [stdout] test runner::tests::is_divergent_at_operation_distinguishes_clean_from_divergent ... ok
[INFO] [stdout] test runner::tests::is_transient_does_not_retry_cancelled ... ok
[INFO] [stdout] test runner::tests::is_transient_matches_stale_and_lock ... ok
[INFO] [stdout] test runner::tests::jj_merge_base_errors_on_unknown_revision ... ok
[INFO] [stdout] test runner::tests::jj_merge_base_finds_common_ancestor ... ok
[INFO] [stdout] test runner::tests::jj_merge_base_of_unrelated_and_of_nothing_is_none ... ok
[INFO] [stdout] test runner::tests::jj_retry_wrappers_return_the_output_of_the_attempt_that_succeeded ... ok
[INFO] [stdout] test runner::tests::jj_wrappers_return_the_commands_output ... ok
[INFO] [stdout] test runner::tests::op_log_reads_do_not_snapshot_the_working_copy ... ok
[INFO] [stdout] test runner::tests::operation_log_detection_and_op_restore_recovery ... ok
[INFO] [stdout] test runner::tests::operation_log_respects_limit ... ok
[INFO] [stdout] test runner::tests::real_commit_id_keeps_every_id_with_a_nonzero_digit ... ok
[INFO] [stdout] test runner::tests::real_commit_id_rejects_root_and_empty ... ok
[INFO] [stdout] test runner::tests::revset_at_operation_wraps_absence_and_stays_wc_agnostic ... ok
[INFO] [stdout] test runner::tests::revset_history_reflogs_a_bookmarks_moves_and_bounds_at_creation ... ok
[INFO] [stdout] test runner::tests::run_git_cancellable_short_circuits_on_preset_flag ... ok
[INFO] [stdout] test runner::tests::run_git_utf8_cancellable_short_circuits_on_preset_flag ... ok
[INFO] [stdout] test runner::tests::run_git_utf8_with_retry_cancellable_short_circuits_on_preset_flag ... ok
[INFO] [stdout] test parse_jj::tests::properties::a_rendered_log_reads_back_exactly ... ok
[INFO] [stdout] test runner::tests::run_jj_cancellable_short_circuits_on_preset_flag ... ok
[INFO] [stdout] test runner::tests::run_git_with_retry_cancellable_short_circuits_on_preset_flag ... ok
[INFO] [stdout] test runner::tests::run_jj_utf8_cancellable_short_circuits_on_preset_flag ... ok
[INFO] [stdout] test runner::tests::run_jj_fails_gracefully_when_not_installed ... ok
[INFO] [stdout] test runner::tests::run_jj_utf8_with_retry_cancellable_short_circuits_on_preset_flag ... ok
[INFO] [stdout] test runner::tests::run_jj_with_retry_cancellable_short_circuits_on_preset_flag ... ok
[INFO] [stdout] test tests::child_reports_nothing_available ... ignored, run by nothing_is_available_with_an_empty_path, with PATH emptied
[INFO] [stdout] test tests::git_available_returns_bool ... ok
[INFO] [stdout] test tests::jj_available_returns_bool ... ok
[INFO] [stdout] test tests::jj_version_matches_availability ... ok
[INFO] [stdout] test tests::nothing_is_available_with_an_empty_path ... ok
[INFO] [stdout] test types::tests::conflict_state ... ok
[INFO] [stdout] test types::tests::content_state ... ok
[INFO] [stdout] test types::tests::log_entry_summary ... ok
[INFO] [stdout] test types::tests::log_entry_summary_empty_description ... ok
[INFO] [stdout] test types::tests::properties::the_summary_is_everything_before_the_first_line_break ... ok
[INFO] [stdout] test types::tests::remote_status_local ... ok
[INFO] [stdout] test types::tests::remote_status_synced ... ok
[INFO] [stdout] test types::tests::remote_status_unsynced ... ok
[INFO] [stdout] test types::tests::working_copy_default ... ok
[INFO] [stdout] test worktree::tests::binary_detection_flags_nul_and_clears_text ... ok
[INFO] [stdout] test tests::git_version_matches_availability ... ok
[INFO] [stdout] test worktree::tests::binary_detection_scans_the_full_8kib_window ... ok
[INFO] [stdout] test worktree::tests::binary_detection_stops_at_8kib ... ok
[INFO] [stdout] test worktree::tests::other_io_errors_are_not_read_as_absent ... ok
[INFO] [stdout] test worktree::tests::reads_present_file_and_none_for_absent ... ok
[INFO] [stdout] test worktree::tests::bytes_variant_round_trips_and_none_for_absent ... ok
[INFO] [stdout] test runner::tests::git_merge_base_finds_common_ancestor ... ok
[INFO] [stdout] test runner::tests::git_merge_base_errors_on_unknown_revision ... ok
[INFO] [stdout] test runner::tests::git_merge_base_returns_none_for_unrelated ... ok
[INFO] [stdout] test runner::tests::git_wrappers_return_the_commands_output ... ok
[INFO] [stdout] test runner::tests::git_retry_wrapper_returns_the_error_the_predicate_declines ... ok
[INFO] [stdout] test runner::tests::git_retry_wrappers_return_the_output_of_the_attempt_that_succeeded ... ok
[INFO] [stdout] 
[INFO] [stdout] test result: ok. 148 passed; 0 failed; 2 ignored; 0 measured; 0 filtered out; finished in 0.94s
[INFO] [stdout] 
[INFO] [stdout] 
[INFO] [stdout] running 5 tests
[INFO] [stderr]      Running tests/ci_bounds.rs (/opt/rustwide/target/release/deps/ci_bounds-e26cf390d2a5e056)
[INFO] [stdout] test a_bounded_workflow_passes ... ok
[INFO] [stdout] test every_workflow_is_bounded ... FAILED
[INFO] [stdout] test a_job_without_a_timeout_is_flagged_first_middle_and_last ... ok
[INFO] [stdout] test a_missing_concurrency_group_is_flagged ... ok
[INFO] [stdout] test write_or_absent_permissions_are_flagged ... ok
[INFO] [stdout] 
[INFO] [stdout] failures:
[INFO] [stdout] 
[INFO] [stdout] ---- every_workflow_is_bounded stdout ----
[INFO] [stdout] 
[INFO] [stdout] thread 'every_workflow_is_bounded' (1582) panicked at tests/ci_bounds.rs:12:10:
[INFO] [stdout] read .github/workflows: Os { code: 2, kind: NotFound, message: "No such file or directory" }
[INFO] [stdout] stack backtrace:
[INFO] [stdout]    0:     0x5682d5bdfb61 - <<std[70759c8f55707aa4]::sys::backtrace::BacktraceLock>::print::DisplayBacktrace as core[df12db4294e9bfd3]::fmt::Display>::fmt
[INFO] [stdout]    1:     0x5682d5bf40aa - core[df12db4294e9bfd3]::fmt::write
[INFO] [stdout]    2:     0x5682d5be42cc - <alloc[2182bb758b4b3781]::vec::Vec<u8> as core[df12db4294e9bfd3]::io::write::Write>::write_fmt
[INFO] [stdout]    3:     0x5682d5bbb856 - std[70759c8f55707aa4]::panicking::default_hook::{closure#0}
[INFO] [stdout]    4:     0x5682d5bd7d49 - std[70759c8f55707aa4]::panicking::default_hook
[INFO] [stdout]    5:     0x5682d5b73800 - test[9d35eded1c95d3be]::test_main_inner::<test[9d35eded1c95d3be]::test_main_static::{closure#0}>::{closure#0}
[INFO] [stdout]    6:     0x5682d5bd7f02 - std[70759c8f55707aa4]::panicking::panic_with_hook
[INFO] [stdout]    7:     0x5682d5bbb902 - std[70759c8f55707aa4]::panicking::panic_handler::{closure#0}
[INFO] [stdout]    8:     0x5682d5bb4459 - std[70759c8f55707aa4]::sys::backtrace::__rust_end_short_backtrace::<std[70759c8f55707aa4]::panicking::panic_handler::{closure#0}, !>
[INFO] [stdout]    9:     0x5682d5bbc4fd - __rustc[8fa7c3cbc660c2b3]::rust_begin_unwind
[INFO] [stdout]   10:     0x5682d5bf47dc - core[df12db4294e9bfd3]::panicking::panic_fmt
[INFO] [stdout]   11:     0x5682d5bf45b2 - core[df12db4294e9bfd3]::result::unwrap_failed
[INFO] [stdout]   12:     0x5682d5b631fd - <ci_bounds[5368beb61ed856c8]::every_workflow_is_bounded::{closure#0} as core[df12db4294e9bfd3]::ops::function::FnOnce<()>>::call_once
[INFO] [stdout]   13:     0x5682d5b66aeb - test[9d35eded1c95d3be]::__rust_begin_short_backtrace::<core[df12db4294e9bfd3]::result::Result<(), alloc[2182bb758b4b3781]::string::String>, fn() -> core[df12db4294e9bfd3]::result::Result<(), alloc[2182bb758b4b3781]::string::String>>
[INFO] [stdout]   14:     0x5682d5b74155 - test[9d35eded1c95d3be]::run_test::{closure#0}
[INFO] [stdout]   15:     0x5682d5b6da14 - std[70759c8f55707aa4]::sys::backtrace::__rust_begin_short_backtrace::<test[9d35eded1c95d3be]::run_test::{closure#1}, ()>
[INFO] [stdout]   16:     0x5682d5b772b2 - <std[70759c8f55707aa4]::thread::lifecycle::spawn_unchecked<test[9d35eded1c95d3be]::run_test::{closure#1}, ()>::{closure#1} as core[df12db4294e9bfd3]::ops::function::FnOnce<()>>::call_once::{shim:vtable#0}
[INFO] [stdout]   17:     0x5682d5bdf0c9 - <std[70759c8f55707aa4]::sys::thread::unix::Thread>::new::thread_start
[INFO] [stdout]   18:     0x79e62c53adfa - <unknown>
[INFO] [stdout]   19:     0x79e62c5ce3d4 - clone
[INFO] [stdout]   20:                0x0 - <unknown>
[INFO] [stdout] 
[INFO] [stdout] 
[INFO] [stdout] failures:
[INFO] [stdout]     every_workflow_is_bounded
[INFO] [stdout] 
[INFO] [stdout] test result: FAILED. 4 passed; 1 failed; 0 ignored; 0 measured; 0 filtered out; finished in 0.00s
[INFO] [stdout] 
[INFO] [stderr] error: test failed, to rerun pass `--test ci_bounds`
[INFO] running `Command { std: "docker" "inspect" "eedc2ede3a4f21f35f4caf39fccf322c6171c13339c84aff7ecf1435707fc068", kill_on_drop: false }`
[INFO] running `Command { std: "docker" "rm" "-f" "eedc2ede3a4f21f35f4caf39fccf322c6171c13339c84aff7ecf1435707fc068", kill_on_drop: false }`
[INFO] [stdout] eedc2ede3a4f21f35f4caf39fccf322c6171c13339c84aff7ecf1435707fc068
