[INFO] fetching crate vcf-arrow 0.1.6...
[INFO] testing vcf-arrow-0.1.6 against 1.100.0-beta.1+cargoflags=--release for beta-release-1.100-2
[INFO] extracting crate vcf-arrow 0.1.6 into /workspace/builds/worker-5-tc2/source
[INFO] started tweaking crates.io crate vcf-arrow 0.1.6
[INFO] finished tweaking crates.io crate vcf-arrow 0.1.6
[INFO] tweaked toml for crates.io crate vcf-arrow 0.1.6 written to /workspace/builds/worker-5-tc2/source/Cargo.toml
[INFO] validating manifest of crates.io crate vcf-arrow 0.1.6 on toolchain 1.100.0-beta.1
[INFO] running `Command { std: CARGO_HOME="/workspace/cargo-home" RUSTUP_HOME="/workspace/rustup-home" "/workspace/cargo-home/bin/cargo" "+1.100.0-beta.1" "metadata" "--manifest-path" "Cargo.toml" "--no-deps", kill_on_drop: false }`
[INFO] crate crates.io crate vcf-arrow 0.1.6 already has a lockfile, it will not be regenerated
[INFO] running `Command { std: CARGO_HOME="/workspace/cargo-home" RUSTUP_HOME="/workspace/rustup-home" "/workspace/cargo-home/bin/cargo" "+1.100.0-beta.1" "fetch" "--manifest-path" "Cargo.toml", kill_on_drop: false }`
[INFO] running `Command { std: "docker" "create" "-v" "/var/lib/crater-agent-workspace/builds/worker-5-tc2/source:/opt/rustwide/workdir:ro,Z" "-v" "/var/lib/crater-agent-workspace/builds/worker-5-tc2/target:/opt/rustwide/target:rw,Z" "-v" "/var/lib/crater-agent-workspace/cargo-home:/opt/rustwide/cargo-home:ro,Z" "-v" "/var/lib/crater-agent-workspace/rustup-home:/opt/rustwide/rustup-home:ro,Z" "-m" "1610612736" "--network" "none" "ghcr.io/rust-lang/crates-build-env/linux@sha256:77db811e55d90add9212f6832c23229e3de5f1c1f9905e8cb07319ea15df73ac" "sleep" "infinity", kill_on_drop: false }`
[INFO] [stdout] 5969b2690116f67fc511493056e63619f1ec6271fd9ed8362136dbeb63b24089
[INFO] running `Command { std: "docker" "start" "5969b2690116f67fc511493056e63619f1ec6271fd9ed8362136dbeb63b24089", kill_on_drop: false }`
[INFO] running `Command { std: "docker" "inspect" "5969b2690116f67fc511493056e63619f1ec6271fd9ed8362136dbeb63b24089", kill_on_drop: false }`
[INFO] running `Command { std: "docker" "exec" "-e" "SOURCE_DIR=/opt/rustwide/workdir" "-e" "CARGO_HOME=/opt/rustwide/cargo-home" "-e" "RUSTUP_HOME=/opt/rustwide/rustup-home" "-e" "CARGO_TARGET_DIR=/opt/rustwide/target" "-w" "/opt/rustwide/workdir" "--user" "0:0" "5969b2690116f67fc511493056e63619f1ec6271fd9ed8362136dbeb63b24089" "/opt/rustwide/cargo-home/bin/cargo" "+1.100.0-beta.1" "metadata" "--no-deps" "--format-version=1", kill_on_drop: false }`
[INFO] running `Command { std: "docker" "inspect" "5969b2690116f67fc511493056e63619f1ec6271fd9ed8362136dbeb63b24089", kill_on_drop: false }`
[INFO] running `Command { std: "docker" "exec" "-e" "SOURCE_DIR=/opt/rustwide/workdir" "-e" "CARGO_HOME=/opt/rustwide/cargo-home" "-e" "RUSTUP_HOME=/opt/rustwide/rustup-home" "-e" "CARGO_TARGET_DIR=/opt/rustwide/target" "-e" "CARGO_INCREMENTAL=0" "-e" "RUST_BACKTRACE=full" "-e" "RUSTFLAGS=--cap-lints=warn" "-e" "RUSTDOCFLAGS=--cap-lints=warn" "-w" "/opt/rustwide/workdir" "--user" "0:0" "5969b2690116f67fc511493056e63619f1ec6271fd9ed8362136dbeb63b24089" "/opt/rustwide/cargo-home/bin/cargo" "+1.100.0-beta.1" "build" "--frozen" "--message-format=json" "--release", kill_on_drop: false }`
[INFO] [stderr]    Compiling zerocopy v0.8.48
[INFO] [stderr]    Compiling arrow-schema v57.3.1
[INFO] [stderr]    Compiling ahash v0.8.12
[INFO] [stderr]    Compiling lexical-util v1.0.7
[INFO] [stderr]    Compiling serde_core v1.0.228
[INFO] [stderr]    Compiling regex-syntax v0.8.10
[INFO] [stderr]    Compiling serde_json v1.0.149
[INFO] [stderr]    Compiling csv-core v0.1.13
[INFO] [stderr]    Compiling num-traits v0.2.19
[INFO] [stderr]    Compiling getrandom v0.3.4
[INFO] [stderr]    Compiling flatbuffers v25.12.19
[INFO] [stderr]    Compiling hashbrown v0.17.0
[INFO] [stderr]    Compiling zerocopy-derive v0.8.48
[INFO] [stderr]    Compiling simdutf8 v0.1.5
[INFO] [stderr]    Compiling lexical-parse-integer v1.0.6
[INFO] [stderr]    Compiling lexical-write-integer v1.0.6
[INFO] [stderr]    Compiling lexical-parse-float v1.0.6
[INFO] [stderr]    Compiling num-integer v0.1.46
[INFO] [stderr]    Compiling num-complex v0.4.6
[INFO] [stderr]    Compiling chrono v0.4.44
[INFO] [stderr]    Compiling atoi v2.0.0
[INFO] [stderr]    Compiling lexical-write-float v1.0.6
[INFO] [stderr]    Compiling indexmap v2.14.0
[INFO] [stderr]    Compiling num-bigint v0.4.6
[INFO] [stderr]    Compiling lexical-core v1.0.6
[INFO] [stderr]    Compiling regex-automata v0.4.14
[INFO] [stderr]    Compiling csv v1.4.0
[INFO] [stderr]    Compiling regex v1.12.3
[INFO] [stderr]    Compiling half v2.7.1
[INFO] [stderr]    Compiling arrow-buffer v57.3.1
[INFO] [stderr]    Compiling arrow-data v57.3.1
[INFO] [stderr]    Compiling arrow-array v57.3.1
[INFO] [stderr]    Compiling arrow-select v57.3.1
[INFO] [stderr]    Compiling arrow-arith v57.3.1
[INFO] [stderr]    Compiling arrow-row v57.3.1
[INFO] [stderr]    Compiling arrow-ord v57.3.1
[INFO] [stderr]    Compiling arrow-string v57.3.1
[INFO] [stderr]    Compiling arrow-ipc v57.3.1
[INFO] [stderr]    Compiling arrow-cast v57.3.1
[INFO] [stderr]    Compiling arrow-csv v57.3.1
[INFO] [stderr]    Compiling arrow-json v57.3.1
[INFO] [stderr]    Compiling arrow v57.3.1
[INFO] [stderr]    Compiling vcf-arrow v0.1.6 (/opt/rustwide/workdir)
[INFO] [stdout] warning: unused import: `VcfSample`
[INFO] [stdout]   --> src/vcf/builders.rs:25:31
[INFO] [stdout]    |
[INFO] [stdout] 25 | use super::types::{FormatDef, VcfSample};
[INFO] [stdout]    |                               ^^^^^^^^^
[INFO] [stdout]    |
[INFO] [stdout]    = note: `#[warn(unused_imports)]` (part of `#[warn(unused)]`) on by default
[INFO] [stdout] 
[INFO] [stdout] 
[INFO] [stdout] warning: field `format_def` is never read
[INFO] [stdout]    --> src/vcf/builders.rs:120:5
[INFO] [stdout]     |
[INFO] [stdout] 115 | pub struct VcfSampleBuilder {
[INFO] [stdout]     |            ---------------- field in this struct
[INFO] [stdout] ...
[INFO] [stdout] 120 |     format_def: FormatDef,
[INFO] [stdout]     |     ^^^^^^^^^^
[INFO] [stdout]     |
[INFO] [stdout]     = note: `#[warn(dead_code)]` (part of `#[warn(unused)]`) on by default
[INFO] [stdout] 
[INFO] [stdout] 
[INFO] [stderr]     Finished `release` profile [optimized] target(s) in 3m 00s
[INFO] running `Command { std: "docker" "inspect" "5969b2690116f67fc511493056e63619f1ec6271fd9ed8362136dbeb63b24089", kill_on_drop: false }`
[INFO] running `Command { std: "docker" "exec" "-e" "SOURCE_DIR=/opt/rustwide/workdir" "-e" "CARGO_HOME=/opt/rustwide/cargo-home" "-e" "RUSTUP_HOME=/opt/rustwide/rustup-home" "-e" "CARGO_TARGET_DIR=/opt/rustwide/target" "-e" "CARGO_INCREMENTAL=0" "-e" "RUST_BACKTRACE=full" "-e" "RUSTFLAGS=--cap-lints=warn" "-e" "RUSTDOCFLAGS=--cap-lints=warn" "-w" "/opt/rustwide/workdir" "--user" "0:0" "5969b2690116f67fc511493056e63619f1ec6271fd9ed8362136dbeb63b24089" "/opt/rustwide/cargo-home/bin/cargo" "+1.100.0-beta.1" "test" "--frozen" "--no-run" "--message-format=json" "--release", kill_on_drop: false }`
[INFO] [stderr]    Compiling vcf-arrow v0.1.6 (/opt/rustwide/workdir)
[INFO] [stdout] warning: unused import: `VcfSample`
[INFO] [stdout]   --> src/vcf/builders.rs:25:31
[INFO] [stdout]    |
[INFO] [stdout] 25 | use super::types::{FormatDef, VcfSample};
[INFO] [stdout]    |                               ^^^^^^^^^
[INFO] [stdout]    |
[INFO] [stdout]    = note: `#[warn(unused_imports)]` (part of `#[warn(unused)]`) on by default
[INFO] [stdout] 
[INFO] [stdout] 
[INFO] [stdout] warning: field `format_def` is never read
[INFO] [stdout]    --> src/vcf/builders.rs:120:5
[INFO] [stdout]     |
[INFO] [stdout] 115 | pub struct VcfSampleBuilder {
[INFO] [stdout]     |            ---------------- field in this struct
[INFO] [stdout] ...
[INFO] [stdout] 120 |     format_def: FormatDef,
[INFO] [stdout]     |     ^^^^^^^^^^
[INFO] [stdout]     |
[INFO] [stdout]     = note: `#[warn(dead_code)]` (part of `#[warn(unused)]`) on by default
[INFO] [stdout] 
[INFO] [stdout] 
[INFO] [stdout] warning: unused import: `VcfSample`
[INFO] [stdout]   --> src/vcf/builders.rs:25:31
[INFO] [stdout]    |
[INFO] [stdout] 25 | use super::types::{FormatDef, VcfSample};
[INFO] [stdout]    |                               ^^^^^^^^^
[INFO] [stdout]    |
[INFO] [stdout]    = note: `#[warn(unused_imports)]` (part of `#[warn(unused)]`) on by default
[INFO] [stdout] 
[INFO] [stdout] 
[INFO] [stdout] warning: field `format_def` is never read
[INFO] [stdout]    --> src/vcf/builders.rs:120:5
[INFO] [stdout]     |
[INFO] [stdout] 115 | pub struct VcfSampleBuilder {
[INFO] [stdout]     |            ---------------- field in this struct
[INFO] [stdout] ...
[INFO] [stdout] 120 |     format_def: FormatDef,
[INFO] [stdout]     |     ^^^^^^^^^^
[INFO] [stdout]     |
[INFO] [stdout]     = note: `#[warn(dead_code)]` (part of `#[warn(unused)]`) on by default
[INFO] [stdout] 
[INFO] [stdout] 
[INFO] [stderr]     Finished `release` profile [optimized] target(s) in 2.23s
[INFO] running `Command { std: "docker" "inspect" "5969b2690116f67fc511493056e63619f1ec6271fd9ed8362136dbeb63b24089", kill_on_drop: false }`
[INFO] running `Command { std: "docker" "exec" "-e" "SOURCE_DIR=/opt/rustwide/workdir" "-e" "CARGO_HOME=/opt/rustwide/cargo-home" "-e" "RUSTUP_HOME=/opt/rustwide/rustup-home" "-e" "CARGO_TARGET_DIR=/opt/rustwide/target" "-e" "CARGO_INCREMENTAL=0" "-e" "RUST_BACKTRACE=full" "-e" "RUSTFLAGS=--cap-lints=warn" "-e" "RUSTDOCFLAGS=--cap-lints=warn" "-w" "/opt/rustwide/workdir" "--user" "0:0" "5969b2690116f67fc511493056e63619f1ec6271fd9ed8362136dbeb63b24089" "/opt/rustwide/cargo-home/bin/cargo" "+1.100.0-beta.1" "test" "--frozen" "--release", kill_on_drop: false }`
[INFO] [stderr] warning: unused import: `VcfSample`
[INFO] [stderr]   --> src/vcf/builders.rs:25:31
[INFO] [stderr]    |
[INFO] [stderr] 25 | use super::types::{FormatDef, VcfSample};
[INFO] [stderr]    |                               ^^^^^^^^^
[INFO] [stderr]    |
[INFO] [stderr]    = note: `#[warn(unused_imports)]` (part of `#[warn(unused)]`) on by default
[INFO] [stderr] 
[INFO] [stderr] warning: field `format_def` is never read
[INFO] [stderr]    --> src/vcf/builders.rs:120:5
[INFO] [stderr]     |
[INFO] [stderr] 115 | pub struct VcfSampleBuilder {
[INFO] [stderr]     |            ---------------- field in this struct
[INFO] [stderr] ...
[INFO] [stderr] 120 |     format_def: FormatDef,
[INFO] [stderr]     |     ^^^^^^^^^^
[INFO] [stderr]     |
[INFO] [stderr]     = note: `#[warn(dead_code)]` (part of `#[warn(unused)]`) on by default
[INFO] [stderr] 
[INFO] [stderr] warning: `vcf-arrow` (lib) generated 2 warnings (run `cargo fix --lib -p vcf-arrow` to apply 1 suggestion)
[INFO] [stderr] warning: `vcf-arrow` (lib test) generated 2 warnings (2 duplicates)
[INFO] [stderr]     Finished `release` profile [optimized] target(s) in 0.11s
[INFO] [stderr]      Running unittests src/lib.rs (/opt/rustwide/target/release/build/vcf-arrow/27d7a7ce1ac41681/out/vcf_arrow-27d7a7ce1ac41681)
[INFO] [stdout] 
[INFO] [stdout] running 5 tests
[INFO] [stdout] test vcf::reader::test::test_read_vcf_str ... ok
[INFO] [stdout] test vcf::reader::test::test_large_vcf_line_count ... FAILED
[INFO] [stdout] test vcf::reader::test::test_large_vcf_parse_consistency ... FAILED
[INFO] [stdout] test vcf::reader::test::test_read_vcf_meta ... ok
[INFO] [stdout] test vcf::reader::test::test_large_vcf_parse_into_arrow ... FAILED
[INFO] [stdout] 
[INFO] [stdout] failures:
[INFO] [stdout] 
[INFO] [stdout] ---- vcf::reader::test::test_large_vcf_line_count stdout ----
[INFO] [stdout] 
[INFO] [stdout] thread 'vcf::reader::test::test_large_vcf_line_count' (1193) panicked at src/vcf/reader.rs:325:61:
[INFO] [stdout] called `Result::unwrap()` on an `Err` value: LoadVcfError("No such file or directory (os error 2)")
[INFO] [stdout] stack backtrace:
[INFO] [stdout]    0:     0x5e1f06c01331 - <<std[617be2ca0a6fd877]::sys::backtrace::BacktraceLock>::print::DisplayBacktrace as core[a373ad73a504971]::fmt::Display>::fmt
[INFO] [stdout]    1:     0x5e1f06c172ca - core[a373ad73a504971]::fmt::write
[INFO] [stdout]    2:     0x5e1f06c0554c - <alloc[2e1b2a31b91974c5]::vec::Vec<u8> as core[a373ad73a504971]::io::write::Write>::write_fmt
[INFO] [stdout]    3:     0x5e1f06bdd796 - std[617be2ca0a6fd877]::panicking::default_hook::{closure#0}
[INFO] [stdout]    4:     0x5e1f06bf99c9 - std[617be2ca0a6fd877]::panicking::default_hook
[INFO] [stdout]    5:     0x5e1f06b7c500 - test[aada8e7e76ba119b]::test_main_inner::{closure#0}
[INFO] [stdout]    6:     0x5e1f06bf9b82 - std[617be2ca0a6fd877]::panicking::panic_with_hook
[INFO] [stdout]    7:     0x5e1f06bdd842 - std[617be2ca0a6fd877]::panicking::panic_handler::{closure#0}
[INFO] [stdout]    8:     0x5e1f06bd6559 - std[617be2ca0a6fd877]::sys::backtrace::__rust_end_short_backtrace::<std[617be2ca0a6fd877]::panicking::panic_handler::{closure#0}, !>
[INFO] [stdout]    9:     0x5e1f06bde44d - __rustc[ea4f61d10b84890b]::rust_begin_unwind
[INFO] [stdout]   10:     0x5e1f06c179fc - core[a373ad73a504971]::panicking::panic_fmt
[INFO] [stdout]   11:     0x5e1f06c177d2 - core[a373ad73a504971]::result::unwrap_failed
[INFO] [stdout]   12:     0x5e1f06b5a788 - <vcf_arrow[6edcb00075a0d4b0]::vcf::reader::test::test_large_vcf_line_count::{closure#0} as core[a373ad73a504971]::ops::function::FnOnce<()>>::call_once
[INFO] [stdout]   13:     0x5e1f06b6f94b - test[aada8e7e76ba119b]::__rust_begin_short_backtrace::<core[a373ad73a504971]::result::Result<(), alloc[2e1b2a31b91974c5]::string::String>, fn() -> core[a373ad73a504971]::result::Result<(), alloc[2e1b2a31b91974c5]::string::String>>
[INFO] [stdout]   14:     0x5e1f06b7cb25 - test[aada8e7e76ba119b]::run_test::{closure#0}
[INFO] [stdout]   15:     0x5e1f06b76414 - std[617be2ca0a6fd877]::sys::backtrace::__rust_begin_short_backtrace::<test[aada8e7e76ba119b]::run_test::{closure#1}, ()>
[INFO] [stdout]   16:     0x5e1f06b7fbb2 - <std[617be2ca0a6fd877]::thread::lifecycle::spawn_unchecked<test[aada8e7e76ba119b]::run_test::{closure#1}, ()>::{closure#1} as core[a373ad73a504971]::ops::function::FnOnce<()>>::call_once::{shim:vtable#0}
[INFO] [stdout]   17:     0x5e1f06c00b8f - <std[617be2ca0a6fd877]::sys::thread::unix::Thread>::new::thread_start
[INFO] [stdout]   18:     0x71be9900edfa - <unknown>
[INFO] [stdout]   19:     0x71be990a23d4 - clone
[INFO] [stdout]   20:                0x0 - <unknown>
[INFO] [stdout] 
[INFO] [stdout] ---- vcf::reader::test::test_large_vcf_parse_consistency stdout ----
[INFO] [stdout] 
[INFO] [stdout] thread 'vcf::reader::test::test_large_vcf_parse_consistency' (1194) panicked at src/vcf/reader.rs:366:61:
[INFO] [stdout] called `Result::unwrap()` on an `Err` value: LoadVcfError("No such file or directory (os error 2)")
[INFO] [stdout] stack backtrace:
[INFO] [stdout]    0:     0x5e1f06c01331 - <<std[617be2ca0a6fd877]::sys::backtrace::BacktraceLock>::print::DisplayBacktrace as core[a373ad73a504971]::fmt::Display>::fmt
[INFO] [stdout]    1:     0x5e1f06c172ca - core[a373ad73a504971]::fmt::write
[INFO] [stdout]    2:     0x5e1f06c0554c - <alloc[2e1b2a31b91974c5]::vec::Vec<u8> as core[a373ad73a504971]::io::write::Write>::write_fmt
[INFO] [stdout]    3:     0x5e1f06bdd796 - std[617be2ca0a6fd877]::panicking::default_hook::{closure#0}
[INFO] [stdout]    4:     0x5e1f06bf99c9 - std[617be2ca0a6fd877]::panicking::default_hook
[INFO] [stdout]    5:     0x5e1f06b7c500 - test[aada8e7e76ba119b]::test_main_inner::{closure#0}
[INFO] [stdout]    6:     0x5e1f06bf9b82 - std[617be2ca0a6fd877]::panicking::panic_with_hook
[INFO] [stdout]    7:     0x5e1f06bdd842 - std[617be2ca0a6fd877]::panicking::panic_handler::{closure#0}
[INFO] [stdout]    8:     0x5e1f06bd6559 - std[617be2ca0a6fd877]::sys::backtrace::__rust_end_short_backtrace::<std[617be2ca0a6fd877]::panicking::panic_handler::{closure#0}, !>
[INFO] [stdout]    9:     0x5e1f06bde44d - __rustc[ea4f61d10b84890b]::rust_begin_unwind
[INFO] [stdout]   10:     0x5e1f06c179fc - core[a373ad73a504971]::panicking::panic_fmt
[INFO] [stdout]   11:     0x5e1f06c177d2 - core[a373ad73a504971]::result::unwrap_failed
[INFO] [stdout]   12:     0x5e1f06b5b69a - <vcf_arrow[6edcb00075a0d4b0]::vcf::reader::test::test_large_vcf_parse_consistency::{closure#0} as core[a373ad73a504971]::ops::function::FnOnce<()>>::call_once
[INFO] [stdout]   13:     0x5e1f06b6f94b - test[aada8e7e76ba119b]::__rust_begin_short_backtrace::<core[a373ad73a504971]::result::Result<(), alloc[2e1b2a31b91974c5]::string::String>, fn() -> core[a373ad73a504971]::result::Result<(), alloc[2e1b2a31b91974c5]::string::String>>
[INFO] [stdout]   14:     0x5e1f06b7cb25 - test[aada8e7e76ba119b]::run_test::{closure#0}
[INFO] [stdout]   15:     0x5e1f06b76414 - std[617be2ca0a6fd877]::sys::backtrace::__rust_begin_short_backtrace::<test[aada8e7e76ba119b]::run_test::{closure#1}, ()>
[INFO] [stdout]   16:     0x5e1f06b7fbb2 - <std[617be2ca0a6fd877]::thread::lifecycle::spawn_unchecked<test[aada8e7e76ba119b]::run_test::{closure#1}, ()>::{closure#1} as core[a373ad73a504971]::ops::function::FnOnce<()>>::call_once::{shim:vtable#0}
[INFO] [stdout]   17:     0x5e1f06c00b8f - <std[617be2ca0a6fd877]::sys::thread::unix::Thread>::new::thread_start
[INFO] [stdout]   18:     0x71be9900edfa - <unknown>
[INFO] [stdout]   19:     0x71be990a23d4 - clone
[INFO] [stdout]   20:                0x0 - <unknown>
[INFO] [stdout] 
[INFO] [stdout] ---- vcf::reader::test::test_large_vcf_parse_into_arrow stdout ----
[INFO] [stdout] 
[INFO] [stdout] thread 'vcf::reader::test::test_large_vcf_parse_into_arrow' (1195) panicked at src/vcf/reader.rs:352:61:
[INFO] [stdout] called `Result::unwrap()` on an `Err` value: LoadVcfError("No such file or directory (os error 2)")
[INFO] [stdout] stack backtrace:
[INFO] [stdout]    0:     0x5e1f06c01331 - <<std[617be2ca0a6fd877]::sys::backtrace::BacktraceLock>::print::DisplayBacktrace as core[a373ad73a504971]::fmt::Display>::fmt
[INFO] [stdout]    1:     0x5e1f06c172ca - core[a373ad73a504971]::fmt::write
[INFO] [stdout]    2:     0x5e1f06c0554c - <alloc[2e1b2a31b91974c5]::vec::Vec<u8> as core[a373ad73a504971]::io::write::Write>::write_fmt
[INFO] [stdout]    3:     0x5e1f06bdd796 - std[617be2ca0a6fd877]::panicking::default_hook::{closure#0}
[INFO] [stdout]    4:     0x5e1f06bf99c9 - std[617be2ca0a6fd877]::panicking::default_hook
[INFO] [stdout]    5:     0x5e1f06b7c500 - test[aada8e7e76ba119b]::test_main_inner::{closure#0}
[INFO] [stdout]    6:     0x5e1f06bf9b82 - std[617be2ca0a6fd877]::panicking::panic_with_hook
[INFO] [stdout]    7:     0x5e1f06bdd842 - std[617be2ca0a6fd877]::panicking::panic_handler::{closure#0}
[INFO] [stdout]    8:     0x5e1f06bd6559 - std[617be2ca0a6fd877]::sys::backtrace::__rust_end_short_backtrace::<std[617be2ca0a6fd877]::panicking::panic_handler::{closure#0}, !>
[INFO] [stdout]    9:     0x5e1f06bde44d - __rustc[ea4f61d10b84890b]::rust_begin_unwind
[INFO] [stdout]   10:     0x5e1f06c179fc - core[a373ad73a504971]::panicking::panic_fmt
[INFO] [stdout]   11:     0x5e1f06c177d2 - core[a373ad73a504971]::result::unwrap_failed
[INFO] [stdout]   12:     0x5e1f06b5aabe - <vcf_arrow[6edcb00075a0d4b0]::vcf::reader::test::test_large_vcf_parse_into_arrow::{closure#0} as core[a373ad73a504971]::ops::function::FnOnce<()>>::call_once
[INFO] [stdout]   13:     0x5e1f06b6f94b - test[aada8e7e76ba119b]::__rust_begin_short_backtrace::<core[a373ad73a504971]::result::Result<(), alloc[2e1b2a31b91974c5]::string::String>, fn() -> core[a373ad73a504971]::result::Result<(), alloc[2e1b2a31b91974c5]::string::String>>
[INFO] [stdout]   14:     0x5e1f06b7cb25 - test[aada8e7e76ba119b]::run_test::{closure#0}
[INFO] [stdout]   15:     0x5e1f06b76414 - std[617be2ca0a6fd877]::sys::backtrace::__rust_begin_short_backtrace::<test[aada8e7e76ba119b]::run_test::{closure#1}, ()>
[INFO] [stdout]   16:     0x5e1f06b7fbb2 - <std[617be2ca0a6fd877]::thread::lifecycle::spawn_unchecked<test[aada8e7e76ba119b]::run_test::{closure#1}, ()>::{closure#1} as core[a373ad73a504971]::ops::function::FnOnce<()>>::call_once::{shim:vtable#0}
[INFO] [stdout]   17:     0x5e1f06c00b8f - <std[617be2ca0a6fd877]::sys::thread::unix::Thread>::new::thread_start
[INFO] [stdout]   18:     0x71be9900edfa - <unknown>
[INFO] [stdout]   19:     0x71be990a23d4 - clone
[INFO] [stdout]   20:                0x0 - <unknown>
[INFO] [stdout] 
[INFO] [stdout] 
[INFO] [stdout] failures:
[INFO] [stdout]     vcf::reader::test::test_large_vcf_line_count
[INFO] [stdout]     vcf::reader::test::test_large_vcf_parse_consistency
[INFO] [stdout]     vcf::reader::test::test_large_vcf_parse_into_arrow
[INFO] [stdout] 
[INFO] [stdout] test result: FAILED. 2 passed; 3 failed; 0 ignored; 0 measured; 0 filtered out; finished in 0.15s
[INFO] [stdout] 
[INFO] [stderr] error: test failed, to rerun pass `--lib`
[INFO] running `Command { std: "docker" "inspect" "5969b2690116f67fc511493056e63619f1ec6271fd9ed8362136dbeb63b24089", kill_on_drop: false }`
[INFO] running `Command { std: "docker" "rm" "-f" "5969b2690116f67fc511493056e63619f1ec6271fd9ed8362136dbeb63b24089", kill_on_drop: false }`
[INFO] [stdout] 5969b2690116f67fc511493056e63619f1ec6271fd9ed8362136dbeb63b24089
