[INFO] fetching crate vaultssh 0.1.1...
[INFO] testing vaultssh-0.1.1 against 1.99.0-beta.8+cargoflags=--release for beta-release-1.100-2
[INFO] extracting crate vaultssh 0.1.1 into /workspace/builds/worker-3-tc1/source
[INFO] started tweaking crates.io crate vaultssh 0.1.1
[INFO] finished tweaking crates.io crate vaultssh 0.1.1
[INFO] tweaked toml for crates.io crate vaultssh 0.1.1 written to /workspace/builds/worker-3-tc1/source/Cargo.toml
[INFO] validating manifest of crates.io crate vaultssh 0.1.1 on toolchain 1.99.0-beta.8
[INFO] running `Command { std: CARGO_HOME="/workspace/cargo-home" RUSTUP_HOME="/workspace/rustup-home" "/workspace/cargo-home/bin/cargo" "+1.99.0-beta.8" "metadata" "--manifest-path" "Cargo.toml" "--no-deps", kill_on_drop: false }`
[INFO] crate crates.io crate vaultssh 0.1.1 already has a lockfile, it will not be regenerated
[INFO] running `Command { std: CARGO_HOME="/workspace/cargo-home" RUSTUP_HOME="/workspace/rustup-home" "/workspace/cargo-home/bin/cargo" "+1.99.0-beta.8" "fetch" "--manifest-path" "Cargo.toml", kill_on_drop: false }`
[INFO] [stderr]     Updating crates.io index
[INFO] [stderr]  Downloading crates ...
[INFO] [stderr]   Downloaded wasm-bindgen-macro v0.2.76
[INFO] [stderr]   Downloaded webbrowser v0.5.5
[INFO] [stderr]   Downloaded widestring v0.4.3
[INFO] [stderr]   Downloaded futures-io v0.3.17
[INFO] [stderr]   Downloaded tokio-macros v1.3.0
[INFO] [stderr]   Downloaded futures-sink v0.3.17
[INFO] [stderr]   Downloaded proc-macro-nested v0.1.7
[INFO] [stderr]   Downloaded http-body v0.4.3
[INFO] [stderr]   Downloaded proc-macro-hack v0.5.19
[INFO] [stderr]   Downloaded instant v0.1.10
[INFO] [stderr]   Downloaded futures-core v0.3.17
[INFO] [stderr]   Downloaded futures-executor v0.3.17
[INFO] [stderr]   Downloaded tracing-serde v0.1.2
[INFO] [stderr]   Downloaded tracing-log v0.1.2
[INFO] [stderr]   Downloaded rpassword v5.0.1
[INFO] [stderr]   Downloaded wasm-bindgen-macro-support v0.2.76
[INFO] [stderr]   Downloaded vaultrs-test v0.2.2
[INFO] [stderr]   Downloaded futures-macro v0.3.17
[INFO] [stderr]   Downloaded shellexpand v2.1.0
[INFO] [stderr]   Downloaded wasm-bindgen-shared v0.2.76
[INFO] [stderr]   Downloaded tower-service v0.3.1
[INFO] [stderr]   Downloaded wasm-bindgen-futures v0.4.26
[INFO] [stderr]   Downloaded try-lock v0.2.3
[INFO] [stderr]   Downloaded httpdate v1.0.1
[INFO] [stderr]   Downloaded slab v0.4.4
[INFO] [stderr]   Downloaded thiserror-impl v1.0.28
[INFO] [stderr]   Downloaded vaultrs-login v0.1.3
[INFO] [stderr]   Downloaded derive_builder_macro v0.10.2
[INFO] [stderr]   Downloaded parking_lot_core v0.8.5
[INFO] [stderr]   Downloaded num-integer v0.1.44
[INFO] [stderr]   Downloaded serde_urlencoded v0.7.0
[INFO] [stderr]   Downloaded tracing-attributes v0.1.15
[INFO] [stderr]   Downloaded futures-task v0.3.17
[INFO] [stderr]   Downloaded thread_local v1.1.3
[INFO] [stderr]   Downloaded pin-project-internal v1.0.8
[INFO] [stderr]   Downloaded dyn-clone v1.0.4
[INFO] [stderr]   Downloaded hyper-unix-connector v0.2.2
[INFO] [stderr]   Downloaded darling_macro v0.13.0
[INFO] [stderr]   Downloaded async-trait v0.1.51
[INFO] [stderr]   Downloaded rustify_derive v0.4.3
[INFO] [stderr]   Downloaded synstructure v0.12.5
[INFO] [stderr]   Downloaded rustify v0.4.4
[INFO] [stderr]   Downloaded derive_builder v0.10.2
[INFO] [stderr]   Downloaded derive_builder_core v0.10.2
[INFO] [stderr]   Downloaded darling_macro v0.12.4
[INFO] [stderr]   Downloaded chunked_transfer v1.4.0
[INFO] [stderr]   Downloaded typenum v1.14.0
[INFO] [stderr]   Downloaded predicates v2.0.2
[INFO] [stderr]   Downloaded clap_derive v3.0.0-beta.4
[INFO] [stderr]   Downloaded version_check v0.9.3
[INFO] [stderr]   Downloaded wait-timeout v0.2.0
[INFO] [stderr]   Downloaded quote v1.0.9
[INFO] [stderr]   Downloaded winreg v0.7.0
[INFO] [stderr]   Downloaded form_urlencoded v1.0.1
[INFO] [stderr]   Downloaded tokio-rustls v0.22.0
[INFO] [stderr]   Downloaded pin-project-lite v0.2.7
[INFO] [stderr]   Downloaded lock_api v0.4.5
[INFO] [stderr]   Downloaded ipnet v2.3.1
[INFO] [stderr]   Downloaded hyper-rustls v0.22.1
[INFO] [stderr]   Downloaded socket2 v0.4.1
[INFO] [stderr]   Downloaded httparse v1.5.1
[INFO] [stderr]   Downloaded futures-channel v0.3.17
[INFO] [stderr]   Downloaded futures v0.3.17
[INFO] [stderr]   Downloaded sharded-slab v0.1.3
[INFO] [stderr]   Downloaded num-traits v0.2.14
[INFO] [stderr]   Downloaded thiserror v1.0.28
[INFO] [stderr]   Downloaded ppv-lite86 v0.2.10
[INFO] [stderr]   Downloaded ct-logs v0.8.0
[INFO] [stderr]   Downloaded serde_with_macros v1.4.2
[INFO] [stderr]   Downloaded darling v0.13.0
[INFO] [stderr]   Downloaded rustversion v1.0.5
[INFO] [stderr]   Downloaded darling v0.12.4
[INFO] [stderr]   Downloaded rand_hc v0.3.1
[INFO] [stderr]   Downloaded predicates-tree v1.0.3
[INFO] [stderr]   Downloaded treeline v0.1.0
[INFO] [stderr]   Downloaded fragile v1.0.0
[INFO] [stderr]   Downloaded downcast v0.10.0
[INFO] [stderr]   Downloaded zeroize v1.4.1
[INFO] [stderr]   Downloaded tempfile v3.2.0
[INFO] [stderr]   Downloaded terminal_size v0.1.17
[INFO] [stderr]   Downloaded os_str_bytes v3.1.0
[INFO] [stderr]   Downloaded globwalk v0.8.1
[INFO] [stderr]   Downloaded wasm-bindgen-backend v0.2.76
[INFO] [stderr]   Downloaded proc-macro2 v1.0.29
[INFO] [stderr]   Downloaded tinyvec v1.3.1
[INFO] [stderr]   Downloaded bytes v1.1.0
[INFO] [stderr]   Downloaded tracing-core v0.1.19
[INFO] [stderr]   Downloaded tokio-util v0.6.7
[INFO] [stderr]   Downloaded indexmap v1.7.0
[INFO] [stderr]   Downloaded dockertest v0.2.1
[INFO] [stderr]   Downloaded pin-project v1.0.8
[INFO] [stderr]   Downloaded bollard-stubs v1.41.0
[INFO] [stderr]   Downloaded darling_core v0.13.0
[INFO] [stderr]   Downloaded vaultrs v0.5.3
[INFO] [stderr]   Downloaded text_io v0.1.9
[INFO] [stderr]   Downloaded sshkeys v0.3.1
[INFO] [stderr]   Downloaded predicates-core v1.0.2
[INFO] [stderr]   Downloaded phf v0.10.0
[INFO] [stderr]   Downloaded siphasher v0.3.7
[INFO] [stderr]   Downloaded float-cmp v0.8.0
[INFO] [stderr]   Downloaded serde v1.0.130
[INFO] [stderr]   Downloaded serde_derive v1.0.130
[INFO] [stderr]   Downloaded js-sys v0.3.53
[INFO] [stderr]   Downloaded url v2.2.2
[INFO] [stderr]   Downloaded tracing-subscriber v0.2.20
[INFO] [stderr]   Downloaded bollard v0.10.1
[INFO] [stderr]   Downloaded serde_with v1.9.4
[INFO] [stderr]   Downloaded dirs v3.0.2
[INFO] [stderr]   Downloaded dialoguer v0.8.0
[INFO] [stderr]   Downloaded crossbeam-utils v0.8.5
[INFO] [stderr]   Downloaded assert_cmd v2.0.1
[INFO] [stderr]   Downloaded wasm-bindgen v0.2.76
[INFO] [stderr]   Downloaded cc v1.0.69
[INFO] [stderr]   Downloaded tracing v0.1.26
[INFO] [stderr]   Downloaded http v0.2.4
[INFO] [stderr]   Downloaded predicates v1.0.8
[INFO] [stderr]   Downloaded serde_json v1.0.67
[INFO] [stderr]   Downloaded unicode-normalization v0.1.19
[INFO] [stderr]   Downloaded mio v0.7.13
[INFO] [stderr]   Downloaded bumpalo v3.7.0
[INFO] [stderr]   Downloaded futures-util v0.3.17
[INFO] [stderr]   Downloaded mockall v0.10.2
[INFO] [stderr]   Downloaded mockall_derive v0.10.2
[INFO] [stderr]   Downloaded assert_fs v1.0.5
[INFO] [stderr]   Downloaded globset v0.4.8
[INFO] [stderr]   Downloaded reqwest v0.11.4
[INFO] [stderr]   Downloaded ntapi v0.3.6
[INFO] [stderr]   Downloaded chrono v0.4.19
[INFO] [stderr]   Downloaded ascii v1.0.0
[INFO] [stderr]   Downloaded console v0.14.1
[INFO] [stderr]   Downloaded darling_core v0.12.4
[INFO] [stderr]   Downloaded hyper v0.14.12
[INFO] [stderr]   Downloaded h2 v0.3.4
[INFO] [stderr]   Downloaded ignore v0.4.18
[INFO] [stderr]   Downloaded syn v1.0.75
[INFO] [stderr]   Downloaded tiny_http v0.8.2
[INFO] [stderr]   Downloaded unicode-segmentation v1.8.0
[INFO] [stderr]   Downloaded toml v0.5.8
[INFO] [stderr]   Downloaded rand v0.8.4
[INFO] [stderr]   Downloaded itertools v0.10.1
[INFO] [stderr]   Downloaded clap v3.0.0-beta.4
[INFO] [stderr]   Downloaded tokio v1.11.0
[INFO] [stderr]   Downloaded web-sys v0.3.53
[INFO] [stderr]   Downloaded libc v0.2.101
[INFO] [stderr]   Downloaded bstr v0.2.16
[INFO] [stderr]   Downloaded encoding_rs v0.8.28
[INFO] running `Command { std: "docker" "create" "-v" "/var/lib/crater-agent-workspace/builds/worker-3-tc1/source:/opt/rustwide/workdir:ro,Z" "-v" "/var/lib/crater-agent-workspace/builds/worker-3-tc1/target:/opt/rustwide/target:rw,Z" "-v" "/var/lib/crater-agent-workspace/cargo-home:/opt/rustwide/cargo-home:ro,Z" "-v" "/var/lib/crater-agent-workspace/rustup-home:/opt/rustwide/rustup-home:ro,Z" "-m" "1610612736" "--network" "none" "ghcr.io/rust-lang/crates-build-env/linux@sha256:77db811e55d90add9212f6832c23229e3de5f1c1f9905e8cb07319ea15df73ac" "sleep" "infinity", kill_on_drop: false }`
[INFO] [stdout] 3a132a5ad15359d0f1d8039f66dbf54be23a427e4455d355f1d77580c68390e3
[INFO] running `Command { std: "docker" "start" "3a132a5ad15359d0f1d8039f66dbf54be23a427e4455d355f1d77580c68390e3", kill_on_drop: false }`
[INFO] running `Command { std: "docker" "inspect" "3a132a5ad15359d0f1d8039f66dbf54be23a427e4455d355f1d77580c68390e3", kill_on_drop: false }`
[INFO] running `Command { std: "docker" "exec" "-e" "SOURCE_DIR=/opt/rustwide/workdir" "-e" "CARGO_HOME=/opt/rustwide/cargo-home" "-e" "RUSTUP_HOME=/opt/rustwide/rustup-home" "-e" "CARGO_TARGET_DIR=/opt/rustwide/target" "-w" "/opt/rustwide/workdir" "--user" "0:0" "3a132a5ad15359d0f1d8039f66dbf54be23a427e4455d355f1d77580c68390e3" "/opt/rustwide/cargo-home/bin/cargo" "+1.99.0-beta.8" "metadata" "--no-deps" "--format-version=1", kill_on_drop: false }`
[INFO] running `Command { std: "docker" "inspect" "3a132a5ad15359d0f1d8039f66dbf54be23a427e4455d355f1d77580c68390e3", kill_on_drop: false }`
[INFO] running `Command { std: "docker" "exec" "-e" "SOURCE_DIR=/opt/rustwide/workdir" "-e" "CARGO_HOME=/opt/rustwide/cargo-home" "-e" "RUSTUP_HOME=/opt/rustwide/rustup-home" "-e" "CARGO_TARGET_DIR=/opt/rustwide/target" "-e" "CARGO_INCREMENTAL=0" "-e" "RUST_BACKTRACE=full" "-e" "RUSTFLAGS=--cap-lints=warn" "-e" "RUSTDOCFLAGS=--cap-lints=warn" "-w" "/opt/rustwide/workdir" "--user" "0:0" "3a132a5ad15359d0f1d8039f66dbf54be23a427e4455d355f1d77580c68390e3" "/opt/rustwide/cargo-home/bin/cargo" "+1.99.0-beta.8" "build" "--frozen" "--message-format=json" "--release", kill_on_drop: false }`
[INFO] [stderr]    Compiling libc v0.2.101
[INFO] [stderr]    Compiling proc-macro2 v1.0.29
[INFO] [stderr]    Compiling syn v1.0.75
[INFO] [stderr]    Compiling autocfg v1.0.1
[INFO] [stderr]    Compiling once_cell v1.8.0
[INFO] [stderr]    Compiling proc-macro-hack v0.5.19
[INFO] [stderr]    Compiling strsim v0.10.0
[INFO] [stderr]    Compiling pin-project-lite v0.2.7
[INFO] [stderr]    Compiling serde_derive v1.0.130
[INFO] [stderr]    Compiling parking_lot_core v0.8.5
[INFO] [stderr]    Compiling cc v1.0.69
[INFO] [stderr]    Compiling instant v0.1.10
[INFO] [stderr]    Compiling smallvec v1.6.1
[INFO] [stderr]    Compiling bytes v1.1.0
[INFO] [stderr]    Compiling futures-core v0.3.17
[INFO] [stderr]    Compiling serde v1.0.130
[INFO] [stderr]    Compiling lock_api v0.4.5
[INFO] [stderr]    Compiling tokio v1.11.0
[INFO] [stderr]    Compiling num_cpus v1.13.0
[INFO] [stderr]    Compiling signal-hook-registry v1.4.0
[INFO] [stderr]    Compiling mio v0.7.13
[INFO] [stderr]    Compiling quote v1.0.9
[INFO] [stderr]    Compiling parking_lot v0.11.2
[INFO] [stderr]    Compiling futures-macro v0.3.17
[INFO] [stderr]    Compiling indexmap v1.7.0
[INFO] [stderr]    Compiling futures-sink v0.3.17
[INFO] [stderr]    Compiling futures-task v0.3.17
[INFO] [stderr]    Compiling futures-channel v0.3.17
[INFO] [stderr]    Compiling ring v0.16.20
[INFO] [stderr]    Compiling proc-macro-nested v0.1.7
[INFO] [stderr]    Compiling num-traits v0.2.14
[INFO] [stderr]    Compiling futures-util v0.3.17
[INFO] [stderr]    Compiling matches v0.1.9
[INFO] [stderr]    Compiling hashbrown v0.11.2
[INFO] [stderr]    Compiling tinyvec_macros v0.1.0
[INFO] [stderr]    Compiling tinyvec v1.3.1
[INFO] [stderr]    Compiling http v0.2.4
[INFO] [stderr]    Compiling tracing-core v0.1.19
[INFO] [stderr]    Compiling futures-io v0.3.17
[INFO] [stderr]    Compiling percent-encoding v2.1.0
[INFO] [stderr]    Compiling version_check v0.9.3
[INFO] [stderr]    Compiling slab v0.4.4
[INFO] [stderr]    Compiling ryu v1.0.5
[INFO] [stderr]    Compiling httparse v1.5.1
[INFO] [stderr]    Compiling form_urlencoded v1.0.1
[INFO] [stderr]    Compiling unicode-normalization v0.1.19
[INFO] [stderr]    Compiling memchr v2.4.1
[INFO] [stderr]    Compiling typenum v1.14.0
[INFO] [stderr]    Compiling unicode-bidi v0.3.6
[INFO] [stderr]    Compiling try-lock v0.2.3
[INFO] [stderr]    Compiling want v0.3.0
[INFO] [stderr]    Compiling getrandom v0.2.3
[INFO] [stderr]    Compiling http-body v0.4.3
[INFO] [stderr]    Compiling socket2 v0.4.1
[INFO] [stderr]    Compiling httpdate v1.0.1
[INFO] [stderr]    Compiling idna v0.2.3
[INFO] [stderr]    Compiling encoding_rs v0.8.28
[INFO] [stderr]    Compiling tower-service v0.3.1
[INFO] [stderr]    Compiling aho-corasick v0.7.18
[INFO] [stderr]    Compiling rand_core v0.6.3
[INFO] [stderr]    Compiling url v2.2.2
[INFO] [stderr]    Compiling proc-macro-error-attr v1.0.4
[INFO] [stderr]    Compiling num-integer v0.1.44
[INFO] [stderr]    Compiling anyhow v1.0.43
[INFO] [stderr]    Compiling serde_json v1.0.67
[INFO] [stderr]    Compiling rustversion v1.0.5
[INFO] [stderr]    Compiling regex-syntax v0.6.25
[INFO] [stderr]    Compiling ppv-lite86 v0.2.10
[INFO] [stderr]    Compiling async-trait v0.1.51
[INFO] [stderr]    Compiling generic-array v0.12.4
[INFO] [stderr]    Compiling rand_chacha v0.3.1
[INFO] [stderr]    Compiling darling_core v0.12.4
[INFO] [stderr]    Compiling darling_core v0.13.0
[INFO] [stderr]    Compiling synstructure v0.12.5
[INFO] [stderr]    Compiling regex v1.5.4
[INFO] [stderr]    Compiling tokio-macros v1.3.0
[INFO] [stderr]    Compiling tracing-attributes v0.1.15
[INFO] [stderr]    Compiling webpki v0.21.4
[INFO] [stderr]    Compiling tracing v0.1.26
[INFO] [stderr]    Compiling sct v0.6.1
[INFO] [stderr]    Compiling rustls v0.19.1
[INFO] [stderr]    Compiling darling_macro v0.12.4
[INFO] [stderr]    Compiling darling_macro v0.13.0
[INFO] [stderr]    Compiling darling v0.12.4
[INFO] [stderr]    Compiling darling v0.13.0
[INFO] [stderr]    Compiling derive_builder_core v0.10.2
[INFO] [stderr]    Compiling webpki-roots v0.21.1
[INFO] [stderr]    Compiling thiserror-impl v1.0.28
[INFO] [stderr]    Compiling proc-macro-error v1.0.4
[INFO] [stderr]    Compiling tokio-util v0.6.7
[INFO] [stderr]    Compiling tokio-rustls v0.22.0
[INFO] [stderr]    Compiling mime v0.3.16
[INFO] [stderr]    Compiling ipnet v2.3.1
[INFO] [stderr]    Compiling h2 v0.3.4
[INFO] [stderr]    Compiling siphasher v0.3.7
[INFO] [stderr]    Compiling unicode-width v0.1.8
[INFO] [stderr]    Compiling phf_shared v0.10.0
[INFO] [stderr]    Compiling thiserror v1.0.28
[INFO] [stderr]    Compiling derive_builder_macro v0.10.2
[INFO] [stderr]    Compiling serde_with_macros v1.4.2
[INFO] [stderr]    Compiling rustify_derive v0.4.3
[INFO] [stderr]    Compiling serde_urlencoded v0.7.0
[INFO] [stderr]    Compiling rand v0.8.4
[INFO] [stderr]    Compiling time v0.1.43
[INFO] [stderr]    Compiling predicates-core v1.0.2
[INFO] [stderr]    Compiling unicode-segmentation v1.8.0
[INFO] [stderr]    Compiling block-buffer v0.7.3
[INFO] [stderr]    Compiling serde_with v1.9.4
[INFO] [stderr]    Compiling heck v0.3.3
[INFO] [stderr]    Compiling chrono v0.4.19
[INFO] [stderr]    Compiling phf_generator v0.10.0
[INFO] [stderr]    Compiling derive_builder v0.10.2
[INFO] [stderr]    Compiling digest v0.8.1
[INFO] [stderr]    Compiling float-cmp v0.8.0
[INFO] [stderr]    Compiling dirs-sys-next v0.1.2
[INFO] [stderr]    Compiling terminal_size v0.1.17
[INFO] [stderr]    Compiling treeline v0.1.0
[INFO] [stderr]    Compiling remove_dir_all v0.5.3
[INFO] [stderr]    Compiling ascii v1.0.0
[INFO] [stderr]    Compiling chunked_transfer v1.4.0
[INFO] [stderr]    Compiling difference v2.0.0
[INFO] [stderr]    Compiling sha2 v0.8.2
[INFO] [stderr]    Compiling tiny_http v0.8.2
[INFO] [stderr]    Compiling predicates v1.0.8
[INFO] [stderr]    Compiling tempfile v3.2.0
[INFO] [stderr]    Compiling predicates-tree v1.0.3
[INFO] [stderr]    Compiling console v0.14.1
[INFO] [stderr]    Compiling dirs-next v2.0.0
[INFO] [stderr]    Compiling clap_derive v3.0.0-beta.4
[INFO] [stderr]    Compiling phf_macros v0.10.0
[INFO] [stderr]    Compiling textwrap v0.14.2
[INFO] [stderr]    Compiling mockall_derive v0.10.2
[INFO] [stderr]    Compiling dirs-sys v0.3.6
[INFO] [stderr]    Compiling atty v0.2.14
[INFO] [stderr]    Compiling base64 v0.12.3
[INFO] [stderr]    Compiling fragile v1.0.0
[INFO] [stderr]    Compiling zeroize v1.4.1
[INFO] [stderr]    Compiling os_str_bytes v3.1.0
[INFO] [stderr]    Compiling downcast v0.10.0
[INFO] [stderr]    Compiling vec_map v0.8.2
[INFO] [stderr]    Compiling dialoguer v0.8.0
[INFO] [stderr]    Compiling sshkeys v0.3.1
[INFO] [stderr]    Compiling hyper v0.14.12
[INFO] [stderr]    Compiling clap v3.0.0-beta.4
[INFO] [stderr]    Compiling dirs v3.0.2
[INFO] [stderr]    Compiling phf v0.10.0
[INFO] [stderr]    Compiling shellexpand v2.1.0
[INFO] [stderr]    Compiling toml v0.5.8
[INFO] [stderr]    Compiling rpassword v5.0.1
[INFO] [stderr]    Compiling webbrowser v0.5.5
[INFO] [stderr]    Compiling text_io v0.1.9
[INFO] [stderr]    Compiling mockall v0.10.2
[INFO] [stderr]    Compiling hyper-rustls v0.22.1
[INFO] [stderr]    Compiling reqwest v0.11.4
[INFO] [stderr]    Compiling rustify v0.4.4
[INFO] [stderr]    Compiling vaultrs v0.5.3
[INFO] [stderr]    Compiling vaultrs-login v0.1.3
[INFO] [stderr]    Compiling vaultssh v0.1.1 (/opt/rustwide/workdir)
[INFO] [stderr]     Finished `release` profile [optimized] target(s) in 3m 47s
[INFO] [stderr] warning: the following packages contain code that will be rejected by a future version of Rust: rustify_derive v0.4.3
[INFO] [stderr] note: to see what the problems were, use the option `--future-incompat-report`, or run `cargo report future-incompatibilities --id 2`
[INFO] running `Command { std: "docker" "inspect" "3a132a5ad15359d0f1d8039f66dbf54be23a427e4455d355f1d77580c68390e3", kill_on_drop: false }`
[INFO] running `Command { std: "docker" "exec" "-e" "SOURCE_DIR=/opt/rustwide/workdir" "-e" "CARGO_HOME=/opt/rustwide/cargo-home" "-e" "RUSTUP_HOME=/opt/rustwide/rustup-home" "-e" "CARGO_TARGET_DIR=/opt/rustwide/target" "-e" "CARGO_INCREMENTAL=0" "-e" "RUST_BACKTRACE=full" "-e" "RUSTFLAGS=--cap-lints=warn" "-e" "RUSTDOCFLAGS=--cap-lints=warn" "-w" "/opt/rustwide/workdir" "--user" "0:0" "3a132a5ad15359d0f1d8039f66dbf54be23a427e4455d355f1d77580c68390e3" "/opt/rustwide/cargo-home/bin/cargo" "+1.99.0-beta.8" "test" "--frozen" "--no-run" "--message-format=json" "--release", kill_on_drop: false }`
[INFO] [stderr]    Compiling regex-automata v0.1.10
[INFO] [stderr]    Compiling pin-project-internal v1.0.8
[INFO] [stderr]    Compiling thread_local v1.1.3
[INFO] [stderr]    Compiling getrandom v0.1.16
[INFO] [stderr]    Compiling anyhow v1.0.43
[INFO] [stderr]    Compiling crossbeam-utils v0.8.5
[INFO] [stderr]    Compiling doc-comment v0.3.3
[INFO] [stderr]    Compiling either v1.6.1
[INFO] [stderr]    Compiling itertools v0.10.1
[INFO] [stderr]    Compiling rand_core v0.5.1
[INFO] [stderr]    Compiling dockertest v0.2.1
[INFO] [stderr]    Compiling bollard-stubs v1.41.0
[INFO] [stderr]    Compiling rand_chacha v0.2.2
[INFO] [stderr]    Compiling ct-logs v0.8.0
[INFO] [stderr]    Compiling futures-executor v0.3.17
[INFO] [stderr]    Compiling tracing-serde v0.1.2
[INFO] [stderr]    Compiling tracing-log v0.1.2
[INFO] [stderr]    Compiling float-cmp v0.9.0
[INFO] [stderr]    Compiling sharded-slab v0.1.3
[INFO] [stderr]    Compiling rand v0.7.3
[INFO] [stderr]    Compiling futures v0.3.17
[INFO] [stderr]    Compiling dyn-clone v1.0.4
[INFO] [stderr]    Compiling wait-timeout v0.2.0
[INFO] [stderr]    Compiling pin-project v1.0.8
[INFO] [stderr]    Compiling hyper-unix-connector v0.2.2
[INFO] [stderr]    Compiling bstr v0.2.16
[INFO] [stderr]    Compiling matchers v0.0.1
[INFO] [stderr]    Compiling tracing-subscriber v0.2.20
[INFO] [stderr]    Compiling tracing-futures v0.2.5
[INFO] [stderr]    Compiling predicates v2.0.2
[INFO] [stderr]    Compiling globset v0.4.8
[INFO] [stderr]    Compiling assert_cmd v2.0.1
[INFO] [stderr]    Compiling ignore v0.4.18
[INFO] [stderr]    Compiling globwalk v0.8.1
[INFO] [stderr]    Compiling assert_fs v1.0.5
[INFO] [stderr]    Compiling bollard v0.10.1
[INFO] [stderr]    Compiling vaultrs-test v0.2.2
[INFO] [stderr]    Compiling vaultssh v0.1.1 (/opt/rustwide/workdir)
[INFO] [stdout] warning: methods `mount_secret_with_config` and `mount_auth_with_config` are never used
[INFO] [stdout]   --> tests/common.rs:26:14
[INFO] [stdout]    |
[INFO] [stdout] 15 | pub trait VaultServerHelper {
[INFO] [stdout]    |           ----------------- methods in this trait
[INFO] [stdout] ...
[INFO] [stdout] 26 |     async fn mount_secret_with_config(
[INFO] [stdout]    |              ^^^^^^^^^^^^^^^^^^^^^^^^
[INFO] [stdout] ...
[INFO] [stdout] 44 |     async fn mount_auth_with_config(
[INFO] [stdout]    |              ^^^^^^^^^^^^^^^^^^^^^^
[INFO] [stdout]    |
[INFO] [stdout]    = note: `#[warn(dead_code)]` (part of `#[warn(unused)]`) on by default
[INFO] [stdout] 
[INFO] [stdout] 
[INFO] [stderr]     Finished `release` profile [optimized] target(s) in 2m 17s
[INFO] [stderr] warning: the following packages contain code that will be rejected by a future version of Rust: rustify_derive v0.4.3
[INFO] [stderr] note: to see what the problems were, use the option `--future-incompat-report`, or run `cargo report future-incompatibilities --id 2`
[INFO] running `Command { std: "docker" "inspect" "3a132a5ad15359d0f1d8039f66dbf54be23a427e4455d355f1d77580c68390e3", kill_on_drop: false }`
[INFO] running `Command { std: "docker" "exec" "-e" "SOURCE_DIR=/opt/rustwide/workdir" "-e" "CARGO_HOME=/opt/rustwide/cargo-home" "-e" "RUSTUP_HOME=/opt/rustwide/rustup-home" "-e" "CARGO_TARGET_DIR=/opt/rustwide/target" "-e" "CARGO_INCREMENTAL=0" "-e" "RUST_BACKTRACE=full" "-e" "RUSTFLAGS=--cap-lints=warn" "-e" "RUSTDOCFLAGS=--cap-lints=warn" "-w" "/opt/rustwide/workdir" "--user" "0:0" "3a132a5ad15359d0f1d8039f66dbf54be23a427e4455d355f1d77580c68390e3" "/opt/rustwide/cargo-home/bin/cargo" "+1.99.0-beta.8" "test" "--frozen" "--release", kill_on_drop: false }`
[INFO] [stderr] warning: methods `mount_secret_with_config` and `mount_auth_with_config` are never used
[INFO] [stderr]   --> tests/common.rs:26:14
[INFO] [stderr]    |
[INFO] [stderr] 15 | pub trait VaultServerHelper {
[INFO] [stderr]    |           ----------------- methods in this trait
[INFO] [stderr] ...
[INFO] [stderr] 26 |     async fn mount_secret_with_config(
[INFO] [stderr]    |              ^^^^^^^^^^^^^^^^^^^^^^^^
[INFO] [stderr] ...
[INFO] [stderr] 44 |     async fn mount_auth_with_config(
[INFO] [stderr]    |              ^^^^^^^^^^^^^^^^^^^^^^
[INFO] [stderr]    |
[INFO] [stderr]    = note: `#[warn(dead_code)]` (part of `#[warn(unused)]`) on by default
[INFO] [stderr] 
[INFO] [stderr] warning: `vaultssh` (test "integration") generated 1 warning
[INFO] [stderr]     Finished `release` profile [optimized] target(s) in 0.30s
[INFO] [stderr] warning: the following packages contain code that will be rejected by a future version of Rust: rustify_derive v0.4.3
[INFO] [stderr] note: to see what the problems were, use the option `--future-incompat-report`, or run `cargo report future-incompatibilities --id 2`
[INFO] [stderr]      Running unittests src/main.rs (/opt/rustwide/target/release/deps/vssh-0706af38a4b2f7b7)
[INFO] [stdout] 
[INFO] [stdout] running 12 tests
[INFO] [stdout] test login::tests::test_choose_method ... ok
[INFO] [stdout] test error::tests::test_try_api_error ... ok
[INFO] [stdout] test error::tests::test_handle_login_error ... ok
[INFO] [stdout] test config::tests::test_merge_option ... ok
[INFO] [stdout] test login::tests::test_login ... ok
[INFO] [stdout] test login::tests::test_login_approle ... ok
[INFO] [stdout] test config::tests::test_merge ... ok
[INFO] [stdout] test login::tests::test_login_userpass ... ok
[INFO] [stdout] test ssh::tests::test_cert_from_private ... ok
[INFO] [stdout] test ssh::tests::test_is_valid ... ok
[INFO] [stdout] test ssh::tests::test_public_from_private ... ok
[INFO] [stderr]      Running tests/common.rs (/opt/rustwide/target/release/deps/common-b2ea3e992c97d18b)
[INFO] [stdout] test login::tests::test_login_oidc ... ok
[INFO] [stdout] 
[INFO] [stdout] test result: ok. 12 passed; 0 failed; 0 ignored; 0 measured; 0 filtered out; finished in 0.01s
[INFO] [stdout] 
[INFO] [stderr]      Running tests/integration.rs (/opt/rustwide/target/release/deps/integration-4439603cddaceb9b)
[INFO] [stdout] 
[INFO] [stdout] running 0 tests
[INFO] [stdout] 
[INFO] [stdout] test result: ok. 0 passed; 0 failed; 0 ignored; 0 measured; 0 filtered out; finished in 0.00s
[INFO] [stdout] 
[INFO] [stdout] 
[INFO] [stdout] running 1 test
[INFO] [stderr] error: test failed, to rerun pass `--test integration`
[INFO] [stdout] test test_with_login ... FAILED
[INFO] [stdout] 
[INFO] [stdout] failures:
[INFO] [stdout] 
[INFO] [stdout] ---- test_with_login stdout ----
[INFO] [stdout] 
[INFO] [stdout] thread 'test_with_login' (3901) panicked at /opt/rustwide/cargo-home/registry/src/index.crates.io-1949cf8c6b5b557f/dockertest-0.2.1/src/dockertest.rs:228:17:
[INFO] [stdout] startup condition not fulfilled `creating docker network failed: error trying to connect: No such file or directory (os error 2)`
[INFO] [stdout] stack backtrace:
[INFO] [stdout]    0:     0x5ff1e5e20d51 - <<std[70759c8f55707aa4]::sys::backtrace::BacktraceLock>::print::DisplayBacktrace as core[df12db4294e9bfd3]::fmt::Display>::fmt
[INFO] [stdout]    1:     0x5ff1e5e3818a - core[df12db4294e9bfd3]::fmt::write
[INFO] [stdout]    2:     0x5ff1e5e25bec - <alloc[2182bb758b4b3781]::vec::Vec<u8> as core[df12db4294e9bfd3]::io::write::Write>::write_fmt
[INFO] [stdout]    3:     0x5ff1e5df9136 - std[70759c8f55707aa4]::panicking::default_hook::{closure#0}
[INFO] [stdout]    4:     0x5ff1e5e17269 - std[70759c8f55707aa4]::panicking::default_hook
[INFO] [stdout]    5:     0x5ff1e5a629b0 - test[9d35eded1c95d3be]::test_main_inner::<test[9d35eded1c95d3be]::test_main_static::{closure#0}>::{closure#0}
[INFO] [stdout]    6:     0x5ff1e5e17592 - std[70759c8f55707aa4]::panicking::panic_with_hook
[INFO] [stdout]    7:     0x5ff1e5bd7c3e - std[70759c8f55707aa4]::panicking::begin_panic::<alloc[2182bb758b4b3781]::string::String>::{closure#0}
[INFO] [stdout]    8:     0x5ff1e5bd7a2e - std[70759c8f55707aa4]::sys::backtrace::__rust_end_short_backtrace::<std[70759c8f55707aa4]::panicking::begin_panic<alloc[2182bb758b4b3781]::string::String>::{closure#0}, !>
[INFO] [stdout]    9:     0x5ff1e5ba83b7 - std[70759c8f55707aa4]::panicking::begin_panic::<alloc[2182bb758b4b3781]::string::String>
[INFO] [stdout]   10:     0x5ff1e59c4292 - <dockertest[7d3c80984307261c]::dockertest::DockerTest>::run::<<vaultrs_test[5d975fe746198959]::docker::TestInstance>::run<integration[22d1d204aa490390]::test_with_login::{closure#0}, integration[22d1d204aa490390]::test_with_login::{closure#0}::{closure#0}>::{closure#0}, <vaultrs_test[5d975fe746198959]::docker::TestInstance>::run<integration[22d1d204aa490390]::test_with_login::{closure#0}, integration[22d1d204aa490390]::test_with_login::{closure#0}::{closure#0}>::{closure#0}::{closure#0}>
[INFO] [stdout]   11:     0x5ff1e59b0368 - <integration[22d1d204aa490390]::test_with_login::{closure#0} as core[df12db4294e9bfd3]::ops::function::FnOnce<()>>::call_once
[INFO] [stdout]   12:     0x5ff1e5a55c9b - test[9d35eded1c95d3be]::__rust_begin_short_backtrace::<core[df12db4294e9bfd3]::result::Result<(), alloc[2182bb758b4b3781]::string::String>, fn() -> core[df12db4294e9bfd3]::result::Result<(), alloc[2182bb758b4b3781]::string::String>>
[INFO] [stdout]   13:     0x5ff1e5a63305 - test[9d35eded1c95d3be]::run_test::{closure#0}
[INFO] [stdout]   14:     0x5ff1e5a5cbc4 - std[70759c8f55707aa4]::sys::backtrace::__rust_begin_short_backtrace::<test[9d35eded1c95d3be]::run_test::{closure#1}, ()>
[INFO] [stdout]   15:     0x5ff1e5a66462 - <std[70759c8f55707aa4]::thread::lifecycle::spawn_unchecked<test[9d35eded1c95d3be]::run_test::{closure#1}, ()>::{closure#1} as core[df12db4294e9bfd3]::ops::function::FnOnce<()>>::call_once::{shim:vtable#0}
[INFO] [stdout]   16:     0x5ff1e5e1fe99 - <std[70759c8f55707aa4]::sys::thread::unix::Thread>::new::thread_start
[INFO] [stdout]   17:     0x731a760e0dfa - <unknown>
[INFO] [stdout]   18:     0x731a761743d4 - clone
[INFO] [stdout]   19:                0x0 - <unknown>
[INFO] [stdout] 
[INFO] [stdout] 
[INFO] [stdout] failures:
[INFO] [stdout]     test_with_login
[INFO] [stdout] 
[INFO] [stdout] test result: FAILED. 0 passed; 1 failed; 0 ignored; 0 measured; 0 filtered out; finished in 0.01s
[INFO] [stdout] 
[INFO] running `Command { std: "docker" "inspect" "3a132a5ad15359d0f1d8039f66dbf54be23a427e4455d355f1d77580c68390e3", kill_on_drop: false }`
[INFO] running `Command { std: "docker" "rm" "-f" "3a132a5ad15359d0f1d8039f66dbf54be23a427e4455d355f1d77580c68390e3", kill_on_drop: false }`
[INFO] [stdout] 3a132a5ad15359d0f1d8039f66dbf54be23a427e4455d355f1d77580c68390e3
