[INFO] fetching crate vault-rs 0.4.0...
[INFO] testing vault-rs-0.4.0 against 1.99.0-beta.8+cargoflags=--release for beta-release-1.100-2
[INFO] extracting crate vault-rs 0.4.0 into /workspace/builds/worker-1-tc1/source
[INFO] started tweaking crates.io crate vault-rs 0.4.0
[INFO] finished tweaking crates.io crate vault-rs 0.4.0
[INFO] tweaked toml for crates.io crate vault-rs 0.4.0 written to /workspace/builds/worker-1-tc1/source/Cargo.toml
[INFO] validating manifest of crates.io crate vault-rs 0.4.0 on toolchain 1.99.0-beta.8
[INFO] running `Command { std: CARGO_HOME="/workspace/cargo-home" RUSTUP_HOME="/workspace/rustup-home" "/workspace/cargo-home/bin/cargo" "+1.99.0-beta.8" "metadata" "--manifest-path" "Cargo.toml" "--no-deps", kill_on_drop: false }`
[INFO] crate crates.io crate vault-rs 0.4.0 already has a lockfile, it will not be regenerated
[INFO] running `Command { std: CARGO_HOME="/workspace/cargo-home" RUSTUP_HOME="/workspace/rustup-home" "/workspace/cargo-home/bin/cargo" "+1.99.0-beta.8" "fetch" "--manifest-path" "Cargo.toml", kill_on_drop: false }`
[INFO] [stderr]     Updating crates.io index
[INFO] [stderr]  Downloading crates ...
[INFO] [stderr]   Downloaded zerovec-derive v0.11.5
[INFO] [stderr]   Downloaded rustify_derive v0.5.5
[INFO] [stderr]   Downloaded vaultrs v0.8.0
[INFO] [stderr]   Downloaded vault-session v0.4.0
[INFO] [stderr]   Downloaded rustify v0.7.0
[INFO] [stderr]   Downloaded ordermap v1.2.0
[INFO] [stderr]   Downloaded ctor v1.0.13
[INFO] [stderr]   Downloaded linktime-proc-macro v0.2.3
[INFO] [stderr]   Downloaded link-section v0.19.3
[INFO] [stderr]   Downloaded landlock-test-confine v0.4.0
[INFO] running `Command { std: "docker" "create" "-v" "/var/lib/crater-agent-workspace/builds/worker-1-tc1/source:/opt/rustwide/workdir:ro,Z" "-v" "/var/lib/crater-agent-workspace/builds/worker-1-tc1/target:/opt/rustwide/target:rw,Z" "-v" "/var/lib/crater-agent-workspace/cargo-home:/opt/rustwide/cargo-home:ro,Z" "-v" "/var/lib/crater-agent-workspace/rustup-home:/opt/rustwide/rustup-home:ro,Z" "-m" "1610612736" "--network" "none" "ghcr.io/rust-lang/crates-build-env/linux@sha256:77db811e55d90add9212f6832c23229e3de5f1c1f9905e8cb07319ea15df73ac" "sleep" "infinity", kill_on_drop: false }`
[INFO] [stdout] 67a2e65960e2d0753d0a62dd2ede17172b8070399d508909a3c44034416c3ec3
[INFO] running `Command { std: "docker" "start" "67a2e65960e2d0753d0a62dd2ede17172b8070399d508909a3c44034416c3ec3", kill_on_drop: false }`
[INFO] running `Command { std: "docker" "inspect" "67a2e65960e2d0753d0a62dd2ede17172b8070399d508909a3c44034416c3ec3", kill_on_drop: false }`
[INFO] running `Command { std: "docker" "exec" "-e" "SOURCE_DIR=/opt/rustwide/workdir" "-e" "CARGO_HOME=/opt/rustwide/cargo-home" "-e" "RUSTUP_HOME=/opt/rustwide/rustup-home" "-e" "CARGO_TARGET_DIR=/opt/rustwide/target" "-w" "/opt/rustwide/workdir" "--user" "0:0" "67a2e65960e2d0753d0a62dd2ede17172b8070399d508909a3c44034416c3ec3" "/opt/rustwide/cargo-home/bin/cargo" "+1.99.0-beta.8" "metadata" "--no-deps" "--format-version=1", kill_on_drop: false }`
[INFO] running `Command { std: "docker" "inspect" "67a2e65960e2d0753d0a62dd2ede17172b8070399d508909a3c44034416c3ec3", kill_on_drop: false }`
[INFO] running `Command { std: "docker" "exec" "-e" "SOURCE_DIR=/opt/rustwide/workdir" "-e" "CARGO_HOME=/opt/rustwide/cargo-home" "-e" "RUSTUP_HOME=/opt/rustwide/rustup-home" "-e" "CARGO_TARGET_DIR=/opt/rustwide/target" "-e" "CARGO_INCREMENTAL=0" "-e" "RUST_BACKTRACE=full" "-e" "RUSTFLAGS=--cap-lints=warn" "-e" "RUSTDOCFLAGS=--cap-lints=warn" "-w" "/opt/rustwide/workdir" "--user" "0:0" "67a2e65960e2d0753d0a62dd2ede17172b8070399d508909a3c44034416c3ec3" "/opt/rustwide/cargo-home/bin/cargo" "+1.99.0-beta.8" "build" "--frozen" "--message-format=json" "--release", kill_on_drop: false }`
[INFO] [stderr]    Compiling portable-atomic v1.15.0
[INFO] [stderr]    Compiling syn v3.0.3
[INFO] [stderr]    Compiling hybrid-array v0.4.14
[INFO] [stderr]    Compiling aws-lc-rs v1.18.0
[INFO] [stderr]    Compiling cc v1.4.3
[INFO] [stderr]    Compiling rustls v0.23.43
[INFO] [stderr]    Compiling darling_core v0.20.11
[INFO] [stderr]    Compiling time-core v0.1.9
[INFO] [stderr]    Compiling num-conv v0.2.2
[INFO] [stderr]    Compiling percent-encoding v2.3.2
[INFO] [stderr]    Compiling nom v7.1.3
[INFO] [stderr]    Compiling deranged v0.5.8
[INFO] [stderr]    Compiling data-encoding v2.11.1
[INFO] [stderr]    Compiling ctutils v0.4.2
[INFO] [stderr]    Compiling synstructure v0.12.6
[INFO] [stderr]    Compiling asn1-rs-derive v0.6.0
[INFO] [stderr]    Compiling thiserror-impl v1.0.69
[INFO] [stderr]    Compiling form_urlencoded v1.2.2
[INFO] [stderr]    Compiling asn1-rs-impl v0.2.0
[INFO] [stderr]    Compiling cpubits v0.1.1
[INFO] [stderr]    Compiling time-macros v0.2.32
[INFO] [stderr]    Compiling serde_urlencoded v0.7.1
[INFO] [stderr]    Compiling uuid v1.24.1
[INFO] [stderr]    Compiling oid-registry v0.8.1
[INFO] [stderr]    Compiling clap_builder v4.6.6
[INFO] [stderr]    Compiling crypto-common v0.2.2
[INFO] [stderr]    Compiling block-buffer v0.12.1
[INFO] [stderr]    Compiling inout v0.2.2
[INFO] [stderr]    Compiling regex-automata v0.4.18
[INFO] [stderr]    Compiling dirs-sys v0.5.0
[INFO] [stderr]    Compiling rustify_derive v0.5.5
[INFO] [stderr]    Compiling dirs v6.0.0
[INFO] [stderr]    Compiling ordermap v1.2.0
[INFO] [stderr]    Compiling thiserror v1.0.69
[INFO] [stderr]    Compiling rtoolbox v0.0.5
[INFO] [stderr]    Compiling thread_local v1.1.10
[INFO] [stderr]    Compiling once_cell v1.21.4
[INFO] [stderr]    Compiling cmake v0.1.58
[INFO] [stderr]    Compiling tracing-core v0.1.36
[INFO] [stderr]    Compiling moka v0.12.16
[INFO] [stderr]    Compiling rpassword v7.5.4
[INFO] [stderr]    Compiling which v8.0.5
[INFO] [stderr]    Compiling aws-lc-sys v0.44.0
[INFO] [stderr]    Compiling tracing v0.1.44
[INFO] [stderr]    Compiling tracing-log v0.2.0
[INFO] [stderr]    Compiling cipher v0.5.2
[INFO] [stderr]    Compiling universal-hash v0.6.1
[INFO] [stderr]    Compiling aead v0.6.1
[INFO] [stderr]    Compiling digest v0.11.3
[INFO] [stderr]    Compiling polyval v0.7.3
[INFO] [stderr]    Compiling time v0.3.55
[INFO] [stderr]    Compiling sha2 v0.11.0
[INFO] [stderr]    Compiling ctr v0.10.1
[INFO] [stderr]    Compiling aes v0.9.2
[INFO] [stderr]    Compiling ghash v0.6.0
[INFO] [stderr]    Compiling aes-gcm v0.11.0
[INFO] [stderr]    Compiling rusticata-macros v4.1.0
[INFO] [stderr]    Compiling darling_macro v0.20.11
[INFO] [stderr]    Compiling darling v0.20.11
[INFO] [stderr]    Compiling derive_builder_core v0.20.2
[INFO] [stderr]    Compiling matchers v0.2.0
[INFO] [stderr]    Compiling tracing-subscriber v0.3.23
[INFO] [stderr]    Compiling derive_builder_macro v0.20.2
[INFO] [stderr]    Compiling derive_builder v0.20.2
[INFO] [stderr]    Compiling displaydoc v0.2.7
[INFO] [stderr]    Compiling zerovec-derive v0.11.5
[INFO] [stderr]    Compiling serde_derive v1.0.229
[INFO] [stderr]    Compiling tokio-macros v2.7.2
[INFO] [stderr]    Compiling futures-macro v0.3.34
[INFO] [stderr]    Compiling thiserror-impl v2.0.20
[INFO] [stderr]    Compiling async-trait v0.1.92
[INFO] [stderr]    Compiling clap_derive v4.6.4
[INFO] [stderr]    Compiling zerotrie v0.2.5
[INFO] [stderr]    Compiling tokio v1.53.1
[INFO] [stderr]    Compiling futures-util v0.3.34
[INFO] [stderr]    Compiling zerovec v0.11.7
[INFO] [stderr]    Compiling thiserror v2.0.20
[INFO] [stderr]    Compiling asn1-rs v0.7.2
[INFO] [stderr]    Compiling tinystr v0.8.4
[INFO] [stderr]    Compiling potential_utf v0.1.6
[INFO] [stderr]    Compiling icu_collections v2.3.0
[INFO] [stderr]    Compiling icu_locale_core v2.3.0
[INFO] [stderr]    Compiling clap v4.6.6
[INFO] [stderr]    Compiling clap_complete v4.6.9
[INFO] [stderr]    Compiling der-parser v10.0.0
[INFO] [stderr]    Compiling serde v1.0.229
[INFO] [stderr]    Compiling icu_provider v2.3.0
[INFO] [stderr]    Compiling x509-parser v0.18.1
[INFO] [stderr]    Compiling icu_normalizer v2.3.0
[INFO] [stderr]    Compiling icu_properties v2.3.0
[INFO] [stderr]    Compiling ipnet v2.12.1
[INFO] [stderr]    Compiling serde_yaml_ng v0.10.0
[INFO] [stderr]    Compiling chrono v0.4.45
[INFO] [stderr]    Compiling prefix-trie v0.8.4
[INFO] [stderr]    Compiling idna_adapter v1.2.2
[INFO] [stderr]    Compiling idna v1.1.0
[INFO] [stderr]    Compiling url v2.5.8
[INFO] [stderr]    Compiling hyper v1.11.0
[INFO] [stderr]    Compiling tower v0.5.3
[INFO] [stderr]    Compiling hickory-proto v0.26.1
[INFO] [stderr]    Compiling tower-http v0.6.11
[INFO] [stderr]    Compiling hyper-util v0.1.20
[INFO] [stderr]    Compiling hickory-net v0.26.1
[INFO] [stderr]    Compiling hickory-resolver v0.26.1
[INFO] [stderr]    Compiling rustls-webpki v0.103.14
[INFO] [stderr]    Compiling tokio-rustls v0.26.4
[INFO] [stderr]    Compiling rustls-platform-verifier v0.7.0
[INFO] [stderr]    Compiling hyper-rustls v0.27.9
[INFO] [stderr]    Compiling reqwest v0.13.4
[INFO] [stderr]    Compiling rustify v0.7.0
[INFO] [stderr]    Compiling vaultrs v0.8.0
[INFO] [stderr]    Compiling vault-session v0.4.0
[INFO] [stderr]    Compiling vault-rs v0.4.0 (/opt/rustwide/workdir)
[INFO] [stderr]     Finished `release` profile [optimized] target(s) in 3m 24s
[INFO] running `Command { std: "docker" "inspect" "67a2e65960e2d0753d0a62dd2ede17172b8070399d508909a3c44034416c3ec3", kill_on_drop: false }`
[INFO] running `Command { std: "docker" "exec" "-e" "SOURCE_DIR=/opt/rustwide/workdir" "-e" "CARGO_HOME=/opt/rustwide/cargo-home" "-e" "RUSTUP_HOME=/opt/rustwide/rustup-home" "-e" "CARGO_TARGET_DIR=/opt/rustwide/target" "-e" "CARGO_INCREMENTAL=0" "-e" "RUST_BACKTRACE=full" "-e" "RUSTFLAGS=--cap-lints=warn" "-e" "RUSTDOCFLAGS=--cap-lints=warn" "-w" "/opt/rustwide/workdir" "--user" "0:0" "67a2e65960e2d0753d0a62dd2ede17172b8070399d508909a3c44034416c3ec3" "/opt/rustwide/cargo-home/bin/cargo" "+1.99.0-beta.8" "test" "--frozen" "--no-run" "--message-format=json" "--release", kill_on_drop: false }`
[INFO] [stderr]    Compiling futures-util v0.3.34
[INFO] [stderr]    Compiling tokio-util v0.7.19
[INFO] [stderr]    Compiling regex-automata v0.4.18
[INFO] [stderr]    Compiling rusticata-macros v4.1.0
[INFO] [stderr]    Compiling enumflags2_derive v0.7.12
[INFO] [stderr]    Compiling assert-json-diff v2.0.2
[INFO] [stderr]    Compiling deadpool v0.12.3
[INFO] [stderr]    Compiling linktime-proc-macro v0.2.3
[INFO] [stderr]    Compiling link-section v0.19.3
[INFO] [stderr]    Compiling asn1-rs v0.7.2
[INFO] [stderr]    Compiling enumflags2 v0.7.12
[INFO] [stderr]    Compiling landlock v0.4.7
[INFO] [stderr]    Compiling ctor v1.0.13
[INFO] [stderr]    Compiling h2 v0.4.16
[INFO] [stderr]    Compiling landlock-test-confine v0.4.0
[INFO] [stderr]    Compiling oid-registry v0.8.1
[INFO] [stderr]    Compiling der-parser v10.0.0
[INFO] [stderr]    Compiling x509-parser v0.18.1
[INFO] [stderr]    Compiling tower v0.5.3
[INFO] [stderr]    Compiling hickory-net v0.26.1
[INFO] [stderr]    Compiling futures-executor v0.3.34
[INFO] [stderr]    Compiling futures v0.3.34
[INFO] [stderr]    Compiling tower-http v0.6.11
[INFO] [stderr]    Compiling matchers v0.2.0
[INFO] [stderr]    Compiling regex v1.13.1
[INFO] [stderr]    Compiling tracing-subscriber v0.3.23
[INFO] [stderr]    Compiling hickory-resolver v0.26.1
[INFO] [stderr]    Compiling hyper v1.11.0
[INFO] [stderr]    Compiling hyper-util v0.1.20
[INFO] [stderr]    Compiling hyper-rustls v0.27.9
[INFO] [stderr]    Compiling wiremock v0.6.5
[INFO] [stderr]    Compiling reqwest v0.13.4
[INFO] [stderr]    Compiling rustify v0.7.0
[INFO] [stderr]    Compiling vaultrs v0.8.0
[INFO] [stderr]    Compiling vault-session v0.4.0
[INFO] [stderr]    Compiling vault-rs v0.4.0 (/opt/rustwide/workdir)
[INFO] [stderr]     Finished `release` profile [optimized] target(s) in 45.34s
[INFO] running `Command { std: "docker" "inspect" "67a2e65960e2d0753d0a62dd2ede17172b8070399d508909a3c44034416c3ec3", kill_on_drop: false }`
[INFO] running `Command { std: "docker" "exec" "-e" "SOURCE_DIR=/opt/rustwide/workdir" "-e" "CARGO_HOME=/opt/rustwide/cargo-home" "-e" "RUSTUP_HOME=/opt/rustwide/rustup-home" "-e" "CARGO_TARGET_DIR=/opt/rustwide/target" "-e" "CARGO_INCREMENTAL=0" "-e" "RUST_BACKTRACE=full" "-e" "RUSTFLAGS=--cap-lints=warn" "-e" "RUSTDOCFLAGS=--cap-lints=warn" "-w" "/opt/rustwide/workdir" "--user" "0:0" "67a2e65960e2d0753d0a62dd2ede17172b8070399d508909a3c44034416c3ec3" "/opt/rustwide/cargo-home/bin/cargo" "+1.99.0-beta.8" "test" "--frozen" "--release", kill_on_drop: false }`
[INFO] [stderr]     Finished `release` profile [optimized] target(s) in 0.26s
[INFO] [stderr]      Running unittests src/lib.rs (/opt/rustwide/target/release/deps/vault_rs-d468391475bc1201)
[INFO] [stdout] 
[INFO] [stdout] running 163 tests
[INFO] [stdout] test cert::export::tests::a_keyless_artifact_reports_no_key_rather_than_an_empty_one ... ok
[INFO] [stdout] test cert::ca_info::tests::fixtures_without_aia_or_crl_report_empty ... ok
[INFO] [stdout] test cert::ca_info::tests::root_ca_carries_a_self_referential_ski_and_aki ... ok
[INFO] [stdout] test cert::ca_info::tests::subject_and_issuer_come_from_the_certificate ... ok
[INFO] [stdout] test cert::ca_info::tests::intermediate_aki_matches_root_ski ... ok
[INFO] [stdout] test cert::export::tests::der_export_is_valid_der_matching_the_pem_subject ... ok
[INFO] [stdout] test cert::export::tests::certificate_chain_assembly_keeps_a_self_signed_leaf ... ok
[INFO] [stdout] test cert::export::tests::sanitize_filename_replaces_and_collapses_whitespace ... ok
[INFO] [stdout] test cert::listing::tests::an_unknown_column_is_an_error_not_an_exit ... ok
[INFO] [stdout] test cert::listing::tests::appending_a_default_does_not_duplicate_it ... ok
[INFO] [stdout] test cert::cache::tests::a_file_from_before_versioning_is_discarded ... ok
[INFO] [stdout] test cert::cache::tests::derived_metadata_survives_a_round_trip ... ok
[INFO] [stdout] test cert::listing::tests::eku_filter_accepts_client_server_aliases_case_insensitively ... ok
[INFO] [stdout] test cert::listing::tests::eku_filter_matches_raw_names_and_oids ... ok
[INFO] [stdout] test cert::listing::tests::cert_list_rejects_role_column ... ok
[INFO] [stdout] test cert::cache::tests::a_file_from_an_older_schema_is_discarded ... ok
[INFO] [stdout] test cert::listing::tests::expiring_within_flag_reflects_construction ... ok
[INFO] [stdout] test cert::listing::tests::json_serialization_keeps_extended_key_usage_as_an_array ... ok
[INFO] [stdout] test cert::listing::tests::only_expired_keeps_only_expired_certs ... ok
[INFO] [stdout] test cert::listing::tests::only_revoked_and_exclude_revoked_are_opposite_filters ... ok
[INFO] [stdout] test cert::listing::tests::exclude_expired_drops_expired_certs ... ok
[INFO] [stdout] test cert::metadata::tests::absent_eku_is_reported_not_inferred ... ok
[INFO] [stdout] test cert::export::tests::bundle_export_without_a_stored_key_is_an_error ... ok
[INFO] [stdout] test cert::metadata::tests::ca_prefix_survives_every_branch ... ok
[INFO] [stdout] test cert::listing::tests::expiring_before_excludes_certs_past_the_threshold ... ok
[INFO] [stdout] test cert::listing::tests::without_plus_the_list_replaces_the_defaults ... ok
[INFO] [stdout] test cert::listing::tests::storage_list_accepts_role_column ... ok
[INFO] [stdout] test cert::metadata::tests::tls_usages_are_abbreviated ... ok
[INFO] [stdout] test cert::listing::tests::plus_is_accepted_anywhere_in_the_list ... ok
[INFO] [stdout] test cert::listing::tests::defaults_apply_when_unspecified ... ok
[INFO] [stdout] test cert::parser::tests::absent_eku_stays_empty ... ok
[INFO] [stdout] test cert::metadata::tests::other_usages_are_passed_through_alongside ... ok
[INFO] [stdout] test cert::parser::tests::non_certificate_input_is_rejected ... ok
[INFO] [stdout] test cert::parser::tests::ca_certificate_is_flagged ... ok
[INFO] [stdout] test cert::parser::tests::client_auth_eku_is_read ... ok
[INFO] [stdout] test cert::parser::tests::sans_are_extracted ... ok
[INFO] [stdout] test cert::parser::tests::multiple_ekus_are_read ... ok
[INFO] [stdout] test cert::plan::tests::client_flag_drives_eku_not_ext_key_usage ... ok
[INFO] [stdout] test cert::plan::tests::csr_sans_are_dropped_but_cn_is_still_folded_in ... ok
[INFO] [stdout] test cert::plan::tests::alt_names_argument_remains_active_even_when_csr_sans_are_dropped ... ok
[INFO] [stdout] test cert::parser::tests::unrecognised_eku_keeps_its_oid ... ok
[INFO] [stdout] test cert::plan::tests::inert_cn_argument_is_named_as_such ... ok
[INFO] [stdout] test cert::plan::tests::nothing_is_reported_dropped_when_the_csr_has_no_sans ... ok
[INFO] [stdout] test cert::plan::tests::validity_falls_back_to_max_ttl_when_role_has_no_default ... ok
[INFO] [stdout] test cert::parser::tests::subject_and_issuer_come_from_the_certificate ... ok
[INFO] [stdout] test cert::plan::tests::crypto_argument_is_flagged_as_inert_for_create ... ok
[INFO] [stdout] test cert::plan::tests::with_no_csr_and_no_argument_the_cn_is_owed_to_the_issuance ... ok
[INFO] [stdout] test cert::parser::tests::server_auth_eku_is_read ... ok
[INFO] [stdout] test cert::report::tests::absent_eku_and_san_read_as_none_not_omitted ... ok
[INFO] [stdout] test cert::report::tests::annotated_value_as_wide_as_the_column_still_gets_a_separator ... ok
[INFO] [stdout] test cert::plan::tests::without_an_argument_the_plan_claims_none ... ok
[INFO] [stdout] test cert::report::tests::describes_the_actual_leaf_not_just_its_serial ... ok
[INFO] [stdout] test cert::serial::tests::test_colon_format ... ok
[INFO] [stdout] test cert::plan::tests::without_an_argument_a_role_that_needs_one_reports_no_cn ... ok
[INFO] [stdout] test cert::serial::tests::test_display ... ok
[INFO] [stdout] test cert::serial::tests::test_serial_number_parse_invalid ... ok
[INFO] [stdout] test cert::cache::tests::what_the_parser_derives_is_pinned_per_fixture ... ok
[INFO] [stdout] test cert::report::tests::label_as_wide_as_the_column_still_gets_a_separator ... ok
[INFO] [stdout] test cert::serial::tests::test_serial_number_creation ... ok
[INFO] [stdout] test cert::serial::tests::test_serial_number_parse_valid ... ok
[INFO] [stdout] test cert::verify::tests::a_leaf_fails_against_an_unrelated_root ... ok
[INFO] [stdout] test cert::serial::tests::test_serial_number_with_colons ... ok
[INFO] [stdout] test cert::verify::tests::a_server_leaf_fails_a_client_purpose ... ok
[INFO] [stdout] test cert::verify::tests::a_fullchain_file_splits_into_leaf_and_intermediates ... ok
[INFO] [stdout] test cert::verify::tests::an_intermediate_issuer_is_named_not_called_a_mismatch ... ok
[INFO] [stdout] test cert::verify::tests::a_leaf_verifies_against_its_own_root ... ok
[INFO] [stdout] test cert::verify::tests::an_eku_less_leaf_verifies_for_a_named_purpose ... ok
[INFO] [stdout] test cli::args::tests::expiring_within_rejects_garbage ... ok
[INFO] [stdout] test config::tests::a_flag_wins_over_the_file ... ok
[INFO] [stdout] test cli::args::tests::expiring_within_accepts_humantime_durations ... ok
[INFO] [stdout] test config::tests::a_flag_wins_over_the_file_for_output ... ok
[INFO] [stdout] test config::tests::a_key_with_no_field_is_refused ... ok
[INFO] [stdout] test cert::verify::tests::purpose_reports_an_absent_eku_as_unconstrained ... ok
[INFO] [stdout] test config::tests::no_flag_and_no_file_leaves_the_mount_unnamed ... ok
[INFO] [stdout] test cert::verify::tests::fixtures_are_not_expired ... ok
[INFO] [stdout] test cert::verify::tests::the_anchor_check_matches_aki_against_ski ... ok
[INFO] [stdout] test config::tests::the_file_answers_where_no_flag_did ... ok
[INFO] [stdout] test config::tests::a_named_path_that_is_not_there_is_an_error ... ok
[INFO] [stdout] test config::tests::an_empty_file_is_every_setting_unset ... ok
[INFO] [stdout] test crypto::encryption::tests::nonce_length_matches_the_stored_prefix ... ok
[INFO] [stdout] test crypto::encryption::tests::stored_ciphertext_format_is_unchanged ... ok
[INFO] [stdout] test cert::cache::tests::every_fixture_survives_the_cache_unchanged ... ok
[INFO] [stdout] test crypto::keys::tests::a_denied_confirmation_degrades_the_notice_rather_than_dropping_it ... ok
[INFO] [stdout] test confinement::the_unit_tests_cannot_write_outside_the_build_directory ... FAILED
[INFO] [stdout] test crypto::keys::tests::an_ordinary_path_gets_no_notice_and_no_request ... ok
[INFO] [stdout] test crypto::keys::tests::a_mount_without_history_is_told_the_loss_is_permanent ... ok
[INFO] [stdout] test crypto::keys::tests::a_single_mount_is_used_and_remembered ... ok
[INFO] [stdout] test crypto::keys::tests::a_server_error_never_writes ... ok
[INFO] [stdout] test crypto::encryption::tests::an_empty_plaintext_encrypts_to_exactly_nonce_plus_tag ... ok
[INFO] [stdout] test crypto::keys::tests::the_master_key_path_is_announced_with_the_route_back ... ok
[INFO] [stdout] test crypto::keys::tests::a_stored_key_is_read_from_kv_v1_and_nothing_is_written ... ok
[INFO] [stdout] test crypto::keys::tests::an_unrecoverable_overwrite_is_refused_even_with_the_flag ... ok
[INFO] [stdout] test logical::data::tests::a_key_given_three_times_extends_the_list_rather_than_nesting ... ok
[INFO] [stdout] test logical::data::tests::a_missing_file_names_the_file ... ok
[INFO] [stdout] test crypto::keys::tests::a_404_is_absence_and_mints_exactly_one_key ... ok
[INFO] [stdout] test crypto::keys::tests::a_malformed_stored_key_never_writes ... ok
[INFO] [stdout] test logical::data::tests::a_value_of_dash_comes_from_stdin ... ok
[INFO] [stdout] test crypto::keys::tests::several_mounts_refuse_rather_than_choose ... ok
[INFO] [stdout] test logical::data::tests::a_value_starting_with_an_at_sign_escapes ... ok
[INFO] [stdout] test logical::data::tests::a_pair_is_a_string_and_a_repeated_key_is_a_list ... ok
[INFO] [stdout] test crypto::keys::tests::a_denied_read_never_writes ... ok
[INFO] [stdout] test crypto::keys::tests::a_stored_key_is_read_from_kv_v2_and_nothing_is_written ... ok
[INFO] [stdout] test logical::data::tests::a_whole_body_replaces_a_pair_but_a_later_pair_extends_it ... ok
[INFO] [stdout] test logical::data::tests::a_whole_body_that_is_not_an_object_is_refused ... ok
[INFO] [stdout] test logical::data::tests::only_the_first_separator_splits ... ok
[INFO] [stdout] test crypto::keys::tests::the_refusal_names_the_mount_that_already_holds_a_key ... ok
[INFO] [stdout] test crypto::keys::tests::init_refuses_when_a_key_already_exists ... ok
[INFO] [stdout] test crypto::keys::tests::a_recorded_mount_that_is_gone_is_refused_not_re_derived ... ok
[INFO] [stdout] test logical::data::tests::a_whole_body_that_is_not_json_names_the_argument ... ok
[INFO] [stdout] test session::verify::tests::a_mount_named_without_a_layout_keeps_its_whole_name ... ok
[INFO] [stdout] test server::commands::tests::an_unreported_seal_state_is_not_read_as_unsealed ... ok
[INFO] [stdout] test crypto::keys::tests::init_refuses_when_the_existence_check_fails ... ok
[INFO] [stdout] test crypto::keys::tests::a_kv_v1_overwrite_is_refused_even_with_the_flag ... ok
[INFO] [stdout] test crypto::keys::tests::init_overwrites_only_with_the_flag ... ok
[INFO] [stdout] test logical::kv_commands::tests::a_version_verb_on_a_flat_mount_is_refused ... ok
[INFO] [stdout] test session::key::tests::a_versioned_mount_addresses_the_key_in_it ... ok
[INFO] [stdout] test crypto::keys::tests::the_refusal_names_the_rollback_when_history_is_kept ... ok
[INFO] [stdout] test session::key::tests::a_mount_without_history_is_refused_by_name ... ok
[INFO] [stdout] test crypto::keys::tests::unreadable_retention_metadata_refuses_the_overwrite ... ok
[INFO] [stdout] test storage::commands::tests::a_file_without_a_certificate_is_refused ... ok
[INFO] [stdout] test logical::kv_commands::tests::rolling_back_to_a_deleted_version_is_refused ... ok
[INFO] [stdout] test logical::kv_commands::tests::rolling_back_to_a_destroyed_version_is_refused ... ok
[INFO] [stdout] test storage::commands::tests::the_command_line_overrides_the_block ... ok
[INFO] [stdout] test storage::commands::tests::a_certificate_only_artifact_is_removed_without_an_option ... ok
[INFO] [stdout] test storage::local::tests::an_artifact_on_disk_is_listed ... ok
[INFO] [stdout] test storage::local::tests::a_foreign_cluster_leads_but_does_not_suppress_the_key_route ... ok
[INFO] [stdout] pki_mount	pki
[INFO] [stdout] cn	leaf-client
[INFO] [stdout] serial	aa01
[INFO] [stdout] readable	no
[INFO] [stdout] path	/opt/rustwide/target/storage-tests/show-unreadable/pki/leaf-client/aa01
[INFO] [stdout] sealed_by.cluster_id	sealing-cluster
[INFO] [stdout] sealed_by.address	http://127.0.0.1:40123/
[INFO] [stdout] file.ca_chain.pem.enc	28
[INFO] [stdout] file.certificate.pem.enc	797
[INFO] [stdout] file.metadata.yaml.enc	444
[INFO] [stdout] file.sealed-by	61
[INFO] [stdout] test storage::commands::tests::without_provenance_the_unknown_fields_are_absent ... ok
[INFO] [stdout] test storage::provenance::tests::a_block_round_trips_through_the_pem_scanner ... ok
[INFO] [stdout] test storage::local::tests::a_file_where_a_directory_belongs_is_reported ... ok
[INFO] [stdout] test storage::provenance::tests::a_damaged_block_is_an_error_not_an_absence ... ok
[INFO] [stdout] test storage::commands::tests::importing_over_an_existing_entry_is_refused ... ok
[INFO] [stdout] test storage::local::tests::an_unrecorded_cluster_is_not_a_mismatch ... ok
[INFO] [stdout] short	medium	very_long_column
[INFO] [stdout] a	bb	ccc
[INFO] [stdout] test storage::provenance::tests::a_file_without_a_block_reports_no_provenance ... ok
[INFO] [stdout] test storage::commands::tests::provenance_restores_what_no_certificate_records ... ok
[INFO] [stdout] short  medium  very_long_column
[INFO] [stdout] a      bb      ccc
[INFO] [stdout] test storage::commands::tests::a_key_bearing_artifact_needs_the_option_that_names_the_key ... ok
[INFO] [stdout] test storage::provenance::tests::an_unknown_version_is_refused_rather_than_read ... ok
[INFO] [stdout] test utils::output::tests::test_raw_output ... ok
[INFO] [stdout] test utils::partial::tests::a_field_failure_keeps_its_record ... ok
[INFO] [stdout] test utils::partial::tests::a_field_failure_is_refused_by_default_and_names_the_field ... ok
[INFO] [stdout] test storage::local::tests::a_stale_stored_expiry_is_overridden_by_the_certificate ... ok
[INFO] [stdout] pki_mount	pki
[INFO] [stdout] cn	leaf-client
[INFO] [stdout] serial	aa01
[INFO] [stdout] readable	no
[INFO] [stdout] path	/opt/rustwide/target/storage-tests/show-unreadable/pki/leaf-client/aa01
[INFO] [stdout] sealed_by.cluster_id	sealing-cluster
[INFO] [stdout] sealed_by.address	http://127.0.0.1:40123/
[INFO] [stdout] file.ca_chain.pem.enc	28
[INFO] [stdout] file.certificate.pem.enc	797
[INFO] [stdout] file.metadata.yaml.enc	444
[INFO] [stdout] test utils::output::tests::test_formatted_output ... file.sealed-by	61
[INFO] [stdout] ok
[INFO] [stdout] test utils::partial::tests::the_flag_yields_what_was_read ... ok
[INFO] [stdout] test utils::partial::tests::a_complete_answer_resolves_either_way ... ok
[INFO] [stdout] test utils::partial::tests::an_incomplete_answer_is_refused_by_default ... ok
[INFO] [stdout] test utils::pem::block_tests::a_block_closing_under_another_label_is_an_error ... ok
[INFO] [stdout] test utils::pem::block_tests::blocks_keep_their_labels_and_order ... ok
[INFO] [stdout] test utils::pem::block_tests::an_end_with_no_begin_names_the_real_problem ... ok
[INFO] [stdout] test utils::pem::block_tests::text_outside_a_block_is_ignored ... ok
[INFO] [stdout] test storage::local::tests::a_flat_common_name_directory_is_reported_not_skipped ... ok
[INFO] [stdout] test utils::pem::tests::a_block_that_does_not_parse_is_an_error ... ok
[INFO] [stdout] test utils::pem::tests::a_truncated_block_is_an_error_not_a_shorter_chain ... ok
[INFO] [stdout] test utils::pem::tests::pem_private_key_ends_with_exactly_one_newline ... ok
[INFO] [stdout] test utils::pem::tests::concatenated_leaf_and_ca_reparse ... ok
[INFO] [stdout] test utils::pem::tests::pem_certificate_ends_with_exactly_one_newline ... ok
[INFO] [stdout] test utils::pem::tests::without_root_is_a_noop_when_root_is_absent ... ok
[INFO] [stdout] test utils::pem::tests::without_root_drops_only_the_self_signed_certificate ... ok
[INFO] [stdout] test utils::pem::tests::self_signed_detects_root_only ... ok
[INFO] [stdout] test storage::commands::tests::show_reports_an_unreadable_artifact_rather_than_failing ... ok
[INFO] [stdout] test storage::commands::tests::an_unreadable_key_bearing_artifact_needs_both_options ... ok
[INFO] [stdout] test storage::local::tests::resolution_is_unambiguous_or_an_error ... ok
[INFO] [stdout] test storage::local::tests::an_incomplete_directory_is_refused_and_then_allowed ... ok
[INFO] [stdout] test storage::local::tests::artifacts_sharing_an_expiry_come_back_in_a_stable_order ... ok
[INFO] [stdout] test storage::local::tests::key_material_is_graded_by_length_not_presence ... ok
[INFO] [stdout] 
[INFO] [stdout] failures:
[INFO] [stdout] 
[INFO] [stdout] ---- confinement::the_unit_tests_cannot_write_outside_the_build_directory stdout ----
[INFO] [stdout] 
[INFO] [stdout] thread 'confinement::the_unit_tests_cannot_write_outside_the_build_directory' (4398) panicked at src/lib.rs:83:27:
[INFO] [stdout] assertion `left == right` failed: /root/.local/share/vault-rs/key-mount.yaml was refused for the wrong reason: No such file or directory (os error 2)
[INFO] [stdout]   left: NotFound
[INFO] [stdout]  right: PermissionDenied
[INFO] [stdout] stack backtrace:
[INFO] [stdout]    0:     0x5718275411e1 - <<std[70759c8f55707aa4]::sys::backtrace::BacktraceLock>::print::DisplayBacktrace as core[df12db4294e9bfd3]::fmt::Display>::fmt
[INFO] [stdout]    1:     0x57182755af0a - core[df12db4294e9bfd3]::fmt::write
[INFO] [stdout]    2:     0x571827546b1c - <alloc[2182bb758b4b3781]::vec::Vec<u8> as core[df12db4294e9bfd3]::io::write::Write>::write_fmt
[INFO] [stdout]    3:     0x571827518526 - std[70759c8f55707aa4]::panicking::default_hook::{closure#0}
[INFO] [stdout]    4:     0x5718275374a9 - std[70759c8f55707aa4]::panicking::default_hook
[INFO] [stdout]    5:     0x571826ffd780 - test[9d35eded1c95d3be]::test_main_inner::<test[9d35eded1c95d3be]::test_main_static::{closure#0}>::{closure#0}
[INFO] [stdout]    6:     0x5718275377d2 - std[70759c8f55707aa4]::panicking::panic_with_hook
[INFO] [stdout]    7:     0x5718275185d2 - std[70759c8f55707aa4]::panicking::panic_handler::{closure#0}
[INFO] [stdout]    8:     0x571827510999 - std[70759c8f55707aa4]::sys::backtrace::__rust_end_short_backtrace::<std[70759c8f55707aa4]::panicking::panic_handler::{closure#0}, !>
[INFO] [stdout]    9:     0x57182751958d - __rustc[8fa7c3cbc660c2b3]::rust_begin_unwind
[INFO] [stdout]   10:     0x57182755b66c - core[df12db4294e9bfd3]::panicking::panic_fmt
[INFO] [stdout]   11:     0x57182755b5e3 - core[df12db4294e9bfd3]::panicking::assert_failed_inner
[INFO] [stdout]   12:     0x571826ee96c4 - core[df12db4294e9bfd3]::panicking::assert_failed::<core[df12db4294e9bfd3]::io::error::ErrorKind, core[df12db4294e9bfd3]::io::error::ErrorKind>
[INFO] [stdout]   13:     0x571826e61092 - vault_rs[d59aaa4521c175d1]::confinement::the_unit_tests_cannot_write_outside_the_build_directory
[INFO] [stdout]   14:     0x571826f4d579 - <vault_rs[d59aaa4521c175d1]::confinement::the_unit_tests_cannot_write_outside_the_build_directory::{closure#0} as core[df12db4294e9bfd3]::ops::function::FnOnce<()>>::call_once
[INFO] [stdout]   15:     0x571826ff0a6b - test[9d35eded1c95d3be]::__rust_begin_short_backtrace::<core[df12db4294e9bfd3]::result::Result<(), alloc[2182bb758b4b3781]::string::String>, fn() -> core[df12db4294e9bfd3]::result::Result<(), alloc[2182bb758b4b3781]::string::String>>
[INFO] [stdout]   16:     0x571826ffe0d5 - test[9d35eded1c95d3be]::run_test::{closure#0}
[INFO] [stdout]   17:     0x571826ff7994 - std[70759c8f55707aa4]::sys::backtrace::__rust_begin_short_backtrace::<test[9d35eded1c95d3be]::run_test::{closure#1}, ()>
[INFO] [stdout]   18:     0x571827001232 - <std[70759c8f55707aa4]::thread::lifecycle::spawn_unchecked<test[9d35eded1c95d3be]::run_test::{closure#1}, ()>::{closure#1} as core[df12db4294e9bfd3]::ops::function::FnOnce<()>>::call_once::{shim:vtable#0}
[INFO] [stdout]   19:     0x57182753fc39 - <std[70759c8f55707aa4]::sys::thread::unix::Thread>::new::thread_start
[INFO] [stdout]   20:     0x7d8693c8fdfa - <unknown>
[INFO] [stdout]   21:     0x7d8693d233d4 - clone
[INFO] [stdout]   22:                0x0 - <unknown>
[INFO] [stdout] 
[INFO] [stdout] 
[INFO] [stdout] failures:
[INFO] [stdout]     confinement::the_unit_tests_cannot_write_outside_the_build_directory
[INFO] [stdout] 
[INFO] [stdout] test result: FAILED. 162 passed; 1 failed; 0 ignored; 0 measured; 0 filtered out; finished in 0.04s
[INFO] [stdout] 
[INFO] [stderr] error: test failed, to rerun pass `--lib`
[INFO] running `Command { std: "docker" "inspect" "67a2e65960e2d0753d0a62dd2ede17172b8070399d508909a3c44034416c3ec3", kill_on_drop: false }`
[INFO] running `Command { std: "docker" "rm" "-f" "67a2e65960e2d0753d0a62dd2ede17172b8070399d508909a3c44034416c3ec3", kill_on_drop: false }`
[INFO] [stdout] 67a2e65960e2d0753d0a62dd2ede17172b8070399d508909a3c44034416c3ec3
