[INFO] fetching crate varyk-sql 0.4.0...
[INFO] testing varyk-sql-0.4.0 against 1.100.0-beta.1+cargoflags=--release for beta-release-1.100-2
[INFO] extracting crate varyk-sql 0.4.0 into /workspace/builds/worker-4-tc2/source
[INFO] started tweaking crates.io crate varyk-sql 0.4.0
[INFO] finished tweaking crates.io crate varyk-sql 0.4.0
[INFO] tweaked toml for crates.io crate varyk-sql 0.4.0 written to /workspace/builds/worker-4-tc2/source/Cargo.toml
[INFO] validating manifest of crates.io crate varyk-sql 0.4.0 on toolchain 1.100.0-beta.1
[INFO] running `Command { std: CARGO_HOME="/workspace/cargo-home" RUSTUP_HOME="/workspace/rustup-home" "/workspace/cargo-home/bin/cargo" "+1.100.0-beta.1" "metadata" "--manifest-path" "Cargo.toml" "--no-deps", kill_on_drop: false }`
[INFO] crate crates.io crate varyk-sql 0.4.0 already has a lockfile, it will not be regenerated
[INFO] running `Command { std: CARGO_HOME="/workspace/cargo-home" RUSTUP_HOME="/workspace/rustup-home" "/workspace/cargo-home/bin/cargo" "+1.100.0-beta.1" "fetch" "--manifest-path" "Cargo.toml", kill_on_drop: false }`
[INFO] running `Command { std: "docker" "create" "-v" "/var/lib/crater-agent-workspace/builds/worker-4-tc2/source:/opt/rustwide/workdir:ro,Z" "-v" "/var/lib/crater-agent-workspace/builds/worker-4-tc2/target:/opt/rustwide/target:rw,Z" "-v" "/var/lib/crater-agent-workspace/cargo-home:/opt/rustwide/cargo-home:ro,Z" "-v" "/var/lib/crater-agent-workspace/rustup-home:/opt/rustwide/rustup-home:ro,Z" "-m" "1610612736" "--network" "none" "ghcr.io/rust-lang/crates-build-env/linux@sha256:77db811e55d90add9212f6832c23229e3de5f1c1f9905e8cb07319ea15df73ac" "sleep" "infinity", kill_on_drop: false }`
[INFO] [stdout] 36ee81857f8a9b96d582a7eae70bd33f943d7f115982ceede9fa5d450ffccabe
[INFO] running `Command { std: "docker" "start" "36ee81857f8a9b96d582a7eae70bd33f943d7f115982ceede9fa5d450ffccabe", kill_on_drop: false }`
[INFO] running `Command { std: "docker" "inspect" "36ee81857f8a9b96d582a7eae70bd33f943d7f115982ceede9fa5d450ffccabe", kill_on_drop: false }`
[INFO] running `Command { std: "docker" "exec" "-e" "SOURCE_DIR=/opt/rustwide/workdir" "-e" "CARGO_HOME=/opt/rustwide/cargo-home" "-e" "RUSTUP_HOME=/opt/rustwide/rustup-home" "-e" "CARGO_TARGET_DIR=/opt/rustwide/target" "-w" "/opt/rustwide/workdir" "--user" "0:0" "36ee81857f8a9b96d582a7eae70bd33f943d7f115982ceede9fa5d450ffccabe" "/opt/rustwide/cargo-home/bin/cargo" "+1.100.0-beta.1" "metadata" "--no-deps" "--format-version=1", kill_on_drop: false }`
[INFO] running `Command { std: "docker" "inspect" "36ee81857f8a9b96d582a7eae70bd33f943d7f115982ceede9fa5d450ffccabe", kill_on_drop: false }`
[INFO] running `Command { std: "docker" "exec" "-e" "SOURCE_DIR=/opt/rustwide/workdir" "-e" "CARGO_HOME=/opt/rustwide/cargo-home" "-e" "RUSTUP_HOME=/opt/rustwide/rustup-home" "-e" "CARGO_TARGET_DIR=/opt/rustwide/target" "-e" "CARGO_INCREMENTAL=0" "-e" "RUST_BACKTRACE=full" "-e" "RUSTFLAGS=--cap-lints=warn" "-e" "RUSTDOCFLAGS=--cap-lints=warn" "-w" "/opt/rustwide/workdir" "--user" "0:0" "36ee81857f8a9b96d582a7eae70bd33f943d7f115982ceede9fa5d450ffccabe" "/opt/rustwide/cargo-home/bin/cargo" "+1.100.0-beta.1" "build" "--frozen" "--message-format=json" "--release", kill_on_drop: false }`
[INFO] [stderr]    Compiling unicode-ident v1.0.26
[INFO] [stderr]    Compiling libc v0.2.190
[INFO] [stderr]    Compiling stable_deref_trait v1.2.1
[INFO] [stderr]    Compiling shlex v2.0.1
[INFO] [stderr]    Compiling find-msvc-tools v0.1.14
[INFO] [stderr]    Compiling serde_core v1.0.229
[INFO] [stderr]    Compiling litemap v0.8.3
[INFO] [stderr]    Compiling writeable v0.6.4
[INFO] [stderr]    Compiling futures-core v0.3.34
[INFO] [stderr]    Compiling proc-macro2 v1.0.107
[INFO] [stderr]    Compiling smallvec v1.16.3
[INFO] [stderr]    Compiling cc v1.7.0
[INFO] [stderr]    Compiling generic-array v0.14.7
[INFO] [stderr]    Compiling icu_normalizer_data v2.1.1
[INFO] [stderr]    Compiling icu_properties_data v2.1.2
[INFO] [stderr]    Compiling futures-sink v0.3.34
[INFO] [stderr]    Compiling typenum v1.20.1
[INFO] [stderr]    Compiling scopeguard v1.2.0
[INFO] [stderr]    Compiling serde v1.0.229
[INFO] [stderr]    Compiling zeroize v1.9.1
[INFO] [stderr]    Compiling lock_api v0.4.14
[INFO] [stderr]    Compiling rustls-pki-types v1.15.1
[INFO] [stderr]    Compiling quote v1.0.47
[INFO] [stderr]    Compiling memchr v2.8.3
[INFO] [stderr]    Compiling syn v3.0.7
[INFO] [stderr]    Compiling parking_lot_core v0.9.12
[INFO] [stderr]    Compiling getrandom v0.4.3
[INFO] [stderr]    Compiling syn v2.0.119
[INFO] [stderr]    Compiling equivalent v1.0.2
[INFO] [stderr]    Compiling percent-encoding v2.3.2
[INFO] [stderr]    Compiling getrandom v0.2.17
[INFO] [stderr]    Compiling mio v1.2.4
[INFO] [stderr]    Compiling socket2 v0.6.5
[INFO] [stderr]    Compiling futures-io v0.3.34
[INFO] [stderr]    Compiling time-core v0.1.7
[INFO] [stderr]    Compiling num-conv v0.1.0
[INFO] [stderr]    Compiling powerfmt v0.2.1
[INFO] [stderr]    Compiling bytes v1.12.1
[INFO] [stderr]    Compiling ring v0.17.14
[INFO] [stderr]    Compiling untrusted v0.9.0
[INFO] [stderr]    Compiling crossbeam-utils v0.8.23
[INFO] [stderr]    Compiling futures-util v0.3.34
[INFO] [stderr]    Compiling deranged v0.5.8
[INFO] [stderr]    Compiling time-macros v0.2.25
[INFO] [stderr]    Compiling synstructure v0.14.0
[INFO] [stderr]    Compiling tokio v1.53.2
[INFO] [stderr]    Compiling crypto-common v0.1.7
[INFO] [stderr]    Compiling block-buffer v0.10.4
[INFO] [stderr]    Compiling form_urlencoded v1.2.2
[INFO] [stderr]    Compiling num-traits v0.2.19
[INFO] [stderr]    Compiling pkg-config v0.3.34
[INFO] [stderr]    Compiling vcpkg v0.2.15
[INFO] [stderr]    Compiling zerofrom-derive v0.1.8
[INFO] [stderr]    Compiling yoke-derive v0.8.4
[INFO] [stderr]    Compiling zerovec-derive v0.11.6
[INFO] [stderr]    Compiling displaydoc v0.2.7
[INFO] [stderr]    Compiling zerofrom v0.1.8
[INFO] [stderr]    Compiling serde_derive v1.0.229
[INFO] [stderr]    Compiling yoke v0.8.3
[INFO] [stderr]    Compiling foldhash v0.1.5
[INFO] [stderr]    Compiling zerotrie v0.2.5
[INFO] [stderr]    Compiling allocator-api2 v0.2.21
[INFO] [stderr]    Compiling rustls v0.23.45
[INFO] [stderr]    Compiling thiserror v2.0.21
[INFO] [stderr]    Compiling zerovec v0.11.8
[INFO] [stderr]    Compiling log v0.4.34
[INFO] [stderr]    Compiling utf8_iter v1.0.4
[INFO] [stderr]    Compiling hashbrown v0.15.5
[INFO] [stderr]    Compiling time v0.3.45
[INFO] [stderr]    Compiling libsqlite3-sys v0.30.1
[INFO] [stderr]    Compiling thiserror-impl v2.0.21
[INFO] [stderr]    Compiling tinystr v0.8.4
[INFO] [stderr]    Compiling icu_locale_core v2.1.1
[INFO] [stderr]    Compiling potential_utf v0.1.6
[INFO] [stderr]    Compiling tracing-attributes v0.1.31
[INFO] [stderr]    Compiling icu_collections v2.1.1
[INFO] [stderr]    Compiling parking_lot v0.12.5
[INFO] [stderr]    Compiling uuid v1.26.1
[INFO] [stderr]    Compiling icu_provider v2.1.1
[INFO] [stderr]    Compiling icu_normalizer v2.1.1
[INFO] [stderr]    Compiling icu_properties v2.1.2
[INFO] [stderr]    Compiling tracing v0.1.44
[INFO] [stderr]    Compiling digest v0.10.7
[INFO] [stderr]    Compiling webpki-roots v1.0.9
[INFO] [stderr]    Compiling subtle v2.6.1
[INFO] [stderr]    Compiling base64 v0.22.1
[INFO] [stderr]    Compiling idna_adapter v1.2.1
[INFO] [stderr]    Compiling idna v1.1.0
[INFO] [stderr]    Compiling hashbrown v0.17.1
[INFO] [stderr]    Compiling cpufeatures v0.2.17
[INFO] [stderr]    Compiling parking v2.2.1
[INFO] [stderr]    Compiling crc-catalog v2.5.0
[INFO] [stderr]    Compiling crc v3.4.0
[INFO] [stderr]    Compiling event-listener v5.4.2
[INFO] [stderr]    Compiling sha2 v0.10.9
[INFO] [stderr]    Compiling url v2.5.8
[INFO] [stderr]    Compiling webpki-roots v0.26.11
[INFO] [stderr]    Compiling tokio-stream v0.1.19
[INFO] [stderr]    Compiling crossbeam-queue v0.3.14
[INFO] [stderr]    Compiling indexmap v2.14.2
[INFO] [stderr]    Compiling either v1.19.0
[INFO] [stderr]    Compiling futures-intrusive v0.5.0
[INFO] [stderr]    Compiling hashlink v0.10.0
[INFO] [stderr]    Compiling spin v0.9.9
[INFO] [stderr]    Compiling lazy_static v1.5.1
[INFO] [stderr]    Compiling serde_json v1.0.151
[INFO] [stderr]    Compiling ryu v1.0.23
[INFO] [stderr]    Compiling sharded-slab v0.1.7
[INFO] [stderr]    Compiling serde_urlencoded v0.7.1
[INFO] [stderr]    Compiling flume v0.11.1
[INFO] [stderr]    Compiling atoi v2.0.0
[INFO] [stderr]    Compiling futures-executor v0.3.34
[INFO] [stderr]    Compiling futures-channel v0.3.34
[INFO] [stderr]    Compiling thread_local v1.1.10
[INFO] [stderr]    Compiling tracing-subscriber v0.3.23
[INFO] [stderr]    Compiling varyk-std v0.8.0
[INFO] [stderr]    Compiling rustls-webpki v0.103.15
[INFO] [stderr]    Compiling sqlx-core v0.8.6
[INFO] [stderr]    Compiling sqlx-sqlite v0.8.6
[INFO] [stderr]    Compiling sqlx v0.8.6
[INFO] [stderr]    Compiling varyk-sql v0.4.0 (/opt/rustwide/workdir)
[INFO] [stderr]     Finished `release` profile [optimized] target(s) in 4m 03s
[INFO] running `Command { std: "docker" "inspect" "36ee81857f8a9b96d582a7eae70bd33f943d7f115982ceede9fa5d450ffccabe", kill_on_drop: false }`
[INFO] running `Command { std: "docker" "exec" "-e" "SOURCE_DIR=/opt/rustwide/workdir" "-e" "CARGO_HOME=/opt/rustwide/cargo-home" "-e" "RUSTUP_HOME=/opt/rustwide/rustup-home" "-e" "CARGO_TARGET_DIR=/opt/rustwide/target" "-e" "CARGO_INCREMENTAL=0" "-e" "RUST_BACKTRACE=full" "-e" "RUSTFLAGS=--cap-lints=warn" "-e" "RUSTDOCFLAGS=--cap-lints=warn" "-w" "/opt/rustwide/workdir" "--user" "0:0" "36ee81857f8a9b96d582a7eae70bd33f943d7f115982ceede9fa5d450ffccabe" "/opt/rustwide/cargo-home/bin/cargo" "+1.100.0-beta.1" "test" "--frozen" "--no-run" "--message-format=json" "--release", kill_on_drop: false }`
[INFO] [stderr]    Compiling varyk-sql v0.4.0 (/opt/rustwide/workdir)
[INFO] [stderr]     Finished `release` profile [optimized] target(s) in 1m 01s
[INFO] running `Command { std: "docker" "inspect" "36ee81857f8a9b96d582a7eae70bd33f943d7f115982ceede9fa5d450ffccabe", kill_on_drop: false }`
[INFO] running `Command { std: "docker" "exec" "-e" "SOURCE_DIR=/opt/rustwide/workdir" "-e" "CARGO_HOME=/opt/rustwide/cargo-home" "-e" "RUSTUP_HOME=/opt/rustwide/rustup-home" "-e" "CARGO_TARGET_DIR=/opt/rustwide/target" "-e" "CARGO_INCREMENTAL=0" "-e" "RUST_BACKTRACE=full" "-e" "RUSTFLAGS=--cap-lints=warn" "-e" "RUSTDOCFLAGS=--cap-lints=warn" "-w" "/opt/rustwide/workdir" "--user" "0:0" "36ee81857f8a9b96d582a7eae70bd33f943d7f115982ceede9fa5d450ffccabe" "/opt/rustwide/cargo-home/bin/cargo" "+1.100.0-beta.1" "test" "--frozen" "--release", kill_on_drop: false }`
[INFO] [stderr]     Finished `release` profile [optimized] target(s) in 0.24s
[INFO] [stderr]      Running unittests src/lib.rs (/opt/rustwide/target/release/build/varyk-sql/da71326fc65dcd0a/out/varyk_sql-da71326fc65dcd0a)
[INFO] [stdout] 
[INFO] [stdout] running 107 tests
[INFO] [stdout] test db::tests::a_database_error_keeps_the_message_and_drops_the_detail ... ok
[INFO] [stdout] test db::tests::a_database_error_while_connecting_says_so_and_drops_the_detail ... ok
[INFO] [stdout] test db::tests::a_dollar_after_non_ascii_text_keeps_its_place ... ok
[INFO] [stdout] test db::tests::a_dollar_inside_a_name_is_no_placeholder ... ok
[INFO] [stdout] test db::tests::a_field_refusal_drops_the_field_text ... ok
[INFO] [stdout] test db::tests::a_migration_history_error_names_the_version ... ok
[INFO] [stdout] test db::tests::a_missing_column_is_named ... ok
[INFO] [stdout] test db::tests::a_missing_folder_is_named_with_the_cause ... ok
[INFO] [stdout] test db::tests::a_failed_tls_handshake_names_neither_the_url_nor_the_password ... ok
[INFO] [stdout] test db::tests::a_protocol_error_while_connecting_gives_a_fixed_message ... ok
[INFO] [stdout] test db::tests::a_number_too_large_is_found_without_one ... ok
[INFO] [stdout] test db::tests::a_quote_or_comment_that_never_closes_is_an_error ... ok
[INFO] [stdout] test db::tests::an_unreachable_database_names_neither_the_url_nor_the_password ... ok
[INFO] [stdout] test db::tests::a_failed_migration_names_its_version_and_drops_the_detail ... ok
[INFO] [stdout] test db::tests::a_question_mark_outside_quotes_is_found ... ok
[INFO] [stdout] test db::tests::a_column_that_cannot_be_decoded_is_named_without_the_driver_text ... ok
[INFO] [stdout] test db::tests::dollar_placeholders_are_found_with_their_places ... ok
[INFO] [stdout] test db::tests::each_database_keeps_its_own_rules ... ok
[INFO] [stdout] test db::tests::a_connection_failure_while_migrating_names_no_secret ... ok
[INFO] [stdout] test db::tests::a_column_out_of_bounds_names_both_counts ... ok
[INFO] [stdout] test db::tests::every_call_gives_a_future_that_can_move_between_threads ... ok
[INFO] [stdout] test db::tests::every_other_error_gives_a_fixed_message ... ok
[INFO] [stdout] test db::tests::a_bad_url_names_neither_the_url_nor_the_password ... ok
[INFO] [stdout] test db::tests::in_memory_names_only_an_in_memory_sqlite_database ... ok
[INFO] [stdout] test db::tests::no_row_gives_a_fixed_message ... ok
[INFO] [stdout] test db::tests::the_checks_give_their_messages_in_order ... ok
[INFO] [stdout] test db::tests::quotes_names_and_comments_hold_text_on_mysql ... ok
[INFO] [stdout] test db::tests::quotes_names_and_comments_hold_text_on_sqlite ... ok
[INFO] [stdout] test db::tests::sqlite_time_writes_six_fraction_digits_both_ways ... ok
[INFO] [stdout] test tests::a_committed_transaction_keeps_its_rows ... FAILED
[INFO] [stdout] test tests::a_commit_after_a_failed_statement_rolls_back_and_is_an_error ... FAILED
[INFO] [stdout] test tests::a_bool_field_reads_zero_and_one ... FAILED
[INFO] [stdout] test tests::a_dropped_transaction_leaves_no_row ... FAILED
[INFO] [stdout] test tests::a_failed_migration_releases_the_lock ... ok
[INFO] [stdout] test tests::a_float_column_reads_into_an_integer_field_only_when_whole ... FAILED
[INFO] [stdout] test tests::a_finished_transaction_refuses_commit_and_queries ... FAILED
[INFO] [stdout] test tests::a_generated_id_reads_through_returning ... ok
[INFO] [stdout] test db::tests::text_with_nothing_to_find_scans_clean ... ok
[INFO] [stdout] test tests::a_malformed_uuid_is_an_error_naming_the_column_not_the_text ... FAILED
[INFO] [stdout] test tests::a_malformed_sqlite_time_is_an_error_naming_the_column_not_the_text ... FAILED
[INFO] [stdout] test tests::a_list_or_a_nested_struct_is_not_read_from_a_row ... FAILED
[INFO] [stdout] test tests::a_mysql_enum_column_reads_into_a_string ... ok
[INFO] [stdout] test tests::a_mysql_binary_collation_column_reads_into_a_string ... ok
[INFO] [stdout] test tests::a_mysql_text_column_reads_into_a_string ... ok
[INFO] [stdout] test tests::a_failed_migration_is_an_error_naming_its_version ... FAILED
[INFO] [stdout] test tests::a_dollar_in_quotes_names_and_comments_is_text ... ok
[INFO] [stdout] test tests::a_mysql_generated_id_reads_inside_the_transaction ... ok
[INFO] [stdout] test tests::a_mysql_tinyint_mediumint_and_boolean_read_with_no_cast ... ok
[INFO] [stdout] test tests::a_postgres_jsonb_question_mark_is_an_operator ... ok
[INFO] [stdout] test tests::a_postgres_boolean_takes_none_and_true_with_no_cast ... ok
[INFO] [stdout] test tests::a_placeholder_the_database_reads_differently_fails_the_count_check ... ok
[INFO] [stdout] test tests::a_missing_column_is_an_error_naming_the_field ... FAILED
[INFO] [stdout] test tests::a_mysql_unsigned_integer_reads_with_no_cast ... ok
[INFO] [stdout] test tests::a_none_value_binds_null ... FAILED
[INFO] [stdout] test tests::a_mysql_zero_date_is_an_error_naming_the_column ... ok
[INFO] [stdout] test tests::a_postgres_optional_filter_takes_none_and_a_value_with_one_cast ... ok
[INFO] [stdout] test tests::a_statement_failing_after_its_first_row_is_an_error ... ok
[INFO] [stdout] test tests::a_read_error_in_a_transaction_does_not_stop_the_commit ... FAILED
[INFO] [stdout] test tests::a_postgres_void_reads_as_none ... ok
[INFO] [stdout] test tests::a_postgres_time_out_of_range_is_an_error_naming_the_column ... ok
[INFO] [stdout] test tests::a_postgres_none_with_no_type_is_a_database_error ... ok
[INFO] [stdout] test tests::a_statement_on_a_missing_table_fails_the_transaction ... FAILED
[INFO] [stdout] test tests::a_statement_run_with_none_then_a_value_stores_the_value ... FAILED
[INFO] [stdout] test tests::a_question_mark_in_a_string_beside_a_dollar_is_text ... FAILED
[INFO] [stdout] test tests::a_timestamp_with_no_zone_reads_into_the_time_written ... ok
[INFO] [stdout] test tests::a_time_a_uuid_and_bytes_bind_and_find_their_row ... FAILED
[INFO] [stdout] test tests::a_time_a_uuid_and_bytes_read_back_equal ... FAILED
[INFO] [stdout] test tests::a_time_before_1970_with_a_fraction_is_the_same_instant ... FAILED
[INFO] [stdout] test tests::a_stopped_task_rolls_its_transaction_back ... FAILED
[INFO] [stdout] test tests::a_sqlite_time_binds_as_fixed_width_text ... FAILED
[INFO] [stdout] test tests::an_integer_column_reads_into_a_float_field ... FAILED
[INFO] [stdout] test tests::a_question_mark_query_with_a_dollar_in_a_string_works ... FAILED
[INFO] [stdout] test tests::an_in_memory_database_is_one_database_for_the_pool ... FAILED
[INFO] [stdout] test tests::a_time_and_a_uuid_read_into_a_string ... FAILED
[INFO] [stdout] test tests::a_transaction_checks_the_placeholder_count ... FAILED
[INFO] [stdout] test tests::all_reads_rows_by_column_name_and_ignores_extra_columns ... FAILED
[INFO] [stdout] test tests::a_uuid_binds_as_its_lower_case_text_off_postgres ... FAILED
[INFO] [stdout] test tests::an_integer_out_of_the_field_range_is_an_error_naming_the_column ... FAILED
[INFO] [stdout] test tests::an_unclosed_quote_or_comment_is_an_error ... ok
[INFO] [stdout] test tests::dollar_placeholders_are_checked_before_the_query_is_sent ... ok
[INFO] [stdout] test tests::a_transaction_reads_its_own_write ... FAILED
[INFO] [stdout] test tests::connect_with_no_connections_is_an_error ... ok
[INFO] [stdout] test tests::an_unread_column_of_an_unlisted_type_is_not_looked_at ... FAILED
[INFO] [stdout] test tests::an_upper_case_scheme_names_the_same_database ... FAILED
[INFO] [stdout] test tests::dollar_placeholders_bind_in_order_out_of_order_and_repeated ... FAILED
[INFO] [stdout] test tests::connect_with_one_connection_gives_a_pool ... ok
[INFO] [stdout] test tests::dollar_placeholders_work_in_a_transaction_and_their_errors_leave_it_usable ... FAILED
[INFO] [stdout] test tests::empty_bytes_bind_as_no_bytes_not_null ... FAILED
[INFO] [stdout] test tests::migrate_on_a_missing_folder_is_an_error_naming_it ... ok
[INFO] [stdout] test tests::migrate_applies_the_schema_and_a_second_run_changes_nothing ... FAILED
[INFO] [stdout] test tests::malformed_url_is_an_error_without_the_url ... ok
[INFO] [stdout] test tests::first_gives_none_on_no_row_and_the_first_of_two ... FAILED
[INFO] [stdout] test tests::one_on_no_row_is_an_error ... FAILED
[INFO] [stdout] test tests::each_database_reads_its_own_quotes_and_comments ... ok
[INFO] [stdout] test tests::missing_driver_is_an_error_without_the_url ... ok
[INFO] [stdout] test tests::rename_maps_a_field_to_a_column ... FAILED
[INFO] [stdout] test tests::run_gives_the_rows_changed ... FAILED
[INFO] [stdout] test tests::one_reads_a_struct_a_scalar_and_an_optional_scalar ... FAILED
[INFO] [stdout] test tests::the_slashed_in_memory_url_is_one_database_for_the_pool ... FAILED
[INFO] [stdout] test tests::sixteen_bytes_read_into_a_uuid_and_into_bytes ... FAILED
[INFO] [stdout] test tests::none_binds_null_into_time_uuid_and_bytes_columns ... FAILED
[INFO] [stdout] test tests::text_into_an_integer_column_is_a_database_error ... FAILED
[INFO] [stdout] test tests::null_reads_as_none_and_is_an_error_naming_the_column_otherwise ... FAILED
[INFO] [stdout] test tests::zero_one_and_three_values_bind ... FAILED
[INFO] [stdout] test tests::unreachable_database_is_an_error_without_the_path ... ok
[INFO] [stdout] test tests::too_few_values_are_an_error_and_too_many_one_off_postgres ... FAILED
[INFO] [stdout] test tests::times_come_back_in_time_order ... FAILED
[INFO] [stdout] 
[INFO] [stdout] failures:
[INFO] [stdout] 
[INFO] [stdout] ---- tests::a_committed_transaction_keeps_its_rows stdout ----
[INFO] [stdout] 
[INFO] [stdout] thread 'tests::a_committed_transaction_keeps_its_rows' (2218) panicked at src/tests.rs:1013:92:
[INFO] [stdout] assertion failed at src/tests.vr:868: left is cannot read the migrations in `migrations/sqlite`: No such file or directory (os error 2), right is no error
[INFO] [stdout] stack backtrace:
[INFO] [stdout]    0:     0x55d6c17e6851 - <<std[617be2ca0a6fd877]::sys::backtrace::BacktraceLock>::print::DisplayBacktrace as core[a373ad73a504971]::fmt::Display>::fmt
[INFO] [stdout]    1:     0x55d6c17fc23a - core[a373ad73a504971]::fmt::write
[INFO] [stdout]    2:     0x55d6c17eaecc - <alloc[2e1b2a31b91974c5]::vec::Vec<u8> as core[a373ad73a504971]::io::write::Write>::write_fmt
[INFO] [stdout]    3:     0x55d6c17c1a26 - std[617be2ca0a6fd877]::panicking::default_hook::{closure#0}
[INFO] [stdout]    4:     0x55d6c17de3e9 - std[617be2ca0a6fd877]::panicking::default_hook
[INFO] [stdout]    5:     0x55d6c1553fb0 - test[aada8e7e76ba119b]::test_main_inner::{closure#0}
[INFO] [stdout]    6:     0x55d6c17de712 - std[617be2ca0a6fd877]::panicking::panic_with_hook
[INFO] [stdout]    7:     0x55d6c17c1ad2 - std[617be2ca0a6fd877]::panicking::panic_handler::{closure#0}
[INFO] [stdout]    8:     0x55d6c17ba589 - std[617be2ca0a6fd877]::sys::backtrace::__rust_end_short_backtrace::<std[617be2ca0a6fd877]::panicking::panic_handler::{closure#0}, !>
[INFO] [stdout]    9:     0x55d6c17c26dd - __rustc[ea4f61d10b84890b]::rust_begin_unwind
[INFO] [stdout]   10:     0x55d6c17fc99c - core[a373ad73a504971]::panicking::panic_fmt
[INFO] [stdout]   11:     0x55d6c1311203 - <tokio[76f870eb929d4886]::runtime::park::CachedParkThread>::block_on::<varyk_sql[e3b0892ab2063aa0]::tests::a_committed_transaction_keeps_its_rows::{closure#0}>
[INFO] [stdout]   12:     0x55d6c149618c - tokio[76f870eb929d4886]::runtime::context::runtime::enter_runtime::<<tokio[76f870eb929d4886]::runtime::scheduler::multi_thread::MultiThread>::block_on<varyk_sql[e3b0892ab2063aa0]::tests::a_committed_transaction_keeps_its_rows::{closure#0}>::{closure#0}, ()>
[INFO] [stdout]   13:     0x55d6c14bd5ae - <tokio[76f870eb929d4886]::runtime::runtime::Runtime>::block_on::<varyk_sql[e3b0892ab2063aa0]::tests::a_committed_transaction_keeps_its_rows::{closure#0}>
[INFO] [stdout]   14:     0x55d6c14e50c1 - varyk_std[b3aae85bc1f305b6]::runtime::run::<varyk_sql[e3b0892ab2063aa0]::tests::a_committed_transaction_keeps_its_rows::{closure#0}>
[INFO] [stdout]   15:     0x55d6c151b478 - <varyk_sql[e3b0892ab2063aa0]::tests::a_committed_transaction_keeps_its_rows::{closure#0} as core[a373ad73a504971]::ops::function::FnOnce<()>>::call_once
[INFO] [stdout]   16:     0x55d6c15473fb - test[aada8e7e76ba119b]::__rust_begin_short_backtrace::<core[a373ad73a504971]::result::Result<(), alloc[2e1b2a31b91974c5]::string::String>, fn() -> core[a373ad73a504971]::result::Result<(), alloc[2e1b2a31b91974c5]::string::String>>
[INFO] [stdout]   17:     0x55d6c15545d5 - test[aada8e7e76ba119b]::run_test::{closure#0}
[INFO] [stdout]   18:     0x55d6c154dec4 - std[617be2ca0a6fd877]::sys::backtrace::__rust_begin_short_backtrace::<test[aada8e7e76ba119b]::run_test::{closure#1}, ()>
[INFO] [stdout]   19:     0x55d6c1557662 - <std[617be2ca0a6fd877]::thread::lifecycle::spawn_unchecked<test[aada8e7e76ba119b]::run_test::{closure#1}, ()>::{closure#1} as core[a373ad73a504971]::ops::function::FnOnce<()>>::call_once::{shim:vtable#0}
[INFO] [stdout]   20:     0x55d6c17e5d0f - <std[617be2ca0a6fd877]::sys::thread::unix::Thread>::new::thread_start
[INFO] [stdout]   21:     0x702942aa7dfa - <unknown>
[INFO] [stdout]   22:     0x702942b3b3d4 - clone
[INFO] [stdout]   23:                0x0 - <unknown>
[INFO] [stdout] 
[INFO] [stdout] ---- tests::a_commit_after_a_failed_statement_rolls_back_and_is_an_error stdout ----
[INFO] [stdout] 
[INFO] [stdout] thread 'tests::a_commit_after_a_failed_statement_rolls_back_and_is_an_error' (2217) panicked at src/tests.rs:1186:92:
[INFO] [stdout] assertion failed at src/tests.vr:1018: left is cannot read the migrations in `migrations/sqlite`: No such file or directory (os error 2), right is no error
[INFO] [stdout] stack backtrace:
[INFO] [stdout]    0:     0x55d6c17e6851 - <<std[617be2ca0a6fd877]::sys::backtrace::BacktraceLock>::print::DisplayBacktrace as core[a373ad73a504971]::fmt::Display>::fmt
[INFO] [stdout]    1:     0x55d6c17fc23a - core[a373ad73a504971]::fmt::write
[INFO] [stdout]    2:     0x55d6c17eaecc - <alloc[2e1b2a31b91974c5]::vec::Vec<u8> as core[a373ad73a504971]::io::write::Write>::write_fmt
[INFO] [stdout]    3:     0x55d6c17c1a26 - std[617be2ca0a6fd877]::panicking::default_hook::{closure#0}
[INFO] [stdout]    4:     0x55d6c17de3e9 - std[617be2ca0a6fd877]::panicking::default_hook
[INFO] [stdout]    5:     0x55d6c1553fb0 - test[aada8e7e76ba119b]::test_main_inner::{closure#0}
[INFO] [stdout]    6:     0x55d6c17de712 - std[617be2ca0a6fd877]::panicking::panic_with_hook
[INFO] [stdout]    7:     0x55d6c17c1ad2 - std[617be2ca0a6fd877]::panicking::panic_handler::{closure#0}
[INFO] [stdout]    8:     0x55d6c17ba589 - std[617be2ca0a6fd877]::sys::backtrace::__rust_end_short_backtrace::<std[617be2ca0a6fd877]::panicking::panic_handler::{closure#0}, !>
[INFO] [stdout]    9:     0x55d6c17c26dd - __rustc[ea4f61d10b84890b]::rust_begin_unwind
[INFO] [stdout]   10:     0x55d6c17fc99c - core[a373ad73a504971]::panicking::panic_fmt
[INFO] [stdout]   11:     0x55d6c1349bdc - <tokio[76f870eb929d4886]::runtime::park::CachedParkThread>::block_on::<varyk_sql[e3b0892ab2063aa0]::tests::a_commit_after_a_failed_statement_rolls_back_and_is_an_error::{closure#0}>
[INFO] [stdout]   12:     0x55d6c149d41c - tokio[76f870eb929d4886]::runtime::context::runtime::enter_runtime::<<tokio[76f870eb929d4886]::runtime::scheduler::multi_thread::MultiThread>::block_on<varyk_sql[e3b0892ab2063aa0]::tests::a_commit_after_a_failed_statement_rolls_back_and_is_an_error::{closure#0}>::{closure#0}, ()>
[INFO] [stdout]   13:     0x55d6c14c24ce - <tokio[76f870eb929d4886]::runtime::runtime::Runtime>::block_on::<varyk_sql[e3b0892ab2063aa0]::tests::a_commit_after_a_failed_statement_rolls_back_and_is_an_error::{closure#0}>
[INFO] [stdout]   14:     0x55d6c14e9bc1 - varyk_std[b3aae85bc1f305b6]::runtime::run::<varyk_sql[e3b0892ab2063aa0]::tests::a_commit_after_a_failed_statement_rolls_back_and_is_an_error::{closure#0}>
[INFO] [stdout]   15:     0x55d6c151bf28 - <varyk_sql[e3b0892ab2063aa0]::tests::a_commit_after_a_failed_statement_rolls_back_and_is_an_error::{closure#0} as core[a373ad73a504971]::ops::function::FnOnce<()>>::call_once
[INFO] [stdout]   16:     0x55d6c15473fb - test[aada8e7e76ba119b]::__rust_begin_short_backtrace::<core[a373ad73a504971]::result::Result<(), alloc[2e1b2a31b91974c5]::string::String>, fn() -> core[a373ad73a504971]::result::Result<(), alloc[2e1b2a31b91974c5]::string::String>>
[INFO] [stdout]   17:     0x55d6c15545d5 - test[aada8e7e76ba119b]::run_test::{closure#0}
[INFO] [stdout]   18:     0x55d6c154dec4 - std[617be2ca0a6fd877]::sys::backtrace::__rust_begin_short_backtrace::<test[aada8e7e76ba119b]::run_test::{closure#1}, ()>
[INFO] [stdout]   19:     0x55d6c1557662 - <std[617be2ca0a6fd877]::thread::lifecycle::spawn_unchecked<test[aada8e7e76ba119b]::run_test::{closure#1}, ()>::{closure#1} as core[a373ad73a504971]::ops::function::FnOnce<()>>::call_once::{shim:vtable#0}
[INFO] [stdout]   20:     0x55d6c17e5d0f - <std[617be2ca0a6fd877]::sys::thread::unix::Thread>::new::thread_start
[INFO] [stdout]   21:     0x702942aa7dfa - <unknown>
[INFO] [stdout]   22:     0x702942b3b3d4 - clone
[INFO] [stdout]   23:                0x0 - <unknown>
[INFO] [stdout] 
[INFO] [stdout] ---- tests::a_bool_field_reads_zero_and_one stdout ----
[INFO] [stdout] 
[INFO] [stdout] thread 'tests::a_bool_field_reads_zero_and_one' (2216) panicked at src/tests.rs:447:92:
[INFO] [stdout] assertion failed at src/tests.vr:364: left is cannot read the migrations in `migrations/sqlite`: No such file or directory (os error 2), right is no error
[INFO] [stdout] stack backtrace:
[INFO] [stdout]    0:     0x55d6c17e6851 - <<std[617be2ca0a6fd877]::sys::backtrace::BacktraceLock>::print::DisplayBacktrace as core[a373ad73a504971]::fmt::Display>::fmt
[INFO] [stdout]    1:     0x55d6c17fc23a - core[a373ad73a504971]::fmt::write
[INFO] [stdout]    2:     0x55d6c17eaecc - <alloc[2e1b2a31b91974c5]::vec::Vec<u8> as core[a373ad73a504971]::io::write::Write>::write_fmt
[INFO] [stdout]    3:     0x55d6c17c1a26 - std[617be2ca0a6fd877]::panicking::default_hook::{closure#0}
[INFO] [stdout]    4:     0x55d6c17de3e9 - std[617be2ca0a6fd877]::panicking::default_hook
[INFO] [stdout]    5:     0x55d6c1553fb0 - test[aada8e7e76ba119b]::test_main_inner::{closure#0}
[INFO] [stdout]    6:     0x55d6c17de712 - std[617be2ca0a6fd877]::panicking::panic_with_hook
[INFO] [stdout]    7:     0x55d6c17c1ad2 - std[617be2ca0a6fd877]::panicking::panic_handler::{closure#0}
[INFO] [stdout]    8:     0x55d6c17ba589 - std[617be2ca0a6fd877]::sys::backtrace::__rust_end_short_backtrace::<std[617be2ca0a6fd877]::panicking::panic_handler::{closure#0}, !>
[INFO] [stdout]    9:     0x55d6c17c26dd - __rustc[ea4f61d10b84890b]::rust_begin_unwind
[INFO] [stdout]   10:     0x55d6c17fc99c - core[a373ad73a504971]::panicking::panic_fmt
[INFO] [stdout]   11:     0x55d6c1309c54 - <tokio[76f870eb929d4886]::runtime::park::CachedParkThread>::block_on::<varyk_sql[e3b0892ab2063aa0]::tests::a_bool_field_reads_zero_and_one::{closure#0}>
[INFO] [stdout]   12:     0x55d6c149538c - tokio[76f870eb929d4886]::runtime::context::runtime::enter_runtime::<<tokio[76f870eb929d4886]::runtime::scheduler::multi_thread::MultiThread>::block_on<varyk_sql[e3b0892ab2063aa0]::tests::a_bool_field_reads_zero_and_one::{closure#0}>::{closure#0}, ()>
[INFO] [stdout]   13:     0x55d6c14bcc0e - <tokio[76f870eb929d4886]::runtime::runtime::Runtime>::block_on::<varyk_sql[e3b0892ab2063aa0]::tests::a_bool_field_reads_zero_and_one::{closure#0}>
[INFO] [stdout]   14:     0x55d6c14e4791 - varyk_std[b3aae85bc1f305b6]::runtime::run::<varyk_sql[e3b0892ab2063aa0]::tests::a_bool_field_reads_zero_and_one::{closure#0}>
[INFO] [stdout]   15:     0x55d6c151b328 - <varyk_sql[e3b0892ab2063aa0]::tests::a_bool_field_reads_zero_and_one::{closure#0} as core[a373ad73a504971]::ops::function::FnOnce<()>>::call_once
[INFO] [stdout]   16:     0x55d6c15473fb - test[aada8e7e76ba119b]::__rust_begin_short_backtrace::<core[a373ad73a504971]::result::Result<(), alloc[2e1b2a31b91974c5]::string::String>, fn() -> core[a373ad73a504971]::result::Result<(), alloc[2e1b2a31b91974c5]::string::String>>
[INFO] [stdout]   17:     0x55d6c15545d5 - test[aada8e7e76ba119b]::run_test::{closure#0}
[INFO] [stdout]   18:     0x55d6c154dec4 - std[617be2ca0a6fd877]::sys::backtrace::__rust_begin_short_backtrace::<test[aada8e7e76ba119b]::run_test::{closure#1}, ()>
[INFO] [stdout]   19:     0x55d6c1557662 - <std[617be2ca0a6fd877]::thread::lifecycle::spawn_unchecked<test[aada8e7e76ba119b]::run_test::{closure#1}, ()>::{closure#1} as core[a373ad73a504971]::ops::function::FnOnce<()>>::call_once::{shim:vtable#0}
[INFO] [stdout]   20:     0x55d6c17e5d0f - <std[617be2ca0a6fd877]::sys::thread::unix::Thread>::new::thread_start
[INFO] [stdout]   21:     0x702942aa7dfa - <unknown>
[INFO] [stdout]   22:     0x702942b3b3d4 - clone
[INFO] [stdout]   23:                0x0 - <unknown>
[INFO] [stdout] 
[INFO] [stdout] ---- tests::a_dropped_transaction_leaves_no_row stdout ----
[INFO] [stdout] 
[INFO] [stdout] thread 'tests::a_dropped_transaction_leaves_no_row' (2256) panicked at src/tests.rs:1039:92:
[INFO] [stdout] assertion failed at src/tests.vr:888: left is cannot read the migrations in `migrations/sqlite`: No such file or directory (os error 2), right is no error
[INFO] [stdout] stack backtrace:
[INFO] [stdout]    0:     0x55d6c17e6851 - <<std[617be2ca0a6fd877]::sys::backtrace::BacktraceLock>::print::DisplayBacktrace as core[a373ad73a504971]::fmt::Display>::fmt
[INFO] [stdout]    1:     0x55d6c17fc23a - core[a373ad73a504971]::fmt::write
[INFO] [stdout]    2:     0x55d6c17eaecc - <alloc[2e1b2a31b91974c5]::vec::Vec<u8> as core[a373ad73a504971]::io::write::Write>::write_fmt
[INFO] [stdout]    3:     0x55d6c17c1a26 - std[617be2ca0a6fd877]::panicking::default_hook::{closure#0}
[INFO] [stdout]    4:     0x55d6c17de3e9 - std[617be2ca0a6fd877]::panicking::default_hook
[INFO] [stdout]    5:     0x55d6c1553fb0 - test[aada8e7e76ba119b]::test_main_inner::{closure#0}
[INFO] [stdout]    6:     0x55d6c17de712 - std[617be2ca0a6fd877]::panicking::panic_with_hook
[INFO] [stdout]    7:     0x55d6c17c1ad2 - std[617be2ca0a6fd877]::panicking::panic_handler::{closure#0}
[INFO] [stdout]    8:     0x55d6c17ba589 - std[617be2ca0a6fd877]::sys::backtrace::__rust_end_short_backtrace::<std[617be2ca0a6fd877]::panicking::panic_handler::{closure#0}, !>
[INFO] [stdout]    9:     0x55d6c17c26dd - __rustc[ea4f61d10b84890b]::rust_begin_unwind
[INFO] [stdout]   10:     0x55d6c17fc99c - core[a373ad73a504971]::panicking::panic_fmt
[INFO] [stdout]   11:     0x55d6c130dcaa - <tokio[76f870eb929d4886]::runtime::park::CachedParkThread>::block_on::<varyk_sql[e3b0892ab2063aa0]::tests::a_dropped_transaction_leaves_no_row::{closure#0}>
[INFO] [stdout]   12:     0x55d6c149598c - tokio[76f870eb929d4886]::runtime::context::runtime::enter_runtime::<<tokio[76f870eb929d4886]::runtime::scheduler::multi_thread::MultiThread>::block_on<varyk_sql[e3b0892ab2063aa0]::tests::a_dropped_transaction_leaves_no_row::{closure#0}>::{closure#0}, ()>
[INFO] [stdout]   13:     0x55d6c14bd02e - <tokio[76f870eb929d4886]::runtime::runtime::Runtime>::block_on::<varyk_sql[e3b0892ab2063aa0]::tests::a_dropped_transaction_leaves_no_row::{closure#0}>
[INFO] [stdout]   14:     0x55d6c14e4b81 - varyk_std[b3aae85bc1f305b6]::runtime::run::<varyk_sql[e3b0892ab2063aa0]::tests::a_dropped_transaction_leaves_no_row::{closure#0}>
[INFO] [stdout]   15:     0x55d6c151b3b8 - <varyk_sql[e3b0892ab2063aa0]::tests::a_dropped_transaction_leaves_no_row::{closure#0} as core[a373ad73a504971]::ops::function::FnOnce<()>>::call_once
[INFO] [stdout]   16:     0x55d6c15473fb - test[aada8e7e76ba119b]::__rust_begin_short_backtrace::<core[a373ad73a504971]::result::Result<(), alloc[2e1b2a31b91974c5]::string::String>, fn() -> core[a373ad73a504971]::result::Result<(), alloc[2e1b2a31b91974c5]::string::String>>
[INFO] [stdout]   17:     0x55d6c15545d5 - test[aada8e7e76ba119b]::run_test::{closure#0}
[INFO] [stdout]   18:     0x55d6c154dec4 - std[617be2ca0a6fd877]::sys::backtrace::__rust_begin_short_backtrace::<test[aada8e7e76ba119b]::run_test::{closure#1}, ()>
[INFO] [stdout]   19:     0x55d6c1557662 - <std[617be2ca0a6fd877]::thread::lifecycle::spawn_unchecked<test[aada8e7e76ba119b]::run_test::{closure#1}, ()>::{closure#1} as core[a373ad73a504971]::ops::function::FnOnce<()>>::call_once::{shim:vtable#0}
[INFO] [stdout]   20:     0x55d6c17e5d0f - <std[617be2ca0a6fd877]::sys::thread::unix::Thread>::new::thread_start
[INFO] [stdout]   21:     0x702942aa7dfa - <unknown>
[INFO] [stdout]   22:     0x702942b3b3d4 - clone
[INFO] [stdout]   23:                0x0 - <unknown>
[INFO] [stdout] 
[INFO] [stdout] ---- tests::a_float_column_reads_into_an_integer_field_only_when_whole stdout ----
[INFO] [stdout] 
[INFO] [stdout] thread 'tests::a_float_column_reads_into_an_integer_field_only_when_whole' (2283) panicked at src/tests.rs:936:92:
[INFO] [stdout] assertion failed at src/tests.vr:793: left is cannot read the migrations in `migrations/sqlite`: No such file or directory (os error 2), right is no error
[INFO] [stdout] stack backtrace:
[INFO] [stdout]    0:     0x55d6c17e6851 - <<std[617be2ca0a6fd877]::sys::backtrace::BacktraceLock>::print::DisplayBacktrace as core[a373ad73a504971]::fmt::Display>::fmt
[INFO] [stdout]    1:     0x55d6c17fc23a - core[a373ad73a504971]::fmt::write
[INFO] [stdout]    2:     0x55d6c17eaecc - <alloc[2e1b2a31b91974c5]::vec::Vec<u8> as core[a373ad73a504971]::io::write::Write>::write_fmt
[INFO] [stdout]    3:     0x55d6c17c1a26 - std[617be2ca0a6fd877]::panicking::default_hook::{closure#0}
[INFO] [stdout]    4:     0x55d6c17de3e9 - std[617be2ca0a6fd877]::panicking::default_hook
[INFO] [stdout]    5:     0x55d6c1553fb0 - test[aada8e7e76ba119b]::test_main_inner::{closure#0}
[INFO] [stdout]    6:     0x55d6c17de712 - std[617be2ca0a6fd877]::panicking::panic_with_hook
[INFO] [stdout]    7:     0x55d6c17c1ad2 - std[617be2ca0a6fd877]::panicking::panic_handler::{closure#0}
[INFO] [stdout]    8:     0x55d6c17ba589 - std[617be2ca0a6fd877]::sys::backtrace::__rust_end_short_backtrace::<std[617be2ca0a6fd877]::panicking::panic_handler::{closure#0}, !>
[INFO] [stdout]    9:     0x55d6c17c26dd - __rustc[ea4f61d10b84890b]::rust_begin_unwind
[INFO] [stdout]   10:     0x55d6c17fc99c - core[a373ad73a504971]::panicking::panic_fmt
[INFO] [stdout]   11:     0x55d6c1344a9c - <tokio[76f870eb929d4886]::runtime::park::CachedParkThread>::block_on::<varyk_sql[e3b0892ab2063aa0]::tests::a_float_column_reads_into_an_integer_field_only_when_whole::{closure#0}>
[INFO] [stdout]   12:     0x55d6c149ca1c - tokio[76f870eb929d4886]::runtime::context::runtime::enter_runtime::<<tokio[76f870eb929d4886]::runtime::scheduler::multi_thread::MultiThread>::block_on<varyk_sql[e3b0892ab2063aa0]::tests::a_float_column_reads_into_an_integer_field_only_when_whole::{closure#0}>::{closure#0}, ()>
[INFO] [stdout]   13:     0x55d6c14c1dee - <tokio[76f870eb929d4886]::runtime::runtime::Runtime>::block_on::<varyk_sql[e3b0892ab2063aa0]::tests::a_float_column_reads_into_an_integer_field_only_when_whole::{closure#0}>
[INFO] [stdout]   14:     0x55d6c14e9531 - varyk_std[b3aae85bc1f305b6]::runtime::run::<varyk_sql[e3b0892ab2063aa0]::tests::a_float_column_reads_into_an_integer_field_only_when_whole::{closure#0}>
[INFO] [stdout]   15:     0x55d6c151be38 - <varyk_sql[e3b0892ab2063aa0]::tests::a_float_column_reads_into_an_integer_field_only_when_whole::{closure#0} as core[a373ad73a504971]::ops::function::FnOnce<()>>::call_once
[INFO] [stdout]   16:     0x55d6c15473fb - test[aada8e7e76ba119b]::__rust_begin_short_backtrace::<core[a373ad73a504971]::result::Result<(), alloc[2e1b2a31b91974c5]::string::String>, fn() -> core[a373ad73a504971]::result::Result<(), alloc[2e1b2a31b91974c5]::string::String>>
[INFO] [stdout]   17:     0x55d6c15545d5 - test[aada8e7e76ba119b]::run_test::{closure#0}
[INFO] [stdout]   18:     0x55d6c154dec4 - std[617be2ca0a6fd877]::sys::backtrace::__rust_begin_short_backtrace::<test[aada8e7e76ba119b]::run_test::{closure#1}, ()>
[INFO] [stdout]   19:     0x55d6c1557662 - <std[617be2ca0a6fd877]::thread::lifecycle::spawn_unchecked<test[aada8e7e76ba119b]::run_test::{closure#1}, ()>::{closure#1} as core[a373ad73a504971]::ops::function::FnOnce<()>>::call_once::{shim:vtable#0}
[INFO] [stdout]   20:     0x55d6c17e5d0f - <std[617be2ca0a6fd877]::sys::thread::unix::Thread>::new::thread_start
[INFO] [stdout]   21:     0x702942aa7dfa - <unknown>
[INFO] [stdout]   22:     0x702942b3b3d4 - clone
[INFO] [stdout]   23:                0x0 - <unknown>
[INFO] [stdout] 
[INFO] [stdout] ---- tests::a_finished_transaction_refuses_commit_and_queries stdout ----
[INFO] [stdout] 
[INFO] [stdout] thread 'tests::a_finished_transaction_refuses_commit_and_queries' (2274) panicked at src/tests.rs:1062:92:
[INFO] [stdout] assertion failed at src/tests.vr:908: left is cannot read the migrations in `migrations/sqlite`: No such file or directory (os error 2), right is no error
[INFO] [stdout] stack backtrace:
[INFO] [stdout]    0:     0x55d6c17e6851 - <<std[617be2ca0a6fd877]::sys::backtrace::BacktraceLock>::print::DisplayBacktrace as core[a373ad73a504971]::fmt::Display>::fmt
[INFO] [stdout]    1:     0x55d6c17fc23a - core[a373ad73a504971]::fmt::write
[INFO] [stdout]    2:     0x55d6c17eaecc - <alloc[2e1b2a31b91974c5]::vec::Vec<u8> as core[a373ad73a504971]::io::write::Write>::write_fmt
[INFO] [stdout]    3:     0x55d6c17c1a26 - std[617be2ca0a6fd877]::panicking::default_hook::{closure#0}
[INFO] [stdout]    4:     0x55d6c17de3e9 - std[617be2ca0a6fd877]::panicking::default_hook
[INFO] [stdout]    5:     0x55d6c1553fb0 - test[aada8e7e76ba119b]::test_main_inner::{closure#0}
[INFO] [stdout]    6:     0x55d6c17de712 - std[617be2ca0a6fd877]::panicking::panic_with_hook
[INFO] [stdout]    7:     0x55d6c17c1ad2 - std[617be2ca0a6fd877]::panicking::panic_handler::{closure#0}
[INFO] [stdout]    8:     0x55d6c17ba589 - std[617be2ca0a6fd877]::sys::backtrace::__rust_end_short_backtrace::<std[617be2ca0a6fd877]::panicking::panic_handler::{closure#0}, !>
[INFO] [stdout]    9:     0x55d6c17c26dd - __rustc[ea4f61d10b84890b]::rust_begin_unwind
[INFO] [stdout]   10:     0x55d6c17fc99c - core[a373ad73a504971]::panicking::panic_fmt
[INFO] [stdout]   11:     0x55d6c132f188 - <tokio[76f870eb929d4886]::runtime::park::CachedParkThread>::block_on::<varyk_sql[e3b0892ab2063aa0]::tests::a_finished_transaction_refuses_commit_and_queries::{closure#0}>
[INFO] [stdout]   12:     0x55d6c1499ddc - tokio[76f870eb929d4886]::runtime::context::runtime::enter_runtime::<<tokio[76f870eb929d4886]::runtime::scheduler::multi_thread::MultiThread>::block_on<varyk_sql[e3b0892ab2063aa0]::tests::a_finished_transaction_refuses_commit_and_queries::{closure#0}>::{closure#0}, ()>
[INFO] [stdout]   13:     0x55d6c14bff1e - <tokio[76f870eb929d4886]::runtime::runtime::Runtime>::block_on::<varyk_sql[e3b0892ab2063aa0]::tests::a_finished_transaction_refuses_commit_and_queries::{closure#0}>
[INFO] [stdout]   14:     0x55d6c14e7841 - varyk_std[b3aae85bc1f305b6]::runtime::run::<varyk_sql[e3b0892ab2063aa0]::tests::a_finished_transaction_refuses_commit_and_queries::{closure#0}>
[INFO] [stdout]   15:     0x55d6c151ba18 - <varyk_sql[e3b0892ab2063aa0]::tests::a_finished_transaction_refuses_commit_and_queries::{closure#0} as core[a373ad73a504971]::ops::function::FnOnce<()>>::call_once
[INFO] [stdout]   16:     0x55d6c15473fb - test[aada8e7e76ba119b]::__rust_begin_short_backtrace::<core[a373ad73a504971]::result::Result<(), alloc[2e1b2a31b91974c5]::string::String>, fn() -> core[a373ad73a504971]::result::Result<(), alloc[2e1b2a31b91974c5]::string::String>>
[INFO] [stdout]   17:     0x55d6c15545d5 - test[aada8e7e76ba119b]::run_test::{closure#0}
[INFO] [stdout]   18:     0x55d6c154dec4 - std[617be2ca0a6fd877]::sys::backtrace::__rust_begin_short_backtrace::<test[aada8e7e76ba119b]::run_test::{closure#1}, ()>
[INFO] [stdout]   19:     0x55d6c1557662 - <std[617be2ca0a6fd877]::thread::lifecycle::spawn_unchecked<test[aada8e7e76ba119b]::run_test::{closure#1}, ()>::{closure#1} as core[a373ad73a504971]::ops::function::FnOnce<()>>::call_once::{shim:vtable#0}
[INFO] [stdout]   20:     0x55d6c17e5d0f - <std[617be2ca0a6fd877]::sys::thread::unix::Thread>::new::thread_start
[INFO] [stdout]   21:     0x702942aa7dfa - <unknown>
[INFO] [stdout]   22:     0x702942b3b3d4 - clone
[INFO] [stdout]   23:                0x0 - <unknown>
[INFO] [stdout] 
[INFO] [stdout] ---- tests::a_malformed_uuid_is_an_error_naming_the_column_not_the_text stdout ----
[INFO] [stdout] 
[INFO] [stdout] thread 'tests::a_malformed_uuid_is_an_error_naming_the_column_not_the_text' (2333) panicked at src/tests.rs:2337:92:
[INFO] [stdout] assertion failed at src/tests.vr:2046: left is cannot read the migrations in `migrations/sqlite`: No such file or directory (os error 2), right is no error
[INFO] [stdout] stack backtrace:
[INFO] [stdout]    0:     0x55d6c17e6851 - <<std[617be2ca0a6fd877]::sys::backtrace::BacktraceLock>::print::DisplayBacktrace as core[a373ad73a504971]::fmt::Display>::fmt
[INFO] [stdout]    1:     0x55d6c17fc23a - core[a373ad73a504971]::fmt::write
[INFO] [stdout]    2:     0x55d6c17eaecc - <alloc[2e1b2a31b91974c5]::vec::Vec<u8> as core[a373ad73a504971]::io::write::Write>::write_fmt
[INFO] [stdout]    3:     0x55d6c17c1a26 - std[617be2ca0a6fd877]::panicking::default_hook::{closure#0}
[INFO] [stdout]    4:     0x55d6c17de3e9 - std[617be2ca0a6fd877]::panicking::default_hook
[INFO] [stdout]    5:     0x55d6c1553fb0 - test[aada8e7e76ba119b]::test_main_inner::{closure#0}
[INFO] [stdout]    6:     0x55d6c17de712 - std[617be2ca0a6fd877]::panicking::panic_with_hook
[INFO] [stdout]    7:     0x55d6c17c1ad2 - std[617be2ca0a6fd877]::panicking::panic_handler::{closure#0}
[INFO] [stdout]    8:     0x55d6c17ba589 - std[617be2ca0a6fd877]::sys::backtrace::__rust_end_short_backtrace::<std[617be2ca0a6fd877]::panicking::panic_handler::{closure#0}, !>
[INFO] [stdout]    9:     0x55d6c17c26dd - __rustc[ea4f61d10b84890b]::rust_begin_unwind
[INFO] [stdout]   10:     0x55d6c17fc99c - core[a373ad73a504971]::panicking::panic_fmt
[INFO] [stdout]   11:     0x55d6c1345f6c - <tokio[76f870eb929d4886]::runtime::park::CachedParkThread>::block_on::<varyk_sql[e3b0892ab2063aa0]::tests::a_malformed_uuid_is_an_error_naming_the_column_not_the_text::{closure#0}>
[INFO] [stdout]   12:     0x55d6c149ce1c - tokio[76f870eb929d4886]::runtime::context::runtime::enter_runtime::<<tokio[76f870eb929d4886]::runtime::scheduler::multi_thread::MultiThread>::block_on<varyk_sql[e3b0892ab2063aa0]::tests::a_malformed_uuid_is_an_error_naming_the_column_not_the_text::{closure#0}>::{closure#0}, ()>
[INFO] [stdout]   13:     0x55d6c14c20ae - <tokio[76f870eb929d4886]::runtime::runtime::Runtime>::block_on::<varyk_sql[e3b0892ab2063aa0]::tests::a_malformed_uuid_is_an_error_naming_the_column_not_the_text::{closure#0}>
[INFO] [stdout]   14:     0x55d6c14e97d1 - varyk_std[b3aae85bc1f305b6]::runtime::run::<varyk_sql[e3b0892ab2063aa0]::tests::a_malformed_uuid_is_an_error_naming_the_column_not_the_text::{closure#0}>
[INFO] [stdout]   15:     0x55d6c151be98 - <varyk_sql[e3b0892ab2063aa0]::tests::a_malformed_uuid_is_an_error_naming_the_column_not_the_text::{closure#0} as core[a373ad73a504971]::ops::function::FnOnce<()>>::call_once
[INFO] [stdout]   16:     0x55d6c15473fb - test[aada8e7e76ba119b]::__rust_begin_short_backtrace::<core[a373ad73a504971]::result::Result<(), alloc[2e1b2a31b91974c5]::string::String>, fn() -> core[a373ad73a504971]::result::Result<(), alloc[2e1b2a31b91974c5]::string::String>>
[INFO] [stdout]   17:     0x55d6c15545d5 - test[aada8e7e76ba119b]::run_test::{closure#0}
[INFO] [stdout]   18:     0x55d6c154dec4 - std[617be2ca0a6fd877]::sys::backtrace::__rust_begin_short_backtrace::<test[aada8e7e76ba119b]::run_test::{closure#1}, ()>
[INFO] [stdout]   19:     0x55d6c1557662 - <std[617be2ca0a6fd877]::thread::lifecycle::spawn_unchecked<test[aada8e7e76ba119b]::run_test::{closure#1}, ()>::{closure#1} as core[a373ad73a504971]::ops::function::FnOnce<()>>::call_once::{shim:vtable#0}
[INFO] [stdout]   20:     0x55d6c17e5d0f - <std[617be2ca0a6fd877]::sys::thread::unix::Thread>::new::thread_start
[INFO] [stdout]   21:     0x702942aa7dfa - <unknown>
[INFO] [stdout]   22:     0x702942b3b3d4 - clone
[INFO] [stdout]   23:                0x0 - <unknown>
[INFO] [stdout] 
[INFO] [stdout] ---- tests::a_malformed_sqlite_time_is_an_error_naming_the_column_not_the_text stdout ----
[INFO] [stdout] 
[INFO] [stdout] thread 'tests::a_malformed_sqlite_time_is_an_error_naming_the_column_not_the_text' (2307) panicked at src/tests.rs:2364:92:
[INFO] [stdout] assertion failed at src/tests.vr:2072: left is cannot read the migrations in `migrations/sqlite`: No such file or directory (os error 2), right is no error
[INFO] [stdout] stack backtrace:
[INFO] [stdout]    0:     0x55d6c17e6851 - <<std[617be2ca0a6fd877]::sys::backtrace::BacktraceLock>::print::DisplayBacktrace as core[a373ad73a504971]::fmt::Display>::fmt
[INFO] [stdout]    1:     0x55d6c17fc23a - core[a373ad73a504971]::fmt::write
[INFO] [stdout]    2:     0x55d6c17eaecc - <alloc[2e1b2a31b91974c5]::vec::Vec<u8> as core[a373ad73a504971]::io::write::Write>::write_fmt
[INFO] [stdout]    3:     0x55d6c17c1a26 - std[617be2ca0a6fd877]::panicking::default_hook::{closure#0}
[INFO] [stdout]    4:     0x55d6c17de3e9 - std[617be2ca0a6fd877]::panicking::default_hook
[INFO] [stdout]    5:     0x55d6c1553fb0 - test[aada8e7e76ba119b]::test_main_inner::{closure#0}
[INFO] [stdout]    6:     0x55d6c17de712 - std[617be2ca0a6fd877]::panicking::panic_with_hook
[INFO] [stdout]    7:     0x55d6c17c1ad2 - std[617be2ca0a6fd877]::panicking::panic_handler::{closure#0}
[INFO] [stdout]    8:     0x55d6c17ba589 - std[617be2ca0a6fd877]::sys::backtrace::__rust_end_short_backtrace::<std[617be2ca0a6fd877]::panicking::panic_handler::{closure#0}, !>
[INFO] [stdout]    9:     0x55d6c17c26dd - __rustc[ea4f61d10b84890b]::rust_begin_unwind
[INFO] [stdout]   10:     0x55d6c17fc99c - core[a373ad73a504971]::panicking::panic_fmt
[INFO] [stdout]   11:     0x55d6c134d4f0 - <tokio[76f870eb929d4886]::runtime::park::CachedParkThread>::block_on::<varyk_sql[e3b0892ab2063aa0]::tests::a_malformed_sqlite_time_is_an_error_naming_the_column_not_the_text::{closure#0}>
[INFO] [stdout]   12:     0x55d6c149dc1c - tokio[76f870eb929d4886]::runtime::context::runtime::enter_runtime::<<tokio[76f870eb929d4886]::runtime::scheduler::multi_thread::MultiThread>::block_on<varyk_sql[e3b0892ab2063aa0]::tests::a_malformed_sqlite_time_is_an_error_naming_the_column_not_the_text::{closure#0}>::{closure#0}, ()>
[INFO] [stdout]   13:     0x55d6c14c2a4e - <tokio[76f870eb929d4886]::runtime::runtime::Runtime>::block_on::<varyk_sql[e3b0892ab2063aa0]::tests::a_malformed_sqlite_time_is_an_error_naming_the_column_not_the_text::{closure#0}>
[INFO] [stdout]   14:     0x55d6c14ea101 - varyk_std[b3aae85bc1f305b6]::runtime::run::<varyk_sql[e3b0892ab2063aa0]::tests::a_malformed_sqlite_time_is_an_error_naming_the_column_not_the_text::{closure#0}>
[INFO] [stdout]   15:     0x55d6c151bfe8 - <varyk_sql[e3b0892ab2063aa0]::tests::a_malformed_sqlite_time_is_an_error_naming_the_column_not_the_text::{closure#0} as core[a373ad73a504971]::ops::function::FnOnce<()>>::call_once
[INFO] [stdout]   16:     0x55d6c15473fb - test[aada8e7e76ba119b]::__rust_begin_short_backtrace::<core[a373ad73a504971]::result::Result<(), alloc[2e1b2a31b91974c5]::string::String>, fn() -> core[a373ad73a504971]::result::Result<(), alloc[2e1b2a31b91974c5]::string::String>>
[INFO] [stdout]   17:     0x55d6c15545d5 - test[aada8e7e76ba119b]::run_test::{closure#0}
[INFO] [stdout]   18:     0x55d6c154dec4 - std[617be2ca0a6fd877]::sys::backtrace::__rust_begin_short_backtrace::<test[aada8e7e76ba119b]::run_test::{closure#1}, ()>
[INFO] [stdout]   19:     0x55d6c1557662 - <std[617be2ca0a6fd877]::thread::lifecycle::spawn_unchecked<test[aada8e7e76ba119b]::run_test::{closure#1}, ()>::{closure#1} as core[a373ad73a504971]::ops::function::FnOnce<()>>::call_once::{shim:vtable#0}
[INFO] [stdout]   20:     0x55d6c17e5d0f - <std[617be2ca0a6fd877]::sys::thread::unix::Thread>::new::thread_start
[INFO] [stdout]   21:     0x702942aa7dfa - <unknown>
[INFO] [stdout]   22:     0x702942b3b3d4 - clone
[INFO] [stdout]   23:                0x0 - <unknown>
[INFO] [stdout] 
[INFO] [stdout] ---- tests::a_list_or_a_nested_struct_is_not_read_from_a_row stdout ----
[INFO] [stdout] 
[INFO] [stdout] thread 'tests::a_list_or_a_nested_struct_is_not_read_from_a_row' (2306) panicked at src/tests.rs:494:92:
[INFO] [stdout] assertion failed at src/tests.vr:405: left is cannot read the migrations in `migrations/sqlite`: No such file or directory (os error 2), right is no error
[INFO] [stdout] stack backtrace:
[INFO] [stdout]    0:     0x55d6c17e6851 - <<std[617be2ca0a6fd877]::sys::backtrace::BacktraceLock>::print::DisplayBacktrace as core[a373ad73a504971]::fmt::Display>::fmt
[INFO] [stdout]    1:     0x55d6c17fc23a - core[a373ad73a504971]::fmt::write
[INFO] [stdout]    2:     0x55d6c17eaecc - <alloc[2e1b2a31b91974c5]::vec::Vec<u8> as core[a373ad73a504971]::io::write::Write>::write_fmt
[INFO] [stdout]    3:     0x55d6c17c1a26 - std[617be2ca0a6fd877]::panicking::default_hook::{closure#0}
[INFO] [stdout]    4:     0x55d6c17de3e9 - std[617be2ca0a6fd877]::panicking::default_hook
[INFO] [stdout]    5:     0x55d6c1553fb0 - test[aada8e7e76ba119b]::test_main_inner::{closure#0}
[INFO] [stdout]    6:     0x55d6c17de712 - std[617be2ca0a6fd877]::panicking::panic_with_hook
[INFO] [stdout]    7:     0x55d6c17c1ad2 - std[617be2ca0a6fd877]::panicking::panic_handler::{closure#0}
[INFO] [stdout]    8:     0x55d6c17ba589 - std[617be2ca0a6fd877]::sys::backtrace::__rust_end_short_backtrace::<std[617be2ca0a6fd877]::panicking::panic_handler::{closure#0}, !>
[INFO] [stdout]    9:     0x55d6c17c26dd - __rustc[ea4f61d10b84890b]::rust_begin_unwind
[INFO] [stdout]   10:     0x55d6c17fc99c - core[a373ad73a504971]::panicking::panic_fmt
[INFO] [stdout]   11:     0x55d6c132bb81 - <tokio[76f870eb929d4886]::runtime::park::CachedParkThread>::block_on::<varyk_sql[e3b0892ab2063aa0]::tests::a_list_or_a_nested_struct_is_not_read_from_a_row::{closure#0}>
[INFO] [stdout]   12:     0x55d6c14993dc - tokio[76f870eb929d4886]::runtime::context::runtime::enter_runtime::<<tokio[76f870eb929d4886]::runtime::scheduler::multi_thread::MultiThread>::block_on<varyk_sql[e3b0892ab2063aa0]::tests::a_list_or_a_nested_struct_is_not_read_from_a_row::{closure#0}>::{closure#0}, ()>
[INFO] [stdout]   13:     0x55d6c14bf83e - <tokio[76f870eb929d4886]::runtime::runtime::Runtime>::block_on::<varyk_sql[e3b0892ab2063aa0]::tests::a_list_or_a_nested_struct_is_not_read_from_a_row::{closure#0}>
[INFO] [stdout]   14:     0x55d6c14e71b1 - varyk_std[b3aae85bc1f305b6]::runtime::run::<varyk_sql[e3b0892ab2063aa0]::tests::a_list_or_a_nested_struct_is_not_read_from_a_row::{closure#0}>
[INFO] [stdout]   15:     0x55d6c151b928 - <varyk_sql[e3b0892ab2063aa0]::tests::a_list_or_a_nested_struct_is_not_read_from_a_row::{closure#0} as core[a373ad73a504971]::ops::function::FnOnce<()>>::call_once
[INFO] [stdout]   16:     0x55d6c15473fb - test[aada8e7e76ba119b]::__rust_begin_short_backtrace::<core[a373ad73a504971]::result::Result<(), alloc[2e1b2a31b91974c5]::string::String>, fn() -> core[a373ad73a504971]::result::Result<(), alloc[2e1b2a31b91974c5]::string::String>>
[INFO] [stdout]   17:     0x55d6c15545d5 - test[aada8e7e76ba119b]::run_test::{closure#0}
[INFO] [stdout]   18:     0x55d6c154dec4 - std[617be2ca0a6fd877]::sys::backtrace::__rust_begin_short_backtrace::<test[aada8e7e76ba119b]::run_test::{closure#1}, ()>
[INFO] [stdout]   19:     0x55d6c1557662 - <std[617be2ca0a6fd877]::thread::lifecycle::spawn_unchecked<test[aada8e7e76ba119b]::run_test::{closure#1}, ()>::{closure#1} as core[a373ad73a504971]::ops::function::FnOnce<()>>::call_once::{shim:vtable#0}
[INFO] [stdout]   20:     0x55d6c17e5d0f - <std[617be2ca0a6fd877]::sys::thread::unix::Thread>::new::thread_start
[INFO] [stdout]   21:     0x702942aa7dfa - <unknown>
[INFO] [stdout]   22:     0x702942b3b3d4 - clone
[INFO] [stdout]   23:                0x0 - <unknown>
[INFO] [stdout] 
[INFO] [stdout] ---- tests::a_failed_migration_is_an_error_naming_its_version stdout ----
[INFO] [stdout] 
[INFO] [stdout] thread 'tests::a_failed_migration_is_an_error_naming_its_version' (2266) panicked at src/tests.rs:1470:25:
[INFO] [stdout] assertion failed at src/tests.vr:1267
[INFO] [stdout] stack backtrace:
[INFO] [stdout]    0:     0x55d6c17e6851 - <<std[617be2ca0a6fd877]::sys::backtrace::BacktraceLock>::print::DisplayBacktrace as core[a373ad73a504971]::fmt::Display>::fmt
[INFO] [stdout]    1:     0x55d6c17fc23a - core[a373ad73a504971]::fmt::write
[INFO] [stdout]    2:     0x55d6c17eaecc - <alloc[2e1b2a31b91974c5]::vec::Vec<u8> as core[a373ad73a504971]::io::write::Write>::write_fmt
[INFO] [stdout]    3:     0x55d6c17c1a26 - std[617be2ca0a6fd877]::panicking::default_hook::{closure#0}
[INFO] [stdout]    4:     0x55d6c17de3e9 - std[617be2ca0a6fd877]::panicking::default_hook
[INFO] [stdout]    5:     0x55d6c1553fb0 - test[aada8e7e76ba119b]::test_main_inner::{closure#0}
[INFO] [stdout]    6:     0x55d6c17de712 - std[617be2ca0a6fd877]::panicking::panic_with_hook
[INFO] [stdout]    7:     0x55d6c17c1b04 - std[617be2ca0a6fd877]::panicking::panic_handler::{closure#0}
[INFO] [stdout]    8:     0x55d6c17ba589 - std[617be2ca0a6fd877]::sys::backtrace::__rust_end_short_backtrace::<std[617be2ca0a6fd877]::panicking::panic_handler::{closure#0}, !>
[INFO] [stdout]    9:     0x55d6c17c26dd - __rustc[ea4f61d10b84890b]::rust_begin_unwind
[INFO] [stdout]   10:     0x55d6c17fc99c - core[a373ad73a504971]::panicking::panic_fmt
[INFO] [stdout]   11:     0x55d6c132e111 - <tokio[76f870eb929d4886]::runtime::park::CachedParkThread>::block_on::<varyk_sql[e3b0892ab2063aa0]::tests::a_failed_migration_is_an_error_naming_its_version::{closure#0}>
[INFO] [stdout]   12:     0x55d6c1499bdc - tokio[76f870eb929d4886]::runtime::context::runtime::enter_runtime::<<tokio[76f870eb929d4886]::runtime::scheduler::multi_thread::MultiThread>::block_on<varyk_sql[e3b0892ab2063aa0]::tests::a_failed_migration_is_an_error_naming_its_version::{closure#0}>::{closure#0}, ()>
[INFO] [stdout]   13:     0x55d6c14bfdbe - <tokio[76f870eb929d4886]::runtime::runtime::Runtime>::block_on::<varyk_sql[e3b0892ab2063aa0]::tests::a_failed_migration_is_an_error_naming_its_version::{closure#0}>
[INFO] [stdout]   14:     0x55d6c14e76f1 - varyk_std[b3aae85bc1f305b6]::runtime::run::<varyk_sql[e3b0892ab2063aa0]::tests::a_failed_migration_is_an_error_naming_its_version::{closure#0}>
[INFO] [stdout]   15:     0x55d6c151b9e8 - <varyk_sql[e3b0892ab2063aa0]::tests::a_failed_migration_is_an_error_naming_its_version::{closure#0} as core[a373ad73a504971]::ops::function::FnOnce<()>>::call_once
[INFO] [stdout]   16:     0x55d6c15473fb - test[aada8e7e76ba119b]::__rust_begin_short_backtrace::<core[a373ad73a504971]::result::Result<(), alloc[2e1b2a31b91974c5]::string::String>, fn() -> core[a373ad73a504971]::result::Result<(), alloc[2e1b2a31b91974c5]::string::String>>
[INFO] [stdout]   17:     0x55d6c15545d5 - test[aada8e7e76ba119b]::run_test::{closure#0}
[INFO] [stdout]   18:     0x55d6c154dec4 - std[617be2ca0a6fd877]::sys::backtrace::__rust_begin_short_backtrace::<test[aada8e7e76ba119b]::run_test::{closure#1}, ()>
[INFO] [stdout]   19:     0x55d6c1557662 - <std[617be2ca0a6fd877]::thread::lifecycle::spawn_unchecked<test[aada8e7e76ba119b]::run_test::{closure#1}, ()>::{closure#1} as core[a373ad73a504971]::ops::function::FnOnce<()>>::call_once::{shim:vtable#0}
[INFO] [stdout]   20:     0x55d6c17e5d0f - <std[617be2ca0a6fd877]::sys::thread::unix::Thread>::new::thread_start
[INFO] [stdout]   21:     0x702942aa7dfa - <unknown>
[INFO] [stdout]   22:     0x702942b3b3d4 - clone
[INFO] [stdout]   23:                0x0 - <unknown>
[INFO] [stdout] 
[INFO] [stdout] ---- tests::a_missing_column_is_an_error_naming_the_field stdout ----
[INFO] [stdout] 
[INFO] [stdout] thread 'tests::a_missing_column_is_an_error_naming_the_field' (2337) panicked at src/tests.rs:398:92:
[INFO] [stdout] assertion failed at src/tests.vr:321: left is cannot read the migrations in `migrations/sqlite`: No such file or directory (os error 2), right is no error
[INFO] [stdout] stack backtrace:
[INFO] [stdout]    0:     0x55d6c17e6851 - <<std[617be2ca0a6fd877]::sys::backtrace::BacktraceLock>::print::DisplayBacktrace as core[a373ad73a504971]::fmt::Display>::fmt
[INFO] [stdout]    1:     0x55d6c17fc23a - core[a373ad73a504971]::fmt::write
[INFO] [stdout]    2:     0x55d6c17eaecc - <alloc[2e1b2a31b91974c5]::vec::Vec<u8> as core[a373ad73a504971]::io::write::Write>::write_fmt
[INFO] [stdout]    3:     0x55d6c17c1a26 - std[617be2ca0a6fd877]::panicking::default_hook::{closure#0}
[INFO] [stdout]    4:     0x55d6c17de3e9 - std[617be2ca0a6fd877]::panicking::default_hook
[INFO] [stdout]    5:     0x55d6c1553fb0 - test[aada8e7e76ba119b]::test_main_inner::{closure#0}
[INFO] [stdout]    6:     0x55d6c17de712 - std[617be2ca0a6fd877]::panicking::panic_with_hook
[INFO] [stdout]    7:     0x55d6c17c1ad2 - std[617be2ca0a6fd877]::panicking::panic_handler::{closure#0}
[INFO] [stdout]    8:     0x55d6c17ba589 - std[617be2ca0a6fd877]::sys::backtrace::__rust_end_short_backtrace::<std[617be2ca0a6fd877]::panicking::panic_handler::{closure#0}, !>
[INFO] [stdout]    9:     0x55d6c17c26dd - __rustc[ea4f61d10b84890b]::rust_begin_unwind
[INFO] [stdout]   10:     0x55d6c17fc99c - core[a373ad73a504971]::panicking::panic_fmt
[INFO] [stdout]   11:     0x55d6c1324245 - <tokio[76f870eb929d4886]::runtime::park::CachedParkThread>::block_on::<varyk_sql[e3b0892ab2063aa0]::tests::a_missing_column_is_an_error_naming_the_field::{closure#0}>
[INFO] [stdout]   12:     0x55d6c14983dc - tokio[76f870eb929d4886]::runtime::context::runtime::enter_runtime::<<tokio[76f870eb929d4886]::runtime::scheduler::multi_thread::MultiThread>::block_on<varyk_sql[e3b0892ab2063aa0]::tests::a_missing_column_is_an_error_naming_the_field::{closure#0}>::{closure#0}, ()>
[INFO] [stdout]   13:     0x55d6c14bed3e - <tokio[76f870eb929d4886]::runtime::runtime::Runtime>::block_on::<varyk_sql[e3b0892ab2063aa0]::tests::a_missing_column_is_an_error_naming_the_field::{closure#0}>
[INFO] [stdout]   14:     0x55d6c14e6731 - varyk_std[b3aae85bc1f305b6]::runtime::run::<varyk_sql[e3b0892ab2063aa0]::tests::a_missing_column_is_an_error_naming_the_field::{closure#0}>
[INFO] [stdout]   15:     0x55d6c151b7a8 - <varyk_sql[e3b0892ab2063aa0]::tests::a_missing_column_is_an_error_naming_the_field::{closure#0} as core[a373ad73a504971]::ops::function::FnOnce<()>>::call_once
[INFO] [stdout]   16:     0x55d6c15473fb - test[aada8e7e76ba119b]::__rust_begin_short_backtrace::<core[a373ad73a504971]::result::Result<(), alloc[2e1b2a31b91974c5]::string::String>, fn() -> core[a373ad73a504971]::result::Result<(), alloc[2e1b2a31b91974c5]::string::String>>
[INFO] [stdout]   17:     0x55d6c15545d5 - test[aada8e7e76ba119b]::run_test::{closure#0}
[INFO] [stdout]   18:     0x55d6c154dec4 - std[617be2ca0a6fd877]::sys::backtrace::__rust_begin_short_backtrace::<test[aada8e7e76ba119b]::run_test::{closure#1}, ()>
[INFO] [stdout]   19:     0x55d6c1557662 - <std[617be2ca0a6fd877]::thread::lifecycle::spawn_unchecked<test[aada8e7e76ba119b]::run_test::{closure#1}, ()>::{closure#1} as core[a373ad73a504971]::ops::function::FnOnce<()>>::call_once::{shim:vtable#0}
[INFO] [stdout]   20:     0x55d6c17e5d0f - <std[617be2ca0a6fd877]::sys::thread::unix::Thread>::new::thread_start
[INFO] [stdout]   21:     0x702942aa7dfa - <unknown>
[INFO] [stdout]   22:     0x702942b3b3d4 - clone
[INFO] [stdout]   23:                0x0 - <unknown>
[INFO] [stdout] 
[INFO] [stdout] ---- tests::a_none_value_binds_null stdout ----
[INFO] [stdout] 
[INFO] [stdout] thread 'tests::a_none_value_binds_null' (2397) panicked at src/tests.rs:581:92:
[INFO] [stdout] assertion failed at src/tests.vr:474: left is cannot read the migrations in `migrations/sqlite`: No such file or directory (os error 2), right is no error
[INFO] [stdout] stack backtrace:
[INFO] [stdout]    0:     0x55d6c17e6851 - <<std[617be2ca0a6fd877]::sys::backtrace::BacktraceLock>::print::DisplayBacktrace as core[a373ad73a504971]::fmt::Display>::fmt
[INFO] [stdout]    1:     0x55d6c17fc23a - core[a373ad73a504971]::fmt::write
[INFO] [stdout]    2:     0x55d6c17eaecc - <alloc[2e1b2a31b91974c5]::vec::Vec<u8> as core[a373ad73a504971]::io::write::Write>::write_fmt
[INFO] [stdout]    3:     0x55d6c17c1a26 - std[617be2ca0a6fd877]::panicking::default_hook::{closure#0}
[INFO] [stdout]    4:     0x55d6c17de3e9 - std[617be2ca0a6fd877]::panicking::default_hook
[INFO] [stdout]    5:     0x55d6c1553fb0 - test[aada8e7e76ba119b]::test_main_inner::{closure#0}
[INFO] [stdout]    6:     0x55d6c17de712 - std[617be2ca0a6fd877]::panicking::panic_with_hook
[INFO] [stdout]    7:     0x55d6c17c1ad2 - std[617be2ca0a6fd877]::panicking::panic_handler::{closure#0}
[INFO] [stdout]    8:     0x55d6c17ba589 - std[617be2ca0a6fd877]::sys::backtrace::__rust_end_short_backtrace::<std[617be2ca0a6fd877]::panicking::panic_handler::{closure#0}, !>
[INFO] [stdout]    9:     0x55d6c17c26dd - __rustc[ea4f61d10b84890b]::rust_begin_unwind
[INFO] [stdout]   10:     0x55d6c17fc99c - core[a373ad73a504971]::panicking::panic_fmt
[INFO] [stdout]   11:     0x55d6c1303f29 - <tokio[76f870eb929d4886]::runtime::park::CachedParkThread>::block_on::<varyk_sql[e3b0892ab2063aa0]::tests::a_none_value_binds_null::{closure#0}>
[INFO] [stdout]   12:     0x55d6c149478c - tokio[76f870eb929d4886]::runtime::context::runtime::enter_runtime::<<tokio[76f870eb929d4886]::runtime::scheduler::multi_thread::MultiThread>::block_on<varyk_sql[e3b0892ab2063aa0]::tests::a_none_value_binds_null::{closure#0}>::{closure#0}, ()>
[INFO] [stdout]   13:     0x55d6c14bc3ce - <tokio[76f870eb929d4886]::runtime::runtime::Runtime>::block_on::<varyk_sql[e3b0892ab2063aa0]::tests::a_none_value_binds_null::{closure#0}>
[INFO] [stdout]   14:     0x55d6c14e3fb1 - varyk_std[b3aae85bc1f305b6]::runtime::run::<varyk_sql[e3b0892ab2063aa0]::tests::a_none_value_binds_null::{closure#0}>
[INFO] [stdout]   15:     0x55d6c151b20d - <varyk_sql[e3b0892ab2063aa0]::tests::a_none_value_binds_null::{closure#0} as core[a373ad73a504971]::ops::function::FnOnce<()>>::call_once
[INFO] [stdout]   16:     0x55d6c15473fb - test[aada8e7e76ba119b]::__rust_begin_short_backtrace::<core[a373ad73a504971]::result::Result<(), alloc[2e1b2a31b91974c5]::string::String>, fn() -> core[a373ad73a504971]::result::Result<(), alloc[2e1b2a31b91974c5]::string::String>>
[INFO] [stdout]   17:     0x55d6c15545d5 - test[aada8e7e76ba119b]::run_test::{closure#0}
[INFO] [stdout]   18:     0x55d6c154dec4 - std[617be2ca0a6fd877]::sys::backtrace::__rust_begin_short_backtrace::<test[aada8e7e76ba119b]::run_test::{closure#1}, ()>
[INFO] [stdout]   19:     0x55d6c1557662 - <std[617be2ca0a6fd877]::thread::lifecycle::spawn_unchecked<test[aada8e7e76ba119b]::run_test::{closure#1}, ()>::{closure#1} as core[a373ad73a504971]::ops::function::FnOnce<()>>::call_once::{shim:vtable#0}
[INFO] [stdout]   20:     0x55d6c17e5d0f - <std[617be2ca0a6fd877]::sys::thread::unix::Thread>::new::thread_start
[INFO] [stdout]   21:     0x702942aa7dfa - <unknown>
[INFO] [stdout]   22:     0x702942b3b3d4 - clone
[INFO] [stdout]   23:                0x0 - <unknown>
[INFO] [stdout] 
[INFO] [stdout] ---- tests::a_read_error_in_a_transaction_does_not_stop_the_commit stdout ----
[INFO] [stdout] 
[INFO] [stdout] thread 'tests::a_read_error_in_a_transaction_does_not_stop_the_commit' (2478) panicked at src/tests.rs:1324:92:
[INFO] [stdout] assertion failed at src/tests.vr:1143: left is cannot read the migrations in `migrations/sqlite`: No such file or directory (os error 2), right is no error
[INFO] [stdout] stack backtrace:
[INFO] [stdout]    0:     0x55d6c17e6851 - <<std[617be2ca0a6fd877]::sys::backtrace::BacktraceLock>::print::DisplayBacktrace as core[a373ad73a504971]::fmt::Display>::fmt
[INFO] [stdout]    1:     0x55d6c17fc23a - core[a373ad73a504971]::fmt::write
[INFO] [stdout]    2:     0x55d6c17eaecc - <alloc[2e1b2a31b91974c5]::vec::Vec<u8> as core[a373ad73a504971]::io::write::Write>::write_fmt
[INFO] [stdout]    3:     0x55d6c17c1a26 - std[617be2ca0a6fd877]::panicking::default_hook::{closure#0}
[INFO] [stdout]    4:     0x55d6c17de3e9 - std[617be2ca0a6fd877]::panicking::default_hook
[INFO] [stdout]    5:     0x55d6c1553fb0 - test[aada8e7e76ba119b]::test_main_inner::{closure#0}
[INFO] [stdout]    6:     0x55d6c17de712 - std[617be2ca0a6fd877]::panicking::panic_with_hook
[INFO] [stdout]    7:     0x55d6c17c1ad2 - std[617be2ca0a6fd877]::panicking::panic_handler::{closure#0}
[INFO] [stdout]    8:     0x55d6c17ba589 - std[617be2ca0a6fd877]::sys::backtrace::__rust_end_short_backtrace::<std[617be2ca0a6fd877]::panicking::panic_handler::{closure#0}, !>
[INFO] [stdout]    9:     0x55d6c17c26dd - __rustc[ea4f61d10b84890b]::rust_begin_unwind
[INFO] [stdout]   10:     0x55d6c17fc99c - core[a373ad73a504971]::panicking::panic_fmt
[INFO] [stdout]   11:     0x55d6c133b32e - <tokio[76f870eb929d4886]::runtime::park::CachedParkThread>::block_on::<varyk_sql[e3b0892ab2063aa0]::tests::a_read_error_in_a_transaction_does_not_stop_the_commit::{closure#0}>
[INFO] [stdout]   12:     0x55d6c149ba0c - tokio[76f870eb929d4886]::runtime::context::runtime::enter_runtime::<<tokio[76f870eb929d4886]::runtime::scheduler::multi_thread::MultiThread>::block_on<varyk_sql[e3b0892ab2063aa0]::tests::a_read_error_in_a_transaction_does_not_stop_the_commit::{closure#0}>::{closure#0}, ()>
[INFO] [stdout]   13:     0x55d6c14c12be - <tokio[76f870eb929d4886]::runtime::runtime::Runtime>::block_on::<varyk_sql[e3b0892ab2063aa0]::tests::a_read_error_in_a_transaction_does_not_stop_the_commit::{closure#0}>
[INFO] [stdout]   14:     0x55d6c14e8ab1 - varyk_std[b3aae85bc1f305b6]::runtime::run::<varyk_sql[e3b0892ab2063aa0]::tests::a_read_error_in_a_transaction_does_not_stop_the_commit::{closure#0}>
[INFO] [stdout]   15:     0x55d6c151bcb8 - <varyk_sql[e3b0892ab2063aa0]::tests::a_read_error_in_a_transaction_does_not_stop_the_commit::{closure#0} as core[a373ad73a504971]::ops::function::FnOnce<()>>::call_once
[INFO] [stdout]   16:     0x55d6c15473fb - test[aada8e7e76ba119b]::__rust_begin_short_backtrace::<core[a373ad73a504971]::result::Result<(), alloc[2e1b2a31b91974c5]::string::String>, fn() -> core[a373ad73a504971]::result::Result<(), alloc[2e1b2a31b91974c5]::string::String>>
[INFO] [stdout]   17:     0x55d6c15545d5 - test[aada8e7e76ba119b]::run_test::{closure#0}
[INFO] [stdout]   18:     0x55d6c154dec4 - std[617be2ca0a6fd877]::sys::backtrace::__rust_begin_short_backtrace::<test[aada8e7e76ba119b]::run_test::{closure#1}, ()>
[INFO] [stdout]   19:     0x55d6c1557662 - <std[617be2ca0a6fd877]::thread::lifecycle::spawn_unchecked<test[aada8e7e76ba119b]::run_test::{closure#1}, ()>::{closure#1} as core[a373ad73a504971]::ops::function::FnOnce<()>>::call_once::{shim:vtable#0}
[INFO] [stdout]   20:     0x55d6c17e5d0f - <std[617be2ca0a6fd877]::sys::thread::unix::Thread>::new::thread_start
[INFO] [stdout]   21:     0x702942aa7dfa - <unknown>
[INFO] [stdout]   22:     0x702942b3b3d4 - clone
[INFO] [stdout]   23:                0x0 - <unknown>
[INFO] [stdout] 
[INFO] [stdout] ---- tests::a_statement_on_a_missing_table_fails_the_transaction stdout ----
[INFO] [stdout] 
[INFO] [stdout] thread 'tests::a_statement_on_a_missing_table_fails_the_transaction' (2529) panicked at src/tests.rs:1284:92:
[INFO] [stdout] assertion failed at src/tests.vr:1109: left is cannot read the migrations in `migrations/sqlite`: No such file or directory (os error 2), right is no error
[INFO] [stdout] stack backtrace:
[INFO] [stdout]    0:     0x55d6c17e6851 - <<std[617be2ca0a6fd877]::sys::backtrace::BacktraceLock>::print::DisplayBacktrace as core[a373ad73a504971]::fmt::Display>::fmt
[INFO] [stdout]    1:     0x55d6c17fc23a - core[a373ad73a504971]::fmt::write
[INFO] [stdout]    2:     0x55d6c17eaecc - <alloc[2e1b2a31b91974c5]::vec::Vec<u8> as core[a373ad73a504971]::io::write::Write>::write_fmt
[INFO] [stdout]    3:     0x55d6c17c1a26 - std[617be2ca0a6fd877]::panicking::default_hook::{closure#0}
[INFO] [stdout]    4:     0x55d6c17de3e9 - std[617be2ca0a6fd877]::panicking::default_hook
[INFO] [stdout]    5:     0x55d6c1553fb0 - test[aada8e7e76ba119b]::test_main_inner::{closure#0}
[INFO] [stdout]    6:     0x55d6c17de712 - std[617be2ca0a6fd877]::panicking::panic_with_hook
[INFO] [stdout]    7:     0x55d6c17c1ad2 - std[617be2ca0a6fd877]::panicking::panic_handler::{closure#0}
[INFO] [stdout]    8:     0x55d6c17ba589 - std[617be2ca0a6fd877]::sys::backtrace::__rust_end_short_backtrace::<std[617be2ca0a6fd877]::panicking::panic_handler::{closure#0}, !>
[INFO] [stdout]    9:     0x55d6c17c26dd - __rustc[ea4f61d10b84890b]::rust_begin_unwind
[INFO] [stdout]   10:     0x55d6c17fc99c - core[a373ad73a504971]::panicking::panic_fmt
[INFO] [stdout]   11:     0x55d6c133856e - <tokio[76f870eb929d4886]::runtime::park::CachedParkThread>::block_on::<varyk_sql[e3b0892ab2063aa0]::tests::a_statement_on_a_missing_table_fails_the_transaction::{closure#0}>
[INFO] [stdout]   12:     0x55d6c149b20c - tokio[76f870eb929d4886]::runtime::context::runtime::enter_runtime::<<tokio[76f870eb929d4886]::runtime::scheduler::multi_thread::MultiThread>::block_on<varyk_sql[e3b0892ab2063aa0]::tests::a_statement_on_a_missing_table_fails_the_transaction::{closure#0}>::{closure#0}, ()>
[INFO] [stdout]   13:     0x55d6c14c0d3e - <tokio[76f870eb929d4886]::runtime::runtime::Runtime>::block_on::<varyk_sql[e3b0892ab2063aa0]::tests::a_statement_on_a_missing_table_fails_the_transaction::{closure#0}>
[INFO] [stdout]   14:     0x55d6c14e8571 - varyk_std[b3aae85bc1f305b6]::runtime::run::<varyk_sql[e3b0892ab2063aa0]::tests::a_statement_on_a_missing_table_fails_the_transaction::{closure#0}>
[INFO] [stdout]   15:     0x55d6c151bbf8 - <varyk_sql[e3b0892ab2063aa0]::tests::a_statement_on_a_missing_table_fails_the_transaction::{closure#0} as core[a373ad73a504971]::ops::function::FnOnce<()>>::call_once
[INFO] [stdout]   16:     0x55d6c15473fb - test[aada8e7e76ba119b]::__rust_begin_short_backtrace::<core[a373ad73a504971]::result::Result<(), alloc[2e1b2a31b91974c5]::string::String>, fn() -> core[a373ad73a504971]::result::Result<(), alloc[2e1b2a31b91974c5]::string::String>>
[INFO] [stdout]   17:     0x55d6c15545d5 - test[aada8e7e76ba119b]::run_test::{closure#0}
[INFO] [stdout]   18:     0x55d6c154dec4 - std[617be2ca0a6fd877]::sys::backtrace::__rust_begin_short_backtrace::<test[aada8e7e76ba119b]::run_test::{closure#1}, ()>
[INFO] [stdout]   19:     0x55d6c1557662 - <std[617be2ca0a6fd877]::thread::lifecycle::spawn_unchecked<test[aada8e7e76ba119b]::run_test::{closure#1}, ()>::{closure#1} as core[a373ad73a504971]::ops::function::FnOnce<()>>::call_once::{shim:vtable#0}
[INFO] [stdout]   20:     0x55d6c17e5d0f - <std[617be2ca0a6fd877]::sys::thread::unix::Thread>::new::thread_start
[INFO] [stdout]   21:     0x702942aa7dfa - <unknown>
[INFO] [stdout]   22:     0x702942b3b3d4 - clone
[INFO] [stdout]   23:                0x0 - <unknown>
[INFO] [stdout] 
[INFO] [stdout] ---- tests::a_statement_run_with_none_then_a_value_stores_the_value stdout ----
[INFO] [stdout] 
[INFO] [stdout] thread 'tests::a_statement_run_with_none_then_a_value_stores_the_value' (2536) panicked at src/tests.rs:661:92:
[INFO] [stdout] assertion failed at src/tests.vr:541: left is cannot read the migrations in `migrations/sqlite`: No such file or directory (os error 2), right is no error
[INFO] [stdout] stack backtrace:
[INFO] [stdout]    0:     0x55d6c17e6851 - <<std[617be2ca0a6fd877]::sys::backtrace::BacktraceLock>::print::DisplayBacktrace as core[a373ad73a504971]::fmt::Display>::fmt
[INFO] [stdout]    1:     0x55d6c17fc23a - core[a373ad73a504971]::fmt::write
[INFO] [stdout]    2:     0x55d6c17eaecc - <alloc[2e1b2a31b91974c5]::vec::Vec<u8> as core[a373ad73a504971]::io::write::Write>::write_fmt
[INFO] [stdout]    3:     0x55d6c17c1a26 - std[617be2ca0a6fd877]::panicking::default_hook::{closure#0}
[INFO] [stdout]    4:     0x55d6c17de3e9 - std[617be2ca0a6fd877]::panicking::default_hook
[INFO] [stdout]    5:     0x55d6c1553fb0 - test[aada8e7e76ba119b]::test_main_inner::{closure#0}
[INFO] [stdout]    6:     0x55d6c17de712 - std[617be2ca0a6fd877]::panicking::panic_with_hook
[INFO] [stdout]    7:     0x55d6c17c1ad2 - std[617be2ca0a6fd877]::panicking::panic_handler::{closure#0}
[INFO] [stdout]    8:     0x55d6c17ba589 - std[617be2ca0a6fd877]::sys::backtrace::__rust_end_short_backtrace::<std[617be2ca0a6fd877]::panicking::panic_handler::{closure#0}, !>
[INFO] [stdout]    9:     0x55d6c17c26dd - __rustc[ea4f61d10b84890b]::rust_begin_unwind
[INFO] [stdout]   10:     0x55d6c17fc99c - core[a373ad73a504971]::panicking::panic_fmt
[INFO] [stdout]   11:     0x55d6c134046f - <tokio[76f870eb929d4886]::runtime::park::CachedParkThread>::block_on::<varyk_sql[e3b0892ab2063aa0]::tests::a_statement_run_with_none_then_a_value_stores_the_value::{closure#0}>
[INFO] [stdout]   12:     0x55d6c149c21c - tokio[76f870eb929d4886]::runtime::context::runtime::enter_runtime::<<tokio[76f870eb929d4886]::runtime::scheduler::multi_thread::MultiThread>::block_on<varyk_sql[e3b0892ab2063aa0]::tests::a_statement_run_with_none_then_a_value_stores_the_value::{closure#0}>::{closure#0}, ()>
[INFO] [stdout]   13:     0x55d6c14c186a - <tokio[76f870eb929d4886]::runtime::runtime::Runtime>::block_on::<varyk_sql[e3b0892ab2063aa0]::tests::a_statement_run_with_none_then_a_value_stores_the_value::{closure#0}>
[INFO] [stdout]   14:     0x55d6c14e8ff1 - varyk_std[b3aae85bc1f305b6]::runtime::run::<varyk_sql[e3b0892ab2063aa0]::tests::a_statement_run_with_none_then_a_value_stores_the_value::{closure#0}>
[INFO] [stdout]   15:     0x55d6c151bd7b - <varyk_sql[e3b0892ab2063aa0]::tests::a_statement_run_with_none_then_a_value_stores_the_value::{closure#0} as core[a373ad73a504971]::ops::function::FnOnce<()>>::call_once
[INFO] [stdout]   16:     0x55d6c15473fb - test[aada8e7e76ba119b]::__rust_begin_short_backtrace::<core[a373ad73a504971]::result::Result<(), alloc[2e1b2a31b91974c5]::string::String>, fn() -> core[a373ad73a504971]::result::Result<(), alloc[2e1b2a31b91974c5]::string::String>>
[INFO] [stdout]   17:     0x55d6c15545d5 - test[aada8e7e76ba119b]::run_test::{closure#0}
[INFO] [stdout]   18:     0x55d6c154dec4 - std[617be2ca0a6fd877]::sys::backtrace::__rust_begin_short_backtrace::<test[aada8e7e76ba119b]::run_test::{closure#1}, ()>
[INFO] [stdout]   19:     0x55d6c1557662 - <std[617be2ca0a6fd877]::thread::lifecycle::spawn_unchecked<test[aada8e7e76ba119b]::run_test::{closure#1}, ()>::{closure#1} as core[a373ad73a504971]::ops::function::FnOnce<()>>::call_once::{shim:vtable#0}
[INFO] [stdout]   20:     0x55d6c17e5d0f - <std[617be2ca0a6fd877]::sys::thread::unix::Thread>::new::thread_start
[INFO] [stdout]   21:     0x702942aa7dfa - <unknown>
[INFO] [stdout]   22:     0x702942b3b3d4 - clone
[INFO] [stdout]   23:                0x0 - <unknown>
[INFO] [stdout] 
[INFO] [stdout] ---- tests::a_question_mark_in_a_string_beside_a_dollar_is_text stdout ----
[INFO] [stdout] 
[INFO] [stdout] thread 'tests::a_question_mark_in_a_string_beside_a_dollar_is_text' (2460) panicked at src/tests.rs:2621:92:
[INFO] [stdout] assertion failed at src/tests.vr:2314: left is cannot read the migrations in `migrations/sqlite`: No such file or directory (os error 2), right is no error
[INFO] [stdout] stack backtrace:
[INFO] [stdout]    0:     0x55d6c17e6851 - <<std[617be2ca0a6fd877]::sys::backtrace::BacktraceLock>::print::DisplayBacktrace as core[a373ad73a504971]::fmt::Display>::fmt
[INFO] [stdout]    1:     0x55d6c17fc23a - core[a373ad73a504971]::fmt::write
[INFO] [stdout]    2:     0x55d6c17eaecc - <alloc[2e1b2a31b91974c5]::vec::Vec<u8> as core[a373ad73a504971]::io::write::Write>::write_fmt
[INFO] [stdout]    3:     0x55d6c17c1a26 - std[617be2ca0a6fd877]::panicking::default_hook::{closure#0}
[INFO] [stdout]    4:     0x55d6c17de3e9 - std[617be2ca0a6fd877]::panicking::default_hook
[INFO] [stdout]    5:     0x55d6c1553fb0 - test[aada8e7e76ba119b]::test_main_inner::{closure#0}
[INFO] [stdout]    6:     0x55d6c17de712 - std[617be2ca0a6fd877]::panicking::panic_with_hook
[INFO] [stdout]    7:     0x55d6c17c1ad2 - std[617be2ca0a6fd877]::panicking::panic_handler::{closure#0}
[INFO] [stdout]    8:     0x55d6c17ba589 - std[617be2ca0a6fd877]::sys::backtrace::__rust_end_short_backtrace::<std[617be2ca0a6fd877]::panicking::panic_handler::{closure#0}, !>
[INFO] [stdout]    9:     0x55d6c17c26dd - __rustc[ea4f61d10b84890b]::rust_begin_unwind
[INFO] [stdout]   10:     0x55d6c17fc99c - core[a373ad73a504971]::panicking::panic_fmt
[INFO] [stdout]   11:     0x55d6c1335d33 - <tokio[76f870eb929d4886]::runtime::park::CachedParkThread>::block_on::<varyk_sql[e3b0892ab2063aa0]::tests::a_question_mark_in_a_string_beside_a_dollar_is_text::{closure#0}>
[INFO] [stdout]   12:     0x55d6c149ae0c - tokio[76f870eb929d4886]::runtime::context::runtime::enter_runtime::<<tokio[76f870eb929d4886]::runtime::scheduler::multi_thread::MultiThread>::block_on<varyk_sql[e3b0892ab2063aa0]::tests::a_question_mark_in_a_string_beside_a_dollar_is_text::{closure#0}>::{closure#0}, ()>
[INFO] [stdout]   13:     0x55d6c14c0a7e - <tokio[76f870eb929d4886]::runtime::runtime::Runtime>::block_on::<varyk_sql[e3b0892ab2063aa0]::tests::a_question_mark_in_a_string_beside_a_dollar_is_text::{closure#0}>
[INFO] [stdout]   14:     0x55d6c14e82d1 - varyk_std[b3aae85bc1f305b6]::runtime::run::<varyk_sql[e3b0892ab2063aa0]::tests::a_question_mark_in_a_string_beside_a_dollar_is_text::{closure#0}>
[INFO] [stdout]   15:     0x55d6c151bb98 - <varyk_sql[e3b0892ab2063aa0]::tests::a_question_mark_in_a_string_beside_a_dollar_is_text::{closure#0} as core[a373ad73a504971]::ops::function::FnOnce<()>>::call_once
[INFO] [stdout]   16:     0x55d6c15473fb - test[aada8e7e76ba119b]::__rust_begin_short_backtrace::<core[a373ad73a504971]::result::Result<(), alloc[2e1b2a31b91974c5]::string::String>, fn() -> core[a373ad73a504971]::result::Result<(), alloc[2e1b2a31b91974c5]::string::String>>
[INFO] [stdout]   17:     0x55d6c15545d5 - test[aada8e7e76ba119b]::run_test::{closure#0}
[INFO] [stdout]   18:     0x55d6c154dec4 - std[617be2ca0a6fd877]::sys::backtrace::__rust_begin_short_backtrace::<test[aada8e7e76ba119b]::run_test::{closure#1}, ()>
[INFO] [stdout]   19:     0x55d6c1557662 - <std[617be2ca0a6fd877]::thread::lifecycle::spawn_unchecked<test[aada8e7e76ba119b]::run_test::{closure#1}, ()>::{closure#1} as core[a373ad73a504971]::ops::function::FnOnce<()>>::call_once::{shim:vtable#0}
[INFO] [stdout]   20:     0x55d6c17e5d0f - <std[617be2ca0a6fd877]::sys::thread::unix::Thread>::new::thread_start
[INFO] [stdout]   21:     0x702942aa7dfa - <unknown>
[INFO] [stdout]   22:     0x702942b3b3d4 - clone
[INFO] [stdout]   23:                0x0 - <unknown>
[INFO] [stdout] 
[INFO] [stdout] ---- tests::a_time_a_uuid_and_bytes_bind_and_find_their_row stdout ----
[INFO] [stdout] 
[INFO] [stdout] thread 'tests::a_time_a_uuid_and_bytes_bind_and_find_their_row' (2562) panicked at src/tests.rs:1898:92:
[INFO] [stdout] assertion failed at src/tests.vr:1641: left is cannot read the migrations in `migrations/sqlite`: No such file or directory (os error 2), right is no error
[INFO] [stdout] stack backtrace:
[INFO] [stdout]    0:     0x55d6c17e6851 - <<std[617be2ca0a6fd877]::sys::backtrace::BacktraceLock>::print::DisplayBacktrace as core[a373ad73a504971]::fmt::Display>::fmt
[INFO] [stdout]    1:     0x55d6c17fc23a - core[a373ad73a504971]::fmt::write
[INFO] [stdout]    2:     0x55d6c17eaecc - <alloc[2e1b2a31b91974c5]::vec::Vec<u8> as core[a373ad73a504971]::io::write::Write>::write_fmt
[INFO] [stdout]    3:     0x55d6c17c1a26 - std[617be2ca0a6fd877]::panicking::default_hook::{closure#0}
[INFO] [stdout]    4:     0x55d6c17de3e9 - std[617be2ca0a6fd877]::panicking::default_hook
[INFO] [stdout]    5:     0x55d6c1553fb0 - test[aada8e7e76ba119b]::test_main_inner::{closure#0}
[INFO] [stdout]    6:     0x55d6c17de712 - std[617be2ca0a6fd877]::panicking::panic_with_hook
[INFO] [stdout]    7:     0x55d6c17c1ad2 - std[617be2ca0a6fd877]::panicking::panic_handler::{closure#0}
[INFO] [stdout]    8:     0x55d6c17ba589 - std[617be2ca0a6fd877]::sys::backtrace::__rust_end_short_backtrace::<std[617be2ca0a6fd877]::panicking::panic_handler::{closure#0}, !>
[INFO] [stdout]    9:     0x55d6c17c26dd - __rustc[ea4f61d10b84890b]::rust_begin_unwind
[INFO] [stdout]   10:     0x55d6c17fc99c - core[a373ad73a504971]::panicking::panic_fmt
[INFO] [stdout]   11:     0x55d6c1327ab4 - <tokio[76f870eb929d4886]::runtime::park::CachedParkThread>::block_on::<varyk_sql[e3b0892ab2063aa0]::tests::a_time_a_uuid_and_bytes_bind_and_find_their_row::{closure#0}>
[INFO] [stdout]   12:     0x55d6c1498bdc - tokio[76f870eb929d4886]::runtime::context::runtime::enter_runtime::<<tokio[76f870eb929d4886]::runtime::scheduler::multi_thread::MultiThread>::block_on<varyk_sql[e3b0892ab2063aa0]::tests::a_time_a_uuid_and_bytes_bind_and_find_their_row::{closure#0}>::{closure#0}, ()>
[INFO] [stdout]   13:     0x55d6c14bf2be - <tokio[76f870eb929d4886]::runtime::runtime::Runtime>::block_on::<varyk_sql[e3b0892ab2063aa0]::tests::a_time_a_uuid_and_bytes_bind_and_find_their_row::{closure#0}>
[INFO] [stdout]   14:     0x55d6c14e6c71 - varyk_std[b3aae85bc1f305b6]::runtime::run::<varyk_sql[e3b0892ab2063aa0]::tests::a_time_a_uuid_and_bytes_bind_and_find_their_row::{closure#0}>
[INFO] [stdout]   15:     0x55d6c151b86a - <varyk_sql[e3b0892ab2063aa0]::tests::a_time_a_uuid_and_bytes_bind_and_find_their_row::{closure#0} as core[a373ad73a504971]::ops::function::FnOnce<()>>::call_once
[INFO] [stdout]   16:     0x55d6c15473fb - test[aada8e7e76ba119b]::__rust_begin_short_backtrace::<core[a373ad73a504971]::result::Result<(), alloc[2e1b2a31b91974c5]::string::String>, fn() -> core[a373ad73a504971]::result::Result<(), alloc[2e1b2a31b91974c5]::string::String>>
[INFO] [stdout]   17:     0x55d6c15545d5 - test[aada8e7e76ba119b]::run_test::{closure#0}
[INFO] [stdout]   18:     0x55d6c154dec4 - std[617be2ca0a6fd877]::sys::backtrace::__rust_begin_short_backtrace::<test[aada8e7e76ba119b]::run_test::{closure#1}, ()>
[INFO] [stdout]   19:     0x55d6c1557662 - <std[617be2ca0a6fd877]::thread::lifecycle::spawn_unchecked<test[aada8e7e76ba119b]::run_test::{closure#1}, ()>::{closure#1} as core[a373ad73a504971]::ops::function::FnOnce<()>>::call_once::{shim:vtable#0}
[INFO] [stdout]   20:     0x55d6c17e5d0f - <std[617be2ca0a6fd877]::sys::thread::unix::Thread>::new::thread_start
[INFO] [stdout]   21:     0x702942aa7dfa - <unknown>
[INFO] [stdout]   22:     0x702942b3b3d4 - clone
[INFO] [stdout]   23:                0x0 - <unknown>
[INFO] [stdout] 
[INFO] [stdout] ---- tests::a_time_a_uuid_and_bytes_read_back_equal stdout ----
[INFO] [stdout] 
[INFO] [stdout] thread 'tests::a_time_a_uuid_and_bytes_read_back_equal' (2581) panicked at src/tests.rs:2205:92:
[INFO] [stdout] assertion failed at src/tests.vr:1919: left is cannot read the migrations in `migrations/sqlite`: No such file or directory (os error 2), right is no error
[INFO] [stdout] stack backtrace:
[INFO] [stdout]    0:     0x55d6c17e6851 - <<std[617be2ca0a6fd877]::sys::backtrace::BacktraceLock>::print::DisplayBacktrace as core[a373ad73a504971]::fmt::Display>::fmt
[INFO] [stdout]    1:     0x55d6c17fc23a - core[a373ad73a504971]::fmt::write
[INFO] [stdout]    2:     0x55d6c17eaecc - <alloc[2e1b2a31b91974c5]::vec::Vec<u8> as core[a373ad73a504971]::io::write::Write>::write_fmt
[INFO] [stdout]    3:     0x55d6c17c1a26 - std[617be2ca0a6fd877]::panicking::default_hook::{closure#0}
[INFO] [stdout]    4:     0x55d6c17de3e9 - std[617be2ca0a6fd877]::panicking::default_hook
[INFO] [stdout]    5:     0x55d6c1553fb0 - test[aada8e7e76ba119b]::test_main_inner::{closure#0}
[INFO] [stdout]    6:     0x55d6c17de712 - std[617be2ca0a6fd877]::panicking::panic_with_hook
[INFO] [stdout]    7:     0x55d6c17c1ad2 - std[617be2ca0a6fd877]::panicking::panic_handler::{closure#0}
[INFO] [stdout]    8:     0x55d6c17ba589 - std[617be2ca0a6fd877]::sys::backtrace::__rust_end_short_backtrace::<std[617be2ca0a6fd877]::panicking::panic_handler::{closure#0}, !>
[INFO] [stdout]    9:     0x55d6c17c26dd - __rustc[ea4f61d10b84890b]::rust_begin_unwind
[INFO] [stdout]   10:     0x55d6c17fc99c - core[a373ad73a504971]::panicking::panic_fmt
[INFO] [stdout]   11:     0x55d6c1318b17 - <tokio[76f870eb929d4886]::runtime::park::CachedParkThread>::block_on::<varyk_sql[e3b0892ab2063aa0]::tests::a_time_a_uuid_and_bytes_read_back_equal::{closure#0}>
[INFO] [stdout]   12:     0x55d6c1496b8c - tokio[76f870eb929d4886]::runtime::context::runtime::enter_runtime::<<tokio[76f870eb929d4886]::runtime::scheduler::multi_thread::MultiThread>::block_on<varyk_sql[e3b0892ab2063aa0]::tests::a_time_a_uuid_and_bytes_read_back_equal::{closure#0}>::{closure#0}, ()>
[INFO] [stdout]   13:     0x55d6c14bdc8e - <tokio[76f870eb929d4886]::runtime::runtime::Runtime>::block_on::<varyk_sql[e3b0892ab2063aa0]::tests::a_time_a_uuid_and_bytes_read_back_equal::{closure#0}>
[INFO] [stdout]   14:     0x55d6c14e5751 - varyk_std[b3aae85bc1f305b6]::runtime::run::<varyk_sql[e3b0892ab2063aa0]::tests::a_time_a_uuid_and_bytes_read_back_equal::{closure#0}>
[INFO] [stdout]   15:     0x55d6c151b56a - <varyk_sql[e3b0892ab2063aa0]::tests::a_time_a_uuid_and_bytes_read_back_equal::{closure#0} as core[a373ad73a504971]::ops::function::FnOnce<()>>::call_once
[INFO] [stdout]   16:     0x55d6c15473fb - test[aada8e7e76ba119b]::__rust_begin_short_backtrace::<core[a373ad73a504971]::result::Result<(), alloc[2e1b2a31b91974c5]::string::String>, fn() -> core[a373ad73a504971]::result::Result<(), alloc[2e1b2a31b91974c5]::string::String>>
[INFO] [stdout]   17:     0x55d6c15545d5 - test[aada8e7e76ba119b]::run_test::{closure#0}
[INFO] [stdout]   18:     0x55d6c154dec4 - std[617be2ca0a6fd877]::sys::backtrace::__rust_begin_short_backtrace::<test[aada8e7e76ba119b]::run_test::{closure#1}, ()>
[INFO] [stdout]   19:     0x55d6c1557662 - <std[617be2ca0a6fd877]::thread::lifecycle::spawn_unchecked<test[aada8e7e76ba119b]::run_test::{closure#1}, ()>::{closure#1} as core[a373ad73a504971]::ops::function::FnOnce<()>>::call_once::{shim:vtable#0}
[INFO] [stdout]   20:     0x55d6c17e5d0f - <std[617be2ca0a6fd877]::sys::thread::unix::Thread>::new::thread_start
[INFO] [stdout]   21:     0x702942aa7dfa - <unknown>
[INFO] [stdout]   22:     0x702942b3b3d4 - clone
[INFO] [stdout]   23:                0x0 - <unknown>
[INFO] [stdout] 
[INFO] [stdout] ---- tests::a_time_before_1970_with_a_fraction_is_the_same_instant stdout ----
[INFO] [stdout] 
[INFO] [stdout] thread 'tests::a_time_before_1970_with_a_fraction_is_the_same_instant' (2583) panicked at src/tests.rs:2056:92:
[INFO] [stdout] assertion failed at src/tests.vr:1794: left is cannot read the migrations in `migrations/sqlite`: No such file or directory (os error 2), right is no error
[INFO] [stdout] stack backtrace:
[INFO] [stdout]    0:     0x55d6c17e6851 - <<std[617be2ca0a6fd877]::sys::backtrace::BacktraceLock>::print::DisplayBacktrace as core[a373ad73a504971]::fmt::Display>::fmt
[INFO] [stdout]    1:     0x55d6c17fc23a - core[a373ad73a504971]::fmt::write
[INFO] [stdout]    2:     0x55d6c17eaecc - <alloc[2e1b2a31b91974c5]::vec::Vec<u8> as core[a373ad73a504971]::io::write::Write>::write_fmt
[INFO] [stdout]    3:     0x55d6c17c1a26 - std[617be2ca0a6fd877]::panicking::default_hook::{closure#0}
[INFO] [stdout]    4:     0x55d6c17de3e9 - std[617be2ca0a6fd877]::panicking::default_hook
[INFO] [stdout]    5:     0x55d6c1553fb0 - test[aada8e7e76ba119b]::test_main_inner::{closure#0}
[INFO] [stdout]    6:     0x55d6c17de712 - std[617be2ca0a6fd877]::panicking::panic_with_hook
[INFO] [stdout]    7:     0x55d6c17c1ad2 - std[617be2ca0a6fd877]::panicking::panic_handler::{closure#0}
[INFO] [stdout]    8:     0x55d6c17ba589 - std[617be2ca0a6fd877]::sys::backtrace::__rust_end_short_backtrace::<std[617be2ca0a6fd877]::panicking::panic_handler::{closure#0}, !>
[INFO] [stdout]    9:     0x55d6c17c26dd - __rustc[ea4f61d10b84890b]::rust_begin_unwind
[INFO] [stdout]   10:     0x55d6c17fc99c - core[a373ad73a504971]::panicking::panic_fmt
[INFO] [stdout]   11:     0x55d6c133beb5 - <tokio[76f870eb929d4886]::runtime::park::CachedParkThread>::block_on::<varyk_sql[e3b0892ab2063aa0]::tests::a_time_before_1970_with_a_fraction_is_the_same_instant::{closure#0}>
[INFO] [stdout]   12:     0x55d6c149bc0c - tokio[76f870eb929d4886]::runtime::context::runtime::enter_runtime::<<tokio[76f870eb929d4886]::runtime::scheduler::multi_thread::MultiThread>::block_on<varyk_sql[e3b0892ab2063aa0]::tests::a_time_before_1970_with_a_fraction_is_the_same_instant::{closure#0}>::{closure#0}, ()>
[INFO] [stdout]   13:     0x55d6c14c141e - <tokio[76f870eb929d4886]::runtime::runtime::Runtime>::block_on::<varyk_sql[e3b0892ab2063aa0]::tests::a_time_before_1970_with_a_fraction_is_the_same_instant::{closure#0}>
[INFO] [stdout]   14:     0x55d6c14e8c01 - varyk_std[b3aae85bc1f305b6]::runtime::run::<varyk_sql[e3b0892ab2063aa0]::tests::a_time_before_1970_with_a_fraction_is_the_same_instant::{closure#0}>
[INFO] [stdout]   15:     0x55d6c151bcea - <varyk_sql[e3b0892ab2063aa0]::tests::a_time_before_1970_with_a_fraction_is_the_same_instant::{closure#0} as core[a373ad73a504971]::ops::function::FnOnce<()>>::call_once
[INFO] [stdout]   16:     0x55d6c15473fb - test[aada8e7e76ba119b]::__rust_begin_short_backtrace::<core[a373ad73a504971]::result::Result<(), alloc[2e1b2a31b91974c5]::string::String>, fn() -> core[a373ad73a504971]::result::Result<(), alloc[2e1b2a31b91974c5]::string::String>>
[INFO] [stdout]   17:     0x55d6c15545d5 - test[aada8e7e76ba119b]::run_test::{closure#0}
[INFO] [stdout]   18:     0x55d6c154dec4 - std[617be2ca0a6fd877]::sys::backtrace::__rust_begin_short_backtrace::<test[aada8e7e76ba119b]::run_test::{closure#1}, ()>
[INFO] [stdout]   19:     0x55d6c1557662 - <std[617be2ca0a6fd877]::thread::lifecycle::spawn_unchecked<test[aada8e7e76ba119b]::run_test::{closure#1}, ()>::{closure#1} as core[a373ad73a504971]::ops::function::FnOnce<()>>::call_once::{shim:vtable#0}
[INFO] [stdout]   20:     0x55d6c17e5d0f - <std[617be2ca0a6fd877]::sys::thread::unix::Thread>::new::thread_start
[INFO] [stdout]   21:     0x702942aa7dfa - <unknown>
[INFO] [stdout]   22:     0x702942b3b3d4 - clone
[INFO] [stdout]   23:                0x0 - <unknown>
[INFO] [stdout] 
[INFO] [stdout] ---- tests::a_stopped_task_rolls_its_transaction_back stdout ----
[INFO] [stdout] 
[INFO] [stdout] thread 'tests::a_stopped_task_rolls_its_transaction_back' (2561) panicked at src/tests.rs:1375:92:
[INFO] [stdout] assertion failed at src/tests.vr:1192: left is cannot read the migrations in `migrations/sqlite`: No such file or directory (os error 2), right is no error
[INFO] [stdout] stack backtrace:
[INFO] [stdout]    0:     0x55d6c17e6851 - <<std[617be2ca0a6fd877]::sys::backtrace::BacktraceLock>::print::DisplayBacktrace as core[a373ad73a504971]::fmt::Display>::fmt
[INFO] [stdout]    1:     0x55d6c17fc23a - core[a373ad73a504971]::fmt::write
[INFO] [stdout]    2:     0x55d6c17eaecc - <alloc[2e1b2a31b91974c5]::vec::Vec<u8> as core[a373ad73a504971]::io::write::Write>::write_fmt
[INFO] [stdout]    3:     0x55d6c17c1a26 - std[617be2ca0a6fd877]::panicking::default_hook::{closure#0}
[INFO] [stdout]    4:     0x55d6c17de3e9 - std[617be2ca0a6fd877]::panicking::default_hook
[INFO] [stdout]    5:     0x55d6c1553fb0 - test[aada8e7e76ba119b]::test_main_inner::{closure#0}
[INFO] [stdout]    6:     0x55d6c17de712 - std[617be2ca0a6fd877]::panicking::panic_with_hook
[INFO] [stdout]    7:     0x55d6c17c1ad2 - std[617be2ca0a6fd877]::panicking::panic_handler::{closure#0}
[INFO] [stdout]    8:     0x55d6c17ba589 - std[617be2ca0a6fd877]::sys::backtrace::__rust_end_short_backtrace::<std[617be2ca0a6fd877]::panicking::panic_handler::{closure#0}, !>
[INFO] [stdout]    9:     0x55d6c17c26dd - __rustc[ea4f61d10b84890b]::rust_begin_unwind
[INFO] [stdout]   10:     0x55d6c17fc99c - core[a373ad73a504971]::panicking::panic_fmt
[INFO] [stdout]   11:     0x55d6c131b0f5 - <tokio[76f870eb929d4886]::runtime::park::CachedParkThread>::block_on::<varyk_sql[e3b0892ab2063aa0]::tests::a_stopped_task_rolls_its_transaction_back::{closure#0}>
[INFO] [stdout]   12:     0x55d6c149738c - tokio[76f870eb929d4886]::runtime::context::runtime::enter_runtime::<<tokio[76f870eb929d4886]::runtime::scheduler::multi_thread::MultiThread>::block_on<varyk_sql[e3b0892ab2063aa0]::tests::a_stopped_task_rolls_its_transaction_back::{closure#0}>::{closure#0}, ()>
[INFO] [stdout]   13:     0x55d6c14be18e - <tokio[76f870eb929d4886]::runtime::runtime::Runtime>::block_on::<varyk_sql[e3b0892ab2063aa0]::tests::a_stopped_task_rolls_its_transaction_back::{closure#0}>
[INFO] [stdout]   14:     0x55d6c14e5c91 - varyk_std[b3aae85bc1f305b6]::runtime::run::<varyk_sql[e3b0892ab2063aa0]::tests::a_stopped_task_rolls_its_transaction_back::{closure#0}>
[INFO] [stdout]   15:     0x55d6c151b628 - <varyk_sql[e3b0892ab2063aa0]::tests::a_stopped_task_rolls_its_transaction_back::{closure#0} as core[a373ad73a504971]::ops::function::FnOnce<()>>::call_once
[INFO] [stdout]   16:     0x55d6c15473fb - test[aada8e7e76ba119b]::__rust_begin_short_backtrace::<core[a373ad73a504971]::result::Result<(), alloc[2e1b2a31b91974c5]::string::String>, fn() -> core[a373ad73a504971]::result::Result<(), alloc[2e1b2a31b91974c5]::string::String>>
[INFO] [stdout]   17:     0x55d6c15545d5 - test[aada8e7e76ba119b]::run_test::{closure#0}
[INFO] [stdout]   18:     0x55d6c154dec4 - std[617be2ca0a6fd877]::sys::backtrace::__rust_begin_short_backtrace::<test[aada8e7e76ba119b]::run_test::{closure#1}, ()>
[INFO] [stdout]   19:     0x55d6c1557662 - <std[617be2ca0a6fd877]::thread::lifecycle::spawn_unchecked<test[aada8e7e76ba119b]::run_test::{closure#1}, ()>::{closure#1} as core[a373ad73a504971]::ops::function::FnOnce<()>>::call_once::{shim:vtable#0}
[INFO] [stdout]   20:     0x55d6c17e5d0f - <std[617be2ca0a6fd877]::sys::thread::unix::Thread>::new::thread_start
[INFO] [stdout]   21:     0x702942aa7dfa - <unknown>
[INFO] [stdout]   22:     0x702942b3b3d4 - clone
[INFO] [stdout]   23:                0x0 - <unknown>
[INFO] [stdout] 
[INFO] [stdout] ---- tests::a_sqlite_time_binds_as_fixed_width_text stdout ----
[INFO] [stdout] 
[INFO] [stdout] thread 'tests::a_sqlite_time_binds_as_fixed_width_text' (2495) panicked at src/tests.rs:1962:92:
[INFO] [stdout] assertion failed at src/tests.vr:1705: left is cannot read the migrations in `migrations/sqlite`: No such file or directory (os error 2), right is no error
[INFO] [stdout] stack backtrace:
[INFO] [stdout]    0:     0x55d6c17e6851 - <<std[617be2ca0a6fd877]::sys::backtrace::BacktraceLock>::print::DisplayBacktrace as core[a373ad73a504971]::fmt::Display>::fmt
[INFO] [stdout]    1:     0x55d6c17fc23a - core[a373ad73a504971]::fmt::write
[INFO] [stdout]    2:     0x55d6c17eaecc - <alloc[2e1b2a31b91974c5]::vec::Vec<u8> as core[a373ad73a504971]::io::write::Write>::write_fmt
[INFO] [stdout]    3:     0x55d6c17c1a26 - std[617be2ca0a6fd877]::panicking::default_hook::{closure#0}
[INFO] [stdout]    4:     0x55d6c17de3e9 - std[617be2ca0a6fd877]::panicking::default_hook
[INFO] [stdout]    5:     0x55d6c1553fb0 - test[aada8e7e76ba119b]::test_main_inner::{closure#0}
[INFO] [stdout]    6:     0x55d6c17de712 - std[617be2ca0a6fd877]::panicking::panic_with_hook
[INFO] [stdout]    7:     0x55d6c17c1ad2 - std[617be2ca0a6fd877]::panicking::panic_handler::{closure#0}
[INFO] [stdout]    8:     0x55d6c17ba589 - std[617be2ca0a6fd877]::sys::backtrace::__rust_end_short_backtrace::<std[617be2ca0a6fd877]::panicking::panic_handler::{closure#0}, !>
[INFO] [stdout]    9:     0x55d6c17c26dd - __rustc[ea4f61d10b84890b]::rust_begin_unwind
[INFO] [stdout]   10:     0x55d6c17fc99c - core[a373ad73a504971]::panicking::panic_fmt
[INFO] [stdout]   11:     0x55d6c1316194 - <tokio[76f870eb929d4886]::runtime::park::CachedParkThread>::block_on::<varyk_sql[e3b0892ab2063aa0]::tests::a_sqlite_time_binds_as_fixed_width_text::{closure#0}>
[INFO] [stdout]   12:     0x55d6c149698c - tokio[76f870eb929d4886]::runtime::context::runtime::enter_runtime::<<tokio[76f870eb929d4886]::runtime::scheduler::multi_thread::MultiThread>::block_on<varyk_sql[e3b0892ab2063aa0]::tests::a_sqlite_time_binds_as_fixed_width_text::{closure#0}>::{closure#0}, ()>
[INFO] [stdout]   13:     0x55d6c14bdb2e - <tokio[76f870eb929d4886]::runtime::runtime::Runtime>::block_on::<varyk_sql[e3b0892ab2063aa0]::tests::a_sqlite_time_binds_as_fixed_width_text::{closure#0}>
[INFO] [stdout]   14:     0x55d6c14e5601 - varyk_std[b3aae85bc1f305b6]::runtime::run::<varyk_sql[e3b0892ab2063aa0]::tests::a_sqlite_time_binds_as_fixed_width_text::{closure#0}>
[INFO] [stdout]   15:     0x55d6c151b53a - <varyk_sql[e3b0892ab2063aa0]::tests::a_sqlite_time_binds_as_fixed_width_text::{closure#0} as core[a373ad73a504971]::ops::function::FnOnce<()>>::call_once
[INFO] [stdout]   16:     0x55d6c15473fb - test[aada8e7e76ba119b]::__rust_begin_short_backtrace::<core[a373ad73a504971]::result::Result<(), alloc[2e1b2a31b91974c5]::string::String>, fn() -> core[a373ad73a504971]::result::Result<(), alloc[2e1b2a31b91974c5]::string::String>>
[INFO] [stdout]   17:     0x55d6c15545d5 - test[aada8e7e76ba119b]::run_test::{closure#0}
[INFO] [stdout]   18:     0x55d6c154dec4 - std[617be2ca0a6fd877]::sys::backtrace::__rust_begin_short_backtrace::<test[aada8e7e76ba119b]::run_test::{closure#1}, ()>
[INFO] [stdout]   19:     0x55d6c1557662 - <std[617be2ca0a6fd877]::thread::lifecycle::spawn_unchecked<test[aada8e7e76ba119b]::run_test::{closure#1}, ()>::{closure#1} as core[a373ad73a504971]::ops::function::FnOnce<()>>::call_once::{shim:vtable#0}
[INFO] [stdout]   20:     0x55d6c17e5d0f - <std[617be2ca0a6fd877]::sys::thread::unix::Thread>::new::thread_start
[INFO] [stdout]   21:     0x702942aa7dfa - <unknown>
[INFO] [stdout]   22:     0x702942b3b3d4 - clone
[INFO] [stdout]   23:                0x0 - <unknown>
[INFO] [stdout] 
[INFO] [stdout] ---- tests::an_integer_column_reads_into_a_float_field stdout ----
[INFO] [stdout] 
[INFO] [stdout] thread 'tests::an_integer_column_reads_into_a_float_field' (2625) panicked at src/tests.rs:911:92:
[INFO] [stdout] assertion failed at src/tests.vr:771: left is cannot read the migrations in `migrations/sqlite`: No such file or directory (os error 2), right is no error
[INFO] [stdout] stack backtrace:
[INFO] [stdout]    0:     0x55d6c17e6851 - <<std[617be2ca0a6fd877]::sys::backtrace::BacktraceLock>::print::DisplayBacktrace as core[a373ad73a504971]::fmt::Display>::fmt
[INFO] [stdout]    1:     0x55d6c17fc23a - core[a373ad73a504971]::fmt::write
[INFO] [stdout]    2:     0x55d6c17eaecc - <alloc[2e1b2a31b91974c5]::vec::Vec<u8> as core[a373ad73a504971]::io::write::Write>::write_fmt
[INFO] [stdout]    3:     0x55d6c17c1a26 - std[617be2ca0a6fd877]::panicking::default_hook::{closure#0}
[INFO] [stdout]    4:     0x55d6c17de3e9 - std[617be2ca0a6fd877]::panicking::default_hook
[INFO] [stdout]    5:     0x55d6c1553fb0 - test[aada8e7e76ba119b]::test_main_inner::{closure#0}
[INFO] [stdout]    6:     0x55d6c17de712 - std[617be2ca0a6fd877]::panicking::panic_with_hook
[INFO] [stdout]    7:     0x55d6c17c1ad2 - std[617be2ca0a6fd877]::panicking::panic_handler::{closure#0}
[INFO] [stdout]    8:     0x55d6c17ba589 - std[617be2ca0a6fd877]::sys::backtrace::__rust_end_short_backtrace::<std[617be2ca0a6fd877]::panicking::panic_handler::{closure#0}, !>
[INFO] [stdout]    9:     0x55d6c17c26dd - __rustc[ea4f61d10b84890b]::rust_begin_unwind
[INFO] [stdout]   10:     0x55d6c17fc99c - core[a373ad73a504971]::panicking::panic_fmt
[INFO] [stdout]   11:     0x55d6c131e728 - <tokio[76f870eb929d4886]::runtime::park::CachedParkThread>::block_on::<varyk_sql[e3b0892ab2063aa0]::tests::an_integer_column_reads_into_a_float_field::{closure#0}>
[INFO] [stdout]   12:     0x55d6c14979ac - tokio[76f870eb929d4886]::runtime::context::runtime::enter_runtime::<<tokio[76f870eb929d4886]::runtime::scheduler::multi_thread::MultiThread>::block_on<varyk_sql[e3b0892ab2063aa0]::tests::an_integer_column_reads_into_a_float_field::{closure#0}>::{closure#0}, ()>
[INFO] [stdout]   13:     0x55d6c14be5ee - <tokio[76f870eb929d4886]::runtime::runtime::Runtime>::block_on::<varyk_sql[e3b0892ab2063aa0]::tests::an_integer_column_reads_into_a_float_field::{closure#0}>
[INFO] [stdout]   14:     0x55d6c14e6091 - varyk_std[b3aae85bc1f305b6]::runtime::run::<varyk_sql[e3b0892ab2063aa0]::tests::an_integer_column_reads_into_a_float_field::{closure#0}>
[INFO] [stdout]   15:     0x55d6c151b6b8 - <varyk_sql[e3b0892ab2063aa0]::tests::an_integer_column_reads_into_a_float_field::{closure#0} as core[a373ad73a504971]::ops::function::FnOnce<()>>::call_once
[INFO] [stdout]   16:     0x55d6c15473fb - test[aada8e7e76ba119b]::__rust_begin_short_backtrace::<core[a373ad73a504971]::result::Result<(), alloc[2e1b2a31b91974c5]::string::String>, fn() -> core[a373ad73a504971]::result::Result<(), alloc[2e1b2a31b91974c5]::string::String>>
[INFO] [stdout]   17:     0x55d6c15545d5 - test[aada8e7e76ba119b]::run_test::{closure#0}
[INFO] [stdout]   18:     0x55d6c154dec4 - std[617be2ca0a6fd877]::sys::backtrace::__rust_begin_short_backtrace::<test[aada8e7e76ba119b]::run_test::{closure#1}, ()>
[INFO] [stdout]   19:     0x55d6c1557662 - <std[617be2ca0a6fd877]::thread::lifecycle::spawn_unchecked<test[aada8e7e76ba119b]::run_test::{closure#1}, ()>::{closure#1} as core[a373ad73a504971]::ops::function::FnOnce<()>>::call_once::{shim:vtable#0}
[INFO] [stdout]   20:     0x55d6c17e5d0f - <std[617be2ca0a6fd877]::sys::thread::unix::Thread>::new::thread_start
[INFO] [stdout]   21:     0x702942aa7dfa - <unknown>
[INFO] [stdout]   22:     0x702942b3b3d4 - clone
[INFO] [stdout]   23:                0x0 - <unknown>
[INFO] [stdout] 
[INFO] [stdout] ---- tests::a_question_mark_query_with_a_dollar_in_a_string_works stdout ----
[INFO] [stdout] 
[INFO] [stdout] thread 'tests::a_question_mark_query_with_a_dollar_in_a_string_works' (2461) panicked at src/tests.rs:2709:92:
[INFO] [stdout] assertion failed at src/tests.vr:2403: left is cannot read the migrations in `migrations/sqlite`: No such file or directory (os error 2), right is no error
[INFO] [stdout] stack backtrace:
[INFO] [stdout]    0:     0x55d6c17e6851 - <<std[617be2ca0a6fd877]::sys::backtrace::BacktraceLock>::print::DisplayBacktrace as core[a373ad73a504971]::fmt::Display>::fmt
[INFO] [stdout]    1:     0x55d6c17fc23a - core[a373ad73a504971]::fmt::write
[INFO] [stdout]    2:     0x55d6c17eaecc - <alloc[2e1b2a31b91974c5]::vec::Vec<u8> as core[a373ad73a504971]::io::write::Write>::write_fmt
[INFO] [stdout]    3:     0x55d6c17c1a26 - std[617be2ca0a6fd877]::panicking::default_hook::{closure#0}
[INFO] [stdout]    4:     0x55d6c17de3e9 - std[617be2ca0a6fd877]::panicking::default_hook
[INFO] [stdout]    5:     0x55d6c1553fb0 - test[aada8e7e76ba119b]::test_main_inner::{closure#0}
[INFO] [stdout]    6:     0x55d6c17de712 - std[617be2ca0a6fd877]::panicking::panic_with_hook
[INFO] [stdout]    7:     0x55d6c17c1ad2 - std[617be2ca0a6fd877]::panicking::panic_handler::{closure#0}
[INFO] [stdout]    8:     0x55d6c17ba589 - std[617be2ca0a6fd877]::sys::backtrace::__rust_end_short_backtrace::<std[617be2ca0a6fd877]::panicking::panic_handler::{closure#0}, !>
[INFO] [stdout]    9:     0x55d6c17c26dd - __rustc[ea4f61d10b84890b]::rust_begin_unwind
[INFO] [stdout]   10:     0x55d6c17fc99c - core[a373ad73a504971]::panicking::panic_fmt
[INFO] [stdout]   11:     0x55d6c1339ad4 - <tokio[76f870eb929d4886]::runtime::park::CachedParkThread>::block_on::<varyk_sql[e3b0892ab2063aa0]::tests::a_question_mark_query_with_a_dollar_in_a_string_works::{closure#0}>
[INFO] [stdout]   12:     0x55d6c149b60c - tokio[76f870eb929d4886]::runtime::context::runtime::enter_runtime::<<tokio[76f870eb929d4886]::runtime::scheduler::multi_thread::MultiThread>::block_on<varyk_sql[e3b0892ab2063aa0]::tests::a_question_mark_query_with_a_dollar_in_a_string_works::{closure#0}>::{closure#0}, ()>
[INFO] [stdout]   13:     0x55d6c14c0ffe - <tokio[76f870eb929d4886]::runtime::runtime::Runtime>::block_on::<varyk_sql[e3b0892ab2063aa0]::tests::a_question_mark_query_with_a_dollar_in_a_string_works::{closure#0}>
[INFO] [stdout]   14:     0x55d6c14e8811 - varyk_std[b3aae85bc1f305b6]::runtime::run::<varyk_sql[e3b0892ab2063aa0]::tests::a_question_mark_query_with_a_dollar_in_a_string_works::{closure#0}>
[INFO] [stdout]   15:     0x55d6c151bc58 - <varyk_sql[e3b0892ab2063aa0]::tests::a_question_mark_query_with_a_dollar_in_a_string_works::{closure#0} as core[a373ad73a504971]::ops::function::FnOnce<()>>::call_once
[INFO] [stdout]   16:     0x55d6c15473fb - test[aada8e7e76ba119b]::__rust_begin_short_backtrace::<core[a373ad73a504971]::result::Result<(), alloc[2e1b2a31b91974c5]::string::String>, fn() -> core[a373ad73a504971]::result::Result<(), alloc[2e1b2a31b91974c5]::string::String>>
[INFO] [stdout]   17:     0x55d6c15545d5 - test[aada8e7e76ba119b]::run_test::{closure#0}
[INFO] [stdout]   18:     0x55d6c154dec4 - std[617be2ca0a6fd877]::sys::backtrace::__rust_begin_short_backtrace::<test[aada8e7e76ba119b]::run_test::{closure#1}, ()>
[INFO] [stdout]   19:     0x55d6c1557662 - <std[617be2ca0a6fd877]::thread::lifecycle::spawn_unchecked<test[aada8e7e76ba119b]::run_test::{closure#1}, ()>::{closure#1} as core[a373ad73a504971]::ops::function::FnOnce<()>>::call_once::{shim:vtable#0}
[INFO] [stdout]   20:     0x55d6c17e5d0f - <std[617be2ca0a6fd877]::sys::thread::unix::Thread>::new::thread_start
[INFO] [stdout]   21:     0x702942aa7dfa - <unknown>
[INFO] [stdout]   22:     0x702942b3b3d4 - clone
[INFO] [stdout]   23:                0x0 - <unknown>
[INFO] [stdout] 
[INFO] [stdout] ---- tests::an_in_memory_database_is_one_database_for_the_pool stdout ----
[INFO] [stdout] 
[INFO] [stdout] thread 'tests::an_in_memory_database_is_one_database_for_the_pool' (2624) panicked at src/tests.rs:1540:92:
[INFO] [stdout] assertion failed at src/tests.vr:1335: left is cannot read the migrations in `migrations/sqlite`: No such file or directory (os error 2), right is no error
[INFO] [stdout] stack backtrace:
[INFO] [stdout]    0:     0x55d6c17e6851 - <<std[617be2ca0a6fd877]::sys::backtrace::BacktraceLock>::print::DisplayBacktrace as core[a373ad73a504971]::fmt::Display>::fmt
[INFO] [stdout]    1:     0x55d6c17fc23a - core[a373ad73a504971]::fmt::write
[INFO] [stdout]    2:     0x55d6c17eaecc - <alloc[2e1b2a31b91974c5]::vec::Vec<u8> as core[a373ad73a504971]::io::write::Write>::write_fmt
[INFO] [stdout]    3:     0x55d6c17c1a26 - std[617be2ca0a6fd877]::panicking::default_hook::{closure#0}
[INFO] [stdout]    4:     0x55d6c17de3e9 - std[617be2ca0a6fd877]::panicking::default_hook
[INFO] [stdout]    5:     0x55d6c1553fb0 - test[aada8e7e76ba119b]::test_main_inner::{closure#0}
[INFO] [stdout]    6:     0x55d6c17de712 - std[617be2ca0a6fd877]::panicking::panic_with_hook
[INFO] [stdout]    7:     0x55d6c17c1ad2 - std[617be2ca0a6fd877]::panicking::panic_handler::{closure#0}
[INFO] [stdout]    8:     0x55d6c17ba589 - std[617be2ca0a6fd877]::sys::backtrace::__rust_end_short_backtrace::<std[617be2ca0a6fd877]::panicking::panic_handler::{closure#0}, !>
[INFO] [stdout]    9:     0x55d6c17c26dd - __rustc[ea4f61d10b84890b]::rust_begin_unwind
[INFO] [stdout]   10:     0x55d6c17fc99c - core[a373ad73a504971]::panicking::panic_fmt
[INFO] [stdout]   11:     0x55d6c1331753 - <tokio[76f870eb929d4886]::runtime::park::CachedParkThread>::block_on::<varyk_sql[e3b0892ab2063aa0]::tests::an_in_memory_database_is_one_database_for_the_pool::{closure#0}>
[INFO] [stdout]   12:     0x55d6c149a5fc - tokio[76f870eb929d4886]::runtime::context::runtime::enter_runtime::<<tokio[76f870eb929d4886]::runtime::scheduler::multi_thread::MultiThread>::block_on<varyk_sql[e3b0892ab2063aa0]::tests::an_in_memory_database_is_one_database_for_the_pool::{closure#0}>::{closure#0}, ()>
[INFO] [stdout]   13:     0x55d6c14c04de - <tokio[76f870eb929d4886]::runtime::runtime::Runtime>::block_on::<varyk_sql[e3b0892ab2063aa0]::tests::an_in_memory_database_is_one_database_for_the_pool::{closure#0}>
[INFO] [stdout]   14:     0x55d6c14e7d91 - varyk_std[b3aae85bc1f305b6]::runtime::run::<varyk_sql[e3b0892ab2063aa0]::tests::an_in_memory_database_is_one_database_for_the_pool::{closure#0}>
[INFO] [stdout]   15:     0x55d6c151badb - <varyk_sql[e3b0892ab2063aa0]::tests::an_in_memory_database_is_one_database_for_the_pool::{closure#0} as core[a373ad73a504971]::ops::function::FnOnce<()>>::call_once
[INFO] [stdout]   16:     0x55d6c15473fb - test[aada8e7e76ba119b]::__rust_begin_short_backtrace::<core[a373ad73a504971]::result::Result<(), alloc[2e1b2a31b91974c5]::string::String>, fn() -> core[a373ad73a504971]::result::Result<(), alloc[2e1b2a31b91974c5]::string::String>>
[INFO] [stdout]   17:     0x55d6c15545d5 - test[aada8e7e76ba119b]::run_test::{closure#0}
[INFO] [stdout]   18:     0x55d6c154dec4 - std[617be2ca0a6fd877]::sys::backtrace::__rust_begin_short_backtrace::<test[aada8e7e76ba119b]::run_test::{closure#1}, ()>
[INFO] [stdout]   19:     0x55d6c1557662 - <std[617be2ca0a6fd877]::thread::lifecycle::spawn_unchecked<test[aada8e7e76ba119b]::run_test::{closure#1}, ()>::{closure#1} as core[a373ad73a504971]::ops::function::FnOnce<()>>::call_once::{shim:vtable#0}
[INFO] [stdout]   20:     0x55d6c17e5d0f - <std[617be2ca0a6fd877]::sys::thread::unix::Thread>::new::thread_start
[INFO] [stdout]   21:     0x702942aa7dfa - <unknown>
[INFO] [stdout]   22:     0x702942b3b3d4 - clone
[INFO] [stdout]   23:                0x0 - <unknown>
[INFO] [stdout] 
[INFO] [stdout] ---- tests::a_time_and_a_uuid_read_into_a_string stdout ----
[INFO] [stdout] 
[INFO] [stdout] thread 'tests::a_time_and_a_uuid_read_into_a_string' (2582) panicked at src/tests.rs:2273:92:
[INFO] [stdout] assertion failed at src/tests.vr:1985: left is cannot read the migrations in `migrations/sqlite`: No such file or directory (os error 2), right is no error
[INFO] [stdout] stack backtrace:
[INFO] [stdout]    0:     0x55d6c17e6851 - <<std[617be2ca0a6fd877]::sys::backtrace::BacktraceLock>::print::DisplayBacktrace as core[a373ad73a504971]::fmt::Display>::fmt
[INFO] [stdout]    1:     0x55d6c17fc23a - core[a373ad73a504971]::fmt::write
[INFO] [stdout]    2:     0x55d6c17eaecc - <alloc[2e1b2a31b91974c5]::vec::Vec<u8> as core[a373ad73a504971]::io::write::Write>::write_fmt
[INFO] [stdout]    3:     0x55d6c17c1a26 - std[617be2ca0a6fd877]::panicking::default_hook::{closure#0}
[INFO] [stdout]    4:     0x55d6c17de3e9 - std[617be2ca0a6fd877]::panicking::default_hook
[INFO] [stdout]    5:     0x55d6c1553fb0 - test[aada8e7e76ba119b]::test_main_inner::{closure#0}
[INFO] [stdout]    6:     0x55d6c17de712 - std[617be2ca0a6fd877]::panicking::panic_with_hook
[INFO] [stdout]    7:     0x55d6c17c1ad2 - std[617be2ca0a6fd877]::panicking::panic_handler::{closure#0}
[INFO] [stdout]    8:     0x55d6c17ba589 - std[617be2ca0a6fd877]::sys::backtrace::__rust_end_short_backtrace::<std[617be2ca0a6fd877]::panicking::panic_handler::{closure#0}, !>
[INFO] [stdout]    9:     0x55d6c17c26dd - __rustc[ea4f61d10b84890b]::rust_begin_unwind
[INFO] [stdout]   10:     0x55d6c17fc99c - core[a373ad73a504971]::panicking::panic_fmt
[INFO] [stdout]   11:     0x55d6c130faa7 - <tokio[76f870eb929d4886]::runtime::park::CachedParkThread>::block_on::<varyk_sql[e3b0892ab2063aa0]::tests::a_time_and_a_uuid_read_into_a_string::{closure#0}>
[INFO] [stdout]   12:     0x55d6c1495d8c - tokio[76f870eb929d4886]::runtime::context::runtime::enter_runtime::<<tokio[76f870eb929d4886]::runtime::scheduler::multi_thread::MultiThread>::block_on<varyk_sql[e3b0892ab2063aa0]::tests::a_time_and_a_uuid_read_into_a_string::{closure#0}>::{closure#0}, ()>
[INFO] [stdout]   13:     0x55d6c14bd2ee - <tokio[76f870eb929d4886]::runtime::runtime::Runtime>::block_on::<varyk_sql[e3b0892ab2063aa0]::tests::a_time_and_a_uuid_read_into_a_string::{closure#0}>
[INFO] [stdout]   14:     0x55d6c14e4e21 - varyk_std[b3aae85bc1f305b6]::runtime::run::<varyk_sql[e3b0892ab2063aa0]::tests::a_time_and_a_uuid_read_into_a_string::{closure#0}>
[INFO] [stdout]   15:     0x55d6c151b41a - <varyk_sql[e3b0892ab2063aa0]::tests::a_time_and_a_uuid_read_into_a_string::{closure#0} as core[a373ad73a504971]::ops::function::FnOnce<()>>::call_once
[INFO] [stdout]   16:     0x55d6c15473fb - test[aada8e7e76ba119b]::__rust_begin_short_backtrace::<core[a373ad73a504971]::result::Result<(), alloc[2e1b2a31b91974c5]::string::String>, fn() -> core[a373ad73a504971]::result::Result<(), alloc[2e1b2a31b91974c5]::string::String>>
[INFO] [stdout]   17:     0x55d6c15545d5 - test[aada8e7e76ba119b]::run_test::{closure#0}
[INFO] [stdout]   18:     0x55d6c154dec4 - std[617be2ca0a6fd877]::sys::backtrace::__rust_begin_short_backtrace::<test[aada8e7e76ba119b]::run_test::{closure#1}, ()>
[INFO] [stdout]   19:     0x55d6c1557662 - <std[617be2ca0a6fd877]::thread::lifecycle::spawn_unchecked<test[aada8e7e76ba119b]::run_test::{closure#1}, ()>::{closure#1} as core[a373ad73a504971]::ops::function::FnOnce<()>>::call_once::{shim:vtable#0}
[INFO] [stdout]   20:     0x55d6c17e5d0f - <std[617be2ca0a6fd877]::sys::thread::unix::Thread>::new::thread_start
[INFO] [stdout]   21:     0x702942aa7dfa - <unknown>
[INFO] [stdout]   22:     0x702942b3b3d4 - clone
[INFO] [stdout]   23:                0x0 - <unknown>
[INFO] [stdout] 
[INFO] [stdout] ---- tests::a_transaction_checks_the_placeholder_count stdout ----
[INFO] [stdout] 
[INFO] [stdout] thread 'tests::a_transaction_checks_the_placeholder_count' (2620) panicked at src/tests.rs:1132:92:
[INFO] [stdout] assertion failed at src/tests.vr:967: left is cannot read the migrations in `migrations/sqlite`: No such file or directory (os error 2), right is no error
[INFO] [stdout] stack backtrace:
[INFO] [stdout]    0:     0x55d6c17e6851 - <<std[617be2ca0a6fd877]::sys::backtrace::BacktraceLock>::print::DisplayBacktrace as core[a373ad73a504971]::fmt::Display>::fmt
[INFO] [stdout]    1:     0x55d6c17fc23a - core[a373ad73a504971]::fmt::write
[INFO] [stdout]    2:     0x55d6c17eaecc - <alloc[2e1b2a31b91974c5]::vec::Vec<u8> as core[a373ad73a504971]::io::write::Write>::write_fmt
[INFO] [stdout]    3:     0x55d6c17c1a26 - std[617be2ca0a6fd877]::panicking::default_hook::{closure#0}
[INFO] [stdout]    4:     0x55d6c17de3e9 - std[617be2ca0a6fd877]::panicking::default_hook
[INFO] [stdout]    5:     0x55d6c1553fb0 - test[aada8e7e76ba119b]::test_main_inner::{closure#0}
[INFO] [stdout]    6:     0x55d6c17de712 - std[617be2ca0a6fd877]::panicking::panic_with_hook
[INFO] [stdout]    7:     0x55d6c17c1ad2 - std[617be2ca0a6fd877]::panicking::panic_handler::{closure#0}
[INFO] [stdout]    8:     0x55d6c17ba589 - std[617be2ca0a6fd877]::sys::backtrace::__rust_end_short_backtrace::<std[617be2ca0a6fd877]::panicking::panic_handler::{closure#0}, !>
[INFO] [stdout]    9:     0x55d6c17c26dd - __rustc[ea4f61d10b84890b]::rust_begin_unwind
[INFO] [stdout]   10:     0x55d6c17fc99c - core[a373ad73a504971]::panicking::panic_fmt
[INFO] [stdout]   11:     0x55d6c131ce1e - <tokio[76f870eb929d4886]::runtime::park::CachedParkThread>::block_on::<varyk_sql[e3b0892ab2063aa0]::tests::a_transaction_checks_the_placeholder_count::{closure#0}>
[INFO] [stdout]   12:     0x55d6c14977ac - tokio[76f870eb929d4886]::runtime::context::runtime::enter_runtime::<<tokio[76f870eb929d4886]::runtime::scheduler::multi_thread::MultiThread>::block_on<varyk_sql[e3b0892ab2063aa0]::tests::a_transaction_checks_the_placeholder_count::{closure#0}>::{closure#0}, ()>
[INFO] [stdout]   13:     0x55d6c14be48e - <tokio[76f870eb929d4886]::runtime::runtime::Runtime>::block_on::<varyk_sql[e3b0892ab2063aa0]::tests::a_transaction_checks_the_placeholder_count::{closure#0}>
[INFO] [stdout]   14:     0x55d6c14e5f41 - varyk_std[b3aae85bc1f305b6]::runtime::run::<varyk_sql[e3b0892ab2063aa0]::tests::a_transaction_checks_the_placeholder_count::{closure#0}>
[INFO] [stdout]   15:     0x55d6c151b688 - <varyk_sql[e3b0892ab2063aa0]::tests::a_transaction_checks_the_placeholder_count::{closure#0} as core[a373ad73a504971]::ops::function::FnOnce<()>>::call_once
[INFO] [stdout]   16:     0x55d6c15473fb - test[aada8e7e76ba119b]::__rust_begin_short_backtrace::<core[a373ad73a504971]::result::Result<(), alloc[2e1b2a31b91974c5]::string::String>, fn() -> core[a373ad73a504971]::result::Result<(), alloc[2e1b2a31b91974c5]::string::String>>
[INFO] [stdout]   17:     0x55d6c15545d5 - test[aada8e7e76ba119b]::run_test::{closure#0}
[INFO] [stdout]   18:     0x55d6c154dec4 - std[617be2ca0a6fd877]::sys::backtrace::__rust_begin_short_backtrace::<test[aada8e7e76ba119b]::run_test::{closure#1}, ()>
[INFO] [stdout]   19:     0x55d6c1557662 - <std[617be2ca0a6fd877]::thread::lifecycle::spawn_unchecked<test[aada8e7e76ba119b]::run_test::{closure#1}, ()>::{closure#1} as core[a373ad73a504971]::ops::function::FnOnce<()>>::call_once::{shim:vtable#0}
[INFO] [stdout]   20:     0x55d6c17e5d0f - <std[617be2ca0a6fd877]::sys::thread::unix::Thread>::new::thread_start
[INFO] [stdout]   21:     0x702942aa7dfa - <unknown>
[INFO] [stdout]   22:     0x702942b3b3d4 - clone
[INFO] [stdout]   23:                0x0 - <unknown>
[INFO] [stdout] 
[INFO] [stdout] ---- tests::all_reads_rows_by_column_name_and_ignores_extra_columns stdout ----
[INFO] [stdout] 
[INFO] [stdout] thread 'tests::all_reads_rows_by_column_name_and_ignores_extra_columns' (2623) panicked at src/tests.rs:253:92:
[INFO] [stdout] assertion failed at src/tests.vr:194: left is cannot read the migrations in `migrations/sqlite`: No such file or directory (os error 2), right is no error
[INFO] [stdout] stack backtrace:
[INFO] [stdout]    0:     0x55d6c17e6851 - <<std[617be2ca0a6fd877]::sys::backtrace::BacktraceLock>::print::DisplayBacktrace as core[a373ad73a504971]::fmt::Display>::fmt
[INFO] [stdout]    1:     0x55d6c17fc23a - core[a373ad73a504971]::fmt::write
[INFO] [stdout]    2:     0x55d6c17eaecc - <alloc[2e1b2a31b91974c5]::vec::Vec<u8> as core[a373ad73a504971]::io::write::Write>::write_fmt
[INFO] [stdout]    3:     0x55d6c17c1a26 - std[617be2ca0a6fd877]::panicking::default_hook::{closure#0}
[INFO] [stdout]    4:     0x55d6c17de3e9 - std[617be2ca0a6fd877]::panicking::default_hook
[INFO] [stdout]    5:     0x55d6c1553fb0 - test[aada8e7e76ba119b]::test_main_inner::{closure#0}
[INFO] [stdout]    6:     0x55d6c17de712 - std[617be2ca0a6fd877]::panicking::panic_with_hook
[INFO] [stdout]    7:     0x55d6c17c1ad2 - std[617be2ca0a6fd877]::panicking::panic_handler::{closure#0}
[INFO] [stdout]    8:     0x55d6c17ba589 - std[617be2ca0a6fd877]::sys::backtrace::__rust_end_short_backtrace::<std[617be2ca0a6fd877]::panicking::panic_handler::{closure#0}, !>
[INFO] [stdout]    9:     0x55d6c17c26dd - __rustc[ea4f61d10b84890b]::rust_begin_unwind
[INFO] [stdout]   10:     0x55d6c17fc99c - core[a373ad73a504971]::panicking::panic_fmt
[INFO] [stdout]   11:     0x55d6c134179d - <tokio[76f870eb929d4886]::runtime::park::CachedParkThread>::block_on::<varyk_sql[e3b0892ab2063aa0]::tests::all_reads_rows_by_column_name_and_ignores_extra_columns::{closure#0}>
[INFO] [stdout]   12:     0x55d6c149c41c - tokio[76f870eb929d4886]::runtime::context::runtime::enter_runtime::<<tokio[76f870eb929d4886]::runtime::scheduler::multi_thread::MultiThread>::block_on<varyk_sql[e3b0892ab2063aa0]::tests::all_reads_rows_by_column_name_and_ignores_extra_columns::{closure#0}>::{closure#0}, ()>
[INFO] [stdout]   13:     0x55d6c14c19ce - <tokio[76f870eb929d4886]::runtime::runtime::Runtime>::block_on::<varyk_sql[e3b0892ab2063aa0]::tests::all_reads_rows_by_column_name_and_ignores_extra_columns::{closure#0}>
[INFO] [stdout]   14:     0x55d6c14e9141 - varyk_std[b3aae85bc1f305b6]::runtime::run::<varyk_sql[e3b0892ab2063aa0]::tests::all_reads_rows_by_column_name_and_ignores_extra_columns::{closure#0}>
[INFO] [stdout]   15:     0x55d6c151bda8 - <varyk_sql[e3b0892ab2063aa0]::tests::all_reads_rows_by_column_name_and_ignores_extra_columns::{closure#0} as core[a373ad73a504971]::ops::function::FnOnce<()>>::call_once
[INFO] [stdout]   16:     0x55d6c15473fb - test[aada8e7e76ba119b]::__rust_begin_short_backtrace::<core[a373ad73a504971]::result::Result<(), alloc[2e1b2a31b91974c5]::string::String>, fn() -> core[a373ad73a504971]::result::Result<(), alloc[2e1b2a31b91974c5]::string::String>>
[INFO] [stdout]   17:     0x55d6c15545d5 - test[aada8e7e76ba119b]::run_test::{closure#0}
[INFO] [stdout]   18:     0x55d6c154dec4 - std[617be2ca0a6fd877]::sys::backtrace::__rust_begin_short_backtrace::<test[aada8e7e76ba119b]::run_test::{closure#1}, ()>
[INFO] [stdout]   19:     0x55d6c1557662 - <std[617be2ca0a6fd877]::thread::lifecycle::spawn_unchecked<test[aada8e7e76ba119b]::run_test::{closure#1}, ()>::{closure#1} as core[a373ad73a504971]::ops::function::FnOnce<()>>::call_once::{shim:vtable#0}
[INFO] [stdout]   20:     0x55d6c17e5d0f - <std[617be2ca0a6fd877]::sys::thread::unix::Thread>::new::thread_start
[INFO] [stdout]   21:     0x702942aa7dfa - <unknown>
[INFO] [stdout]   22:     0x702942b3b3d4 - clone
[INFO] [stdout]   23:                0x0 - <unknown>
[INFO] [stdout] 
[INFO] [stdout] ---- tests::a_uuid_binds_as_its_lower_case_text_off_postgres stdout ----
[INFO] [stdout] 
[INFO] [stdout] thread 'tests::a_uuid_binds_as_its_lower_case_text_off_postgres' (2622) panicked at src/tests.rs:1929:92:
[INFO] [stdout] assertion failed at src/tests.vr:1672: left is cannot read the migrations in `migrations/sqlite`: No such file or directory (os error 2), right is no error
[INFO] [stdout] stack backtrace:
[INFO] [stdout]    0:     0x55d6c17e6851 - <<std[617be2ca0a6fd877]::sys::backtrace::BacktraceLock>::print::DisplayBacktrace as core[a373ad73a504971]::fmt::Display>::fmt
[INFO] [stdout]    1:     0x55d6c17fc23a - core[a373ad73a504971]::fmt::write
[INFO] [stdout]    2:     0x55d6c17eaecc - <alloc[2e1b2a31b91974c5]::vec::Vec<u8> as core[a373ad73a504971]::io::write::Write>::write_fmt
[INFO] [stdout]    3:     0x55d6c17c1a26 - std[617be2ca0a6fd877]::panicking::default_hook::{closure#0}
[INFO] [stdout]    4:     0x55d6c17de3e9 - std[617be2ca0a6fd877]::panicking::default_hook
[INFO] [stdout]    5:     0x55d6c1553fb0 - test[aada8e7e76ba119b]::test_main_inner::{closure#0}
[INFO] [stdout]    6:     0x55d6c17de712 - std[617be2ca0a6fd877]::panicking::panic_with_hook
[INFO] [stdout]    7:     0x55d6c17c1ad2 - std[617be2ca0a6fd877]::panicking::panic_handler::{closure#0}
[INFO] [stdout]    8:     0x55d6c17ba589 - std[617be2ca0a6fd877]::sys::backtrace::__rust_end_short_backtrace::<std[617be2ca0a6fd877]::panicking::panic_handler::{closure#0}, !>
[INFO] [stdout]    9:     0x55d6c17c26dd - __rustc[ea4f61d10b84890b]::rust_begin_unwind
[INFO] [stdout]   10:     0x55d6c17fc99c - core[a373ad73a504971]::panicking::panic_fmt
[INFO] [stdout]   11:     0x55d6c132d249 - <tokio[76f870eb929d4886]::runtime::park::CachedParkThread>::block_on::<varyk_sql[e3b0892ab2063aa0]::tests::a_uuid_binds_as_its_lower_case_text_off_postgres::{closure#0}>
[INFO] [stdout]   12:     0x55d6c14997dc - tokio[76f870eb929d4886]::runtime::context::runtime::enter_runtime::<<tokio[76f870eb929d4886]::runtime::scheduler::multi_thread::MultiThread>::block_on<varyk_sql[e3b0892ab2063aa0]::tests::a_uuid_binds_as_its_lower_case_text_off_postgres::{closure#0}>::{closure#0}, ()>
[INFO] [stdout]   13:     0x55d6c14bfafe - <tokio[76f870eb929d4886]::runtime::runtime::Runtime>::block_on::<varyk_sql[e3b0892ab2063aa0]::tests::a_uuid_binds_as_its_lower_case_text_off_postgres::{closure#0}>
[INFO] [stdout]   14:     0x55d6c14e7451 - varyk_std[b3aae85bc1f305b6]::runtime::run::<varyk_sql[e3b0892ab2063aa0]::tests::a_uuid_binds_as_its_lower_case_text_off_postgres::{closure#0}>
[INFO] [stdout]   15:     0x55d6c151b98a - <varyk_sql[e3b0892ab2063aa0]::tests::a_uuid_binds_as_its_lower_case_text_off_postgres::{closure#0} as core[a373ad73a504971]::ops::function::FnOnce<()>>::call_once
[INFO] [stdout]   16:     0x55d6c15473fb - test[aada8e7e76ba119b]::__rust_begin_short_backtrace::<core[a373ad73a504971]::result::Result<(), alloc[2e1b2a31b91974c5]::string::String>, fn() -> core[a373ad73a504971]::result::Result<(), alloc[2e1b2a31b91974c5]::string::String>>
[INFO] [stdout]   17:     0x55d6c15545d5 - test[aada8e7e76ba119b]::run_test::{closure#0}
[INFO] [stdout]   18:     0x55d6c154dec4 - std[617be2ca0a6fd877]::sys::backtrace::__rust_begin_short_backtrace::<test[aada8e7e76ba119b]::run_test::{closure#1}, ()>
[INFO] [stdout]   19:     0x55d6c1557662 - <std[617be2ca0a6fd877]::thread::lifecycle::spawn_unchecked<test[aada8e7e76ba119b]::run_test::{closure#1}, ()>::{closure#1} as core[a373ad73a504971]::ops::function::FnOnce<()>>::call_once::{shim:vtable#0}
[INFO] [stdout]   20:     0x55d6c17e5d0f - <std[617be2ca0a6fd877]::sys::thread::unix::Thread>::new::thread_start
[INFO] [stdout]   21:     0x702942aa7dfa - <unknown>
[INFO] [stdout]   22:     0x702942b3b3d4 - clone
[INFO] [stdout]   23:                0x0 - <unknown>
[INFO] [stdout] 
[INFO] [stdout] ---- tests::an_integer_out_of_the_field_range_is_an_error_naming_the_column stdout ----
[INFO] [stdout] 
[INFO] [stdout] thread 'tests::an_integer_out_of_the_field_range_is_an_error_naming_the_column' (2680) panicked at src/tests.rs:472:92:
[INFO] [stdout] assertion failed at src/tests.vr:386: left is cannot read the migrations in `migrations/sqlite`: No such file or directory (os error 2), right is no error
[INFO] [stdout] stack backtrace:
[INFO] [stdout]    0:     0x55d6c17e6851 - <<std[617be2ca0a6fd877]::sys::backtrace::BacktraceLock>::print::DisplayBacktrace as core[a373ad73a504971]::fmt::Display>::fmt
[INFO] [stdout]    1:     0x55d6c17fc23a - core[a373ad73a504971]::fmt::write
[INFO] [stdout]    2:     0x55d6c17eaecc - <alloc[2e1b2a31b91974c5]::vec::Vec<u8> as core[a373ad73a504971]::io::write::Write>::write_fmt
[INFO] [stdout]    3:     0x55d6c17c1a26 - std[617be2ca0a6fd877]::panicking::default_hook::{closure#0}
[INFO] [stdout]    4:     0x55d6c17de3e9 - std[617be2ca0a6fd877]::panicking::default_hook
[INFO] [stdout]    5:     0x55d6c1553fb0 - test[aada8e7e76ba119b]::test_main_inner::{closure#0}
[INFO] [stdout]    6:     0x55d6c17de712 - std[617be2ca0a6fd877]::panicking::panic_with_hook
[INFO] [stdout]    7:     0x55d6c17c1ad2 - std[617be2ca0a6fd877]::panicking::panic_handler::{closure#0}
[INFO] [stdout]    8:     0x55d6c17ba589 - std[617be2ca0a6fd877]::sys::backtrace::__rust_end_short_backtrace::<std[617be2ca0a6fd877]::panicking::panic_handler::{closure#0}, !>
[INFO] [stdout]    9:     0x55d6c17c26dd - __rustc[ea4f61d10b84890b]::rust_begin_unwind
[INFO] [stdout]   10:     0x55d6c17fc99c - core[a373ad73a504971]::panicking::panic_fmt
[INFO] [stdout]   11:     0x55d6c134cc3a - <tokio[76f870eb929d4886]::runtime::park::CachedParkThread>::block_on::<varyk_sql[e3b0892ab2063aa0]::tests::an_integer_out_of_the_field_range_is_an_error_naming_the_column::{closure#0}>
[INFO] [stdout]   12:     0x55d6c149da1c - tokio[76f870eb929d4886]::runtime::context::runtime::enter_runtime::<<tokio[76f870eb929d4886]::runtime::scheduler::multi_thread::MultiThread>::block_on<varyk_sql[e3b0892ab2063aa0]::tests::an_integer_out_of_the_field_range_is_an_error_naming_the_column::{closure#0}>::{closure#0}, ()>
[INFO] [stdout]   13:     0x55d6c14c28ee - <tokio[76f870eb929d4886]::runtime::runtime::Runtime>::block_on::<varyk_sql[e3b0892ab2063aa0]::tests::an_integer_out_of_the_field_range_is_an_error_naming_the_column::{closure#0}>
[INFO] [stdout]   14:     0x55d6c14e9fb1 - varyk_std[b3aae85bc1f305b6]::runtime::run::<varyk_sql[e3b0892ab2063aa0]::tests::an_integer_out_of_the_field_range_is_an_error_naming_the_column::{closure#0}>
[INFO] [stdout]   15:     0x55d6c151bfb8 - <varyk_sql[e3b0892ab2063aa0]::tests::an_integer_out_of_the_field_range_is_an_error_naming_the_column::{closure#0} as core[a373ad73a504971]::ops::function::FnOnce<()>>::call_once
[INFO] [stdout]   16:     0x55d6c15473fb - test[aada8e7e76ba119b]::__rust_begin_short_backtrace::<core[a373ad73a504971]::result::Result<(), alloc[2e1b2a31b91974c5]::string::String>, fn() -> core[a373ad73a504971]::result::Result<(), alloc[2e1b2a31b91974c5]::string::String>>
[INFO] [stdout]   17:     0x55d6c15545d5 - test[aada8e7e76ba119b]::run_test::{closure#0}
[INFO] [stdout]   18:     0x55d6c154dec4 - std[617be2ca0a6fd877]::sys::backtrace::__rust_begin_short_backtrace::<test[aada8e7e76ba119b]::run_test::{closure#1}, ()>
[INFO] [stdout]   19:     0x55d6c1557662 - <std[617be2ca0a6fd877]::thread::lifecycle::spawn_unchecked<test[aada8e7e76ba119b]::run_test::{closure#1}, ()>::{closure#1} as core[a373ad73a504971]::ops::function::FnOnce<()>>::call_once::{shim:vtable#0}
[INFO] [stdout]   20:     0x55d6c17e5d0f - <std[617be2ca0a6fd877]::sys::thread::unix::Thread>::new::thread_start
[INFO] [stdout]   21:     0x702942aa7dfa - <unknown>
[INFO] [stdout]   22:     0x702942b3b3d4 - clone
[INFO] [stdout]   23:                0x0 - <unknown>
[INFO] [stdout] 
[INFO] [stdout] ---- tests::a_transaction_reads_its_own_write stdout ----
[INFO] [stdout] 
[INFO] [stdout] thread 'tests::a_transaction_reads_its_own_write' (2621) panicked at src/tests.rs:1084:92:
[INFO] [stdout] assertion failed at src/tests.vr:927: left is cannot read the migrations in `migrations/sqlite`: No such file or directory (os error 2), right is no error
[INFO] [stdout] stack backtrace:
[INFO] [stdout]    0:     0x55d6c17e6851 - <<std[617be2ca0a6fd877]::sys::backtrace::BacktraceLock>::print::DisplayBacktrace as core[a373ad73a504971]::fmt::Display>::fmt
[INFO] [stdout]    1:     0x55d6c17fc23a - core[a373ad73a504971]::fmt::write
[INFO] [stdout]    2:     0x55d6c17eaecc - <alloc[2e1b2a31b91974c5]::vec::Vec<u8> as core[a373ad73a504971]::io::write::Write>::write_fmt
[INFO] [stdout]    3:     0x55d6c17c1a26 - std[617be2ca0a6fd877]::panicking::default_hook::{closure#0}
[INFO] [stdout]    4:     0x55d6c17de3e9 - std[617be2ca0a6fd877]::panicking::default_hook
[INFO] [stdout]    5:     0x55d6c1553fb0 - test[aada8e7e76ba119b]::test_main_inner::{closure#0}
[INFO] [stdout]    6:     0x55d6c17de712 - std[617be2ca0a6fd877]::panicking::panic_with_hook
[INFO] [stdout]    7:     0x55d6c17c1ad2 - std[617be2ca0a6fd877]::panicking::panic_handler::{closure#0}
[INFO] [stdout]    8:     0x55d6c17ba589 - std[617be2ca0a6fd877]::sys::backtrace::__rust_end_short_backtrace::<std[617be2ca0a6fd877]::panicking::panic_handler::{closure#0}, !>
[INFO] [stdout]    9:     0x55d6c17c26dd - __rustc[ea4f61d10b84890b]::rust_begin_unwind
[INFO] [stdout]   10:     0x55d6c17fc99c - core[a373ad73a504971]::panicking::panic_fmt
[INFO] [stdout]   11:     0x55d6c130cea1 - <tokio[76f870eb929d4886]::runtime::park::CachedParkThread>::block_on::<varyk_sql[e3b0892ab2063aa0]::tests::a_transaction_reads_its_own_write::{closure#0}>
[INFO] [stdout]   12:     0x55d6c149578c - tokio[76f870eb929d4886]::runtime::context::runtime::enter_runtime::<<tokio[76f870eb929d4886]::runtime::scheduler::multi_thread::MultiThread>::block_on<varyk_sql[e3b0892ab2063aa0]::tests::a_transaction_reads_its_own_write::{closure#0}>::{closure#0}, ()>
[INFO] [stdout]   13:     0x55d6c14bcece - <tokio[76f870eb929d4886]::runtime::runtime::Runtime>::block_on::<varyk_sql[e3b0892ab2063aa0]::tests::a_transaction_reads_its_own_write::{closure#0}>
[INFO] [stdout]   14:     0x55d6c14e4a31 - varyk_std[b3aae85bc1f305b6]::runtime::run::<varyk_sql[e3b0892ab2063aa0]::tests::a_transaction_reads_its_own_write::{closure#0}>
[INFO] [stdout]   15:     0x55d6c151b38a - <varyk_sql[e3b0892ab2063aa0]::tests::a_transaction_reads_its_own_write::{closure#0} as core[a373ad73a504971]::ops::function::FnOnce<()>>::call_once
[INFO] [stdout]   16:     0x55d6c15473fb - test[aada8e7e76ba119b]::__rust_begin_short_backtrace::<core[a373ad73a504971]::result::Result<(), alloc[2e1b2a31b91974c5]::string::String>, fn() -> core[a373ad73a504971]::result::Result<(), alloc[2e1b2a31b91974c5]::string::String>>
[INFO] [stdout]   17:     0x55d6c15545d5 - test[aada8e7e76ba119b]::run_test::{closure#0}
[INFO] [stdout]   18:     0x55d6c154dec4 - std[617be2ca0a6fd877]::sys::backtrace::__rust_begin_short_backtrace::<test[aada8e7e76ba119b]::run_test::{closure#1}, ()>
[INFO] [stdout]   19:     0x55d6c1557662 - <std[617be2ca0a6fd877]::thread::lifecycle::spawn_unchecked<test[aada8e7e76ba119b]::run_test::{closure#1}, ()>::{closure#1} as core[a373ad73a504971]::ops::function::FnOnce<()>>::call_once::{shim:vtable#0}
[INFO] [stdout]   20:     0x55d6c17e5d0f - <std[617be2ca0a6fd877]::sys::thread::unix::Thread>::new::thread_start
[INFO] [stdout]   21:     0x702942aa7dfa - <unknown>
[INFO] [stdout]   22:     0x702942b3b3d4 - clone
[INFO] [stdout]   23:                0x0 - <unknown>
[INFO] [stdout] 
[INFO] [stdout] ---- tests::an_unread_column_of_an_unlisted_type_is_not_looked_at stdout ----
[INFO] [stdout] 
[INFO] [stdout] thread 'tests::an_unread_column_of_an_unlisted_type_is_not_looked_at' (2682) panicked at src/tests.rs:823:92:
[INFO] [stdout] assertion failed at src/tests.vr:693: left is cannot read the migrations in `migrations/sqlite`: No such file or directory (os error 2), right is no error
[INFO] [stdout] stack backtrace:
[INFO] [stdout]    0:     0x55d6c17e6851 - <<std[617be2ca0a6fd877]::sys::backtrace::BacktraceLock>::print::DisplayBacktrace as core[a373ad73a504971]::fmt::Display>::fmt
[INFO] [stdout]    1:     0x55d6c17fc23a - core[a373ad73a504971]::fmt::write
[INFO] [stdout]    2:     0x55d6c17eaecc - <alloc[2e1b2a31b91974c5]::vec::Vec<u8> as core[a373ad73a504971]::io::write::Write>::write_fmt
[INFO] [stdout]    3:     0x55d6c17c1a26 - std[617be2ca0a6fd877]::panicking::default_hook::{closure#0}
[INFO] [stdout]    4:     0x55d6c17de3e9 - std[617be2ca0a6fd877]::panicking::default_hook
[INFO] [stdout]    5:     0x55d6c1553fb0 - test[aada8e7e76ba119b]::test_main_inner::{closure#0}
[INFO] [stdout]    6:     0x55d6c17de712 - std[617be2ca0a6fd877]::panicking::panic_with_hook
[INFO] [stdout]    7:     0x55d6c17c1ad2 - std[617be2ca0a6fd877]::panicking::panic_handler::{closure#0}
[INFO] [stdout]    8:     0x55d6c17ba589 - std[617be2ca0a6fd877]::sys::backtrace::__rust_end_short_backtrace::<std[617be2ca0a6fd877]::panicking::panic_handler::{closure#0}, !>
[INFO] [stdout]    9:     0x55d6c17c26dd - __rustc[ea4f61d10b84890b]::rust_begin_unwind
[INFO] [stdout]   10:     0x55d6c17fc99c - core[a373ad73a504971]::panicking::panic_fmt
[INFO] [stdout]   11:     0x55d6c133a53e - <tokio[76f870eb929d4886]::runtime::park::CachedParkThread>::block_on::<varyk_sql[e3b0892ab2063aa0]::tests::an_unread_column_of_an_unlisted_type_is_not_looked_at::{closure#0}>
[INFO] [stdout]   12:     0x55d6c149b80c - tokio[76f870eb929d4886]::runtime::context::runtime::enter_runtime::<<tokio[76f870eb929d4886]::runtime::scheduler::multi_thread::MultiThread>::block_on<varyk_sql[e3b0892ab2063aa0]::tests::an_unread_column_of_an_unlisted_type_is_not_looked_at::{closure#0}>::{closure#0}, ()>
[INFO] [stdout]   13:     0x55d6c14c115e - <tokio[76f870eb929d4886]::runtime::runtime::Runtime>::block_on::<varyk_sql[e3b0892ab2063aa0]::tests::an_unread_column_of_an_unlisted_type_is_not_looked_at::{closure#0}>
[INFO] [stdout]   14:     0x55d6c14e8961 - varyk_std[b3aae85bc1f305b6]::runtime::run::<varyk_sql[e3b0892ab2063aa0]::tests::an_unread_column_of_an_unlisted_type_is_not_looked_at::{closure#0}>
[INFO] [stdout]   15:     0x55d6c151bc88 - <varyk_sql[e3b0892ab2063aa0]::tests::an_unread_column_of_an_unlisted_type_is_not_looked_at::{closure#0} as core[a373ad73a504971]::ops::function::FnOnce<()>>::call_once
[INFO] [stdout]   16:     0x55d6c15473fb - test[aada8e7e76ba119b]::__rust_begin_short_backtrace::<core[a373ad73a504971]::result::Result<(), alloc[2e1b2a31b91974c5]::string::String>, fn() -> core[a373ad73a504971]::result::Result<(), alloc[2e1b2a31b91974c5]::string::String>>
[INFO] [stdout]   17:     0x55d6c15545d5 - test[aada8e7e76ba119b]::run_test::{closure#0}
[INFO] [stdout]   18:     0x55d6c154dec4 - std[617be2ca0a6fd877]::sys::backtrace::__rust_begin_short_backtrace::<test[aada8e7e76ba119b]::run_test::{closure#1}, ()>
[INFO] [stdout]   19:     0x55d6c1557662 - <std[617be2ca0a6fd877]::thread::lifecycle::spawn_unchecked<test[aada8e7e76ba119b]::run_test::{closure#1}, ()>::{closure#1} as core[a373ad73a504971]::ops::function::FnOnce<()>>::call_once::{shim:vtable#0}
[INFO] [stdout]   20:     0x55d6c17e5d0f - <std[617be2ca0a6fd877]::sys::thread::unix::Thread>::new::thread_start
[INFO] [stdout]   21:     0x702942aa7dfa - <unknown>
[INFO] [stdout]   22:     0x702942b3b3d4 - clone
[INFO] [stdout]   23:                0x0 - <unknown>
[INFO] [stdout] 
[INFO] [stdout] ---- tests::an_upper_case_scheme_names_the_same_database stdout ----
[INFO] [stdout] 
[INFO] [stdout] thread 'tests::an_upper_case_scheme_names_the_same_database' (2683) panicked at src/tests.rs:1570:92:
[INFO] [stdout] assertion failed at src/tests.vr:1356: left is cannot read the migrations in `migrations/sqlite`: No such file or directory (os error 2), right is no error
[INFO] [stdout] stack backtrace:
[INFO] [stdout]    0:     0x55d6c17e6851 - <<std[617be2ca0a6fd877]::sys::backtrace::BacktraceLock>::print::DisplayBacktrace as core[a373ad73a504971]::fmt::Display>::fmt
[INFO] [stdout]    1:     0x55d6c17fc23a - core[a373ad73a504971]::fmt::write
[INFO] [stdout]    2:     0x55d6c17eaecc - <alloc[2e1b2a31b91974c5]::vec::Vec<u8> as core[a373ad73a504971]::io::write::Write>::write_fmt
[INFO] [stdout]    3:     0x55d6c17c1a26 - std[617be2ca0a6fd877]::panicking::default_hook::{closure#0}
[INFO] [stdout]    4:     0x55d6c17de3e9 - std[617be2ca0a6fd877]::panicking::default_hook
[INFO] [stdout]    5:     0x55d6c1553fb0 - test[aada8e7e76ba119b]::test_main_inner::{closure#0}
[INFO] [stdout]    6:     0x55d6c17de712 - std[617be2ca0a6fd877]::panicking::panic_with_hook
[INFO] [stdout]    7:     0x55d6c17c1ad2 - std[617be2ca0a6fd877]::panicking::panic_handler::{closure#0}
[INFO] [stdout]    8:     0x55d6c17ba589 - std[617be2ca0a6fd877]::sys::backtrace::__rust_end_short_backtrace::<std[617be2ca0a6fd877]::panicking::panic_handler::{closure#0}, !>
[INFO] [stdout]    9:     0x55d6c17c26dd - __rustc[ea4f61d10b84890b]::rust_begin_unwind
[INFO] [stdout]   10:     0x55d6c17fc99c - core[a373ad73a504971]::panicking::panic_fmt
[INFO] [stdout]   11:     0x55d6c1321c53 - <tokio[76f870eb929d4886]::runtime::park::CachedParkThread>::block_on::<varyk_sql[e3b0892ab2063aa0]::tests::an_upper_case_scheme_names_the_same_database::{closure#0}>
[INFO] [stdout]   12:     0x55d6c1497fcc - tokio[76f870eb929d4886]::runtime::context::runtime::enter_runtime::<<tokio[76f870eb929d4886]::runtime::scheduler::multi_thread::MultiThread>::block_on<varyk_sql[e3b0892ab2063aa0]::tests::an_upper_case_scheme_names_the_same_database::{closure#0}>::{closure#0}, ()>
[INFO] [stdout]   13:     0x55d6c14bea4e - <tokio[76f870eb929d4886]::runtime::runtime::Runtime>::block_on::<varyk_sql[e3b0892ab2063aa0]::tests::an_upper_case_scheme_names_the_same_database::{closure#0}>
[INFO] [stdout]   14:     0x55d6c14e6491 - varyk_std[b3aae85bc1f305b6]::runtime::run::<varyk_sql[e3b0892ab2063aa0]::tests::an_upper_case_scheme_names_the_same_database::{closure#0}>
[INFO] [stdout]   15:     0x55d6c151b74b - <varyk_sql[e3b0892ab2063aa0]::tests::an_upper_case_scheme_names_the_same_database::{closure#0} as core[a373ad73a504971]::ops::function::FnOnce<()>>::call_once
[INFO] [stdout]   16:     0x55d6c15473fb - test[aada8e7e76ba119b]::__rust_begin_short_backtrace::<core[a373ad73a504971]::result::Result<(), alloc[2e1b2a31b91974c5]::string::String>, fn() -> core[a373ad73a504971]::result::Result<(), alloc[2e1b2a31b91974c5]::string::String>>
[INFO] [stdout]   17:     0x55d6c15545d5 - test[aada8e7e76ba119b]::run_test::{closure#0}
[INFO] [stdout]   18:     0x55d6c154dec4 - std[617be2ca0a6fd877]::sys::backtrace::__rust_begin_short_backtrace::<test[aada8e7e76ba119b]::run_test::{closure#1}, ()>
[INFO] [stdout]   19:     0x55d6c1557662 - <std[617be2ca0a6fd877]::thread::lifecycle::spawn_unchecked<test[aada8e7e76ba119b]::run_test::{closure#1}, ()>::{closure#1} as core[a373ad73a504971]::ops::function::FnOnce<()>>::call_once::{shim:vtable#0}
[INFO] [stdout]   20:     0x55d6c17e5d0f - <std[617be2ca0a6fd877]::sys::thread::unix::Thread>::new::thread_start
[INFO] [stdout]   21:     0x702942aa7dfa - <unknown>
[INFO] [stdout]   22:     0x702942b3b3d4 - clone
[INFO] [stdout]   23:                0x0 - <unknown>
[INFO] [stdout] 
[INFO] [stdout] ---- tests::dollar_placeholders_bind_in_order_out_of_order_and_repeated stdout ----
[INFO] [stdout] 
[INFO] [stdout] thread 'tests::dollar_placeholders_bind_in_order_out_of_order_and_repeated' (2741) panicked at src/tests.rs:2493:92:
[INFO] [stdout] assertion failed at src/tests.vr:2197: left is cannot read the migrations in `migrations/sqlite`: No such file or directory (os error 2), right is no error
[INFO] [stdout] stack backtrace:
[INFO] [stdout]    0:     0x55d6c17e6851 - <<std[617be2ca0a6fd877]::sys::backtrace::BacktraceLock>::print::DisplayBacktrace as core[a373ad73a504971]::fmt::Display>::fmt
[INFO] [stdout]    1:     0x55d6c17fc23a - core[a373ad73a504971]::fmt::write
[INFO] [stdout]    2:     0x55d6c17eaecc - <alloc[2e1b2a31b91974c5]::vec::Vec<u8> as core[a373ad73a504971]::io::write::Write>::write_fmt
[INFO] [stdout]    3:     0x55d6c17c1a26 - std[617be2ca0a6fd877]::panicking::default_hook::{closure#0}
[INFO] [stdout]    4:     0x55d6c17de3e9 - std[617be2ca0a6fd877]::panicking::default_hook
[INFO] [stdout]    5:     0x55d6c1553fb0 - test[aada8e7e76ba119b]::test_main_inner::{closure#0}
[INFO] [stdout]    6:     0x55d6c17de712 - std[617be2ca0a6fd877]::panicking::panic_with_hook
[INFO] [stdout]    7:     0x55d6c17c1ad2 - std[617be2ca0a6fd877]::panicking::panic_handler::{closure#0}
[INFO] [stdout]    8:     0x55d6c17ba589 - std[617be2ca0a6fd877]::sys::backtrace::__rust_end_short_backtrace::<std[617be2ca0a6fd877]::panicking::panic_handler::{closure#0}, !>
[INFO] [stdout]    9:     0x55d6c17c26dd - __rustc[ea4f61d10b84890b]::rust_begin_unwind
[INFO] [stdout]   10:     0x55d6c17fc99c - core[a373ad73a504971]::panicking::panic_fmt
[INFO] [stdout]   11:     0x55d6c134707d - <tokio[76f870eb929d4886]::runtime::park::CachedParkThread>::block_on::<varyk_sql[e3b0892ab2063aa0]::tests::dollar_placeholders_bind_in_order_out_of_order_and_repeated::{closure#0}>
[INFO] [stdout]   12:     0x55d6c149d01c - tokio[76f870eb929d4886]::runtime::context::runtime::enter_runtime::<<tokio[76f870eb929d4886]::runtime::scheduler::multi_thread::MultiThread>::block_on<varyk_sql[e3b0892ab2063aa0]::tests::dollar_placeholders_bind_in_order_out_of_order_and_repeated::{closure#0}>::{closure#0}, ()>
[INFO] [stdout]   13:     0x55d6c14c220e - <tokio[76f870eb929d4886]::runtime::runtime::Runtime>::block_on::<varyk_sql[e3b0892ab2063aa0]::tests::dollar_placeholders_bind_in_order_out_of_order_and_repeated::{closure#0}>
[INFO] [stdout]   14:     0x55d6c14e9921 - varyk_std[b3aae85bc1f305b6]::runtime::run::<varyk_sql[e3b0892ab2063aa0]::tests::dollar_placeholders_bind_in_order_out_of_order_and_repeated::{closure#0}>
[INFO] [stdout]   15:     0x55d6c151becb - <varyk_sql[e3b0892ab2063aa0]::tests::dollar_placeholders_bind_in_order_out_of_order_and_repeated::{closure#0} as core[a373ad73a504971]::ops::function::FnOnce<()>>::call_once
[INFO] [stdout]   16:     0x55d6c15473fb - test[aada8e7e76ba119b]::__rust_begin_short_backtrace::<core[a373ad73a504971]::result::Result<(), alloc[2e1b2a31b91974c5]::string::String>, fn() -> core[a373ad73a504971]::result::Result<(), alloc[2e1b2a31b91974c5]::string::String>>
[INFO] [stdout]   17:     0x55d6c15545d5 - test[aada8e7e76ba119b]::run_test::{closure#0}
[INFO] [stdout]   18:     0x55d6c154dec4 - std[617be2ca0a6fd877]::sys::backtrace::__rust_begin_short_backtrace::<test[aada8e7e76ba119b]::run_test::{closure#1}, ()>
[INFO] [stdout]   19:     0x55d6c1557662 - <std[617be2ca0a6fd877]::thread::lifecycle::spawn_unchecked<test[aada8e7e76ba119b]::run_test::{closure#1}, ()>::{closure#1} as core[a373ad73a504971]::ops::function::FnOnce<()>>::call_once::{shim:vtable#0}
[INFO] [stdout]   20:     0x55d6c17e5d0f - <std[617be2ca0a6fd877]::sys::thread::unix::Thread>::new::thread_start
[INFO] [stdout]   21:     0x702942aa7dfa - <unknown>
[INFO] [stdout]   22:     0x702942b3b3d4 - clone
[INFO] [stdout]   23:                0x0 - <unknown>
[INFO] [stdout] 
[INFO] [stdout] ---- tests::dollar_placeholders_work_in_a_transaction_and_their_errors_leave_it_usable stdout ----
[INFO] [stdout] 
[INFO] [stdout] thread 'tests::dollar_placeholders_work_in_a_transaction_and_their_errors_leave_it_usable' (2759) panicked at src/tests.rs:2803:92:
[INFO] [stdout] assertion failed at src/tests.vr:2485: left is cannot read the migrations in `migrations/sqlite`: No such file or directory (os error 2), right is no error
[INFO] [stdout] stack backtrace:
[INFO] [stdout]    0:     0x55d6c17e6851 - <<std[617be2ca0a6fd877]::sys::backtrace::BacktraceLock>::print::DisplayBacktrace as core[a373ad73a504971]::fmt::Display>::fmt
[INFO] [stdout]    1:     0x55d6c17fc23a - core[a373ad73a504971]::fmt::write
[INFO] [stdout]    2:     0x55d6c17eaecc - <alloc[2e1b2a31b91974c5]::vec::Vec<u8> as core[a373ad73a504971]::io::write::Write>::write_fmt
[INFO] [stdout]    3:     0x55d6c17c1a26 - std[617be2ca0a6fd877]::panicking::default_hook::{closure#0}
[INFO] [stdout]    4:     0x55d6c17de3e9 - std[617be2ca0a6fd877]::panicking::default_hook
[INFO] [stdout]    5:     0x55d6c1553fb0 - test[aada8e7e76ba119b]::test_main_inner::{closure#0}
[INFO] [stdout]    6:     0x55d6c17de712 - std[617be2ca0a6fd877]::panicking::panic_with_hook
[INFO] [stdout]    7:     0x55d6c17c1ad2 - std[617be2ca0a6fd877]::panicking::panic_handler::{closure#0}
[INFO] [stdout]    8:     0x55d6c17ba589 - std[617be2ca0a6fd877]::sys::backtrace::__rust_end_short_backtrace::<std[617be2ca0a6fd877]::panicking::panic_handler::{closure#0}, !>
[INFO] [stdout]    9:     0x55d6c17c26dd - __rustc[ea4f61d10b84890b]::rust_begin_unwind
[INFO] [stdout]   10:     0x55d6c17fc99c - core[a373ad73a504971]::panicking::panic_fmt
[INFO] [stdout]   11:     0x55d6c134f4b9 - <tokio[76f870eb929d4886]::runtime::park::CachedParkThread>::block_on::<varyk_sql[e3b0892ab2063aa0]::tests::dollar_placeholders_work_in_a_transaction_and_their_errors_leave_it_usable::{closure#0}>
[INFO] [stdout]   12:     0x55d6c149e01c - tokio[76f870eb929d4886]::runtime::context::runtime::enter_runtime::<<tokio[76f870eb929d4886]::runtime::scheduler::multi_thread::MultiThread>::block_on<varyk_sql[e3b0892ab2063aa0]::tests::dollar_placeholders_work_in_a_transaction_and_their_errors_leave_it_usable::{closure#0}>::{closure#0}, ()>
[INFO] [stdout]   13:     0x55d6c14c2d0e - <tokio[76f870eb929d4886]::runtime::runtime::Runtime>::block_on::<varyk_sql[e3b0892ab2063aa0]::tests::dollar_placeholders_work_in_a_transaction_and_their_errors_leave_it_usable::{closure#0}>
[INFO] [stdout]   14:     0x55d6c14ea3a1 - varyk_std[b3aae85bc1f305b6]::runtime::run::<varyk_sql[e3b0892ab2063aa0]::tests::dollar_placeholders_work_in_a_transaction_and_their_errors_leave_it_usable::{closure#0}>
[INFO] [stdout]   15:     0x55d6c151c048 - <varyk_sql[e3b0892ab2063aa0]::tests::dollar_placeholders_work_in_a_transaction_and_their_errors_leave_it_usable::{closure#0} as core[a373ad73a504971]::ops::function::FnOnce<()>>::call_once
[INFO] [stdout]   16:     0x55d6c15473fb - test[aada8e7e76ba119b]::__rust_begin_short_backtrace::<core[a373ad73a504971]::result::Result<(), alloc[2e1b2a31b91974c5]::string::String>, fn() -> core[a373ad73a504971]::result::Result<(), alloc[2e1b2a31b91974c5]::string::String>>
[INFO] [stdout]   17:     0x55d6c15545d5 - test[aada8e7e76ba119b]::run_test::{closure#0}
[INFO] [stdout]   18:     0x55d6c154dec4 - std[617be2ca0a6fd877]::sys::backtrace::__rust_begin_short_backtrace::<test[aada8e7e76ba119b]::run_test::{closure#1}, ()>
[INFO] [stdout]   19:     0x55d6c1557662 - <std[617be2ca0a6fd877]::thread::lifecycle::spawn_unchecked<test[aada8e7e76ba119b]::run_test::{closure#1}, ()>::{closure#1} as core[a373ad73a504971]::ops::function::FnOnce<()>>::call_once::{shim:vtable#0}
[INFO] [stdout]   20:     0x55d6c17e5d0f - <std[617be2ca0a6fd877]::sys::thread::unix::Thread>::new::thread_start
[INFO] [stdout]   21:     0x702942aa7dfa - <unknown>
[INFO] [stdout]   22:     0x702942b3b3d4 - clone
[INFO] [stdout]   23:                0x0 - <unknown>
[INFO] [stdout] 
[INFO] [stdout] ---- tests::empty_bytes_bind_as_no_bytes_not_null stdout ----
[INFO] [stdout] 
[INFO] [stdout] thread 'tests::empty_bytes_bind_as_no_bytes_not_null' (2761) panicked at src/tests.rs:2088:92:
[INFO] [stdout] assertion failed at src/tests.vr:1824: left is cannot read the migrations in `migrations/sqlite`: No such file or directory (os error 2), right is no error
[INFO] [stdout] stack backtrace:
[INFO] [stdout]    0:     0x55d6c17e6851 - <<std[617be2ca0a6fd877]::sys::backtrace::BacktraceLock>::print::DisplayBacktrace as core[a373ad73a504971]::fmt::Display>::fmt
[INFO] [stdout]    1:     0x55d6c17fc23a - core[a373ad73a504971]::fmt::write
[INFO] [stdout]    2:     0x55d6c17eaecc - <alloc[2e1b2a31b91974c5]::vec::Vec<u8> as core[a373ad73a504971]::io::write::Write>::write_fmt
[INFO] [stdout]    3:     0x55d6c17c1a26 - std[617be2ca0a6fd877]::panicking::default_hook::{closure#0}
[INFO] [stdout]    4:     0x55d6c17de3e9 - std[617be2ca0a6fd877]::panicking::default_hook
[INFO] [stdout]    5:     0x55d6c1553fb0 - test[aada8e7e76ba119b]::test_main_inner::{closure#0}
[INFO] [stdout]    6:     0x55d6c17de712 - std[617be2ca0a6fd877]::panicking::panic_with_hook
[INFO] [stdout]    7:     0x55d6c17c1ad2 - std[617be2ca0a6fd877]::panicking::panic_handler::{closure#0}
[INFO] [stdout]    8:     0x55d6c17ba589 - std[617be2ca0a6fd877]::sys::backtrace::__rust_end_short_backtrace::<std[617be2ca0a6fd877]::panicking::panic_handler::{closure#0}, !>
[INFO] [stdout]    9:     0x55d6c17c26dd - __rustc[ea4f61d10b84890b]::rust_begin_unwind
[INFO] [stdout]   10:     0x55d6c17fc99c - core[a373ad73a504971]::panicking::panic_fmt
[INFO] [stdout]   11:     0x55d6c1310526 - <tokio[76f870eb929d4886]::runtime::park::CachedParkThread>::block_on::<varyk_sql[e3b0892ab2063aa0]::tests::empty_bytes_bind_as_no_bytes_not_null::{closure#0}>
[INFO] [stdout]   12:     0x55d6c1495f8c - tokio[76f870eb929d4886]::runtime::context::runtime::enter_runtime::<<tokio[76f870eb929d4886]::runtime::scheduler::multi_thread::MultiThread>::block_on<varyk_sql[e3b0892ab2063aa0]::tests::empty_bytes_bind_as_no_bytes_not_null::{closure#0}>::{closure#0}, ()>
[INFO] [stdout]   13:     0x55d6c14bd44e - <tokio[76f870eb929d4886]::runtime::runtime::Runtime>::block_on::<varyk_sql[e3b0892ab2063aa0]::tests::empty_bytes_bind_as_no_bytes_not_null::{closure#0}>
[INFO] [stdout]   14:     0x55d6c14e4f71 - varyk_std[b3aae85bc1f305b6]::runtime::run::<varyk_sql[e3b0892ab2063aa0]::tests::empty_bytes_bind_as_no_bytes_not_null::{closure#0}>
[INFO] [stdout]   15:     0x55d6c151b44a - <varyk_sql[e3b0892ab2063aa0]::tests::empty_bytes_bind_as_no_bytes_not_null::{closure#0} as core[a373ad73a504971]::ops::function::FnOnce<()>>::call_once
[INFO] [stdout]   16:     0x55d6c15473fb - test[aada8e7e76ba119b]::__rust_begin_short_backtrace::<core[a373ad73a504971]::result::Result<(), alloc[2e1b2a31b91974c5]::string::String>, fn() -> core[a373ad73a504971]::result::Result<(), alloc[2e1b2a31b91974c5]::string::String>>
[INFO] [stdout]   17:     0x55d6c15545d5 - test[aada8e7e76ba119b]::run_test::{closure#0}
[INFO] [stdout]   18:     0x55d6c154dec4 - std[617be2ca0a6fd877]::sys::backtrace::__rust_begin_short_backtrace::<test[aada8e7e76ba119b]::run_test::{closure#1}, ()>
[INFO] [stdout]   19:     0x55d6c1557662 - <std[617be2ca0a6fd877]::thread::lifecycle::spawn_unchecked<test[aada8e7e76ba119b]::run_test::{closure#1}, ()>::{closure#1} as core[a373ad73a504971]::ops::function::FnOnce<()>>::call_once::{shim:vtable#0}
[INFO] [stdout]   20:     0x55d6c17e5d0f - <std[617be2ca0a6fd877]::sys::thread::unix::Thread>::new::thread_start
[INFO] [stdout]   21:     0x702942aa7dfa - <unknown>
[INFO] [stdout]   22:     0x702942b3b3d4 - clone
[INFO] [stdout]   23:                0x0 - <unknown>
[INFO] [stdout] 
[INFO] [stdout] ---- tests::migrate_applies_the_schema_and_a_second_run_changes_nothing stdout ----
[INFO] [stdout] 
[INFO] [stdout] thread 'tests::migrate_applies_the_schema_and_a_second_run_changes_nothing' (2793) panicked at src/tests.rs:1393:100:
[INFO] [stdout] assertion failed at src/tests.vr:1206: left is cannot read the migrations in `migrations/sqlite`: No such file or directory (os error 2), right is no error
[INFO] [stdout] stack backtrace:
[INFO] [stdout]    0:     0x55d6c17e6851 - <<std[617be2ca0a6fd877]::sys::backtrace::BacktraceLock>::print::DisplayBacktrace as core[a373ad73a504971]::fmt::Display>::fmt
[INFO] [stdout]    1:     0x55d6c17fc23a - core[a373ad73a504971]::fmt::write
[INFO] [stdout]    2:     0x55d6c17eaecc - <alloc[2e1b2a31b91974c5]::vec::Vec<u8> as core[a373ad73a504971]::io::write::Write>::write_fmt
[INFO] [stdout]    3:     0x55d6c17c1a26 - std[617be2ca0a6fd877]::panicking::default_hook::{closure#0}
[INFO] [stdout]    4:     0x55d6c17de3e9 - std[617be2ca0a6fd877]::panicking::default_hook
[INFO] [stdout]    5:     0x55d6c1553fb0 - test[aada8e7e76ba119b]::test_main_inner::{closure#0}
[INFO] [stdout]    6:     0x55d6c17de712 - std[617be2ca0a6fd877]::panicking::panic_with_hook
[INFO] [stdout]    7:     0x55d6c17c1ad2 - std[617be2ca0a6fd877]::panicking::panic_handler::{closure#0}
[INFO] [stdout]    8:     0x55d6c17ba589 - std[617be2ca0a6fd877]::sys::backtrace::__rust_end_short_backtrace::<std[617be2ca0a6fd877]::panicking::panic_handler::{closure#0}, !>
[INFO] [stdout]    9:     0x55d6c17c26dd - __rustc[ea4f61d10b84890b]::rust_begin_unwind
[INFO] [stdout]   10:     0x55d6c17fc99c - core[a373ad73a504971]::panicking::panic_fmt
[INFO] [stdout]   11:     0x55d6c13484f5 - <tokio[76f870eb929d4886]::runtime::park::CachedParkThread>::block_on::<varyk_sql[e3b0892ab2063aa0]::tests::migrate_applies_the_schema_and_a_second_run_changes_nothing::{closure#0}>
[INFO] [stdout]   12:     0x55d6c149d21c - tokio[76f870eb929d4886]::runtime::context::runtime::enter_runtime::<<tokio[76f870eb929d4886]::runtime::scheduler::multi_thread::MultiThread>::block_on<varyk_sql[e3b0892ab2063aa0]::tests::migrate_applies_the_schema_and_a_second_run_changes_nothing::{closure#0}>::{closure#0}, ()>
[INFO] [stdout]   13:     0x55d6c14c236e - <tokio[76f870eb929d4886]::runtime::runtime::Runtime>::block_on::<varyk_sql[e3b0892ab2063aa0]::tests::migrate_applies_the_schema_and_a_second_run_changes_nothing::{closure#0}>
[INFO] [stdout]   14:     0x55d6c14e9a71 - varyk_std[b3aae85bc1f305b6]::runtime::run::<varyk_sql[e3b0892ab2063aa0]::tests::migrate_applies_the_schema_and_a_second_run_changes_nothing::{closure#0}>
[INFO] [stdout]   15:     0x55d6c151befb - <varyk_sql[e3b0892ab2063aa0]::tests::migrate_applies_the_schema_and_a_second_run_changes_nothing::{closure#0} as core[a373ad73a504971]::ops::function::FnOnce<()>>::call_once
[INFO] [stdout]   16:     0x55d6c15473fb - test[aada8e7e76ba119b]::__rust_begin_short_backtrace::<core[a373ad73a504971]::result::Result<(), alloc[2e1b2a31b91974c5]::string::String>, fn() -> core[a373ad73a504971]::result::Result<(), alloc[2e1b2a31b91974c5]::string::String>>
[INFO] [stdout]   17:     0x55d6c15545d5 - test[aada8e7e76ba119b]::run_test::{closure#0}
[INFO] [stdout]   18:     0x55d6c154dec4 - std[617be2ca0a6fd877]::sys::backtrace::__rust_begin_short_backtrace::<test[aada8e7e76ba119b]::run_test::{closure#1}, ()>
[INFO] [stdout]   19:     0x55d6c1557662 - <std[617be2ca0a6fd877]::thread::lifecycle::spawn_unchecked<test[aada8e7e76ba119b]::run_test::{closure#1}, ()>::{closure#1} as core[a373ad73a504971]::ops::function::FnOnce<()>>::call_once::{shim:vtable#0}
[INFO] [stdout]   20:     0x55d6c17e5d0f - <std[617be2ca0a6fd877]::sys::thread::unix::Thread>::new::thread_start
[INFO] [stdout]   21:     0x702942aa7dfa - <unknown>
[INFO] [stdout]   22:     0x702942b3b3d4 - clone
[INFO] [stdout]   23:                0x0 - <unknown>
[INFO] [stdout] 
[INFO] [stdout] ---- tests::first_gives_none_on_no_row_and_the_first_of_two stdout ----
[INFO] [stdout] 
[INFO] [stdout] thread 'tests::first_gives_none_on_no_row_and_the_first_of_two' (2781) panicked at src/tests.rs:335:92:
[INFO] [stdout] assertion failed at src/tests.vr:267: left is cannot read the migrations in `migrations/sqlite`: No such file or directory (os error 2), right is no error
[INFO] [stdout] stack backtrace:
[INFO] [stdout]    0:     0x55d6c17e6851 - <<std[617be2ca0a6fd877]::sys::backtrace::BacktraceLock>::print::DisplayBacktrace as core[a373ad73a504971]::fmt::Display>::fmt
[INFO] [stdout]    1:     0x55d6c17fc23a - core[a373ad73a504971]::fmt::write
[INFO] [stdout]    2:     0x55d6c17eaecc - <alloc[2e1b2a31b91974c5]::vec::Vec<u8> as core[a373ad73a504971]::io::write::Write>::write_fmt
[INFO] [stdout]    3:     0x55d6c17c1a26 - std[617be2ca0a6fd877]::panicking::default_hook::{closure#0}
[INFO] [stdout]    4:     0x55d6c17de3e9 - std[617be2ca0a6fd877]::panicking::default_hook
[INFO] [stdout]    5:     0x55d6c1553fb0 - test[aada8e7e76ba119b]::test_main_inner::{closure#0}
[INFO] [stdout]    6:     0x55d6c17de712 - std[617be2ca0a6fd877]::panicking::panic_with_hook
[INFO] [stdout]    7:     0x55d6c17c1ad2 - std[617be2ca0a6fd877]::panicking::panic_handler::{closure#0}
[INFO] [stdout]    8:     0x55d6c17ba589 - std[617be2ca0a6fd877]::sys::backtrace::__rust_end_short_backtrace::<std[617be2ca0a6fd877]::panicking::panic_handler::{closure#0}, !>
[INFO] [stdout]    9:     0x55d6c17c26dd - __rustc[ea4f61d10b84890b]::rust_begin_unwind
[INFO] [stdout]   10:     0x55d6c17fc99c - core[a373ad73a504971]::panicking::panic_fmt
[INFO] [stdout]   11:     0x55d6c1328f74 - <tokio[76f870eb929d4886]::runtime::park::CachedParkThread>::block_on::<varyk_sql[e3b0892ab2063aa0]::tests::first_gives_none_on_no_row_and_the_first_of_two::{closure#0}>
[INFO] [stdout]   12:     0x55d6c1498fdc - tokio[76f870eb929d4886]::runtime::context::runtime::enter_runtime::<<tokio[76f870eb929d4886]::runtime::scheduler::multi_thread::MultiThread>::block_on<varyk_sql[e3b0892ab2063aa0]::tests::first_gives_none_on_no_row_and_the_first_of_two::{closure#0}>::{closure#0}, ()>
[INFO] [stdout]   13:     0x55d6c14bf57e - <tokio[76f870eb929d4886]::runtime::runtime::Runtime>::block_on::<varyk_sql[e3b0892ab2063aa0]::tests::first_gives_none_on_no_row_and_the_first_of_two::{closure#0}>
[INFO] [stdout]   14:     0x55d6c14e6f11 - varyk_std[b3aae85bc1f305b6]::runtime::run::<varyk_sql[e3b0892ab2063aa0]::tests::first_gives_none_on_no_row_and_the_first_of_two::{closure#0}>
[INFO] [stdout]   15:     0x55d6c151b8cb - <varyk_sql[e3b0892ab2063aa0]::tests::first_gives_none_on_no_row_and_the_first_of_two::{closure#0} as core[a373ad73a504971]::ops::function::FnOnce<()>>::call_once
[INFO] [stdout]   16:     0x55d6c15473fb - test[aada8e7e76ba119b]::__rust_begin_short_backtrace::<core[a373ad73a504971]::result::Result<(), alloc[2e1b2a31b91974c5]::string::String>, fn() -> core[a373ad73a504971]::result::Result<(), alloc[2e1b2a31b91974c5]::string::String>>
[INFO] [stdout]   17:     0x55d6c15545d5 - test[aada8e7e76ba119b]::run_test::{closure#0}
[INFO] [stdout]   18:     0x55d6c154dec4 - std[617be2ca0a6fd877]::sys::backtrace::__rust_begin_short_backtrace::<test[aada8e7e76ba119b]::run_test::{closure#1}, ()>
[INFO] [stdout]   19:     0x55d6c1557662 - <std[617be2ca0a6fd877]::thread::lifecycle::spawn_unchecked<test[aada8e7e76ba119b]::run_test::{closure#1}, ()>::{closure#1} as core[a373ad73a504971]::ops::function::FnOnce<()>>::call_once::{shim:vtable#0}
[INFO] [stdout]   20:     0x55d6c17e5d0f - <std[617be2ca0a6fd877]::sys::thread::unix::Thread>::new::thread_start
[INFO] [stdout]   21:     0x702942aa7dfa - <unknown>
[INFO] [stdout]   22:     0x702942b3b3d4 - clone
[INFO] [stdout]   23:                0x0 - <unknown>
[INFO] [stdout] 
[INFO] [stdout] ---- tests::one_on_no_row_is_an_error stdout ----
[INFO] [stdout] 
[INFO] [stdout] thread 'tests::one_on_no_row_is_an_error' (2840) panicked at src/tests.rs:353:92:
[INFO] [stdout] assertion failed at src/tests.vr:282: left is cannot read the migrations in `migrations/sqlite`: No such file or directory (os error 2), right is no error
[INFO] [stdout] stack backtrace:
[INFO] [stdout]    0:     0x55d6c17e6851 - <<std[617be2ca0a6fd877]::sys::backtrace::BacktraceLock>::print::DisplayBacktrace as core[a373ad73a504971]::fmt::Display>::fmt
[INFO] [stdout]    1:     0x55d6c17fc23a - core[a373ad73a504971]::fmt::write
[INFO] [stdout]    2:     0x55d6c17eaecc - <alloc[2e1b2a31b91974c5]::vec::Vec<u8> as core[a373ad73a504971]::io::write::Write>::write_fmt
[INFO] [stdout]    3:     0x55d6c17c1a26 - std[617be2ca0a6fd877]::panicking::default_hook::{closure#0}
[INFO] [stdout]    4:     0x55d6c17de3e9 - std[617be2ca0a6fd877]::panicking::default_hook
[INFO] [stdout]    5:     0x55d6c1553fb0 - test[aada8e7e76ba119b]::test_main_inner::{closure#0}
[INFO] [stdout]    6:     0x55d6c17de712 - std[617be2ca0a6fd877]::panicking::panic_with_hook
[INFO] [stdout]    7:     0x55d6c17c1ad2 - std[617be2ca0a6fd877]::panicking::panic_handler::{closure#0}
[INFO] [stdout]    8:     0x55d6c17ba589 - std[617be2ca0a6fd877]::sys::backtrace::__rust_end_short_backtrace::<std[617be2ca0a6fd877]::panicking::panic_handler::{closure#0}, !>
[INFO] [stdout]    9:     0x55d6c17c26dd - __rustc[ea4f61d10b84890b]::rust_begin_unwind
[INFO] [stdout]   10:     0x55d6c17fc99c - core[a373ad73a504971]::panicking::panic_fmt
[INFO] [stdout]   11:     0x55d6c1304631 - <tokio[76f870eb929d4886]::runtime::park::CachedParkThread>::block_on::<varyk_sql[e3b0892ab2063aa0]::tests::one_on_no_row_is_an_error::{closure#0}>
[INFO] [stdout]   12:     0x55d6c149498c - tokio[76f870eb929d4886]::runtime::context::runtime::enter_runtime::<<tokio[76f870eb929d4886]::runtime::scheduler::multi_thread::MultiThread>::block_on<varyk_sql[e3b0892ab2063aa0]::tests::one_on_no_row_is_an_error::{closure#0}>::{closure#0}, ()>
[INFO] [stdout]   13:     0x55d6c14bc52e - <tokio[76f870eb929d4886]::runtime::runtime::Runtime>::block_on::<varyk_sql[e3b0892ab2063aa0]::tests::one_on_no_row_is_an_error::{closure#0}>
[INFO] [stdout]   14:     0x55d6c14e4101 - varyk_std[b3aae85bc1f305b6]::runtime::run::<varyk_sql[e3b0892ab2063aa0]::tests::one_on_no_row_is_an_error::{closure#0}>
[INFO] [stdout]   15:     0x55d6c151b23a - <varyk_sql[e3b0892ab2063aa0]::tests::one_on_no_row_is_an_error::{closure#0} as core[a373ad73a504971]::ops::function::FnOnce<()>>::call_once
[INFO] [stdout]   16:     0x55d6c15473fb - test[aada8e7e76ba119b]::__rust_begin_short_backtrace::<core[a373ad73a504971]::result::Result<(), alloc[2e1b2a31b91974c5]::string::String>, fn() -> core[a373ad73a504971]::result::Result<(), alloc[2e1b2a31b91974c5]::string::String>>
[INFO] [stdout]   17:     0x55d6c15545d5 - test[aada8e7e76ba119b]::run_test::{closure#0}
[INFO] [stdout]   18:     0x55d6c154dec4 - std[617be2ca0a6fd877]::sys::backtrace::__rust_begin_short_backtrace::<test[aada8e7e76ba119b]::run_test::{closure#1}, ()>
[INFO] [stdout]   19:     0x55d6c1557662 - <std[617be2ca0a6fd877]::thread::lifecycle::spawn_unchecked<test[aada8e7e76ba119b]::run_test::{closure#1}, ()>::{closure#1} as core[a373ad73a504971]::ops::function::FnOnce<()>>::call_once::{shim:vtable#0}
[INFO] [stdout]   20:     0x55d6c17e5d0f - <std[617be2ca0a6fd877]::sys::thread::unix::Thread>::new::thread_start
[INFO] [stdout]   21:     0x702942aa7dfa - <unknown>
[INFO] [stdout]   22:     0x702942b3b3d4 - clone
[INFO] [stdout]   23:                0x0 - <unknown>
[INFO] [stdout] 
[INFO] [stdout] ---- tests::rename_maps_a_field_to_a_column stdout ----
[INFO] [stdout] 
[INFO] [stdout] thread 'tests::rename_maps_a_field_to_a_column' (2851) panicked at src/tests.rs:418:92:
[INFO] [stdout] assertion failed at src/tests.vr:338: left is cannot read the migrations in `migrations/sqlite`: No such file or directory (os error 2), right is no error
[INFO] [stdout] stack backtrace:
[INFO] [stdout]    0:     0x55d6c17e6851 - <<std[617be2ca0a6fd877]::sys::backtrace::BacktraceLock>::print::DisplayBacktrace as core[a373ad73a504971]::fmt::Display>::fmt
[INFO] [stdout]    1:     0x55d6c17fc23a - core[a373ad73a504971]::fmt::write
[INFO] [stdout]    2:     0x55d6c17eaecc - <alloc[2e1b2a31b91974c5]::vec::Vec<u8> as core[a373ad73a504971]::io::write::Write>::write_fmt
[INFO] [stdout]    3:     0x55d6c17c1a26 - std[617be2ca0a6fd877]::panicking::default_hook::{closure#0}
[INFO] [stdout]    4:     0x55d6c17de3e9 - std[617be2ca0a6fd877]::panicking::default_hook
[INFO] [stdout]    5:     0x55d6c1553fb0 - test[aada8e7e76ba119b]::test_main_inner::{closure#0}
[INFO] [stdout]    6:     0x55d6c17de712 - std[617be2ca0a6fd877]::panicking::panic_with_hook
[INFO] [stdout]    7:     0x55d6c17c1ad2 - std[617be2ca0a6fd877]::panicking::panic_handler::{closure#0}
[INFO] [stdout]    8:     0x55d6c17ba589 - std[617be2ca0a6fd877]::sys::backtrace::__rust_end_short_backtrace::<std[617be2ca0a6fd877]::panicking::panic_handler::{closure#0}, !>
[INFO] [stdout]    9:     0x55d6c17c26dd - __rustc[ea4f61d10b84890b]::rust_begin_unwind
[INFO] [stdout]   10:     0x55d6c17fc99c - core[a373ad73a504971]::panicking::panic_fmt
[INFO] [stdout]   11:     0x55d6c130b9f0 - <tokio[76f870eb929d4886]::runtime::park::CachedParkThread>::block_on::<varyk_sql[e3b0892ab2063aa0]::tests::rename_maps_a_field_to_a_column::{closure#0}>
[INFO] [stdout]   12:     0x55d6c149558c - tokio[76f870eb929d4886]::runtime::context::runtime::enter_runtime::<<tokio[76f870eb929d4886]::runtime::scheduler::multi_thread::MultiThread>::block_on<varyk_sql[e3b0892ab2063aa0]::tests::rename_maps_a_field_to_a_column::{closure#0}>::{closure#0}, ()>
[INFO] [stdout]   13:     0x55d6c14bcd6e - <tokio[76f870eb929d4886]::runtime::runtime::Runtime>::block_on::<varyk_sql[e3b0892ab2063aa0]::tests::rename_maps_a_field_to_a_column::{closure#0}>
[INFO] [stdout]   14:     0x55d6c14e48e1 - varyk_std[b3aae85bc1f305b6]::runtime::run::<varyk_sql[e3b0892ab2063aa0]::tests::rename_maps_a_field_to_a_column::{closure#0}>
[INFO] [stdout]   15:     0x55d6c151b358 - <varyk_sql[e3b0892ab2063aa0]::tests::rename_maps_a_field_to_a_column::{closure#0} as core[a373ad73a504971]::ops::function::FnOnce<()>>::call_once
[INFO] [stdout]   16:     0x55d6c15473fb - test[aada8e7e76ba119b]::__rust_begin_short_backtrace::<core[a373ad73a504971]::result::Result<(), alloc[2e1b2a31b91974c5]::string::String>, fn() -> core[a373ad73a504971]::result::Result<(), alloc[2e1b2a31b91974c5]::string::String>>
[INFO] [stdout]   17:     0x55d6c15545d5 - test[aada8e7e76ba119b]::run_test::{closure#0}
[INFO] [stdout]   18:     0x55d6c154dec4 - std[617be2ca0a6fd877]::sys::backtrace::__rust_begin_short_backtrace::<test[aada8e7e76ba119b]::run_test::{closure#1}, ()>
[INFO] [stdout]   19:     0x55d6c1557662 - <std[617be2ca0a6fd877]::thread::lifecycle::spawn_unchecked<test[aada8e7e76ba119b]::run_test::{closure#1}, ()>::{closure#1} as core[a373ad73a504971]::ops::function::FnOnce<()>>::call_once::{shim:vtable#0}
[INFO] [stdout]   20:     0x55d6c17e5d0f - <std[617be2ca0a6fd877]::sys::thread::unix::Thread>::new::thread_start
[INFO] [stdout]   21:     0x702942aa7dfa - <unknown>
[INFO] [stdout]   22:     0x702942b3b3d4 - clone
[INFO] [stdout]   23:                0x0 - <unknown>
[INFO] [stdout] 
[INFO] [stdout] ---- tests::run_gives_the_rows_changed stdout ----
[INFO] [stdout] 
[INFO] [stdout] thread 'tests::run_gives_the_rows_changed' (2852) panicked at src/tests.rs:221:92:
[INFO] [stdout] assertion failed at src/tests.vr:165: left is cannot read the migrations in `migrations/sqlite`: No such file or directory (os error 2), right is no error
[INFO] [stdout] stack backtrace:
[INFO] [stdout]    0:     0x55d6c17e6851 - <<std[617be2ca0a6fd877]::sys::backtrace::BacktraceLock>::print::DisplayBacktrace as core[a373ad73a504971]::fmt::Display>::fmt
[INFO] [stdout]    1:     0x55d6c17fc23a - core[a373ad73a504971]::fmt::write
[INFO] [stdout]    2:     0x55d6c17eaecc - <alloc[2e1b2a31b91974c5]::vec::Vec<u8> as core[a373ad73a504971]::io::write::Write>::write_fmt
[INFO] [stdout]    3:     0x55d6c17c1a26 - std[617be2ca0a6fd877]::panicking::default_hook::{closure#0}
[INFO] [stdout]    4:     0x55d6c17de3e9 - std[617be2ca0a6fd877]::panicking::default_hook
[INFO] [stdout]    5:     0x55d6c1553fb0 - test[aada8e7e76ba119b]::test_main_inner::{closure#0}
[INFO] [stdout]    6:     0x55d6c17de712 - std[617be2ca0a6fd877]::panicking::panic_with_hook
[INFO] [stdout]    7:     0x55d6c17c1ad2 - std[617be2ca0a6fd877]::panicking::panic_handler::{closure#0}
[INFO] [stdout]    8:     0x55d6c17ba589 - std[617be2ca0a6fd877]::sys::backtrace::__rust_end_short_backtrace::<std[617be2ca0a6fd877]::panicking::panic_handler::{closure#0}, !>
[INFO] [stdout]    9:     0x55d6c17c26dd - __rustc[ea4f61d10b84890b]::rust_begin_unwind
[INFO] [stdout]   10:     0x55d6c17fc99c - core[a373ad73a504971]::panicking::panic_fmt
[INFO] [stdout]   11:     0x55d6c1304cc3 - <tokio[76f870eb929d4886]::runtime::park::CachedParkThread>::block_on::<varyk_sql[e3b0892ab2063aa0]::tests::run_gives_the_rows_changed::{closure#0}>
[INFO] [stdout]   12:     0x55d6c1494b8c - tokio[76f870eb929d4886]::runtime::context::runtime::enter_runtime::<<tokio[76f870eb929d4886]::runtime::scheduler::multi_thread::MultiThread>::block_on<varyk_sql[e3b0892ab2063aa0]::tests::run_gives_the_rows_changed::{closure#0}>::{closure#0}, ()>
[INFO] [stdout]   13:     0x55d6c14bc68e - <tokio[76f870eb929d4886]::runtime::runtime::Runtime>::block_on::<varyk_sql[e3b0892ab2063aa0]::tests::run_gives_the_rows_changed::{closure#0}>
[INFO] [stdout]   14:     0x55d6c14e4251 - varyk_std[b3aae85bc1f305b6]::runtime::run::<varyk_sql[e3b0892ab2063aa0]::tests::run_gives_the_rows_changed::{closure#0}>
[INFO] [stdout]   15:     0x55d6c151b268 - <varyk_sql[e3b0892ab2063aa0]::tests::run_gives_the_rows_changed::{closure#0} as core[a373ad73a504971]::ops::function::FnOnce<()>>::call_once
[INFO] [stdout]   16:     0x55d6c15473fb - test[aada8e7e76ba119b]::__rust_begin_short_backtrace::<core[a373ad73a504971]::result::Result<(), alloc[2e1b2a31b91974c5]::string::String>, fn() -> core[a373ad73a504971]::result::Result<(), alloc[2e1b2a31b91974c5]::string::String>>
[INFO] [stdout]   17:     0x55d6c15545d5 - test[aada8e7e76ba119b]::run_test::{closure#0}
[INFO] [stdout]   18:     0x55d6c154dec4 - std[617be2ca0a6fd877]::sys::backtrace::__rust_begin_short_backtrace::<test[aada8e7e76ba119b]::run_test::{closure#1}, ()>
[INFO] [stdout]   19:     0x55d6c1557662 - <std[617be2ca0a6fd877]::thread::lifecycle::spawn_unchecked<test[aada8e7e76ba119b]::run_test::{closure#1}, ()>::{closure#1} as core[a373ad73a504971]::ops::function::FnOnce<()>>::call_once::{shim:vtable#0}
[INFO] [stdout]   20:     0x55d6c17e5d0f - <std[617be2ca0a6fd877]::sys::thread::unix::Thread>::new::thread_start
[INFO] [stdout]   21:     0x702942aa7dfa - <unknown>
[INFO] [stdout]   22:     0x702942b3b3d4 - clone
[INFO] [stdout]   23:                0x0 - <unknown>
[INFO] [stdout] 
[INFO] [stdout] ---- tests::one_reads_a_struct_a_scalar_and_an_optional_scalar stdout ----
[INFO] [stdout] 
[INFO] [stdout] thread 'tests::one_reads_a_struct_a_scalar_and_an_optional_scalar' (2841) panicked at src/tests.rs:304:92:
[INFO] [stdout] assertion failed at src/tests.vr:239: left is cannot read the migrations in `migrations/sqlite`: No such file or directory (os error 2), right is no error
[INFO] [stdout] stack backtrace:
[INFO] [stdout]    0:     0x55d6c17e6851 - <<std[617be2ca0a6fd877]::sys::backtrace::BacktraceLock>::print::DisplayBacktrace as core[a373ad73a504971]::fmt::Display>::fmt
[INFO] [stdout]    1:     0x55d6c17fc23a - core[a373ad73a504971]::fmt::write
[INFO] [stdout]    2:     0x55d6c17eaecc - <alloc[2e1b2a31b91974c5]::vec::Vec<u8> as core[a373ad73a504971]::io::write::Write>::write_fmt
[INFO] [stdout]    3:     0x55d6c17c1a26 - std[617be2ca0a6fd877]::panicking::default_hook::{closure#0}
[INFO] [stdout]    4:     0x55d6c17de3e9 - std[617be2ca0a6fd877]::panicking::default_hook
[INFO] [stdout]    5:     0x55d6c1553fb0 - test[aada8e7e76ba119b]::test_main_inner::{closure#0}
[INFO] [stdout]    6:     0x55d6c17de712 - std[617be2ca0a6fd877]::panicking::panic_with_hook
[INFO] [stdout]    7:     0x55d6c17c1ad2 - std[617be2ca0a6fd877]::panicking::panic_handler::{closure#0}
[INFO] [stdout]    8:     0x55d6c17ba589 - std[617be2ca0a6fd877]::sys::backtrace::__rust_end_short_backtrace::<std[617be2ca0a6fd877]::panicking::panic_handler::{closure#0}, !>
[INFO] [stdout]    9:     0x55d6c17c26dd - __rustc[ea4f61d10b84890b]::rust_begin_unwind
[INFO] [stdout]   10:     0x55d6c17fc99c - core[a373ad73a504971]::panicking::panic_fmt
[INFO] [stdout]   11:     0x55d6c1333692 - <tokio[76f870eb929d4886]::runtime::park::CachedParkThread>::block_on::<varyk_sql[e3b0892ab2063aa0]::tests::one_reads_a_struct_a_scalar_and_an_optional_scalar::{closure#0}>
[INFO] [stdout]   12:     0x55d6c149a80c - tokio[76f870eb929d4886]::runtime::context::runtime::enter_runtime::<<tokio[76f870eb929d4886]::runtime::scheduler::multi_thread::MultiThread>::block_on<varyk_sql[e3b0892ab2063aa0]::tests::one_reads_a_struct_a_scalar_and_an_optional_scalar::{closure#0}>::{closure#0}, ()>
[INFO] [stdout]   13:     0x55d6c14c065e - <tokio[76f870eb929d4886]::runtime::runtime::Runtime>::block_on::<varyk_sql[e3b0892ab2063aa0]::tests::one_reads_a_struct_a_scalar_and_an_optional_scalar::{closure#0}>
[INFO] [stdout]   14:     0x55d6c14e7ee1 - varyk_std[b3aae85bc1f305b6]::runtime::run::<varyk_sql[e3b0892ab2063aa0]::tests::one_reads_a_struct_a_scalar_and_an_optional_scalar::{closure#0}>
[INFO] [stdout]   15:     0x55d6c151bb0b - <varyk_sql[e3b0892ab2063aa0]::tests::one_reads_a_struct_a_scalar_and_an_optional_scalar::{closure#0} as core[a373ad73a504971]::ops::function::FnOnce<()>>::call_once
[INFO] [stdout]   16:     0x55d6c15473fb - test[aada8e7e76ba119b]::__rust_begin_short_backtrace::<core[a373ad73a504971]::result::Result<(), alloc[2e1b2a31b91974c5]::string::String>, fn() -> core[a373ad73a504971]::result::Result<(), alloc[2e1b2a31b91974c5]::string::String>>
[INFO] [stdout]   17:     0x55d6c15545d5 - test[aada8e7e76ba119b]::run_test::{closure#0}
[INFO] [stdout]   18:     0x55d6c154dec4 - std[617be2ca0a6fd877]::sys::backtrace::__rust_begin_short_backtrace::<test[aada8e7e76ba119b]::run_test::{closure#1}, ()>
[INFO] [stdout]   19:     0x55d6c1557662 - <std[617be2ca0a6fd877]::thread::lifecycle::spawn_unchecked<test[aada8e7e76ba119b]::run_test::{closure#1}, ()>::{closure#1} as core[a373ad73a504971]::ops::function::FnOnce<()>>::call_once::{shim:vtable#0}
[INFO] [stdout]   20:     0x55d6c17e5d0f - <std[617be2ca0a6fd877]::sys::thread::unix::Thread>::new::thread_start
[INFO] [stdout]   21:     0x702942aa7dfa - <unknown>
[INFO] [stdout]   22:     0x702942b3b3d4 - clone
[INFO] [stdout]   23:                0x0 - <unknown>
[INFO] [stdout] 
[INFO] [stdout] ---- tests::the_slashed_in_memory_url_is_one_database_for_the_pool stdout ----
[INFO] [stdout] 
[INFO] [stdout] thread 'tests::the_slashed_in_memory_url_is_one_database_for_the_pool' (2899) panicked at src/tests.rs:1555:92:
[INFO] [stdout] assertion failed at src/tests.vr:1346: left is cannot read the migrations in `migrations/sqlite`: No such file or directory (os error 2), right is no error
[INFO] [stdout] stack backtrace:
[INFO] [stdout]    0:     0x55d6c17e6851 - <<std[617be2ca0a6fd877]::sys::backtrace::BacktraceLock>::print::DisplayBacktrace as core[a373ad73a504971]::fmt::Display>::fmt
[INFO] [stdout]    1:     0x55d6c17fc23a - core[a373ad73a504971]::fmt::write
[INFO] [stdout]    2:     0x55d6c17eaecc - <alloc[2e1b2a31b91974c5]::vec::Vec<u8> as core[a373ad73a504971]::io::write::Write>::write_fmt
[INFO] [stdout]    3:     0x55d6c17c1a26 - std[617be2ca0a6fd877]::panicking::default_hook::{closure#0}
[INFO] [stdout]    4:     0x55d6c17de3e9 - std[617be2ca0a6fd877]::panicking::default_hook
[INFO] [stdout]    5:     0x55d6c1553fb0 - test[aada8e7e76ba119b]::test_main_inner::{closure#0}
[INFO] [stdout]    6:     0x55d6c17de712 - std[617be2ca0a6fd877]::panicking::panic_with_hook
[INFO] [stdout]    7:     0x55d6c17c1ad2 - std[617be2ca0a6fd877]::panicking::panic_handler::{closure#0}
[INFO] [stdout]    8:     0x55d6c17ba589 - std[617be2ca0a6fd877]::sys::backtrace::__rust_end_short_backtrace::<std[617be2ca0a6fd877]::panicking::panic_handler::{closure#0}, !>
[INFO] [stdout]    9:     0x55d6c17c26dd - __rustc[ea4f61d10b84890b]::rust_begin_unwind
[INFO] [stdout]   10:     0x55d6c17fc99c - core[a373ad73a504971]::panicking::panic_fmt
[INFO] [stdout]   11:     0x55d6c133c353 - <tokio[76f870eb929d4886]::runtime::park::CachedParkThread>::block_on::<varyk_sql[e3b0892ab2063aa0]::tests::the_slashed_in_memory_url_is_one_database_for_the_pool::{closure#0}>
[INFO] [stdout]   12:     0x55d6c149be0c - tokio[76f870eb929d4886]::runtime::context::runtime::enter_runtime::<<tokio[76f870eb929d4886]::runtime::scheduler::multi_thread::MultiThread>::block_on<varyk_sql[e3b0892ab2063aa0]::tests::the_slashed_in_memory_url_is_one_database_for_the_pool::{closure#0}>::{closure#0}, ()>
[INFO] [stdout]   13:     0x55d6c14c157e - <tokio[76f870eb929d4886]::runtime::runtime::Runtime>::block_on::<varyk_sql[e3b0892ab2063aa0]::tests::the_slashed_in_memory_url_is_one_database_for_the_pool::{closure#0}>
[INFO] [stdout]   14:     0x55d6c14e8d51 - varyk_std[b3aae85bc1f305b6]::runtime::run::<varyk_sql[e3b0892ab2063aa0]::tests::the_slashed_in_memory_url_is_one_database_for_the_pool::{closure#0}>
[INFO] [stdout]   15:     0x55d6c151bd1b - <varyk_sql[e3b0892ab2063aa0]::tests::the_slashed_in_memory_url_is_one_database_for_the_pool::{closure#0} as core[a373ad73a504971]::ops::function::FnOnce<()>>::call_once
[INFO] [stdout]   16:     0x55d6c15473fb - test[aada8e7e76ba119b]::__rust_begin_short_backtrace::<core[a373ad73a504971]::result::Result<(), alloc[2e1b2a31b91974c5]::string::String>, fn() -> core[a373ad73a504971]::result::Result<(), alloc[2e1b2a31b91974c5]::string::String>>
[INFO] [stdout]   17:     0x55d6c15545d5 - test[aada8e7e76ba119b]::run_test::{closure#0}
[INFO] [stdout]   18:     0x55d6c154dec4 - std[617be2ca0a6fd877]::sys::backtrace::__rust_begin_short_backtrace::<test[aada8e7e76ba119b]::run_test::{closure#1}, ()>
[INFO] [stdout]   19:     0x55d6c1557662 - <std[617be2ca0a6fd877]::thread::lifecycle::spawn_unchecked<test[aada8e7e76ba119b]::run_test::{closure#1}, ()>::{closure#1} as core[a373ad73a504971]::ops::function::FnOnce<()>>::call_once::{shim:vtable#0}
[INFO] [stdout]   20:     0x55d6c17e5d0f - <std[617be2ca0a6fd877]::sys::thread::unix::Thread>::new::thread_start
[INFO] [stdout]   21:     0x702942aa7dfa - <unknown>
[INFO] [stdout]   22:     0x702942b3b3d4 - clone
[INFO] [stdout]   23:                0x0 - <unknown>
[INFO] [stdout] 
[INFO] [stdout] ---- tests::sixteen_bytes_read_into_a_uuid_and_into_bytes stdout ----
[INFO] [stdout] 
[INFO] [stdout] thread 'tests::sixteen_bytes_read_into_a_uuid_and_into_bytes' (2871) panicked at src/tests.rs:2309:92:
[INFO] [stdout] assertion failed at src/tests.vr:2018: left is cannot read the migrations in `migrations/sqlite`: No such file or directory (os error 2), right is no error
[INFO] [stdout] stack backtrace:
[INFO] [stdout]    0:     0x55d6c17e6851 - <<std[617be2ca0a6fd877]::sys::backtrace::BacktraceLock>::print::DisplayBacktrace as core[a373ad73a504971]::fmt::Display>::fmt
[INFO] [stdout]    1:     0x55d6c17fc23a - core[a373ad73a504971]::fmt::write
[INFO] [stdout]    2:     0x55d6c17eaecc - <alloc[2e1b2a31b91974c5]::vec::Vec<u8> as core[a373ad73a504971]::io::write::Write>::write_fmt
[INFO] [stdout]    3:     0x55d6c17c1a26 - std[617be2ca0a6fd877]::panicking::default_hook::{closure#0}
[INFO] [stdout]    4:     0x55d6c17de3e9 - std[617be2ca0a6fd877]::panicking::default_hook
[INFO] [stdout]    5:     0x55d6c1553fb0 - test[aada8e7e76ba119b]::test_main_inner::{closure#0}
[INFO] [stdout]    6:     0x55d6c17de712 - std[617be2ca0a6fd877]::panicking::panic_with_hook
[INFO] [stdout]    7:     0x55d6c17c1ad2 - std[617be2ca0a6fd877]::panicking::panic_handler::{closure#0}
[INFO] [stdout]    8:     0x55d6c17ba589 - std[617be2ca0a6fd877]::sys::backtrace::__rust_end_short_backtrace::<std[617be2ca0a6fd877]::panicking::panic_handler::{closure#0}, !>
[INFO] [stdout]    9:     0x55d6c17c26dd - __rustc[ea4f61d10b84890b]::rust_begin_unwind
[INFO] [stdout]   10:     0x55d6c17fc99c - core[a373ad73a504971]::panicking::panic_fmt
[INFO] [stdout]   11:     0x55d6c13252fc - <tokio[76f870eb929d4886]::runtime::park::CachedParkThread>::block_on::<varyk_sql[e3b0892ab2063aa0]::tests::sixteen_bytes_read_into_a_uuid_and_into_bytes::{closure#0}>
[INFO] [stdout]   12:     0x55d6c14987dc - tokio[76f870eb929d4886]::runtime::context::runtime::enter_runtime::<<tokio[76f870eb929d4886]::runtime::scheduler::multi_thread::MultiThread>::block_on<varyk_sql[e3b0892ab2063aa0]::tests::sixteen_bytes_read_into_a_uuid_and_into_bytes::{closure#0}>::{closure#0}, ()>
[INFO] [stdout]   13:     0x55d6c14beffe - <tokio[76f870eb929d4886]::runtime::runtime::Runtime>::block_on::<varyk_sql[e3b0892ab2063aa0]::tests::sixteen_bytes_read_into_a_uuid_and_into_bytes::{closure#0}>
[INFO] [stdout]   14:     0x55d6c14e69d1 - varyk_std[b3aae85bc1f305b6]::runtime::run::<varyk_sql[e3b0892ab2063aa0]::tests::sixteen_bytes_read_into_a_uuid_and_into_bytes::{closure#0}>
[INFO] [stdout]   15:     0x55d6c151b80a - <varyk_sql[e3b0892ab2063aa0]::tests::sixteen_bytes_read_into_a_uuid_and_into_bytes::{closure#0} as core[a373ad73a504971]::ops::function::FnOnce<()>>::call_once
[INFO] [stdout]   16:     0x55d6c15473fb - test[aada8e7e76ba119b]::__rust_begin_short_backtrace::<core[a373ad73a504971]::result::Result<(), alloc[2e1b2a31b91974c5]::string::String>, fn() -> core[a373ad73a504971]::result::Result<(), alloc[2e1b2a31b91974c5]::string::String>>
[INFO] [stdout]   17:     0x55d6c15545d5 - test[aada8e7e76ba119b]::run_test::{closure#0}
[INFO] [stdout]   18:     0x55d6c154dec4 - std[617be2ca0a6fd877]::sys::backtrace::__rust_begin_short_backtrace::<test[aada8e7e76ba119b]::run_test::{closure#1}, ()>
[INFO] [stdout]   19:     0x55d6c1557662 - <std[617be2ca0a6fd877]::thread::lifecycle::spawn_unchecked<test[aada8e7e76ba119b]::run_test::{closure#1}, ()>::{closure#1} as core[a373ad73a504971]::ops::function::FnOnce<()>>::call_once::{shim:vtable#0}
[INFO] [stdout]   20:     0x55d6c17e5d0f - <std[617be2ca0a6fd877]::sys::thread::unix::Thread>::new::thread_start
[INFO] [stdout]   21:     0x702942aa7dfa - <unknown>
[INFO] [stdout]   22:     0x702942b3b3d4 - clone
[INFO] [stdout]   23:                0x0 - <unknown>
[INFO] [stdout] 
[INFO] [stdout] ---- tests::none_binds_null_into_time_uuid_and_bytes_columns stdout ----
[INFO] [stdout] 
[INFO] [stdout] thread 'tests::none_binds_null_into_time_uuid_and_bytes_columns' (2838) panicked at src/tests.rs:2022:92:
[INFO] [stdout] assertion failed at src/tests.vr:1763: left is cannot read the migrations in `migrations/sqlite`: No such file or directory (os error 2), right is no error
[INFO] [stdout] stack backtrace:
[INFO] [stdout]    0:     0x55d6c17e6851 - <<std[617be2ca0a6fd877]::sys::backtrace::BacktraceLock>::print::DisplayBacktrace as core[a373ad73a504971]::fmt::Display>::fmt
[INFO] [stdout]    1:     0x55d6c17fc23a - core[a373ad73a504971]::fmt::write
[INFO] [stdout]    2:     0x55d6c17eaecc - <alloc[2e1b2a31b91974c5]::vec::Vec<u8> as core[a373ad73a504971]::io::write::Write>::write_fmt
[INFO] [stdout]    3:     0x55d6c17c1a26 - std[617be2ca0a6fd877]::panicking::default_hook::{closure#0}
[INFO] [stdout]    4:     0x55d6c17de3e9 - std[617be2ca0a6fd877]::panicking::default_hook
[INFO] [stdout]    5:     0x55d6c1553fb0 - test[aada8e7e76ba119b]::test_main_inner::{closure#0}
[INFO] [stdout]    6:     0x55d6c17de712 - std[617be2ca0a6fd877]::panicking::panic_with_hook
[INFO] [stdout]    7:     0x55d6c17c1ad2 - std[617be2ca0a6fd877]::panicking::panic_handler::{closure#0}
[INFO] [stdout]    8:     0x55d6c17ba589 - std[617be2ca0a6fd877]::sys::backtrace::__rust_end_short_backtrace::<std[617be2ca0a6fd877]::panicking::panic_handler::{closure#0}, !>
[INFO] [stdout]    9:     0x55d6c17c26dd - __rustc[ea4f61d10b84890b]::rust_begin_unwind
[INFO] [stdout]   10:     0x55d6c17fc99c - core[a373ad73a504971]::panicking::panic_fmt
[INFO] [stdout]   11:     0x55d6c132daa9 - <tokio[76f870eb929d4886]::runtime::park::CachedParkThread>::block_on::<varyk_sql[e3b0892ab2063aa0]::tests::none_binds_null_into_time_uuid_and_bytes_columns::{closure#0}>
[INFO] [stdout]   12:     0x55d6c14999dc - tokio[76f870eb929d4886]::runtime::context::runtime::enter_runtime::<<tokio[76f870eb929d4886]::runtime::scheduler::multi_thread::MultiThread>::block_on<varyk_sql[e3b0892ab2063aa0]::tests::none_binds_null_into_time_uuid_and_bytes_columns::{closure#0}>::{closure#0}, ()>
[INFO] [stdout]   13:     0x55d6c14bfc5e - <tokio[76f870eb929d4886]::runtime::runtime::Runtime>::block_on::<varyk_sql[e3b0892ab2063aa0]::tests::none_binds_null_into_time_uuid_and_bytes_columns::{closure#0}>
[INFO] [stdout]   14:     0x55d6c14e75a1 - varyk_std[b3aae85bc1f305b6]::runtime::run::<varyk_sql[e3b0892ab2063aa0]::tests::none_binds_null_into_time_uuid_and_bytes_columns::{closure#0}>
[INFO] [stdout]   15:     0x55d6c151b9ba - <varyk_sql[e3b0892ab2063aa0]::tests::none_binds_null_into_time_uuid_and_bytes_columns::{closure#0} as core[a373ad73a504971]::ops::function::FnOnce<()>>::call_once
[INFO] [stdout]   16:     0x55d6c15473fb - test[aada8e7e76ba119b]::__rust_begin_short_backtrace::<core[a373ad73a504971]::result::Result<(), alloc[2e1b2a31b91974c5]::string::String>, fn() -> core[a373ad73a504971]::result::Result<(), alloc[2e1b2a31b91974c5]::string::String>>
[INFO] [stdout]   17:     0x55d6c15545d5 - test[aada8e7e76ba119b]::run_test::{closure#0}
[INFO] [stdout]   18:     0x55d6c154dec4 - std[617be2ca0a6fd877]::sys::backtrace::__rust_begin_short_backtrace::<test[aada8e7e76ba119b]::run_test::{closure#1}, ()>
[INFO] [stdout]   19:     0x55d6c1557662 - <std[617be2ca0a6fd877]::thread::lifecycle::spawn_unchecked<test[aada8e7e76ba119b]::run_test::{closure#1}, ()>::{closure#1} as core[a373ad73a504971]::ops::function::FnOnce<()>>::call_once::{shim:vtable#0}
[INFO] [stdout]   20:     0x55d6c17e5d0f - <std[617be2ca0a6fd877]::sys::thread::unix::Thread>::new::thread_start
[INFO] [stdout]   21:     0x702942aa7dfa - <unknown>
[INFO] [stdout]   22:     0x702942b3b3d4 - clone
[INFO] [stdout]   23:                0x0 - <unknown>
[INFO] [stdout] 
[INFO] [stdout] ---- tests::text_into_an_integer_column_is_a_database_error stdout ----
[INFO] [stdout] 
[INFO] [stdout] thread 'tests::text_into_an_integer_column_is_a_database_error' (2872) panicked at src/tests.rs:891:92:
[INFO] [stdout] assertion failed at src/tests.vr:754: left is cannot read the migrations in `migrations/sqlite`: No such file or directory (os error 2), right is no error
[INFO] [stdout] stack backtrace:
[INFO] [stdout]    0:     0x55d6c17e6851 - <<std[617be2ca0a6fd877]::sys::backtrace::BacktraceLock>::print::DisplayBacktrace as core[a373ad73a504971]::fmt::Display>::fmt
[INFO] [stdout]    1:     0x55d6c17fc23a - core[a373ad73a504971]::fmt::write
[INFO] [stdout]    2:     0x55d6c17eaecc - <alloc[2e1b2a31b91974c5]::vec::Vec<u8> as core[a373ad73a504971]::io::write::Write>::write_fmt
[INFO] [stdout]    3:     0x55d6c17c1a26 - std[617be2ca0a6fd877]::panicking::default_hook::{closure#0}
[INFO] [stdout]    4:     0x55d6c17de3e9 - std[617be2ca0a6fd877]::panicking::default_hook
[INFO] [stdout]    5:     0x55d6c1553fb0 - test[aada8e7e76ba119b]::test_main_inner::{closure#0}
[INFO] [stdout]    6:     0x55d6c17de712 - std[617be2ca0a6fd877]::panicking::panic_with_hook
[INFO] [stdout]    7:     0x55d6c17c1ad2 - std[617be2ca0a6fd877]::panicking::panic_handler::{closure#0}
[INFO] [stdout]    8:     0x55d6c17ba589 - std[617be2ca0a6fd877]::sys::backtrace::__rust_end_short_backtrace::<std[617be2ca0a6fd877]::panicking::panic_handler::{closure#0}, !>
[INFO] [stdout]    9:     0x55d6c17c26dd - __rustc[ea4f61d10b84890b]::rust_begin_unwind
[INFO] [stdout]   10:     0x55d6c17fc99c - core[a373ad73a504971]::panicking::panic_fmt
[INFO] [stdout]   11:     0x55d6c13297d9 - <tokio[76f870eb929d4886]::runtime::park::CachedParkThread>::block_on::<varyk_sql[e3b0892ab2063aa0]::tests::text_into_an_integer_column_is_a_database_error::{closure#0}>
[INFO] [stdout]   12:     0x55d6c14991dc - tokio[76f870eb929d4886]::runtime::context::runtime::enter_runtime::<<tokio[76f870eb929d4886]::runtime::scheduler::multi_thread::MultiThread>::block_on<varyk_sql[e3b0892ab2063aa0]::tests::text_into_an_integer_column_is_a_database_error::{closure#0}>::{closure#0}, ()>
[INFO] [stdout]   13:     0x55d6c14bf6de - <tokio[76f870eb929d4886]::runtime::runtime::Runtime>::block_on::<varyk_sql[e3b0892ab2063aa0]::tests::text_into_an_integer_column_is_a_database_error::{closure#0}>
[INFO] [stdout]   14:     0x55d6c14e7061 - varyk_std[b3aae85bc1f305b6]::runtime::run::<varyk_sql[e3b0892ab2063aa0]::tests::text_into_an_integer_column_is_a_database_error::{closure#0}>
[INFO] [stdout]   15:     0x55d6c151b8fa - <varyk_sql[e3b0892ab2063aa0]::tests::text_into_an_integer_column_is_a_database_error::{closure#0} as core[a373ad73a504971]::ops::function::FnOnce<()>>::call_once
[INFO] [stdout]   16:     0x55d6c15473fb - test[aada8e7e76ba119b]::__rust_begin_short_backtrace::<core[a373ad73a504971]::result::Result<(), alloc[2e1b2a31b91974c5]::string::String>, fn() -> core[a373ad73a504971]::result::Result<(), alloc[2e1b2a31b91974c5]::string::String>>
[INFO] [stdout]   17:     0x55d6c15545d5 - test[aada8e7e76ba119b]::run_test::{closure#0}
[INFO] [stdout]   18:     0x55d6c154dec4 - std[617be2ca0a6fd877]::sys::backtrace::__rust_begin_short_backtrace::<test[aada8e7e76ba119b]::run_test::{closure#1}, ()>
[INFO] [stdout]   19:     0x55d6c1557662 - <std[617be2ca0a6fd877]::thread::lifecycle::spawn_unchecked<test[aada8e7e76ba119b]::run_test::{closure#1}, ()>::{closure#1} as core[a373ad73a504971]::ops::function::FnOnce<()>>::call_once::{shim:vtable#0}
[INFO] [stdout]   20:     0x55d6c17e5d0f - <std[617be2ca0a6fd877]::sys::thread::unix::Thread>::new::thread_start
[INFO] [stdout]   21:     0x702942aa7dfa - <unknown>
[INFO] [stdout]   22:     0x702942b3b3d4 - clone
[INFO] [stdout]   23:                0x0 - <unknown>
[INFO] [stdout] 
[INFO] [stdout] ---- tests::null_reads_as_none_and_is_an_error_naming_the_column_otherwise stdout ----
[INFO] [stdout] 
[INFO] [stdout] thread 'tests::null_reads_as_none_and_is_an_error_naming_the_column_otherwise' (2839) panicked at src/tests.rs:378:92:
[INFO] [stdout] assertion failed at src/tests.vr:304: left is cannot read the migrations in `migrations/sqlite`: No such file or directory (os error 2), right is no error
[INFO] [stdout] stack backtrace:
[INFO] [stdout]    0:     0x55d6c17e6851 - <<std[617be2ca0a6fd877]::sys::backtrace::BacktraceLock>::print::DisplayBacktrace as core[a373ad73a504971]::fmt::Display>::fmt
[INFO] [stdout]    1:     0x55d6c17fc23a - core[a373ad73a504971]::fmt::write
[INFO] [stdout]    2:     0x55d6c17eaecc - <alloc[2e1b2a31b91974c5]::vec::Vec<u8> as core[a373ad73a504971]::io::write::Write>::write_fmt
[INFO] [stdout]    3:     0x55d6c17c1a26 - std[617be2ca0a6fd877]::panicking::default_hook::{closure#0}
[INFO] [stdout]    4:     0x55d6c17de3e9 - std[617be2ca0a6fd877]::panicking::default_hook
[INFO] [stdout]    5:     0x55d6c1553fb0 - test[aada8e7e76ba119b]::test_main_inner::{closure#0}
[INFO] [stdout]    6:     0x55d6c17de712 - std[617be2ca0a6fd877]::panicking::panic_with_hook
[INFO] [stdout]    7:     0x55d6c17c1ad2 - std[617be2ca0a6fd877]::panicking::panic_handler::{closure#0}
[INFO] [stdout]    8:     0x55d6c17ba589 - std[617be2ca0a6fd877]::sys::backtrace::__rust_end_short_backtrace::<std[617be2ca0a6fd877]::panicking::panic_handler::{closure#0}, !>
[INFO] [stdout]    9:     0x55d6c17c26dd - __rustc[ea4f61d10b84890b]::rust_begin_unwind
[INFO] [stdout]   10:     0x55d6c17fc99c - core[a373ad73a504971]::panicking::panic_fmt
[INFO] [stdout]   11:     0x55d6c134b504 - <tokio[76f870eb929d4886]::runtime::park::CachedParkThread>::block_on::<varyk_sql[e3b0892ab2063aa0]::tests::null_reads_as_none_and_is_an_error_naming_the_column_otherwise::{closure#0}>
[INFO] [stdout]   12:     0x55d6c149d61c - tokio[76f870eb929d4886]::runtime::context::runtime::enter_runtime::<<tokio[76f870eb929d4886]::runtime::scheduler::multi_thread::MultiThread>::block_on<varyk_sql[e3b0892ab2063aa0]::tests::null_reads_as_none_and_is_an_error_naming_the_column_otherwise::{closure#0}>::{closure#0}, ()>
[INFO] [stdout]   13:     0x55d6c14c262e - <tokio[76f870eb929d4886]::runtime::runtime::Runtime>::block_on::<varyk_sql[e3b0892ab2063aa0]::tests::null_reads_as_none_and_is_an_error_naming_the_column_otherwise::{closure#0}>
[INFO] [stdout]   14:     0x55d6c14e9d11 - varyk_std[b3aae85bc1f305b6]::runtime::run::<varyk_sql[e3b0892ab2063aa0]::tests::null_reads_as_none_and_is_an_error_naming_the_column_otherwise::{closure#0}>
[INFO] [stdout]   15:     0x55d6c151bf58 - <varyk_sql[e3b0892ab2063aa0]::tests::null_reads_as_none_and_is_an_error_naming_the_column_otherwise::{closure#0} as core[a373ad73a504971]::ops::function::FnOnce<()>>::call_once
[INFO] [stdout]   16:     0x55d6c15473fb - test[aada8e7e76ba119b]::__rust_begin_short_backtrace::<core[a373ad73a504971]::result::Result<(), alloc[2e1b2a31b91974c5]::string::String>, fn() -> core[a373ad73a504971]::result::Result<(), alloc[2e1b2a31b91974c5]::string::String>>
[INFO] [stdout]   17:     0x55d6c15545d5 - test[aada8e7e76ba119b]::run_test::{closure#0}
[INFO] [stdout]   18:     0x55d6c154dec4 - std[617be2ca0a6fd877]::sys::backtrace::__rust_begin_short_backtrace::<test[aada8e7e76ba119b]::run_test::{closure#1}, ()>
[INFO] [stdout]   19:     0x55d6c1557662 - <std[617be2ca0a6fd877]::thread::lifecycle::spawn_unchecked<test[aada8e7e76ba119b]::run_test::{closure#1}, ()>::{closure#1} as core[a373ad73a504971]::ops::function::FnOnce<()>>::call_once::{shim:vtable#0}
[INFO] [stdout]   20:     0x55d6c17e5d0f - <std[617be2ca0a6fd877]::sys::thread::unix::Thread>::new::thread_start
[INFO] [stdout]   21:     0x702942aa7dfa - <unknown>
[INFO] [stdout]   22:     0x702942b3b3d4 - clone
[INFO] [stdout]   23:                0x0 - <unknown>
[INFO] [stdout] 
[INFO] [stdout] ---- tests::zero_one_and_three_values_bind stdout ----
[INFO] [stdout] 
[INFO] [stdout] thread 'tests::zero_one_and_three_values_bind' (2931) panicked at src/tests.rs:552:92:
[INFO] [stdout] assertion failed at src/tests.vr:451: left is cannot read the migrations in `migrations/sqlite`: No such file or directory (os error 2), right is no error
[INFO] [stdout] stack backtrace:
[INFO] [stdout]    0:     0x55d6c17e6851 - <<std[617be2ca0a6fd877]::sys::backtrace::BacktraceLock>::print::DisplayBacktrace as core[a373ad73a504971]::fmt::Display>::fmt
[INFO] [stdout]    1:     0x55d6c17fc23a - core[a373ad73a504971]::fmt::write
[INFO] [stdout]    2:     0x55d6c17eaecc - <alloc[2e1b2a31b91974c5]::vec::Vec<u8> as core[a373ad73a504971]::io::write::Write>::write_fmt
[INFO] [stdout]    3:     0x55d6c17c1a26 - std[617be2ca0a6fd877]::panicking::default_hook::{closure#0}
[INFO] [stdout]    4:     0x55d6c17de3e9 - std[617be2ca0a6fd877]::panicking::default_hook
[INFO] [stdout]    5:     0x55d6c1553fb0 - test[aada8e7e76ba119b]::test_main_inner::{closure#0}
[INFO] [stdout]    6:     0x55d6c17de712 - std[617be2ca0a6fd877]::panicking::panic_with_hook
[INFO] [stdout]    7:     0x55d6c17c1ad2 - std[617be2ca0a6fd877]::panicking::panic_handler::{closure#0}
[INFO] [stdout]    8:     0x55d6c17ba589 - std[617be2ca0a6fd877]::sys::backtrace::__rust_end_short_backtrace::<std[617be2ca0a6fd877]::panicking::panic_handler::{closure#0}, !>
[INFO] [stdout]    9:     0x55d6c17c26dd - __rustc[ea4f61d10b84890b]::rust_begin_unwind
[INFO] [stdout]   10:     0x55d6c17fc99c - core[a373ad73a504971]::panicking::panic_fmt
[INFO] [stdout]   11:     0x55d6c13078fb - <tokio[76f870eb929d4886]::runtime::park::CachedParkThread>::block_on::<varyk_sql[e3b0892ab2063aa0]::tests::zero_one_and_three_values_bind::{closure#0}>
[INFO] [stdout]   12:     0x55d6c149518c - tokio[76f870eb929d4886]::runtime::context::runtime::enter_runtime::<<tokio[76f870eb929d4886]::runtime::scheduler::multi_thread::MultiThread>::block_on<varyk_sql[e3b0892ab2063aa0]::tests::zero_one_and_three_values_bind::{closure#0}>::{closure#0}, ()>
[INFO] [stdout]   13:     0x55d6c14bcaae - <tokio[76f870eb929d4886]::runtime::runtime::Runtime>::block_on::<varyk_sql[e3b0892ab2063aa0]::tests::zero_one_and_three_values_bind::{closure#0}>
[INFO] [stdout]   14:     0x55d6c14e4641 - varyk_std[b3aae85bc1f305b6]::runtime::run::<varyk_sql[e3b0892ab2063aa0]::tests::zero_one_and_three_values_bind::{closure#0}>
[INFO] [stdout]   15:     0x55d6c151b2fb - <varyk_sql[e3b0892ab2063aa0]::tests::zero_one_and_three_values_bind::{closure#0} as core[a373ad73a504971]::ops::function::FnOnce<()>>::call_once
[INFO] [stdout]   16:     0x55d6c15473fb - test[aada8e7e76ba119b]::__rust_begin_short_backtrace::<core[a373ad73a504971]::result::Result<(), alloc[2e1b2a31b91974c5]::string::String>, fn() -> core[a373ad73a504971]::result::Result<(), alloc[2e1b2a31b91974c5]::string::String>>
[INFO] [stdout]   17:     0x55d6c15545d5 - test[aada8e7e76ba119b]::run_test::{closure#0}
[INFO] [stdout]   18:     0x55d6c154dec4 - std[617be2ca0a6fd877]::sys::backtrace::__rust_begin_short_backtrace::<test[aada8e7e76ba119b]::run_test::{closure#1}, ()>
[INFO] [stdout]   19:     0x55d6c1557662 - <std[617be2ca0a6fd877]::thread::lifecycle::spawn_unchecked<test[aada8e7e76ba119b]::run_test::{closure#1}, ()>::{closure#1} as core[a373ad73a504971]::ops::function::FnOnce<()>>::call_once::{shim:vtable#0}
[INFO] [stdout]   20:     0x55d6c17e5d0f - <std[617be2ca0a6fd877]::sys::thread::unix::Thread>::new::thread_start
[INFO] [stdout]   21:     0x702942aa7dfa - <unknown>
[INFO] [stdout]   22:     0x702942b3b3d4 - clone
[INFO] [stdout]   23:                0x0 - <unknown>
[INFO] [stdout] 
[INFO] [stdout] ---- tests::too_few_values_are_an_error_and_too_many_one_off_postgres stdout ----
[INFO] [stdout] 
[INFO] [stdout] thread 'tests::too_few_values_are_an_error_and_too_many_one_off_postgres' (2929) panicked at src/tests.rs:863:92:
[INFO] [stdout] assertion failed at src/tests.vr:731: left is cannot read the migrations in `migrations/sqlite`: No such file or directory (os error 2), right is no error
[INFO] [stdout] stack backtrace:
[INFO] [stdout]    0:     0x55d6c17e6851 - <<std[617be2ca0a6fd877]::sys::backtrace::BacktraceLock>::print::DisplayBacktrace as core[a373ad73a504971]::fmt::Display>::fmt
[INFO] [stdout]    1:     0x55d6c17fc23a - core[a373ad73a504971]::fmt::write
[INFO] [stdout]    2:     0x55d6c17eaecc - <alloc[2e1b2a31b91974c5]::vec::Vec<u8> as core[a373ad73a504971]::io::write::Write>::write_fmt
[INFO] [stdout]    3:     0x55d6c17c1a26 - std[617be2ca0a6fd877]::panicking::default_hook::{closure#0}
[INFO] [stdout]    4:     0x55d6c17de3e9 - std[617be2ca0a6fd877]::panicking::default_hook
[INFO] [stdout]    5:     0x55d6c1553fb0 - test[aada8e7e76ba119b]::test_main_inner::{closure#0}
[INFO] [stdout]    6:     0x55d6c17de712 - std[617be2ca0a6fd877]::panicking::panic_with_hook
[INFO] [stdout]    7:     0x55d6c17c1ad2 - std[617be2ca0a6fd877]::panicking::panic_handler::{closure#0}
[INFO] [stdout]    8:     0x55d6c17ba589 - std[617be2ca0a6fd877]::sys::backtrace::__rust_end_short_backtrace::<std[617be2ca0a6fd877]::panicking::panic_handler::{closure#0}, !>
[INFO] [stdout]    9:     0x55d6c17c26dd - __rustc[ea4f61d10b84890b]::rust_begin_unwind
[INFO] [stdout]   10:     0x55d6c17fc99c - core[a373ad73a504971]::panicking::panic_fmt
[INFO] [stdout]   11:     0x55d6c1344246 - <tokio[76f870eb929d4886]::runtime::park::CachedParkThread>::block_on::<varyk_sql[e3b0892ab2063aa0]::tests::too_few_values_are_an_error_and_too_many_one_off_postgres::{closure#0}>
[INFO] [stdout]   12:     0x55d6c149c81c - tokio[76f870eb929d4886]::runtime::context::runtime::enter_runtime::<<tokio[76f870eb929d4886]::runtime::scheduler::multi_thread::MultiThread>::block_on<varyk_sql[e3b0892ab2063aa0]::tests::too_few_values_are_an_error_and_too_many_one_off_postgres::{closure#0}>::{closure#0}, ()>
[INFO] [stdout]   13:     0x55d6c14c1c8e - <tokio[76f870eb929d4886]::runtime::runtime::Runtime>::block_on::<varyk_sql[e3b0892ab2063aa0]::tests::too_few_values_are_an_error_and_too_many_one_off_postgres::{closure#0}>
[INFO] [stdout]   14:     0x55d6c14e93e1 - varyk_std[b3aae85bc1f305b6]::runtime::run::<varyk_sql[e3b0892ab2063aa0]::tests::too_few_values_are_an_error_and_too_many_one_off_postgres::{closure#0}>
[INFO] [stdout]   15:     0x55d6c151be08 - <varyk_sql[e3b0892ab2063aa0]::tests::too_few_values_are_an_error_and_too_many_one_off_postgres::{closure#0} as core[a373ad73a504971]::ops::function::FnOnce<()>>::call_once
[INFO] [stdout]   16:     0x55d6c15473fb - test[aada8e7e76ba119b]::__rust_begin_short_backtrace::<core[a373ad73a504971]::result::Result<(), alloc[2e1b2a31b91974c5]::string::String>, fn() -> core[a373ad73a504971]::result::Result<(), alloc[2e1b2a31b91974c5]::string::String>>
[INFO] [stdout]   17:     0x55d6c15545d5 - test[aada8e7e76ba119b]::run_test::{closure#0}
[INFO] [stdout]   18:     0x55d6c154dec4 - std[617be2ca0a6fd877]::sys::backtrace::__rust_begin_short_backtrace::<test[aada8e7e76ba119b]::run_test::{closure#1}, ()>
[INFO] [stdout]   19:     0x55d6c1557662 - <std[617be2ca0a6fd877]::thread::lifecycle::spawn_unchecked<test[aada8e7e76ba119b]::run_test::{closure#1}, ()>::{closure#1} as core[a373ad73a504971]::ops::function::FnOnce<()>>::call_once::{shim:vtable#0}
[INFO] [stdout]   20:     0x55d6c17e5d0f - <std[617be2ca0a6fd877]::sys::thread::unix::Thread>::new::thread_start
[INFO] [stdout]   21:     0x702942aa7dfa - <unknown>
[INFO] [stdout]   22:     0x702942b3b3d4 - clone
[INFO] [stdout]   23:                0x0 - <unknown>
[INFO] [stdout] 
[INFO] [stdout] ---- tests::times_come_back_in_time_order stdout ----
[INFO] [stdout] 
[INFO] [stdout] thread 'tests::times_come_back_in_time_order' (2928) panicked at src/tests.rs:1992:92:
[INFO] [stdout] assertion failed at src/tests.vr:1735: left is cannot read the migrations in `migrations/sqlite`: No such file or directory (os error 2), right is no error
[INFO] [stdout] stack backtrace:
[INFO] [stdout]    0:     0x55d6c17e6851 - <<std[617be2ca0a6fd877]::sys::backtrace::BacktraceLock>::print::DisplayBacktrace as core[a373ad73a504971]::fmt::Display>::fmt
[INFO] [stdout]    1:     0x55d6c17fc23a - core[a373ad73a504971]::fmt::write
[INFO] [stdout]    2:     0x55d6c17eaecc - <alloc[2e1b2a31b91974c5]::vec::Vec<u8> as core[a373ad73a504971]::io::write::Write>::write_fmt
[INFO] [stdout]    3:     0x55d6c17c1a26 - std[617be2ca0a6fd877]::panicking::default_hook::{closure#0}
[INFO] [stdout]    4:     0x55d6c17de3e9 - std[617be2ca0a6fd877]::panicking::default_hook
[INFO] [stdout]    5:     0x55d6c1553fb0 - test[aada8e7e76ba119b]::test_main_inner::{closure#0}
[INFO] [stdout]    6:     0x55d6c17de712 - std[617be2ca0a6fd877]::panicking::panic_with_hook
[INFO] [stdout]    7:     0x55d6c17c1ad2 - std[617be2ca0a6fd877]::panicking::panic_handler::{closure#0}
[INFO] [stdout]    8:     0x55d6c17ba589 - std[617be2ca0a6fd877]::sys::backtrace::__rust_end_short_backtrace::<std[617be2ca0a6fd877]::panicking::panic_handler::{closure#0}, !>
[INFO] [stdout]    9:     0x55d6c17c26dd - __rustc[ea4f61d10b84890b]::rust_begin_unwind
[INFO] [stdout]   10:     0x55d6c17fc99c - core[a373ad73a504971]::panicking::panic_fmt
[INFO] [stdout]   11:     0x55d6c1306561 - <tokio[76f870eb929d4886]::runtime::park::CachedParkThread>::block_on::<varyk_sql[e3b0892ab2063aa0]::tests::times_come_back_in_time_order::{closure#0}>
[INFO] [stdout]   12:     0x55d6c1494f8c - tokio[76f870eb929d4886]::runtime::context::runtime::enter_runtime::<<tokio[76f870eb929d4886]::runtime::scheduler::multi_thread::MultiThread>::block_on<varyk_sql[e3b0892ab2063aa0]::tests::times_come_back_in_time_order::{closure#0}>::{closure#0}, ()>
[INFO] [stdout]   13:     0x55d6c14bc94e - <tokio[76f870eb929d4886]::runtime::runtime::Runtime>::block_on::<varyk_sql[e3b0892ab2063aa0]::tests::times_come_back_in_time_order::{closure#0}>
[INFO] [stdout]   14:     0x55d6c14e44f1 - varyk_std[b3aae85bc1f305b6]::runtime::run::<varyk_sql[e3b0892ab2063aa0]::tests::times_come_back_in_time_order::{closure#0}>
[INFO] [stdout]   15:     0x55d6c151b2ca - <varyk_sql[e3b0892ab2063aa0]::tests::times_come_back_in_time_order::{closure#0} as core[a373ad73a504971]::ops::function::FnOnce<()>>::call_once
[INFO] [stdout]   16:     0x55d6c15473fb - test[aada8e7e76ba119b]::__rust_begin_short_backtrace::<core[a373ad73a504971]::result::Result<(), alloc[2e1b2a31b91974c5]::string::String>, fn() -> core[a373ad73a504971]::result::Result<(), alloc[2e1b2a31b91974c5]::string::String>>
[INFO] [stdout]   17:     0x55d6c15545d5 - test[aada8e7e76ba119b]::run_test::{closure#0}
[INFO] [stdout]   18:     0x55d6c154dec4 - std[617be2ca0a6fd877]::sys::backtrace::__rust_begin_short_backtrace::<test[aada8e7e76ba119b]::run_test::{closure#1}, ()>
[INFO] [stdout]   19:     0x55d6c1557662 - <std[617be2ca0a6fd877]::thread::lifecycle::spawn_unchecked<test[aada8e7e76ba119b]::run_test::{closure#1}, ()>::{closure#1} as core[a373ad73a504971]::ops::function::FnOnce<()>>::call_once::{shim:vtable#0}
[INFO] [stdout]   20:     0x55d6c17e5d0f - <std[617be2ca0a6fd877]::sys::thread::unix::Thread>::new::thread_start
[INFO] [stdout]   21:     0x702942aa7dfa - <unknown>
[INFO] [stdout]   22:     0x702942b3b3d4 - clone
[INFO] [stdout]   23:                0x0 - <unknown>
[INFO] [stdout] 
[INFO] [stdout] 
[INFO] [stdout] failures:
[INFO] [stdout]     tests::a_bool_field_reads_zero_and_one
[INFO] [stdout]     tests::a_commit_after_a_failed_statement_rolls_back_and_is_an_error
[INFO] [stdout]     tests::a_committed_transaction_keeps_its_rows
[INFO] [stdout]     tests::a_dropped_transaction_leaves_no_row
[INFO] [stdout]     tests::a_failed_migration_is_an_error_naming_its_version
[INFO] [stdout]     tests::a_finished_transaction_refuses_commit_and_queries
[INFO] [stdout]     tests::a_float_column_reads_into_an_integer_field_only_when_whole
[INFO] [stdout]     tests::a_list_or_a_nested_struct_is_not_read_from_a_row
[INFO] [stdout]     tests::a_malformed_sqlite_time_is_an_error_naming_the_column_not_the_text
[INFO] [stdout]     tests::a_malformed_uuid_is_an_error_naming_the_column_not_the_text
[INFO] [stdout]     tests::a_missing_column_is_an_error_naming_the_field
[INFO] [stdout]     tests::a_none_value_binds_null
[INFO] [stdout]     tests::a_question_mark_in_a_string_beside_a_dollar_is_text
[INFO] [stdout]     tests::a_question_mark_query_with_a_dollar_in_a_string_works
[INFO] [stdout]     tests::a_read_error_in_a_transaction_does_not_stop_the_commit
[INFO] [stdout]     tests::a_sqlite_time_binds_as_fixed_width_text
[INFO] [stdout]     tests::a_statement_on_a_missing_table_fails_the_transaction
[INFO] [stdout]     tests::a_statement_run_with_none_then_a_value_stores_the_value
[INFO] [stdout]     tests::a_stopped_task_rolls_its_transaction_back
[INFO] [stdout]     tests::a_time_a_uuid_and_bytes_bind_and_find_their_row
[INFO] [stdout]     tests::a_time_a_uuid_and_bytes_read_back_equal
[INFO] [stdout]     tests::a_time_and_a_uuid_read_into_a_string
[INFO] [stdout]     tests::a_time_before_1970_with_a_fraction_is_the_same_instant
[INFO] [stdout]     tests::a_transaction_checks_the_placeholder_count
[INFO] [stdout]     tests::a_transaction_reads_its_own_write
[INFO] [stdout]     tests::a_uuid_binds_as_its_lower_case_text_off_postgres
[INFO] [stdout]     tests::all_reads_rows_by_column_name_and_ignores_extra_columns
[INFO] [stdout]     tests::an_in_memory_database_is_one_database_for_the_pool
[INFO] [stdout]     tests::an_integer_column_reads_into_a_float_field
[INFO] [stdout]     tests::an_integer_out_of_the_field_range_is_an_error_naming_the_column
[INFO] [stdout]     tests::an_unread_column_of_an_unlisted_type_is_not_looked_at
[INFO] [stdout]     tests::an_upper_case_scheme_names_the_same_database
[INFO] [stdout]     tests::dollar_placeholders_bind_in_order_out_of_order_and_repeated
[INFO] [stdout]     tests::dollar_placeholders_work_in_a_transaction_and_their_errors_leave_it_usable
[INFO] [stdout]     tests::empty_bytes_bind_as_no_bytes_not_null
[INFO] [stdout]     tests::first_gives_none_on_no_row_and_the_first_of_two
[INFO] [stdout]     tests::migrate_applies_the_schema_and_a_second_run_changes_nothing
[INFO] [stdout]     tests::none_binds_null_into_time_uuid_and_bytes_columns
[INFO] [stdout]     tests::null_reads_as_none_and_is_an_error_naming_the_column_otherwise
[INFO] [stdout]     tests::one_on_no_row_is_an_error
[INFO] [stdout]     tests::one_reads_a_struct_a_scalar_and_an_optional_scalar
[INFO] [stdout]     tests::rename_maps_a_field_to_a_column
[INFO] [stdout]     tests::run_gives_the_rows_changed
[INFO] [stdout]     tests::sixteen_bytes_read_into_a_uuid_and_into_bytes
[INFO] [stdout]     tests::text_into_an_integer_column_is_a_database_error
[INFO] [stdout]     tests::the_slashed_in_memory_url_is_one_database_for_the_pool
[INFO] [stdout]     tests::times_come_back_in_time_order
[INFO] [stdout]     tests::too_few_values_are_an_error_and_too_many_one_off_postgres
[INFO] [stdout]     tests::zero_one_and_three_values_bind
[INFO] [stdout] 
[INFO] [stdout] test result: FAILED. 58 passed; 49 failed; 0 ignored; 0 measured; 0 filtered out; finished in 0.10s
[INFO] [stdout] 
[INFO] [stderr] error: test failed, to rerun pass `--lib`
[INFO] running `Command { std: "docker" "inspect" "36ee81857f8a9b96d582a7eae70bd33f943d7f115982ceede9fa5d450ffccabe", kill_on_drop: false }`
[INFO] running `Command { std: "docker" "rm" "-f" "36ee81857f8a9b96d582a7eae70bd33f943d7f115982ceede9fa5d450ffccabe", kill_on_drop: false }`
[INFO] [stdout] 36ee81857f8a9b96d582a7eae70bd33f943d7f115982ceede9fa5d450ffccabe
