[INFO] fetching crate variant-map 0.1.1...
[INFO] testing variant-map-0.1.1 against 1.99.0-beta.8+cargoflags=--release for beta-release-1.100-2
[INFO] extracting crate variant-map 0.1.1 into /workspace/builds/worker-4-tc1/source
[INFO] started tweaking crates.io crate variant-map 0.1.1
[INFO] removed 0 missing tests
[INFO] finished tweaking crates.io crate variant-map 0.1.1
[INFO] tweaked toml for crates.io crate variant-map 0.1.1 written to /workspace/builds/worker-4-tc1/source/Cargo.toml
[INFO] validating manifest of crates.io crate variant-map 0.1.1 on toolchain 1.99.0-beta.8
[INFO] running `Command { std: CARGO_HOME="/workspace/cargo-home" RUSTUP_HOME="/workspace/rustup-home" "/workspace/cargo-home/bin/cargo" "+1.99.0-beta.8" "metadata" "--manifest-path" "Cargo.toml" "--no-deps", kill_on_drop: false }`
[INFO] running `Command { std: CARGO_HOME="/workspace/cargo-home" RUSTUP_HOME="/workspace/rustup-home" "/workspace/cargo-home/bin/cargo" "+1.99.0-beta.8" "generate-lockfile" "--manifest-path" "Cargo.toml", kill_on_drop: false }`
[INFO] [stderr]     Updating crates.io index
[INFO] [stderr]      Locking 19 packages to highest compatible versions
[INFO] running `Command { std: CARGO_HOME="/workspace/cargo-home" RUSTUP_HOME="/workspace/rustup-home" "/workspace/cargo-home/bin/cargo" "+1.99.0-beta.8" "fetch" "--manifest-path" "Cargo.toml", kill_on_drop: false }`
[INFO] [stderr]  Downloading crates ...
[INFO] [stderr]   Downloaded variant-map-derive v0.1.0
[INFO] running `Command { std: "docker" "create" "-v" "/var/lib/crater-agent-workspace/builds/worker-4-tc1/source:/opt/rustwide/workdir:ro,Z" "-v" "/var/lib/crater-agent-workspace/builds/worker-4-tc1/target:/opt/rustwide/target:rw,Z" "-v" "/var/lib/crater-agent-workspace/cargo-home:/opt/rustwide/cargo-home:ro,Z" "-v" "/var/lib/crater-agent-workspace/rustup-home:/opt/rustwide/rustup-home:ro,Z" "-m" "1610612736" "--network" "none" "ghcr.io/rust-lang/crates-build-env/linux@sha256:77db811e55d90add9212f6832c23229e3de5f1c1f9905e8cb07319ea15df73ac" "sleep" "infinity", kill_on_drop: false }`
[INFO] [stdout] 10324a1e21611698bead6f3866ef25d3da71035794df825804f55fbbfdd497ff
[INFO] running `Command { std: "docker" "start" "10324a1e21611698bead6f3866ef25d3da71035794df825804f55fbbfdd497ff", kill_on_drop: false }`
[INFO] running `Command { std: "docker" "inspect" "10324a1e21611698bead6f3866ef25d3da71035794df825804f55fbbfdd497ff", kill_on_drop: false }`
[INFO] running `Command { std: "docker" "exec" "-e" "SOURCE_DIR=/opt/rustwide/workdir" "-e" "CARGO_HOME=/opt/rustwide/cargo-home" "-e" "RUSTUP_HOME=/opt/rustwide/rustup-home" "-e" "CARGO_TARGET_DIR=/opt/rustwide/target" "-w" "/opt/rustwide/workdir" "--user" "0:0" "10324a1e21611698bead6f3866ef25d3da71035794df825804f55fbbfdd497ff" "/opt/rustwide/cargo-home/bin/cargo" "+1.99.0-beta.8" "metadata" "--no-deps" "--format-version=1", kill_on_drop: false }`
[INFO] running `Command { std: "docker" "inspect" "10324a1e21611698bead6f3866ef25d3da71035794df825804f55fbbfdd497ff", kill_on_drop: false }`
[INFO] running `Command { std: "docker" "exec" "-e" "SOURCE_DIR=/opt/rustwide/workdir" "-e" "CARGO_HOME=/opt/rustwide/cargo-home" "-e" "RUSTUP_HOME=/opt/rustwide/rustup-home" "-e" "CARGO_TARGET_DIR=/opt/rustwide/target" "-e" "CARGO_INCREMENTAL=0" "-e" "RUST_BACKTRACE=full" "-e" "RUSTFLAGS=--cap-lints=warn" "-e" "RUSTDOCFLAGS=--cap-lints=warn" "-w" "/opt/rustwide/workdir" "--user" "0:0" "10324a1e21611698bead6f3866ef25d3da71035794df825804f55fbbfdd497ff" "/opt/rustwide/cargo-home/bin/cargo" "+1.99.0-beta.8" "build" "--frozen" "--message-format=json" "--release", kill_on_drop: false }`
[INFO] [stderr]    Compiling variant-map v0.1.1 (/opt/rustwide/workdir)
[INFO] [stderr]     Finished `release` profile [optimized] target(s) in 0.26s
[INFO] running `Command { std: "docker" "inspect" "10324a1e21611698bead6f3866ef25d3da71035794df825804f55fbbfdd497ff", kill_on_drop: false }`
[INFO] running `Command { std: "docker" "exec" "-e" "SOURCE_DIR=/opt/rustwide/workdir" "-e" "CARGO_HOME=/opt/rustwide/cargo-home" "-e" "RUSTUP_HOME=/opt/rustwide/rustup-home" "-e" "CARGO_TARGET_DIR=/opt/rustwide/target" "-e" "CARGO_INCREMENTAL=0" "-e" "RUST_BACKTRACE=full" "-e" "RUSTFLAGS=--cap-lints=warn" "-e" "RUSTDOCFLAGS=--cap-lints=warn" "-w" "/opt/rustwide/workdir" "--user" "0:0" "10324a1e21611698bead6f3866ef25d3da71035794df825804f55fbbfdd497ff" "/opt/rustwide/cargo-home/bin/cargo" "+1.99.0-beta.8" "test" "--frozen" "--no-run" "--message-format=json" "--release", kill_on_drop: false }`
[INFO] [stderr]    Compiling serde_json v1.0.154
[INFO] [stderr]    Compiling variant-map v0.1.1 (/opt/rustwide/workdir)
[INFO] [stdout] warning: unnecessary parentheses around type
[INFO] [stdout]   --> tests/struct_tests.rs:75:43
[INFO] [stdout]    |
[INFO] [stdout] 75 |     struct MyStructVisitor<T>(PhantomData<(T)>);
[INFO] [stdout]    |                                           ^ ^
[INFO] [stdout]    |
[INFO] [stdout]    = note: `#[warn(unused_parens)]` (part of `#[warn(unused)]`) on by default
[INFO] [stdout] help: remove these parentheses
[INFO] [stdout]    |
[INFO] [stdout] 75 -     struct MyStructVisitor<T>(PhantomData<(T)>);
[INFO] [stdout] 75 +     struct MyStructVisitor<T>(PhantomData<T>);
[INFO] [stdout]    |
[INFO] [stdout] 
[INFO] [stdout] 
[INFO] [stdout] warning: unnecessary parentheses around type
[INFO] [stdout]   --> tests/struct_tests.rs:75:43
[INFO] [stdout]    |
[INFO] [stdout] 75 |     struct MyStructVisitor<T>(PhantomData<(T)>);
[INFO] [stdout]    |                                           ^ ^
[INFO] [stdout]    |
[INFO] [stdout]    = note: `#[warn(unused_parens)]` (part of `#[warn(unused)]`) on by default
[INFO] [stdout] help: remove these parentheses
[INFO] [stdout]    |
[INFO] [stdout] 75 -     struct MyStructVisitor<T>(PhantomData<(T)>);
[INFO] [stdout] 75 +     struct MyStructVisitor<T>(PhantomData<T>);
[INFO] [stdout]    |
[INFO] [stdout] 
[INFO] [stdout] 
[INFO] [stderr]     Finished `release` profile [optimized] target(s) in 6.53s
[INFO] running `Command { std: "docker" "inspect" "10324a1e21611698bead6f3866ef25d3da71035794df825804f55fbbfdd497ff", kill_on_drop: false }`
[INFO] running `Command { std: "docker" "exec" "-e" "SOURCE_DIR=/opt/rustwide/workdir" "-e" "CARGO_HOME=/opt/rustwide/cargo-home" "-e" "RUSTUP_HOME=/opt/rustwide/rustup-home" "-e" "CARGO_TARGET_DIR=/opt/rustwide/target" "-e" "CARGO_INCREMENTAL=0" "-e" "RUST_BACKTRACE=full" "-e" "RUSTFLAGS=--cap-lints=warn" "-e" "RUSTDOCFLAGS=--cap-lints=warn" "-w" "/opt/rustwide/workdir" "--user" "0:0" "10324a1e21611698bead6f3866ef25d3da71035794df825804f55fbbfdd497ff" "/opt/rustwide/cargo-home/bin/cargo" "+1.99.0-beta.8" "test" "--frozen" "--release", kill_on_drop: false }`
[INFO] [stderr] warning: unnecessary parentheses around type
[INFO] [stderr]   --> tests/struct_tests.rs:75:43
[INFO] [stderr]    |
[INFO] [stderr] 75 |     struct MyStructVisitor<T>(PhantomData<(T)>);
[INFO] [stderr]    |                                           ^ ^
[INFO] [stderr]    |
[INFO] [stderr]    = note: `#[warn(unused_parens)]` (part of `#[warn(unused)]`) on by default
[INFO] [stderr] help: remove these parentheses
[INFO] [stderr]    |
[INFO] [stderr] 75 -     struct MyStructVisitor<T>(PhantomData<(T)>);
[INFO] [stderr] 75 +     struct MyStructVisitor<T>(PhantomData<T>);
[INFO] [stderr]    |
[INFO] [stderr] 
[INFO] [stderr] warning: `variant-map` (test "tests") generated 1 warning (run `cargo fix --test "tests" -p variant-map` to apply 1 suggestion)
[INFO] [stderr] warning: `variant-map` (test "struct_tests") generated 1 warning (1 duplicate)
[INFO] [stderr]     Finished `release` profile [optimized] target(s) in 0.05s
[INFO] [stderr]      Running unittests src/lib.rs (/opt/rustwide/target/release/deps/variant_map-960c31553e3e69e2)
[INFO] [stderr]      Running tests/maps_tests.rs (/opt/rustwide/target/release/deps/maps_tests-77666a803679f9a6)
[INFO] [stdout] 
[INFO] [stdout] running 0 tests
[INFO] [stdout] 
[INFO] [stdout] test result: ok. 0 passed; 0 failed; 0 ignored; 0 measured; 0 filtered out; finished in 0.00s
[INFO] [stdout] 
[INFO] [stdout] 
[INFO] [stdout] running 3 tests
[INFO] [stderr]      Running tests/struct_tests.rs (/opt/rustwide/target/release/deps/struct_tests-b9bfdd83ac9f85b9)
[INFO] [stdout] test ensure_correct_key ... ok
[INFO] [stdout] test serialize ... ok
[INFO] [stdout] test insert_get_map ... ok
[INFO] [stdout] 
[INFO] [stdout] test result: ok. 3 passed; 0 failed; 0 ignored; 0 measured; 0 filtered out; finished in 0.00s
[INFO] [stdout] 
[INFO] [stdout] 
[INFO] [stdout] running 3 tests
[INFO] [stdout] test ensure_correct_key ... ok
[INFO] [stdout] test serialize ... ok
[INFO] [stdout] test insert_get_map ... ok
[INFO] [stdout] 
[INFO] [stdout] test result: ok. 3 passed; 0 failed; 0 ignored; 0 measured; 0 filtered out; finished in 0.00s
[INFO] [stdout] 
[INFO] [stderr]      Running tests/tests.rs (/opt/rustwide/target/release/deps/tests-182a96be4d3c7439)
[INFO] [stdout] 
[INFO] [stdout] running 8 tests
[INFO] [stdout] test maps_tests::ensure_correct_key ... ok
[INFO] [stdout] test maps_tests ... ok
[INFO] [stdout] test struct_tests ... ok
[INFO] [stdout] test struct_tests::insert_get_map ... ok
[INFO] [stdout] test maps_tests::serialize ... ok
[INFO] [stdout] test struct_tests::serialize ... ok
[INFO] [stdout] test struct_tests::ensure_correct_key ... ok
[INFO] [stdout] test maps_tests::insert_get_map ... ok
[INFO] [stdout] 
[INFO] [stdout] test result: ok. 8 passed; 0 failed; 0 ignored; 0 measured; 0 filtered out; finished in 0.00s
[INFO] [stdout] 
[INFO] [stderr]    Doc-tests variant_map
[INFO] [stdout] 
[INFO] [stdout] running 1 test
[INFO] [stdout] test src/lib.rs - (line 18) ... FAILED
[INFO] [stdout] 
[INFO] [stdout] failures:
[INFO] [stdout] 
[INFO] [stdout] ---- src/lib.rs - (line 18) stdout ----
[INFO] [stdout] error[E0432]: unresolved imports `variant_map::as_key`, `variant_map::as_map`
[INFO] [stdout]   --> src/lib.rs:29:27
[INFO] [stdout]    |
[INFO] [stdout] 29 |         use variant_map::{as_key, as_map};
[INFO] [stdout]    |                           ^^^^^^  ^^^^^^ no `as_map` in the root
[INFO] [stdout]    |                           |
[INFO] [stdout]    |                           no `as_key` in the root
[INFO] [stdout]    |
[INFO] [stdout] help: a similar name exists in the module
[INFO] [stdout]    |
[INFO] [stdout] 29 -         use variant_map::{as_key, as_map};
[INFO] [stdout] 29 +         use variant_map::{as_key, hashmap};
[INFO] [stdout]    |
[INFO] [stdout] 
[INFO] [stdout] error[E0432]: unresolved import `variant_map_derive`
[INFO] [stdout]   --> src/lib.rs:20:5
[INFO] [stdout]    |
[INFO] [stdout] 20 | use variant_map_derive::VariantStore;
[INFO] [stdout]    |     ^^^^^^^^^^^^^^^^^^ use of unresolved module or unlinked crate `variant_map_derive`
[INFO] [stdout]    |
[INFO] [stdout]    = help: if you wanted to use a crate named `variant_map_derive`, use `cargo add variant_map_derive` to add it to your `Cargo.toml`
[INFO] [stdout] 
[INFO] [stdout] error[E0599]: no method named `get` found for unit type `()` in the current scope
[INFO] [stdout]   --> src/lib.rs:31:30
[INFO] [stdout]    |
[INFO] [stdout] 31 |         let _: &MyEnum = map.get(&<as_key!(MyEnum)>::A).unwrap();
[INFO] [stdout]    |                              ^^^
[INFO] [stdout]    |
[INFO] [stdout] help: there is a method `ge` with a similar name
[INFO] [stdout]    |
[INFO] [stdout] 31 -         let _: &MyEnum = map.get(&<as_key!(MyEnum)>::A).unwrap();
[INFO] [stdout] 31 +         let _: &MyEnum = map.ge(&<as_key!(MyEnum)>::A).unwrap();
[INFO] [stdout]    |
[INFO] [stdout] 
[INFO] [stdout] error[E0599]: no associated function or constant named `A` found for unit type `()` in the current scope
[INFO] [stdout]   --> src/lib.rs:31:54
[INFO] [stdout]    |
[INFO] [stdout] 31 |         let _: &MyEnum = map.get(&<as_key!(MyEnum)>::A).unwrap();
[INFO] [stdout]    |                                                      ^ associated function or constant not found in `()`
[INFO] [stdout] 
[INFO] [stdout] error[E0599]: no method named `get` found for unit type `()` in the current scope
[INFO] [stdout]   --> src/lib.rs:32:30
[INFO] [stdout]    |
[INFO] [stdout] 32 |         let _: &MyEnum = map.get(&MyEnumKey::A).unwrap();
[INFO] [stdout]    |                              ^^^
[INFO] [stdout]    |
[INFO] [stdout] help: there is a method `ge` with a similar name
[INFO] [stdout]    |
[INFO] [stdout] 32 -         let _: &MyEnum = map.get(&MyEnumKey::A).unwrap();
[INFO] [stdout] 32 +         let _: &MyEnum = map.ge(&MyEnumKey::A).unwrap();
[INFO] [stdout]    |
[INFO] [stdout] 
[INFO] [stdout] error[E0433]: cannot find type `MyEnumKey` in this scope
[INFO] [stdout]   --> src/lib.rs:32:35
[INFO] [stdout]    |
[INFO] [stdout] 32 |         let _: &MyEnum = map.get(&MyEnumKey::A).unwrap();
[INFO] [stdout]    |                                   ^^^^^^^^^ use of undeclared type `MyEnumKey`
[INFO] [stdout]    |
[INFO] [stdout] help: an enum with a similar name exists
[INFO] [stdout]    |
[INFO] [stdout] 32 -         let _: &MyEnum = map.get(&MyEnumKey::A).unwrap();
[INFO] [stdout] 32 +         let _: &MyEnum = map.get(&MyEnum::A).unwrap();
[INFO] [stdout]    |
[INFO] [stdout] 
[INFO] [stdout] error[E0433]: cannot find type `MyEnumKey` in this scope
[INFO] [stdout]   --> src/lib.rs:33:14
[INFO] [stdout]    |
[INFO] [stdout] 33 |         map[&MyEnumKey::B] = MyEnum::B(69);
[INFO] [stdout]    |              ^^^^^^^^^ use of undeclared type `MyEnumKey`
[INFO] [stdout]    |
[INFO] [stdout] help: an enum with a similar name exists
[INFO] [stdout]    |
[INFO] [stdout] 33 -         map[&MyEnumKey::B] = MyEnum::B(69);
[INFO] [stdout] 33 +         map[&MyEnum::B] = MyEnum::B(69);
[INFO] [stdout]    |
[INFO] [stdout] 
[INFO] [stdout] error: aborting due to 7 previous errors
[INFO] [stdout] 
[INFO] [stdout] Some errors have detailed explanations: E0432, E0433, E0599.
[INFO] [stdout] For more information about an error, try `rustc --explain E0432`.
[INFO] [stdout] Couldn't compile the test.
[INFO] [stdout] 
[INFO] [stdout] failures:
[INFO] [stdout]     src/lib.rs - (line 18)
[INFO] [stdout] 
[INFO] [stdout] test result: FAILED. 0 passed; 1 failed; 0 ignored; 0 measured; 0 filtered out; finished in 0.20s
[INFO] [stdout] 
[INFO] [stderr] error: doctest failed, to rerun pass `--doc`
[INFO] running `Command { std: "docker" "inspect" "10324a1e21611698bead6f3866ef25d3da71035794df825804f55fbbfdd497ff", kill_on_drop: false }`
[INFO] running `Command { std: "docker" "rm" "-f" "10324a1e21611698bead6f3866ef25d3da71035794df825804f55fbbfdd497ff", kill_on_drop: false }`
[INFO] [stdout] 10324a1e21611698bead6f3866ef25d3da71035794df825804f55fbbfdd497ff
