[INFO] fetching crate variable 0.1.4...
[INFO] testing variable-0.1.4 against 1.99.0-beta.8+cargoflags=--release for beta-release-1.100-2
[INFO] extracting crate variable 0.1.4 into /workspace/builds/worker-7-tc1/source
[INFO] started tweaking crates.io crate variable 0.1.4
[INFO] removed 0 missing tests
[INFO] finished tweaking crates.io crate variable 0.1.4
[INFO] tweaked toml for crates.io crate variable 0.1.4 written to /workspace/builds/worker-7-tc1/source/Cargo.toml
[INFO] validating manifest of crates.io crate variable 0.1.4 on toolchain 1.99.0-beta.8
[INFO] running `Command { std: CARGO_HOME="/workspace/cargo-home" RUSTUP_HOME="/workspace/rustup-home" "/workspace/cargo-home/bin/cargo" "+1.99.0-beta.8" "metadata" "--manifest-path" "Cargo.toml" "--no-deps", kill_on_drop: false }`
[INFO] crate crates.io crate variable 0.1.4 already has a lockfile, it will not be regenerated
[INFO] running `Command { std: CARGO_HOME="/workspace/cargo-home" RUSTUP_HOME="/workspace/rustup-home" "/workspace/cargo-home/bin/cargo" "+1.99.0-beta.8" "fetch" "--manifest-path" "Cargo.toml", kill_on_drop: false }`
[INFO] [stderr]     Updating crates.io index
[INFO] [stderr]  Downloading crates ...
[INFO] [stderr]   Downloaded variable-codegen v0.1.4
[INFO] [stderr]   Downloaded variable-wire v0.1.4
[INFO] [stderr]   Downloaded variable-core v0.1.4
[INFO] [stderr]   Downloaded minijinja v2.15.1
[INFO] running `Command { std: "docker" "create" "-v" "/var/lib/crater-agent-workspace/builds/worker-7-tc1/source:/opt/rustwide/workdir:ro,Z" "-v" "/var/lib/crater-agent-workspace/builds/worker-7-tc1/target:/opt/rustwide/target:rw,Z" "-v" "/var/lib/crater-agent-workspace/cargo-home:/opt/rustwide/cargo-home:ro,Z" "-v" "/var/lib/crater-agent-workspace/rustup-home:/opt/rustwide/rustup-home:ro,Z" "-m" "1610612736" "--network" "none" "ghcr.io/rust-lang/crates-build-env/linux@sha256:77db811e55d90add9212f6832c23229e3de5f1c1f9905e8cb07319ea15df73ac" "sleep" "infinity", kill_on_drop: false }`
[INFO] [stdout] 1817601b4e69cac6384d1f6fb23a49c7b5530576ca41472b2f675fca676f748c
[INFO] running `Command { std: "docker" "start" "1817601b4e69cac6384d1f6fb23a49c7b5530576ca41472b2f675fca676f748c", kill_on_drop: false }`
[INFO] running `Command { std: "docker" "inspect" "1817601b4e69cac6384d1f6fb23a49c7b5530576ca41472b2f675fca676f748c", kill_on_drop: false }`
[INFO] running `Command { std: "docker" "exec" "-e" "SOURCE_DIR=/opt/rustwide/workdir" "-e" "CARGO_HOME=/opt/rustwide/cargo-home" "-e" "RUSTUP_HOME=/opt/rustwide/rustup-home" "-e" "CARGO_TARGET_DIR=/opt/rustwide/target" "-w" "/opt/rustwide/workdir" "--user" "0:0" "1817601b4e69cac6384d1f6fb23a49c7b5530576ca41472b2f675fca676f748c" "/opt/rustwide/cargo-home/bin/cargo" "+1.99.0-beta.8" "metadata" "--no-deps" "--format-version=1", kill_on_drop: false }`
[INFO] running `Command { std: "docker" "inspect" "1817601b4e69cac6384d1f6fb23a49c7b5530576ca41472b2f675fca676f748c", kill_on_drop: false }`
[INFO] running `Command { std: "docker" "exec" "-e" "SOURCE_DIR=/opt/rustwide/workdir" "-e" "CARGO_HOME=/opt/rustwide/cargo-home" "-e" "RUSTUP_HOME=/opt/rustwide/rustup-home" "-e" "CARGO_TARGET_DIR=/opt/rustwide/target" "-e" "CARGO_INCREMENTAL=0" "-e" "RUST_BACKTRACE=full" "-e" "RUSTFLAGS=--cap-lints=warn" "-e" "RUSTDOCFLAGS=--cap-lints=warn" "-w" "/opt/rustwide/workdir" "--user" "0:0" "1817601b4e69cac6384d1f6fb23a49c7b5530576ca41472b2f675fca676f748c" "/opt/rustwide/cargo-home/bin/cargo" "+1.99.0-beta.8" "build" "--frozen" "--message-format=json" "--release", kill_on_drop: false }`
[INFO] [stderr]    Compiling rustix v1.1.3
[INFO] [stderr]    Compiling owo-colors v4.2.3
[INFO] [stderr]    Compiling unicode-linebreak v0.1.5
[INFO] [stderr]    Compiling object v0.37.3
[INFO] [stderr]    Compiling supports-unicode v3.0.0
[INFO] [stderr]    Compiling supports-hyperlinks v3.2.0
[INFO] [stderr]    Compiling syn v2.0.114
[INFO] [stderr]    Compiling serde_json v1.0.149
[INFO] [stderr]    Compiling textwrap v0.16.2
[INFO] [stderr]    Compiling terminal_size v0.4.3
[INFO] [stderr]    Compiling thiserror-impl v2.0.18
[INFO] [stderr]    Compiling miette-derive v7.6.0
[INFO] [stderr]    Compiling serde_derive v1.0.228
[INFO] [stderr]    Compiling clap_derive v4.5.55
[INFO] [stderr]    Compiling thiserror v2.0.18
[INFO] [stderr]    Compiling backtrace v0.3.76
[INFO] [stderr]    Compiling clap v4.5.57
[INFO] [stderr]    Compiling backtrace-ext v0.2.1
[INFO] [stderr]    Compiling miette v7.6.0
[INFO] [stderr]    Compiling serde v1.0.228
[INFO] [stderr]    Compiling variable-core v0.1.4
[INFO] [stderr]    Compiling minijinja v2.15.1
[INFO] [stderr]    Compiling variable-wire v0.1.4
[INFO] [stderr]    Compiling variable-codegen v0.1.4
[INFO] [stderr]    Compiling variable v0.1.4 (/opt/rustwide/workdir)
[INFO] [stderr]     Finished `release` profile [optimized] target(s) in 39.26s
[INFO] running `Command { std: "docker" "inspect" "1817601b4e69cac6384d1f6fb23a49c7b5530576ca41472b2f675fca676f748c", kill_on_drop: false }`
[INFO] running `Command { std: "docker" "exec" "-e" "SOURCE_DIR=/opt/rustwide/workdir" "-e" "CARGO_HOME=/opt/rustwide/cargo-home" "-e" "RUSTUP_HOME=/opt/rustwide/rustup-home" "-e" "CARGO_TARGET_DIR=/opt/rustwide/target" "-e" "CARGO_INCREMENTAL=0" "-e" "RUST_BACKTRACE=full" "-e" "RUSTFLAGS=--cap-lints=warn" "-e" "RUSTDOCFLAGS=--cap-lints=warn" "-w" "/opt/rustwide/workdir" "--user" "0:0" "1817601b4e69cac6384d1f6fb23a49c7b5530576ca41472b2f675fca676f748c" "/opt/rustwide/cargo-home/bin/cargo" "+1.99.0-beta.8" "test" "--frozen" "--no-run" "--message-format=json" "--release", kill_on_drop: false }`
[INFO] [stderr]    Compiling rustix v1.1.3
[INFO] [stderr]    Compiling aho-corasick v1.1.4
[INFO] [stderr]    Compiling backtrace v0.3.76
[INFO] [stderr]    Compiling predicates-core v1.0.9
[INFO] [stderr]    Compiling termtree v0.5.1
[INFO] [stderr]    Compiling assert_cmd v2.1.2
[INFO] [stderr]    Compiling float-cmp v0.10.0
[INFO] [stderr]    Compiling normalize-line-endings v0.3.0
[INFO] [stderr]    Compiling difflib v0.4.0
[INFO] [stderr]    Compiling wait-timeout v0.2.1
[INFO] [stderr]    Compiling getrandom v0.3.4
[INFO] [stderr]    Compiling predicates-tree v1.0.12
[INFO] [stderr]    Compiling backtrace-ext v0.2.1
[INFO] [stderr]    Compiling regex-automata v0.4.14
[INFO] [stderr]    Compiling terminal_size v0.4.3
[INFO] [stderr]    Compiling tempfile v3.24.0
[INFO] [stderr]    Compiling miette v7.6.0
[INFO] [stderr]    Compiling variable-core v0.1.4
[INFO] [stderr]    Compiling variable-wire v0.1.4
[INFO] [stderr]    Compiling variable-codegen v0.1.4
[INFO] [stderr]    Compiling variable v0.1.4 (/opt/rustwide/workdir)
[INFO] [stderr]    Compiling regex v1.12.3
[INFO] [stderr]    Compiling bstr v1.12.1
[INFO] [stderr]    Compiling predicates v3.1.3
[INFO] [stderr]     Finished `release` profile [optimized] target(s) in 32.19s
[INFO] running `Command { std: "docker" "inspect" "1817601b4e69cac6384d1f6fb23a49c7b5530576ca41472b2f675fca676f748c", kill_on_drop: false }`
[INFO] running `Command { std: "docker" "exec" "-e" "SOURCE_DIR=/opt/rustwide/workdir" "-e" "CARGO_HOME=/opt/rustwide/cargo-home" "-e" "RUSTUP_HOME=/opt/rustwide/rustup-home" "-e" "CARGO_TARGET_DIR=/opt/rustwide/target" "-e" "CARGO_INCREMENTAL=0" "-e" "RUST_BACKTRACE=full" "-e" "RUSTFLAGS=--cap-lints=warn" "-e" "RUSTDOCFLAGS=--cap-lints=warn" "-w" "/opt/rustwide/workdir" "--user" "0:0" "1817601b4e69cac6384d1f6fb23a49c7b5530576ca41472b2f675fca676f748c" "/opt/rustwide/cargo-home/bin/cargo" "+1.99.0-beta.8" "test" "--frozen" "--release", kill_on_drop: false }`
[INFO] [stderr]     Finished `release` profile [optimized] target(s) in 0.09s
[INFO] [stderr]      Running unittests src/main.rs (/opt/rustwide/target/release/deps/variable-281e9a7411938fda)
[INFO] [stdout] 
[INFO] [stdout] running 0 tests
[INFO] [stdout] 
[INFO] [stdout] test result: ok. 0 passed; 0 failed; 0 ignored; 0 measured; 0 filtered out; finished in 0.00s
[INFO] [stdout] 
[INFO] [stderr]      Running tests/cli.rs (/opt/rustwide/target/release/deps/cli-94d8990a1c37d1af)
[INFO] [stdout] 
[INFO] [stdout] running 13 tests
[INFO] [stdout] test generate_missing_out_flag ... ok
[INFO] [stdout] test decode_binary_snapshot_outputs_json ... ok
[INFO] [stdout] test e2e_generated_typescript_compiles ... FAILED
[INFO] [stdout] test decode_fail_on_error_returns_non_zero ... ok
[INFO] [stdout] test generate_struct_fixture ... FAILED
[INFO] [stdout] test generate_invalid_var_file ... ok
[INFO] [stdout] test encode_struct_with_empty_literal ... ok
[INFO] [stdout] test e2e_generate_fixture_and_verify_output ... FAILED
[INFO] [stdout] test encode_decode_roundtrip_with_structs ... ok
[INFO] [stdout] test encode_valid_var_file_outputs_binary_snapshot ... ok
[INFO] [stdout] test generate_missing_file ... ok
[INFO] [stdout] test encode_invalid_var_file_fails ... ok
[INFO] [stdout] test generate_valid_var_file ... ok
[INFO] [stdout] 
[INFO] [stdout] failures:
[INFO] [stdout] 
[INFO] [stdout] ---- e2e_generated_typescript_compiles stdout ----
[INFO] [stdout] 
[INFO] [stdout] thread 'e2e_generated_typescript_compiles' (1291) panicked at /rustc/dfb0accb7f508ae8be965d8629557221c889dd98/library/core/src/ops/function.rs:250:5:
[INFO] [stdout] Unexpected failure.
[INFO] [stdout] code=1
[INFO] [stdout] stderr=```"error reading /opt/rustwide/fixtures/example.var: No such file or directory (os error 2)\n"```
[INFO] [stdout] command=`"/opt/rustwide/target/release/variable" "generate" "--out" "/tmp/.tmpHubb59" "/opt/rustwide/fixtures/example.var"`
[INFO] [stdout] code=1
[INFO] [stdout] stdout=""
[INFO] [stdout] stderr="error reading /opt/rustwide/fixtures/example.var: No such file or directory (os error 2)\n"
[INFO] [stdout] 
[INFO] [stdout] stack backtrace:
[INFO] [stdout]    0:     0x6278802be651 - <<std[70759c8f55707aa4]::sys::backtrace::BacktraceLock>::print::DisplayBacktrace as core[df12db4294e9bfd3]::fmt::Display>::fmt
[INFO] [stdout]    1:     0x6278802d4f9a - core[df12db4294e9bfd3]::fmt::write
[INFO] [stdout]    2:     0x6278802c415c - <alloc[2182bb758b4b3781]::vec::Vec<u8> as core[df12db4294e9bfd3]::io::write::Write>::write_fmt
[INFO] [stdout]    3:     0x627880298be6 - std[70759c8f55707aa4]::panicking::default_hook::{closure#0}
[INFO] [stdout]    4:     0x6278802b6009 - std[70759c8f55707aa4]::panicking::default_hook
[INFO] [stdout]    5:     0x627880234260 - test[9d35eded1c95d3be]::test_main_inner::<test[9d35eded1c95d3be]::test_main_static::{closure#0}>::{closure#0}
[INFO] [stdout]    6:     0x6278802b61c2 - std[70759c8f55707aa4]::panicking::panic_with_hook
[INFO] [stdout]    7:     0x627880298c92 - std[70759c8f55707aa4]::panicking::panic_handler::{closure#0}
[INFO] [stdout]    8:     0x627880291769 - std[70759c8f55707aa4]::sys::backtrace::__rust_end_short_backtrace::<std[70759c8f55707aa4]::panicking::panic_handler::{closure#0}, !>
[INFO] [stdout]    9:     0x62788029988d - __rustc[8fa7c3cbc660c2b3]::rust_begin_unwind
[INFO] [stdout]   10:     0x6278802d574c - core[df12db4294e9bfd3]::panicking::panic_fmt
[INFO] [stdout]   11:     0x627880275ab3 - <assert_cmd[60f294275e9f7405]::assert::AssertError>::panic::<assert_cmd[60f294275e9f7405]::assert::Assert>
[INFO] [stdout]   12:     0x627880276376 - <assert_cmd[60f294275e9f7405]::assert::Assert>::success
[INFO] [stdout]   13:     0x62788021cb92 - <cli[75904295ab3b932c]::e2e_generated_typescript_compiles::{closure#0} as core[df12db4294e9bfd3]::ops::function::FnOnce<()>>::call_once
[INFO] [stdout]   14:     0x62788022754b - test[9d35eded1c95d3be]::__rust_begin_short_backtrace::<core[df12db4294e9bfd3]::result::Result<(), alloc[2182bb758b4b3781]::string::String>, fn() -> core[df12db4294e9bfd3]::result::Result<(), alloc[2182bb758b4b3781]::string::String>>
[INFO] [stdout]   15:     0x627880234bb5 - test[9d35eded1c95d3be]::run_test::{closure#0}
[INFO] [stdout]   16:     0x62788022e474 - std[70759c8f55707aa4]::sys::backtrace::__rust_begin_short_backtrace::<test[9d35eded1c95d3be]::run_test::{closure#1}, ()>
[INFO] [stdout]   17:     0x627880237d12 - <std[70759c8f55707aa4]::thread::lifecycle::spawn_unchecked<test[9d35eded1c95d3be]::run_test::{closure#1}, ()>::{closure#1} as core[df12db4294e9bfd3]::ops::function::FnOnce<()>>::call_once::{shim:vtable#0}
[INFO] [stdout]   18:     0x6278802bd949 - <std[70759c8f55707aa4]::sys::thread::unix::Thread>::new::thread_start
[INFO] [stdout]   19:     0x73232a16adfa - <unknown>
[INFO] [stdout]   20:     0x73232a1fe3d4 - clone
[INFO] [stdout]   21:                0x0 - <unknown>
[INFO] [stdout] 
[INFO] [stdout] ---- generate_struct_fixture stdout ----
[INFO] [stdout] 
[INFO] [stdout] thread 'generate_struct_fixture' (1299) panicked at /rustc/dfb0accb7f508ae8be965d8629557221c889dd98/library/core/src/ops/function.rs:250:5:
[INFO] [stdout] Unexpected failure.
[INFO] [stdout] code=1
[INFO] [stdout] stderr=```"error reading /opt/rustwide/fixtures/structs.var: No such file or directory (os error 2)\n"```
[INFO] [stdout] command=`"/opt/rustwide/target/release/variable" "generate" "--out" "/tmp/.tmpgN6jV8" "/opt/rustwide/fixtures/structs.var"`
[INFO] [stdout] code=1
[INFO] [stdout] stdout=""
[INFO] [stdout] stderr="error reading /opt/rustwide/fixtures/structs.var: No such file or directory (os error 2)\n"
[INFO] [stdout] 
[INFO] [stdout] stack backtrace:
[INFO] [stdout]    0:     0x6278802be651 - <<std[70759c8f55707aa4]::sys::backtrace::BacktraceLock>::print::DisplayBacktrace as core[df12db4294e9bfd3]::fmt::Display>::fmt
[INFO] [stdout]    1:     0x6278802d4f9a - core[df12db4294e9bfd3]::fmt::write
[INFO] [stdout]    2:     0x6278802c415c - <alloc[2182bb758b4b3781]::vec::Vec<u8> as core[df12db4294e9bfd3]::io::write::Write>::write_fmt
[INFO] [stdout]    3:     0x627880298be6 - std[70759c8f55707aa4]::panicking::default_hook::{closure#0}
[INFO] [stdout]    4:     0x6278802b6009 - std[70759c8f55707aa4]::panicking::default_hook
[INFO] [stdout]    5:     0x627880234260 - test[9d35eded1c95d3be]::test_main_inner::<test[9d35eded1c95d3be]::test_main_static::{closure#0}>::{closure#0}
[INFO] [stdout]    6:     0x6278802b61c2 - std[70759c8f55707aa4]::panicking::panic_with_hook
[INFO] [stdout]    7:     0x627880298c92 - std[70759c8f55707aa4]::panicking::panic_handler::{closure#0}
[INFO] [stdout]    8:     0x627880291769 - std[70759c8f55707aa4]::sys::backtrace::__rust_end_short_backtrace::<std[70759c8f55707aa4]::panicking::panic_handler::{closure#0}, !>
[INFO] [stdout]    9:     0x62788029988d - __rustc[8fa7c3cbc660c2b3]::rust_begin_unwind
[INFO] [stdout]   10:     0x6278802d574c - core[df12db4294e9bfd3]::panicking::panic_fmt
[INFO] [stdout]   11:     0x627880275ab3 - <assert_cmd[60f294275e9f7405]::assert::AssertError>::panic::<assert_cmd[60f294275e9f7405]::assert::Assert>
[INFO] [stdout]   12:     0x627880276376 - <assert_cmd[60f294275e9f7405]::assert::Assert>::success
[INFO] [stdout]   13:     0x62788021a6f6 - <cli[75904295ab3b932c]::generate_struct_fixture::{closure#0} as core[df12db4294e9bfd3]::ops::function::FnOnce<()>>::call_once
[INFO] [stdout]   14:     0x62788022754b - test[9d35eded1c95d3be]::__rust_begin_short_backtrace::<core[df12db4294e9bfd3]::result::Result<(), alloc[2182bb758b4b3781]::string::String>, fn() -> core[df12db4294e9bfd3]::result::Result<(), alloc[2182bb758b4b3781]::string::String>>
[INFO] [stdout]   15:     0x627880234bb5 - test[9d35eded1c95d3be]::run_test::{closure#0}
[INFO] [stdout]   16:     0x62788022e474 - std[70759c8f55707aa4]::sys::backtrace::__rust_begin_short_backtrace::<test[9d35eded1c95d3be]::run_test::{closure#1}, ()>
[INFO] [stdout]   17:     0x627880237d12 - <std[70759c8f55707aa4]::thread::lifecycle::spawn_unchecked<test[9d35eded1c95d3be]::run_test::{closure#1}, ()>::{closure#1} as core[df12db4294e9bfd3]::ops::function::FnOnce<()>>::call_once::{shim:vtable#0}
[INFO] [stdout]   18:     0x6278802bd949 - <std[70759c8f55707aa4]::sys::thread::unix::Thread>::new::thread_start
[INFO] [stdout]   19:     0x73232a16adfa - <unknown>
[INFO] [stdout]   20:     0x73232a1fe3d4 - clone
[INFO] [stdout]   21:                0x0 - <unknown>
[INFO] [stdout] 
[INFO] [stdout] ---- e2e_generate_fixture_and_verify_output stdout ----
[INFO] [stdout] 
[INFO] [stdout] thread 'e2e_generate_fixture_and_verify_output' (1290) panicked at /rustc/dfb0accb7f508ae8be965d8629557221c889dd98/library/core/src/ops/function.rs:250:5:
[INFO] [stdout] Unexpected failure.
[INFO] [stdout] code=1
[INFO] [stdout] stderr=```"error reading /opt/rustwide/fixtures/example.var: No such file or directory (os error 2)\n"```
[INFO] [stdout] command=`"/opt/rustwide/target/release/variable" "generate" "--out" "/tmp/.tmpHPFfiJ" "/opt/rustwide/fixtures/example.var"`
[INFO] [stdout] code=1
[INFO] [stdout] stdout=""
[INFO] [stdout] stderr="error reading /opt/rustwide/fixtures/example.var: No such file or directory (os error 2)\n"
[INFO] [stdout] 
[INFO] [stdout] stack backtrace:
[INFO] [stdout]    0:     0x6278802be651 - <<std[70759c8f55707aa4]::sys::backtrace::BacktraceLock>::print::DisplayBacktrace as core[df12db4294e9bfd3]::fmt::Display>::fmt
[INFO] [stdout]    1:     0x6278802d4f9a - core[df12db4294e9bfd3]::fmt::write
[INFO] [stdout]    2:     0x6278802c415c - <alloc[2182bb758b4b3781]::vec::Vec<u8> as core[df12db4294e9bfd3]::io::write::Write>::write_fmt
[INFO] [stdout]    3:     0x627880298be6 - std[70759c8f55707aa4]::panicking::default_hook::{closure#0}
[INFO] [stdout]    4:     0x6278802b6009 - std[70759c8f55707aa4]::panicking::default_hook
[INFO] [stdout]    5:     0x627880234260 - test[9d35eded1c95d3be]::test_main_inner::<test[9d35eded1c95d3be]::test_main_static::{closure#0}>::{closure#0}
[INFO] [stdout]    6:     0x6278802b61c2 - std[70759c8f55707aa4]::panicking::panic_with_hook
[INFO] [stdout]    7:     0x627880298c92 - std[70759c8f55707aa4]::panicking::panic_handler::{closure#0}
[INFO] [stdout]    8:     0x627880291769 - std[70759c8f55707aa4]::sys::backtrace::__rust_end_short_backtrace::<std[70759c8f55707aa4]::panicking::panic_handler::{closure#0}, !>
[INFO] [stdout]    9:     0x62788029988d - __rustc[8fa7c3cbc660c2b3]::rust_begin_unwind
[INFO] [stdout]   10:     0x6278802d574c - core[df12db4294e9bfd3]::panicking::panic_fmt
[INFO] [stdout]   11:     0x627880275ab3 - <assert_cmd[60f294275e9f7405]::assert::AssertError>::panic::<assert_cmd[60f294275e9f7405]::assert::Assert>
[INFO] [stdout]   12:     0x627880276376 - <assert_cmd[60f294275e9f7405]::assert::Assert>::success
[INFO] [stdout]   13:     0x62788021f506 - <cli[75904295ab3b932c]::e2e_generate_fixture_and_verify_output::{closure#0} as core[df12db4294e9bfd3]::ops::function::FnOnce<()>>::call_once
[INFO] [stdout]   14:     0x62788022754b - test[9d35eded1c95d3be]::__rust_begin_short_backtrace::<core[df12db4294e9bfd3]::result::Result<(), alloc[2182bb758b4b3781]::string::String>, fn() -> core[df12db4294e9bfd3]::result::Result<(), alloc[2182bb758b4b3781]::string::String>>
[INFO] [stdout]   15:     0x627880234bb5 - test[9d35eded1c95d3be]::run_test::{closure#0}
[INFO] [stdout]   16:     0x62788022e474 - std[70759c8f55707aa4]::sys::backtrace::__rust_begin_short_backtrace::<test[9d35eded1c95d3be]::run_test::{closure#1}, ()>
[INFO] [stdout]   17:     0x627880237d12 - <std[70759c8f55707aa4]::thread::lifecycle::spawn_unchecked<test[9d35eded1c95d3be]::run_test::{closure#1}, ()>::{closure#1} as core[df12db4294e9bfd3]::ops::function::FnOnce<()>>::call_once::{shim:vtable#0}
[INFO] [stdout]   18:     0x6278802bd949 - <std[70759c8f55707aa4]::sys::thread::unix::Thread>::new::thread_start
[INFO] [stdout]   19:     0x73232a16adfa - <unknown>
[INFO] [stdout]   20:     0x73232a1fe3d4 - clone
[INFO] [stdout]   21:                0x0 - <unknown>
[INFO] [stdout] 
[INFO] [stdout] 
[INFO] [stdout] failures:
[INFO] [stdout]     e2e_generate_fixture_and_verify_output
[INFO] [stdout]     e2e_generated_typescript_compiles
[INFO] [stdout]     generate_struct_fixture
[INFO] [stdout] 
[INFO] [stdout] test result: FAILED. 10 passed; 3 failed; 0 ignored; 0 measured; 0 filtered out; finished in 0.04s
[INFO] [stdout] 
[INFO] [stderr] error: test failed, to rerun pass `--test cli`
[INFO] running `Command { std: "docker" "inspect" "1817601b4e69cac6384d1f6fb23a49c7b5530576ca41472b2f675fca676f748c", kill_on_drop: false }`
[INFO] running `Command { std: "docker" "rm" "-f" "1817601b4e69cac6384d1f6fb23a49c7b5530576ca41472b2f675fca676f748c", kill_on_drop: false }`
[INFO] [stdout] 1817601b4e69cac6384d1f6fb23a49c7b5530576ca41472b2f675fca676f748c
