[INFO] fetching crate varchar-cli 0.1.2...
[INFO] testing varchar-cli-0.1.2 against 1.99.0-beta.8+cargoflags=--release for beta-release-1.100-2
[INFO] extracting crate varchar-cli 0.1.2 into /workspace/builds/worker-3-tc1/source
[INFO] started tweaking crates.io crate varchar-cli 0.1.2
[INFO] removed 0 missing tests
[INFO] finished tweaking crates.io crate varchar-cli 0.1.2
[INFO] tweaked toml for crates.io crate varchar-cli 0.1.2 written to /workspace/builds/worker-3-tc1/source/Cargo.toml
[INFO] validating manifest of crates.io crate varchar-cli 0.1.2 on toolchain 1.99.0-beta.8
[INFO] running `Command { std: CARGO_HOME="/workspace/cargo-home" RUSTUP_HOME="/workspace/rustup-home" "/workspace/cargo-home/bin/cargo" "+1.99.0-beta.8" "metadata" "--manifest-path" "Cargo.toml" "--no-deps", kill_on_drop: false }`
[INFO] crate crates.io crate varchar-cli 0.1.2 already has a lockfile, it will not be regenerated
[INFO] running `Command { std: CARGO_HOME="/workspace/cargo-home" RUSTUP_HOME="/workspace/rustup-home" "/workspace/cargo-home/bin/cargo" "+1.99.0-beta.8" "fetch" "--manifest-path" "Cargo.toml", kill_on_drop: false }`
[INFO] [stderr]     Updating crates.io index
[INFO] [stderr]  Downloading crates ...
[INFO] [stderr]   Downloaded predicates v3.1.4
[INFO] [stderr]   Downloaded predicates-core v1.0.10
[INFO] [stderr]   Downloaded normalize-line-endings v0.3.0
[INFO] [stderr]   Downloaded fancy-regex v0.18.0
[INFO] [stderr]   Downloaded termtree v0.5.1
[INFO] [stderr]   Downloaded float-cmp v0.10.0
[INFO] [stderr]   Downloaded predicates-tree v1.0.13
[INFO] [stderr]   Downloaded assert_cmd v2.2.2
[INFO] [stderr]   Downloaded varchar v0.1.2
[INFO] running `Command { std: "docker" "create" "-v" "/var/lib/crater-agent-workspace/builds/worker-3-tc1/source:/opt/rustwide/workdir:ro,Z" "-v" "/var/lib/crater-agent-workspace/builds/worker-3-tc1/target:/opt/rustwide/target:rw,Z" "-v" "/var/lib/crater-agent-workspace/cargo-home:/opt/rustwide/cargo-home:ro,Z" "-v" "/var/lib/crater-agent-workspace/rustup-home:/opt/rustwide/rustup-home:ro,Z" "-m" "1610612736" "--network" "none" "ghcr.io/rust-lang/crates-build-env/linux@sha256:77db811e55d90add9212f6832c23229e3de5f1c1f9905e8cb07319ea15df73ac" "sleep" "infinity", kill_on_drop: false }`
[INFO] [stdout] 87cfae87a0f540dd6f7b719097d1740775d35937757b6e36c9bc9cb5f94c92c9
[INFO] running `Command { std: "docker" "start" "87cfae87a0f540dd6f7b719097d1740775d35937757b6e36c9bc9cb5f94c92c9", kill_on_drop: false }`
[INFO] running `Command { std: "docker" "inspect" "87cfae87a0f540dd6f7b719097d1740775d35937757b6e36c9bc9cb5f94c92c9", kill_on_drop: false }`
[INFO] running `Command { std: "docker" "exec" "-e" "SOURCE_DIR=/opt/rustwide/workdir" "-e" "CARGO_HOME=/opt/rustwide/cargo-home" "-e" "RUSTUP_HOME=/opt/rustwide/rustup-home" "-e" "CARGO_TARGET_DIR=/opt/rustwide/target" "-w" "/opt/rustwide/workdir" "--user" "0:0" "87cfae87a0f540dd6f7b719097d1740775d35937757b6e36c9bc9cb5f94c92c9" "/opt/rustwide/cargo-home/bin/cargo" "+1.99.0-beta.8" "metadata" "--no-deps" "--format-version=1", kill_on_drop: false }`
[INFO] running `Command { std: "docker" "inspect" "87cfae87a0f540dd6f7b719097d1740775d35937757b6e36c9bc9cb5f94c92c9", kill_on_drop: false }`
[INFO] running `Command { std: "docker" "exec" "-e" "SOURCE_DIR=/opt/rustwide/workdir" "-e" "CARGO_HOME=/opt/rustwide/cargo-home" "-e" "RUSTUP_HOME=/opt/rustwide/rustup-home" "-e" "CARGO_TARGET_DIR=/opt/rustwide/target" "-e" "CARGO_INCREMENTAL=0" "-e" "RUST_BACKTRACE=full" "-e" "RUSTFLAGS=--cap-lints=warn" "-e" "RUSTDOCFLAGS=--cap-lints=warn" "-w" "/opt/rustwide/workdir" "--user" "0:0" "87cfae87a0f540dd6f7b719097d1740775d35937757b6e36c9bc9cb5f94c92c9" "/opt/rustwide/cargo-home/bin/cargo" "+1.99.0-beta.8" "build" "--frozen" "--message-format=json" "--release", kill_on_drop: false }`
[INFO] [stderr]    Compiling quote v1.0.46
[INFO] [stderr]    Compiling libc v0.2.186
[INFO] [stderr]    Compiling regex-syntax v0.8.11
[INFO] [stderr]    Compiling getrandom v0.4.3
[INFO] [stderr]    Compiling bit-vec v0.8.0
[INFO] [stderr]    Compiling heck v0.5.0
[INFO] [stderr]    Compiling strsim v0.11.1
[INFO] [stderr]    Compiling bitflags v2.13.0
[INFO] [stderr]    Compiling clap_lex v1.1.0
[INFO] [stderr]    Compiling anstream v1.0.0
[INFO] [stderr]    Compiling fastrand v2.4.1
[INFO] [stderr]    Compiling rustix v1.1.4
[INFO] [stderr]    Compiling clap_builder v4.6.0
[INFO] [stderr]    Compiling bit-set v0.8.0
[INFO] [stderr]    Compiling syn v2.0.118
[INFO] [stderr]    Compiling regex-automata v0.4.15
[INFO] [stderr]    Compiling tempfile v3.27.0
[INFO] [stderr]    Compiling thiserror-impl v2.0.18
[INFO] [stderr]    Compiling clap_derive v4.6.1
[INFO] [stderr]    Compiling thiserror v2.0.18
[INFO] [stderr]    Compiling clap v4.6.1
[INFO] [stderr]    Compiling regex v1.13.0
[INFO] [stderr]    Compiling fancy-regex v0.18.0
[INFO] [stderr]    Compiling varchar v0.1.2
[INFO] [stderr]    Compiling varchar-cli v0.1.2 (/opt/rustwide/workdir)
[INFO] [stderr]     Finished `release` profile [optimized] target(s) in 46.55s
[INFO] running `Command { std: "docker" "inspect" "87cfae87a0f540dd6f7b719097d1740775d35937757b6e36c9bc9cb5f94c92c9", kill_on_drop: false }`
[INFO] running `Command { std: "docker" "exec" "-e" "SOURCE_DIR=/opt/rustwide/workdir" "-e" "CARGO_HOME=/opt/rustwide/cargo-home" "-e" "RUSTUP_HOME=/opt/rustwide/rustup-home" "-e" "CARGO_TARGET_DIR=/opt/rustwide/target" "-e" "CARGO_INCREMENTAL=0" "-e" "RUST_BACKTRACE=full" "-e" "RUSTFLAGS=--cap-lints=warn" "-e" "RUSTDOCFLAGS=--cap-lints=warn" "-w" "/opt/rustwide/workdir" "--user" "0:0" "87cfae87a0f540dd6f7b719097d1740775d35937757b6e36c9bc9cb5f94c92c9" "/opt/rustwide/cargo-home/bin/cargo" "+1.99.0-beta.8" "test" "--frozen" "--no-run" "--message-format=json" "--release", kill_on_drop: false }`
[INFO] [stderr]    Compiling regex-automata v0.4.15
[INFO] [stderr]    Compiling autocfg v1.5.1
[INFO] [stderr]    Compiling predicates-core v1.0.10
[INFO] [stderr]    Compiling normalize-line-endings v0.3.0
[INFO] [stderr]    Compiling difflib v0.4.0
[INFO] [stderr]    Compiling assert_cmd v2.2.2
[INFO] [stderr]    Compiling termtree v0.5.1
[INFO] [stderr]    Compiling getrandom v0.4.3
[INFO] [stderr]    Compiling wait-timeout v0.2.1
[INFO] [stderr]    Compiling tempfile v3.27.0
[INFO] [stderr]    Compiling predicates-tree v1.0.13
[INFO] [stderr]    Compiling num-traits v0.2.19
[INFO] [stderr]    Compiling float-cmp v0.10.0
[INFO] [stderr]    Compiling regex v1.13.0
[INFO] [stderr]    Compiling fancy-regex v0.18.0
[INFO] [stderr]    Compiling bstr v1.12.3
[INFO] [stderr]    Compiling predicates v3.1.4
[INFO] [stderr]    Compiling varchar v0.1.2
[INFO] [stderr]    Compiling varchar-cli v0.1.2 (/opt/rustwide/workdir)
[INFO] [stderr]     Finished `release` profile [optimized] target(s) in 36.42s
[INFO] running `Command { std: "docker" "inspect" "87cfae87a0f540dd6f7b719097d1740775d35937757b6e36c9bc9cb5f94c92c9", kill_on_drop: false }`
[INFO] running `Command { std: "docker" "exec" "-e" "SOURCE_DIR=/opt/rustwide/workdir" "-e" "CARGO_HOME=/opt/rustwide/cargo-home" "-e" "RUSTUP_HOME=/opt/rustwide/rustup-home" "-e" "CARGO_TARGET_DIR=/opt/rustwide/target" "-e" "CARGO_INCREMENTAL=0" "-e" "RUST_BACKTRACE=full" "-e" "RUSTFLAGS=--cap-lints=warn" "-e" "RUSTDOCFLAGS=--cap-lints=warn" "-w" "/opt/rustwide/workdir" "--user" "0:0" "87cfae87a0f540dd6f7b719097d1740775d35937757b6e36c9bc9cb5f94c92c9" "/opt/rustwide/cargo-home/bin/cargo" "+1.99.0-beta.8" "test" "--frozen" "--release", kill_on_drop: false }`
[INFO] [stderr]     Finished `release` profile [optimized] target(s) in 0.07s
[INFO] [stderr]      Running unittests src/main.rs (/opt/rustwide/target/release/deps/varchar-bab4eea929634f80)
[INFO] [stdout] 
[INFO] [stdout] running 4 tests
[INFO] [stdout] test output::tests::three_distinct_origins_with_the_same_label_are_qualified ... ok
[INFO] [stdout] test output::tests::unique_labels_stay_unqualified ... ok
[INFO] [stdout] test output::tests::repeated_projection_from_the_same_origin_stays_unqualified ... ok
[INFO] [stdout] test output::tests::high_cardinality_metadata_does_not_require_rows ... ok
[INFO] [stdout] 
[INFO] [stdout] test result: ok. 4 passed; 0 failed; 0 ignored; 0 measured; 0 filtered out; finished in 0.01s
[INFO] [stdout] 
[INFO] [stderr]      Running tests/cli.rs (/opt/rustwide/target/release/deps/cli-f6429962a12149e3)
[INFO] [stdout] 
[INFO] [stdout] running 11 tests
[INFO] [stdout] test dump_rejects_corrupt_storage ... ok
[INFO] [stdout] test init_refuses_to_overwrite_an_existing_database ... ok
[INFO] [stdout] test show_create_table_cli_output_is_verbatim_sql ... ok
[INFO] [stdout] test failed_execution_preserves_the_previous_database ... ok
[INFO] [stdout] test failed_persistence_preserves_the_previous_database ... FAILED
[INFO] [stdout] test exec_supports_arguments_stdin_queries_and_validated_dumping ... ok
[INFO] [stdout] test shell_accepts_multiline_statements_and_meta_commands ... ok
[INFO] [stdout] test schema_metadata_commands_render_without_replacing_the_database ... ok
[INFO] [stdout] test explain_regex_reports_whether_the_pattern_is_exact ... ok
[INFO] [stdout] test auto_increment_state_persists_across_cli_processes ... ok
[INFO] [stderr] error: test failed, to rerun pass `--test cli`
[INFO] [stdout] test inner_joins_execute_across_persisted_cli_commands ... ok
[INFO] [stdout] 
[INFO] [stdout] failures:
[INFO] [stdout] 
[INFO] [stdout] ---- failed_persistence_preserves_the_previous_database stdout ----
[INFO] [stdout] 
[INFO] [stdout] thread 'failed_persistence_preserves_the_previous_database' (1178) panicked at tests/cli.rs:311:5:
[INFO] [stdout] persistence should fail
[INFO] [stdout] stack backtrace:
[INFO] [stdout]    0:     0x62f7e96e4211 - <<std[70759c8f55707aa4]::sys::backtrace::BacktraceLock>::print::DisplayBacktrace as core[df12db4294e9bfd3]::fmt::Display>::fmt
[INFO] [stdout]    1:     0x62f7e96fb11a - core[df12db4294e9bfd3]::fmt::write
[INFO] [stdout]    2:     0x62f7e96e9d8c - <alloc[2182bb758b4b3781]::vec::Vec<u8> as core[df12db4294e9bfd3]::io::write::Write>::write_fmt
[INFO] [stdout]    3:     0x62f7e96be4d6 - std[70759c8f55707aa4]::panicking::default_hook::{closure#0}
[INFO] [stdout]    4:     0x62f7e96dbad9 - std[70759c8f55707aa4]::panicking::default_hook
[INFO] [stdout]    5:     0x62f7e965a660 - test[9d35eded1c95d3be]::test_main_inner::<test[9d35eded1c95d3be]::test_main_static::{closure#0}>::{closure#0}
[INFO] [stdout]    6:     0x62f7e96dbc92 - std[70759c8f55707aa4]::panicking::panic_with_hook
[INFO] [stdout]    7:     0x62f7e96be5b4 - std[70759c8f55707aa4]::panicking::panic_handler::{closure#0}
[INFO] [stdout]    8:     0x62f7e96b7059 - std[70759c8f55707aa4]::sys::backtrace::__rust_end_short_backtrace::<std[70759c8f55707aa4]::panicking::panic_handler::{closure#0}, !>
[INFO] [stdout]    9:     0x62f7e96bf23d - __rustc[8fa7c3cbc660c2b3]::rust_begin_unwind
[INFO] [stdout]   10:     0x62f7e96fb8cc - core[df12db4294e9bfd3]::panicking::panic_fmt
[INFO] [stdout]   11:     0x62f7e96453da - <cli[ba8c3b327559f459]::failed_persistence_preserves_the_previous_database::{closure#0} as core[df12db4294e9bfd3]::ops::function::FnOnce<()>>::call_once
[INFO] [stdout]   12:     0x62f7e964d94b - test[9d35eded1c95d3be]::__rust_begin_short_backtrace::<core[df12db4294e9bfd3]::result::Result<(), alloc[2182bb758b4b3781]::string::String>, fn() -> core[df12db4294e9bfd3]::result::Result<(), alloc[2182bb758b4b3781]::string::String>>
[INFO] [stdout]   13:     0x62f7e965afb5 - test[9d35eded1c95d3be]::run_test::{closure#0}
[INFO] [stdout]   14:     0x62f7e9654874 - std[70759c8f55707aa4]::sys::backtrace::__rust_begin_short_backtrace::<test[9d35eded1c95d3be]::run_test::{closure#1}, ()>
[INFO] [stdout]   15:     0x62f7e965e112 - <std[70759c8f55707aa4]::thread::lifecycle::spawn_unchecked<test[9d35eded1c95d3be]::run_test::{closure#1}, ()>::{closure#1} as core[df12db4294e9bfd3]::ops::function::FnOnce<()>>::call_once::{shim:vtable#0}
[INFO] [stdout]   16:     0x62f7e96e3559 - <std[70759c8f55707aa4]::sys::thread::unix::Thread>::new::thread_start
[INFO] [stdout]   17:     0x7291baba0dfa - <unknown>
[INFO] [stdout]   18:     0x7291bac343d4 - clone
[INFO] [stdout]   19:                0x0 - <unknown>
[INFO] [stdout] 
[INFO] [stdout] 
[INFO] [stdout] failures:
[INFO] [stdout]     failed_persistence_preserves_the_previous_database
[INFO] [stdout] 
[INFO] [stdout] test result: FAILED. 10 passed; 1 failed; 0 ignored; 0 measured; 0 filtered out; finished in 0.06s
[INFO] [stdout] 
[INFO] running `Command { std: "docker" "inspect" "87cfae87a0f540dd6f7b719097d1740775d35937757b6e36c9bc9cb5f94c92c9", kill_on_drop: false }`
[INFO] running `Command { std: "docker" "rm" "-f" "87cfae87a0f540dd6f7b719097d1740775d35937757b6e36c9bc9cb5f94c92c9", kill_on_drop: false }`
[INFO] [stdout] 87cfae87a0f540dd6f7b719097d1740775d35937757b6e36c9bc9cb5f94c92c9
