[INFO] fetching crate vapabi-cli 9.0.1...
[INFO] testing vapabi-cli-9.0.1 against 1.99.0-beta.8+cargoflags=--release for beta-release-1.100-2
[INFO] extracting crate vapabi-cli 9.0.1 into /workspace/builds/worker-3-tc1/source
[INFO] started tweaking crates.io crate vapabi-cli 9.0.1
[INFO] finished tweaking crates.io crate vapabi-cli 9.0.1
[INFO] tweaked toml for crates.io crate vapabi-cli 9.0.1 written to /workspace/builds/worker-3-tc1/source/Cargo.toml
[INFO] validating manifest of crates.io crate vapabi-cli 9.0.1 on toolchain 1.99.0-beta.8
[INFO] running `Command { std: CARGO_HOME="/workspace/cargo-home" RUSTUP_HOME="/workspace/rustup-home" "/workspace/cargo-home/bin/cargo" "+1.99.0-beta.8" "metadata" "--manifest-path" "Cargo.toml" "--no-deps", kill_on_drop: false }`
[INFO] crate crates.io crate vapabi-cli 9.0.1 already has a lockfile, it will not be regenerated
[INFO] running `Command { std: CARGO_HOME="/workspace/cargo-home" RUSTUP_HOME="/workspace/rustup-home" "/workspace/cargo-home/bin/cargo" "+1.99.0-beta.8" "fetch" "--manifest-path" "Cargo.toml", kill_on_drop: false }`
[INFO] [stderr] warning: Cargo.toml: `package.edition` is unspecified, defaulting to `2015` while the latest is `2024`
[INFO] [stderr] warning: `vapabi-cli` (manifest) generated 1 warning
[INFO] [stderr]     Updating crates.io index
[INFO] [stderr]  Downloading crates ...
[INFO] [stderr]   Downloaded tetsy-impl-serde v0.2.2
[INFO] [stderr]   Downloaded tiny-keccak v1.5.0
[INFO] [stderr]   Downloaded vapabi v9.0.1
[INFO] [stderr]   Downloaded vecarray v0.1.2
[INFO] [stderr]   Downloaded addr2line v0.14.1
[INFO] [stderr]   Downloaded once_cell v1.5.2
[INFO] [stderr]   Downloaded tetsy-rlp v0.4.2
[INFO] [stderr]   Downloaded backtrace v0.3.56
[INFO] [stderr]   Downloaded rustc-demangle v0.1.18
[INFO] [stderr]   Downloaded bitvec v0.17.4
[INFO] [stderr]   Downloaded vapory-types v0.8.0
[INFO] [stderr]   Downloaded radium v0.3.0
[INFO] [stderr]   Downloaded uint-crate v0.8.1
[INFO] [stderr]   Downloaded byte-slice-cast v0.3.5
[INFO] [stderr]   Downloaded error-chain v0.12.4
[INFO] [stderr]   Downloaded vapbloom v0.8.0
[INFO] [stderr]   Downloaded tetsy-impl-rlp v0.2.0
[INFO] [stderr]   Downloaded thread_local v1.1.3
[INFO] [stderr]   Downloaded tetsy-scale-codec v1.0.3
[INFO] [stderr]   Downloaded byteorder v1.4.2
[INFO] [stderr]   Downloaded miniz_oxide v0.4.3
[INFO] [stderr]   Downloaded typenum v1.12.0
[INFO] [stderr]   Downloaded serde_derive v1.0.123
[INFO] [stderr]   Downloaded serde v1.0.123
[INFO] [stderr]   Downloaded regex v1.4.3
[INFO] [stderr]   Downloaded tetsy-primitive-types v0.6.0
[INFO] [stderr]   Downloaded tetsy-fixed-hash v0.5.0
[INFO] [stderr]   Downloaded serde_json v1.0.62
[INFO] [stderr]   Downloaded tetsy-impl-codec v0.4.1
[INFO] [stderr]   Downloaded object v0.23.0
[INFO] [stderr]   Downloaded adler v0.2.3
[INFO] [stderr]   Downloaded arrayvec v0.4.12
[INFO] [stderr]   Downloaded docopt v1.1.0
[INFO] [stderr]   Downloaded syn v1.0.60
[INFO] [stderr]   Downloaded regex-syntax v0.6.22
[INFO] [stderr]   Downloaded gimli v0.23.0
[INFO] [stderr]   Downloaded libc v0.2.86
[INFO] running `Command { std: "docker" "create" "-v" "/var/lib/crater-agent-workspace/builds/worker-3-tc1/source:/opt/rustwide/workdir:ro,Z" "-v" "/var/lib/crater-agent-workspace/builds/worker-3-tc1/target:/opt/rustwide/target:rw,Z" "-v" "/var/lib/crater-agent-workspace/cargo-home:/opt/rustwide/cargo-home:ro,Z" "-v" "/var/lib/crater-agent-workspace/rustup-home:/opt/rustwide/rustup-home:ro,Z" "-m" "1610612736" "--network" "none" "ghcr.io/rust-lang/crates-build-env/linux@sha256:77db811e55d90add9212f6832c23229e3de5f1c1f9905e8cb07319ea15df73ac" "sleep" "infinity", kill_on_drop: false }`
[INFO] [stdout] 1876e623e124eee835d952895b7fbb72754df80f5dbf139c7a131f85dae230d5
[INFO] running `Command { std: "docker" "start" "1876e623e124eee835d952895b7fbb72754df80f5dbf139c7a131f85dae230d5", kill_on_drop: false }`
[INFO] running `Command { std: "docker" "inspect" "1876e623e124eee835d952895b7fbb72754df80f5dbf139c7a131f85dae230d5", kill_on_drop: false }`
[INFO] running `Command { std: "docker" "exec" "-e" "SOURCE_DIR=/opt/rustwide/workdir" "-e" "CARGO_HOME=/opt/rustwide/cargo-home" "-e" "RUSTUP_HOME=/opt/rustwide/rustup-home" "-e" "CARGO_TARGET_DIR=/opt/rustwide/target" "-w" "/opt/rustwide/workdir" "--user" "0:0" "1876e623e124eee835d952895b7fbb72754df80f5dbf139c7a131f85dae230d5" "/opt/rustwide/cargo-home/bin/cargo" "+1.99.0-beta.8" "metadata" "--no-deps" "--format-version=1", kill_on_drop: false }`
[INFO] running `Command { std: "docker" "inspect" "1876e623e124eee835d952895b7fbb72754df80f5dbf139c7a131f85dae230d5", kill_on_drop: false }`
[INFO] running `Command { std: "docker" "exec" "-e" "SOURCE_DIR=/opt/rustwide/workdir" "-e" "CARGO_HOME=/opt/rustwide/cargo-home" "-e" "RUSTUP_HOME=/opt/rustwide/rustup-home" "-e" "CARGO_TARGET_DIR=/opt/rustwide/target" "-e" "CARGO_INCREMENTAL=0" "-e" "RUST_BACKTRACE=full" "-e" "RUSTFLAGS=--cap-lints=warn" "-e" "RUSTDOCFLAGS=--cap-lints=warn" "-w" "/opt/rustwide/workdir" "--user" "0:0" "1876e623e124eee835d952895b7fbb72754df80f5dbf139c7a131f85dae230d5" "/opt/rustwide/cargo-home/bin/cargo" "+1.99.0-beta.8" "build" "--frozen" "--message-format=json" "--release", kill_on_drop: false }`
[INFO] [stderr] warning: Cargo.toml: `package.edition` is unspecified, defaulting to `2015` while the latest is `2024`
[INFO] [stderr] warning: `vapabi-cli` (manifest) generated 1 warning
[INFO] [stderr]    Compiling proc-macro2 v1.0.24
[INFO] [stderr]    Compiling unicode-xid v0.2.1
[INFO] [stderr]    Compiling syn v1.0.60
[INFO] [stderr]    Compiling serde_derive v1.0.123
[INFO] [stderr]    Compiling serde v1.0.123
[INFO] [stderr]    Compiling libc v0.2.86
[INFO] [stderr]    Compiling getrandom v0.1.16
[INFO] [stderr]    Compiling rustc-hex v2.1.0
[INFO] [stderr]    Compiling crunchy v0.2.2
[INFO] [stderr]    Compiling typenum v1.12.0
[INFO] [stderr]    Compiling arrayvec v0.4.12
[INFO] [stderr]    Compiling ppv-lite86 v0.2.10
[INFO] [stderr]    Compiling radium v0.3.0
[INFO] [stderr]    Compiling either v1.6.1
[INFO] [stderr]    Compiling nodrop v0.1.14
[INFO] [stderr]    Compiling byteorder v1.4.2
[INFO] [stderr]    Compiling byte-slice-cast v0.3.5
[INFO] [stderr]    Compiling tetsy-rlp v0.4.2
[INFO] [stderr]    Compiling memchr v2.3.4
[INFO] [stderr]    Compiling ryu v1.0.5
[INFO] [stderr]    Compiling version_check v0.9.2
[INFO] [stderr]    Compiling serde_json v1.0.62
[INFO] [stderr]    Compiling bitvec v0.17.4
[INFO] [stderr]    Compiling tiny-keccak v1.5.0
[INFO] [stderr]    Compiling once_cell v1.5.2
[INFO] [stderr]    Compiling itoa v0.4.7
[INFO] [stderr]    Compiling thread_local v1.1.3
[INFO] [stderr]    Compiling regex-syntax v0.6.22
[INFO] [stderr]    Compiling error-chain v0.12.4
[INFO] [stderr]    Compiling tetsy-impl-rlp v0.2.0
[INFO] [stderr]    Compiling uint-crate v0.8.1
[INFO] [stderr]    Compiling lazy_static v1.4.0
[INFO] [stderr]    Compiling strsim v0.9.3
[INFO] [stderr]    Compiling aho-corasick v0.7.15
[INFO] [stderr]    Compiling quote v1.0.9
[INFO] [stderr]    Compiling rand_core v0.5.1
[INFO] [stderr]    Compiling rand_chacha v0.2.2
[INFO] [stderr]    Compiling rand v0.7.3
[INFO] [stderr]    Compiling regex v1.4.3
[INFO] [stderr]    Compiling tetsy-fixed-hash v0.5.0
[INFO] [stderr]    Compiling vecarray v0.1.2
[INFO] [stderr]    Compiling tetsy-impl-serde v0.2.2
[INFO] [stderr]    Compiling docopt v1.1.0
[INFO] [stderr]    Compiling tetsy-scale-codec v1.0.3
[INFO] [stderr]    Compiling vapbloom v0.8.0
[INFO] [stderr]    Compiling tetsy-impl-codec v0.4.1
[INFO] [stderr]    Compiling tetsy-primitive-types v0.6.0
[INFO] [stderr]    Compiling vapory-types v0.8.0
[INFO] [stderr]    Compiling vapabi v9.0.1
[INFO] [stderr]    Compiling vapabi-cli v9.0.1 (/opt/rustwide/workdir)
[INFO] [stdout] warning: unexpected `cfg` condition name: `has_error_description_deprecated`
[INFO] [stdout]   --> src/error.rs:7:1
[INFO] [stdout]    |
[INFO] [stdout]  7 | / error_chain! {
[INFO] [stdout]  8 | |     links {
[INFO] [stdout]  9 | |         Vapabi(vapabi::Error, vapabi::ErrorKind);
[INFO] [stdout] ...  |
[INFO] [stdout] 29 | | }
[INFO] [stdout]    | |_^
[INFO] [stdout]    |
[INFO] [stdout]    = help: expected names are: `docsrs`, `feature`, and `test` and 34 more
[INFO] [stdout]    = note: using a cfg inside a macro will use the cfgs from the destination crate and not the ones from the defining crate
[INFO] [stdout]    = help: try referring to `impl_error_chain_processed` crate for guidance on how handle this unexpected cfg
[INFO] [stdout]    = note: see <https://doc.rust-lang.org/nightly/rustc/check-cfg/cargo-specifics.html> for more information about checking conditional configuration
[INFO] [stdout]    = note: `#[warn(unexpected_cfgs)]` on by default
[INFO] [stdout]    = note: this warning originates in the macro `impl_error_chain_processed` which comes from the expansion of the macro `error_chain` (in Nightly builds, run with -Z macro-backtrace for more info)
[INFO] [stdout] 
[INFO] [stdout] 
[INFO] [stderr]     Finished `release` profile [optimized] target(s) in 34.97s
[INFO] running `Command { std: "docker" "inspect" "1876e623e124eee835d952895b7fbb72754df80f5dbf139c7a131f85dae230d5", kill_on_drop: false }`
[INFO] running `Command { std: "docker" "exec" "-e" "SOURCE_DIR=/opt/rustwide/workdir" "-e" "CARGO_HOME=/opt/rustwide/cargo-home" "-e" "RUSTUP_HOME=/opt/rustwide/rustup-home" "-e" "CARGO_TARGET_DIR=/opt/rustwide/target" "-e" "CARGO_INCREMENTAL=0" "-e" "RUST_BACKTRACE=full" "-e" "RUSTFLAGS=--cap-lints=warn" "-e" "RUSTDOCFLAGS=--cap-lints=warn" "-w" "/opt/rustwide/workdir" "--user" "0:0" "1876e623e124eee835d952895b7fbb72754df80f5dbf139c7a131f85dae230d5" "/opt/rustwide/cargo-home/bin/cargo" "+1.99.0-beta.8" "test" "--frozen" "--no-run" "--message-format=json" "--release", kill_on_drop: false }`
[INFO] [stderr] warning: Cargo.toml: `package.edition` is unspecified, defaulting to `2015` while the latest is `2024`
[INFO] [stderr] warning: `vapabi-cli` (manifest) generated 1 warning
[INFO] [stderr]    Compiling vapabi-cli v9.0.1 (/opt/rustwide/workdir)
[INFO] [stdout] warning: unexpected `cfg` condition name: `has_error_description_deprecated`
[INFO] [stdout]   --> src/error.rs:7:1
[INFO] [stdout]    |
[INFO] [stdout]  7 | / error_chain! {
[INFO] [stdout]  8 | |     links {
[INFO] [stdout]  9 | |         Vapabi(vapabi::Error, vapabi::ErrorKind);
[INFO] [stdout] ...  |
[INFO] [stdout] 29 | | }
[INFO] [stdout]    | |_^
[INFO] [stdout]    |
[INFO] [stdout]    = help: expected names are: `docsrs`, `feature`, and `test` and 34 more
[INFO] [stdout]    = note: using a cfg inside a macro will use the cfgs from the destination crate and not the ones from the defining crate
[INFO] [stdout]    = help: try referring to `impl_error_chain_processed` crate for guidance on how handle this unexpected cfg
[INFO] [stdout]    = note: see <https://doc.rust-lang.org/nightly/rustc/check-cfg/cargo-specifics.html> for more information about checking conditional configuration
[INFO] [stdout]    = note: `#[warn(unexpected_cfgs)]` on by default
[INFO] [stdout]    = note: this warning originates in the macro `impl_error_chain_processed` which comes from the expansion of the macro `error_chain` (in Nightly builds, run with -Z macro-backtrace for more info)
[INFO] [stdout] 
[INFO] [stdout] 
[INFO] [stderr]     Finished `release` profile [optimized] target(s) in 2.72s
[INFO] running `Command { std: "docker" "inspect" "1876e623e124eee835d952895b7fbb72754df80f5dbf139c7a131f85dae230d5", kill_on_drop: false }`
[INFO] running `Command { std: "docker" "exec" "-e" "SOURCE_DIR=/opt/rustwide/workdir" "-e" "CARGO_HOME=/opt/rustwide/cargo-home" "-e" "RUSTUP_HOME=/opt/rustwide/rustup-home" "-e" "CARGO_TARGET_DIR=/opt/rustwide/target" "-e" "CARGO_INCREMENTAL=0" "-e" "RUST_BACKTRACE=full" "-e" "RUSTFLAGS=--cap-lints=warn" "-e" "RUSTDOCFLAGS=--cap-lints=warn" "-w" "/opt/rustwide/workdir" "--user" "0:0" "1876e623e124eee835d952895b7fbb72754df80f5dbf139c7a131f85dae230d5" "/opt/rustwide/cargo-home/bin/cargo" "+1.99.0-beta.8" "test" "--frozen" "--release", kill_on_drop: false }`
[INFO] [stderr] warning: Cargo.toml: `package.edition` is unspecified, defaulting to `2015` while the latest is `2024`
[INFO] [stderr] warning: `vapabi-cli` (manifest) generated 1 warning
[INFO] [stderr] warning: unexpected `cfg` condition name: `has_error_description_deprecated`
[INFO] [stderr]   --> src/error.rs:7:1
[INFO] [stderr]    |
[INFO] [stderr]  7 | / error_chain! {
[INFO] [stderr]  8 | |     links {
[INFO] [stderr]  9 | |         Vapabi(vapabi::Error, vapabi::ErrorKind);
[INFO] [stderr] ...  |
[INFO] [stderr] 29 | | }
[INFO] [stderr]    | |_^
[INFO] [stderr]    |
[INFO] [stderr]    = help: expected names are: `docsrs`, `feature`, and `test` and 34 more
[INFO] [stderr]    = note: using a cfg inside a macro will use the cfgs from the destination crate and not the ones from the defining crate
[INFO] [stderr]    = help: try referring to `impl_error_chain_processed` crate for guidance on how handle this unexpected cfg
[INFO] [stderr]    = note: see <https://doc.rust-lang.org/nightly/rustc/check-cfg/cargo-specifics.html> for more information about checking conditional configuration
[INFO] [stderr]    = note: `#[warn(unexpected_cfgs)]` on by default
[INFO] [stderr]    = note: this warning originates in the macro `impl_error_chain_processed` which comes from the expansion of the macro `error_chain` (in Nightly builds, run with -Z macro-backtrace for more info)
[INFO] [stderr] 
[INFO] [stderr] warning: `vapabi-cli` (bin "vapabi" test) generated 1 warning
[INFO] [stderr]     Finished `release` profile [optimized] target(s) in 0.10s
[INFO] [stderr]      Running unittests src/main.rs (/opt/rustwide/target/release/deps/vapabi-a4ca990ddd3be0f0)
[INFO] [stdout] 
[INFO] [stdout] running 12 tests
[INFO] [stdout] test tests::int_encode ... ignored
[INFO] [stdout] test tests::abi_decode ... FAILED
[INFO] [stdout] test tests::simple_encode ... ok
[INFO] [stdout] test tests::int_decode ... ok
[INFO] [stdout] test tests::array_decode ... ok
[INFO] [stdout] test tests::simple_decode ... ok
[INFO] [stdout] test tests::multi_decode ... ok
[INFO] [stdout] test tests::array_encode ... ok
[INFO] [stdout] test tests::abi_encode ... FAILED
[INFO] [stdout] test tests::log_decode ... FAILED
[INFO] [stdout] test tests::log_decode_signature ... FAILED
[INFO] [stdout] test tests::multi_encode ... ok
[INFO] [stdout] 
[INFO] [stdout] failures:
[INFO] [stdout] 
[INFO] [stdout] ---- tests::abi_decode stdout ----
[INFO] [stdout] 
[INFO] [stdout] thread 'tests::abi_decode' (1204) panicked at src/main.rs:314:37:
[INFO] [stdout] called `Result::unwrap()` on an `Err` value: Error(Io(Os { code: 2, kind: NotFound, message: "No such file or directory" }), State { next_error: None, backtrace: InternalBacktrace })
[INFO] [stdout] stack backtrace:
[INFO] [stdout]    0:     0x5f1ad7d29ac1 - <<std[70759c8f55707aa4]::sys::backtrace::BacktraceLock>::print::DisplayBacktrace as core[df12db4294e9bfd3]::fmt::Display>::fmt
[INFO] [stdout]    1:     0x5f1ad7d3ef1a - core[df12db4294e9bfd3]::fmt::write
[INFO] [stdout]    2:     0x5f1ad7d2e00c - <alloc[2182bb758b4b3781]::vec::Vec<u8> as core[df12db4294e9bfd3]::io::write::Write>::write_fmt
[INFO] [stdout]    3:     0x5f1ad7d05f36 - std[70759c8f55707aa4]::panicking::default_hook::{closure#0}
[INFO] [stdout]    4:     0x5f1ad7d220a9 - std[70759c8f55707aa4]::panicking::default_hook
[INFO] [stdout]    5:     0x5f1ad7c0b660 - test[9d35eded1c95d3be]::test_main_inner::<test[9d35eded1c95d3be]::test_main_static::{closure#0}>::{closure#0}
[INFO] [stdout]    6:     0x5f1ad7d22262 - std[70759c8f55707aa4]::panicking::panic_with_hook
[INFO] [stdout]    7:     0x5f1ad7d05fe2 - std[70759c8f55707aa4]::panicking::panic_handler::{closure#0}
[INFO] [stdout]    8:     0x5f1ad7cfed39 - std[70759c8f55707aa4]::sys::backtrace::__rust_end_short_backtrace::<std[70759c8f55707aa4]::panicking::panic_handler::{closure#0}, !>
[INFO] [stdout]    9:     0x5f1ad7d06bdd - __rustc[8fa7c3cbc660c2b3]::rust_begin_unwind
[INFO] [stdout]   10:     0x5f1ad7d3f67c - core[df12db4294e9bfd3]::panicking::panic_fmt
[INFO] [stdout]   11:     0x5f1ad7d3f452 - core[df12db4294e9bfd3]::result::unwrap_failed
[INFO] [stdout]   12:     0x5f1ad7bf2f97 - vapabi[bf1232e4ac44ab53]::tests::abi_decode
[INFO] [stdout]   13:     0x5f1ad7becaf9 - <vapabi[bf1232e4ac44ab53]::tests::abi_decode::{closure#0} as core[df12db4294e9bfd3]::ops::function::FnOnce<()>>::call_once
[INFO] [stdout]   14:     0x5f1ad7bfe94b - test[9d35eded1c95d3be]::__rust_begin_short_backtrace::<core[df12db4294e9bfd3]::result::Result<(), alloc[2182bb758b4b3781]::string::String>, fn() -> core[df12db4294e9bfd3]::result::Result<(), alloc[2182bb758b4b3781]::string::String>>
[INFO] [stdout]   15:     0x5f1ad7c0bfb5 - test[9d35eded1c95d3be]::run_test::{closure#0}
[INFO] [stdout]   16:     0x5f1ad7c05874 - std[70759c8f55707aa4]::sys::backtrace::__rust_begin_short_backtrace::<test[9d35eded1c95d3be]::run_test::{closure#1}, ()>
[INFO] [stdout]   17:     0x5f1ad7c0f112 - <std[70759c8f55707aa4]::thread::lifecycle::spawn_unchecked<test[9d35eded1c95d3be]::run_test::{closure#1}, ()>::{closure#1} as core[df12db4294e9bfd3]::ops::function::FnOnce<()>>::call_once::{shim:vtable#0}
[INFO] [stdout]   18:     0x5f1ad7d29369 - <std[70759c8f55707aa4]::sys::thread::unix::Thread>::new::thread_start
[INFO] [stdout]   19:     0x774fdd857dfa - <unknown>
[INFO] [stdout]   20:     0x774fdd8eb3d4 - clone
[INFO] [stdout]   21:                0x0 - <unknown>
[INFO] [stdout] 
[INFO] [stdout] ---- tests::abi_encode stdout ----
[INFO] [stdout] 
[INFO] [stdout] thread 'tests::abi_encode' (1205) panicked at src/main.rs:276:37:
[INFO] [stdout] called `Result::unwrap()` on an `Err` value: Error(Io(Os { code: 2, kind: NotFound, message: "No such file or directory" }), State { next_error: None, backtrace: InternalBacktrace })
[INFO] [stdout] stack backtrace:
[INFO] [stdout]    0:     0x5f1ad7d29ac1 - <<std[70759c8f55707aa4]::sys::backtrace::BacktraceLock>::print::DisplayBacktrace as core[df12db4294e9bfd3]::fmt::Display>::fmt
[INFO] [stdout]    1:     0x5f1ad7d3ef1a - core[df12db4294e9bfd3]::fmt::write
[INFO] [stdout]    2:     0x5f1ad7d2e00c - <alloc[2182bb758b4b3781]::vec::Vec<u8> as core[df12db4294e9bfd3]::io::write::Write>::write_fmt
[INFO] [stdout]    3:     0x5f1ad7d05f36 - std[70759c8f55707aa4]::panicking::default_hook::{closure#0}
[INFO] [stdout]    4:     0x5f1ad7d220a9 - std[70759c8f55707aa4]::panicking::default_hook
[INFO] [stdout]    5:     0x5f1ad7c0b660 - test[9d35eded1c95d3be]::test_main_inner::<test[9d35eded1c95d3be]::test_main_static::{closure#0}>::{closure#0}
[INFO] [stdout]    6:     0x5f1ad7d22262 - std[70759c8f55707aa4]::panicking::panic_with_hook
[INFO] [stdout]    7:     0x5f1ad7d05fe2 - std[70759c8f55707aa4]::panicking::panic_handler::{closure#0}
[INFO] [stdout]    8:     0x5f1ad7cfed39 - std[70759c8f55707aa4]::sys::backtrace::__rust_end_short_backtrace::<std[70759c8f55707aa4]::panicking::panic_handler::{closure#0}, !>
[INFO] [stdout]    9:     0x5f1ad7d06bdd - __rustc[8fa7c3cbc660c2b3]::rust_begin_unwind
[INFO] [stdout]   10:     0x5f1ad7d3f67c - core[df12db4294e9bfd3]::panicking::panic_fmt
[INFO] [stdout]   11:     0x5f1ad7d3f452 - core[df12db4294e9bfd3]::result::unwrap_failed
[INFO] [stdout]   12:     0x5f1ad7bf3119 - vapabi[bf1232e4ac44ab53]::tests::abi_encode
[INFO] [stdout]   13:     0x5f1ad7becb19 - <vapabi[bf1232e4ac44ab53]::tests::abi_encode::{closure#0} as core[df12db4294e9bfd3]::ops::function::FnOnce<()>>::call_once
[INFO] [stdout]   14:     0x5f1ad7bfe94b - test[9d35eded1c95d3be]::__rust_begin_short_backtrace::<core[df12db4294e9bfd3]::result::Result<(), alloc[2182bb758b4b3781]::string::String>, fn() -> core[df12db4294e9bfd3]::result::Result<(), alloc[2182bb758b4b3781]::string::String>>
[INFO] [stdout]   15:     0x5f1ad7c0bfb5 - test[9d35eded1c95d3be]::run_test::{closure#0}
[INFO] [stdout]   16:     0x5f1ad7c05874 - std[70759c8f55707aa4]::sys::backtrace::__rust_begin_short_backtrace::<test[9d35eded1c95d3be]::run_test::{closure#1}, ()>
[INFO] [stdout]   17:     0x5f1ad7c0f112 - <std[70759c8f55707aa4]::thread::lifecycle::spawn_unchecked<test[9d35eded1c95d3be]::run_test::{closure#1}, ()>::{closure#1} as core[df12db4294e9bfd3]::ops::function::FnOnce<()>>::call_once::{shim:vtable#0}
[INFO] [stdout]   18:     0x5f1ad7d29369 - <std[70759c8f55707aa4]::sys::thread::unix::Thread>::new::thread_start
[INFO] [stdout]   19:     0x774fdd857dfa - <unknown>
[INFO] [stdout]   20:     0x774fdd8eb3d4 - clone
[INFO] [stdout]   21:                0x0 - <unknown>
[INFO] [stdout] 
[INFO] [stdout] ---- tests::log_decode stdout ----
[INFO] [stdout] 
[INFO] [stdout] thread 'tests::log_decode' (1209) panicked at src/main.rs:323:37:
[INFO] [stdout] called `Result::unwrap()` on an `Err` value: Error(Io(Os { code: 2, kind: NotFound, message: "No such file or directory" }), State { next_error: None, backtrace: InternalBacktrace })
[INFO] [stdout] stack backtrace:
[INFO] [stdout]    0:     0x5f1ad7d29ac1 - <<std[70759c8f55707aa4]::sys::backtrace::BacktraceLock>::print::DisplayBacktrace as core[df12db4294e9bfd3]::fmt::Display>::fmt
[INFO] [stdout]    1:     0x5f1ad7d3ef1a - core[df12db4294e9bfd3]::fmt::write
[INFO] [stdout]    2:     0x5f1ad7d2e00c - <alloc[2182bb758b4b3781]::vec::Vec<u8> as core[df12db4294e9bfd3]::io::write::Write>::write_fmt
[INFO] [stdout]    3:     0x5f1ad7d05f36 - std[70759c8f55707aa4]::panicking::default_hook::{closure#0}
[INFO] [stdout]    4:     0x5f1ad7d220a9 - std[70759c8f55707aa4]::panicking::default_hook
[INFO] [stdout]    5:     0x5f1ad7c0b660 - test[9d35eded1c95d3be]::test_main_inner::<test[9d35eded1c95d3be]::test_main_static::{closure#0}>::{closure#0}
[INFO] [stdout]    6:     0x5f1ad7d22262 - std[70759c8f55707aa4]::panicking::panic_with_hook
[INFO] [stdout]    7:     0x5f1ad7d05fe2 - std[70759c8f55707aa4]::panicking::panic_handler::{closure#0}
[INFO] [stdout]    8:     0x5f1ad7cfed39 - std[70759c8f55707aa4]::sys::backtrace::__rust_end_short_backtrace::<std[70759c8f55707aa4]::panicking::panic_handler::{closure#0}, !>
[INFO] [stdout]    9:     0x5f1ad7d06bdd - __rustc[8fa7c3cbc660c2b3]::rust_begin_unwind
[INFO] [stdout]   10:     0x5f1ad7d3f67c - core[df12db4294e9bfd3]::panicking::panic_fmt
[INFO] [stdout]   11:     0x5f1ad7d3f452 - core[df12db4294e9bfd3]::result::unwrap_failed
[INFO] [stdout]   12:     0x5f1ad7bf3599 - vapabi[bf1232e4ac44ab53]::tests::log_decode
[INFO] [stdout]   13:     0x5f1ad7becb79 - <vapabi[bf1232e4ac44ab53]::tests::log_decode::{closure#0} as core[df12db4294e9bfd3]::ops::function::FnOnce<()>>::call_once
[INFO] [stdout]   14:     0x5f1ad7bfe94b - test[9d35eded1c95d3be]::__rust_begin_short_backtrace::<core[df12db4294e9bfd3]::result::Result<(), alloc[2182bb758b4b3781]::string::String>, fn() -> core[df12db4294e9bfd3]::result::Result<(), alloc[2182bb758b4b3781]::string::String>>
[INFO] [stdout]   15:     0x5f1ad7c0bfb5 - test[9d35eded1c95d3be]::run_test::{closure#0}
[INFO] [stdout]   16:     0x5f1ad7c05874 - std[70759c8f55707aa4]::sys::backtrace::__rust_begin_short_backtrace::<test[9d35eded1c95d3be]::run_test::{closure#1}, ()>
[INFO] [stdout]   17:     0x5f1ad7c0f112 - <std[70759c8f55707aa4]::thread::lifecycle::spawn_unchecked<test[9d35eded1c95d3be]::run_test::{closure#1}, ()>::{closure#1} as core[df12db4294e9bfd3]::ops::function::FnOnce<()>>::call_once::{shim:vtable#0}
[INFO] [stdout]   18:     0x5f1ad7d29369 - <std[70759c8f55707aa4]::sys::thread::unix::Thread>::new::thread_start
[INFO] [stdout]   19:     0x774fdd857dfa - <unknown>
[INFO] [stdout]   20:     0x774fdd8eb3d4 - clone
[INFO] [stdout]   21:                0x0 - <unknown>
[INFO] [stdout] 
[INFO] [stdout] ---- tests::log_decode_signature stdout ----
[INFO] [stdout] 
[INFO] [stdout] thread 'tests::log_decode_signature' (1210) panicked at src/main.rs:332:37:
[INFO] [stdout] called `Result::unwrap()` on an `Err` value: Error(Io(Os { code: 2, kind: NotFound, message: "No such file or directory" }), State { next_error: None, backtrace: InternalBacktrace })
[INFO] [stdout] stack backtrace:
[INFO] [stdout]    0:     0x5f1ad7d29ac1 - <<std[70759c8f55707aa4]::sys::backtrace::BacktraceLock>::print::DisplayBacktrace as core[df12db4294e9bfd3]::fmt::Display>::fmt
[INFO] [stdout]    1:     0x5f1ad7d3ef1a - core[df12db4294e9bfd3]::fmt::write
[INFO] [stdout]    2:     0x5f1ad7d2e00c - <alloc[2182bb758b4b3781]::vec::Vec<u8> as core[df12db4294e9bfd3]::io::write::Write>::write_fmt
[INFO] [stdout]    3:     0x5f1ad7d05f36 - std[70759c8f55707aa4]::panicking::default_hook::{closure#0}
[INFO] [stdout]    4:     0x5f1ad7d220a9 - std[70759c8f55707aa4]::panicking::default_hook
[INFO] [stdout]    5:     0x5f1ad7c0b660 - test[9d35eded1c95d3be]::test_main_inner::<test[9d35eded1c95d3be]::test_main_static::{closure#0}>::{closure#0}
[INFO] [stdout]    6:     0x5f1ad7d22262 - std[70759c8f55707aa4]::panicking::panic_with_hook
[INFO] [stdout]    7:     0x5f1ad7d05fe2 - std[70759c8f55707aa4]::panicking::panic_handler::{closure#0}
[INFO] [stdout]    8:     0x5f1ad7cfed39 - std[70759c8f55707aa4]::sys::backtrace::__rust_end_short_backtrace::<std[70759c8f55707aa4]::panicking::panic_handler::{closure#0}, !>
[INFO] [stdout]    9:     0x5f1ad7d06bdd - __rustc[8fa7c3cbc660c2b3]::rust_begin_unwind
[INFO] [stdout]   10:     0x5f1ad7d3f67c - core[df12db4294e9bfd3]::panicking::panic_fmt
[INFO] [stdout]   11:     0x5f1ad7d3f452 - core[df12db4294e9bfd3]::result::unwrap_failed
[INFO] [stdout]   12:     0x5f1ad7bf4029 - vapabi[bf1232e4ac44ab53]::tests::log_decode_signature
[INFO] [stdout]   13:     0x5f1ad7becc59 - <vapabi[bf1232e4ac44ab53]::tests::log_decode_signature::{closure#0} as core[df12db4294e9bfd3]::ops::function::FnOnce<()>>::call_once
[INFO] [stdout]   14:     0x5f1ad7bfe94b - test[9d35eded1c95d3be]::__rust_begin_short_backtrace::<core[df12db4294e9bfd3]::result::Result<(), alloc[2182bb758b4b3781]::string::String>, fn() -> core[df12db4294e9bfd3]::result::Result<(), alloc[2182bb758b4b3781]::string::String>>
[INFO] [stdout]   15:     0x5f1ad7c0bfb5 - test[9d35eded1c95d3be]::run_test::{closure#0}
[INFO] [stdout]   16:     0x5f1ad7c05874 - std[70759c8f55707aa4]::sys::backtrace::__rust_begin_short_backtrace::<test[9d35eded1c95d3be]::run_test::{closure#1}, ()>
[INFO] [stdout]   17:     0x5f1ad7c0f112 - <std[70759c8f55707aa4]::thread::lifecycle::spawn_unchecked<test[9d35eded1c95d3be]::run_test::{closure#1}, ()>::{closure#1} as core[df12db4294e9bfd3]::ops::function::FnOnce<()>>::call_once::{shim:vtable#0}
[INFO] [stdout]   18:     0x5f1ad7d29369 - <std[70759c8f55707aa4]::sys::thread::unix::Thread>::new::thread_start
[INFO] [stdout]   19:     0x774fdd857dfa - <unknown>
[INFO] [stdout]   20:     0x774fdd8eb3d4 - clone
[INFO] [stdout]   21:                0x0 - <unknown>
[INFO] [stdout] 
[INFO] [stdout] 
[INFO] [stdout] failures:
[INFO] [stdout]     tests::abi_decode
[INFO] [stdout]     tests::abi_encode
[INFO] [stdout]     tests::log_decode
[INFO] [stdout]     tests::log_decode_signature
[INFO] [stdout] 
[INFO] [stdout] test result: FAILED. 7 passed; 4 failed; 1 ignored; 0 measured; 0 filtered out; finished in 0.05s
[INFO] [stdout] 
[INFO] [stderr] error: test failed, to rerun pass `--bin vapabi`
[INFO] running `Command { std: "docker" "inspect" "1876e623e124eee835d952895b7fbb72754df80f5dbf139c7a131f85dae230d5", kill_on_drop: false }`
[INFO] running `Command { std: "docker" "rm" "-f" "1876e623e124eee835d952895b7fbb72754df80f5dbf139c7a131f85dae230d5", kill_on_drop: false }`
[INFO] [stdout] 1876e623e124eee835d952895b7fbb72754df80f5dbf139c7a131f85dae230d5
