[INFO] fetching crate vamo-macros 0.1.2-beta.3...
[INFO] testing vamo-macros-0.1.2-beta.3 against 1.100.0-beta.1+cargoflags=--release for beta-release-1.100-2
[INFO] extracting crate vamo-macros 0.1.2-beta.3 into /workspace/builds/worker-3-tc2/source
[INFO] started tweaking crates.io crate vamo-macros 0.1.2-beta.3
[INFO] removed 0 missing tests
[INFO] finished tweaking crates.io crate vamo-macros 0.1.2-beta.3
[INFO] tweaked toml for crates.io crate vamo-macros 0.1.2-beta.3 written to /workspace/builds/worker-3-tc2/source/Cargo.toml
[INFO] validating manifest of crates.io crate vamo-macros 0.1.2-beta.3 on toolchain 1.100.0-beta.1
[INFO] running `Command { std: CARGO_HOME="/workspace/cargo-home" RUSTUP_HOME="/workspace/rustup-home" "/workspace/cargo-home/bin/cargo" "+1.100.0-beta.1" "metadata" "--manifest-path" "Cargo.toml" "--no-deps", kill_on_drop: false }`
[INFO] crate crates.io crate vamo-macros 0.1.2-beta.3 already has a lockfile, it will not be regenerated
[INFO] running `Command { std: CARGO_HOME="/workspace/cargo-home" RUSTUP_HOME="/workspace/rustup-home" "/workspace/cargo-home/bin/cargo" "+1.100.0-beta.1" "fetch" "--manifest-path" "Cargo.toml", kill_on_drop: false }`
[INFO] running `Command { std: "docker" "create" "-v" "/var/lib/crater-agent-workspace/builds/worker-3-tc2/source:/opt/rustwide/workdir:ro,Z" "-v" "/var/lib/crater-agent-workspace/builds/worker-3-tc2/target:/opt/rustwide/target:rw,Z" "-v" "/var/lib/crater-agent-workspace/cargo-home:/opt/rustwide/cargo-home:ro,Z" "-v" "/var/lib/crater-agent-workspace/rustup-home:/opt/rustwide/rustup-home:ro,Z" "-m" "1610612736" "--network" "none" "ghcr.io/rust-lang/crates-build-env/linux@sha256:77db811e55d90add9212f6832c23229e3de5f1c1f9905e8cb07319ea15df73ac" "sleep" "infinity", kill_on_drop: false }`
[INFO] [stdout] d5c1d862782b8e2badd01c2ef0855fcba19620426cafd12beec3f93d2f7a4dbd
[INFO] running `Command { std: "docker" "start" "d5c1d862782b8e2badd01c2ef0855fcba19620426cafd12beec3f93d2f7a4dbd", kill_on_drop: false }`
[INFO] running `Command { std: "docker" "inspect" "d5c1d862782b8e2badd01c2ef0855fcba19620426cafd12beec3f93d2f7a4dbd", kill_on_drop: false }`
[INFO] running `Command { std: "docker" "exec" "-e" "SOURCE_DIR=/opt/rustwide/workdir" "-e" "CARGO_HOME=/opt/rustwide/cargo-home" "-e" "RUSTUP_HOME=/opt/rustwide/rustup-home" "-e" "CARGO_TARGET_DIR=/opt/rustwide/target" "-w" "/opt/rustwide/workdir" "--user" "0:0" "d5c1d862782b8e2badd01c2ef0855fcba19620426cafd12beec3f93d2f7a4dbd" "/opt/rustwide/cargo-home/bin/cargo" "+1.100.0-beta.1" "metadata" "--no-deps" "--format-version=1", kill_on_drop: false }`
[INFO] running `Command { std: "docker" "inspect" "d5c1d862782b8e2badd01c2ef0855fcba19620426cafd12beec3f93d2f7a4dbd", kill_on_drop: false }`
[INFO] running `Command { std: "docker" "exec" "-e" "SOURCE_DIR=/opt/rustwide/workdir" "-e" "CARGO_HOME=/opt/rustwide/cargo-home" "-e" "RUSTUP_HOME=/opt/rustwide/rustup-home" "-e" "CARGO_TARGET_DIR=/opt/rustwide/target" "-e" "CARGO_INCREMENTAL=0" "-e" "RUST_BACKTRACE=full" "-e" "RUSTFLAGS=--cap-lints=warn" "-e" "RUSTDOCFLAGS=--cap-lints=warn" "-w" "/opt/rustwide/workdir" "--user" "0:0" "d5c1d862782b8e2badd01c2ef0855fcba19620426cafd12beec3f93d2f7a4dbd" "/opt/rustwide/cargo-home/bin/cargo" "+1.100.0-beta.1" "build" "--frozen" "--message-format=json" "--release", kill_on_drop: false }`
[INFO] [stderr]    Compiling pin-project-lite v0.2.17
[INFO] [stderr]    Compiling futures-core v0.3.34
[INFO] [stderr]    Compiling futures-sink v0.3.34
[INFO] [stderr]    Compiling slab v0.4.12
[INFO] [stderr]    Compiling stable_deref_trait v1.2.1
[INFO] [stderr]    Compiling libc v0.2.190
[INFO] [stderr]    Compiling tracing-core v0.1.36
[INFO] [stderr]    Compiling futures-io v0.3.34
[INFO] [stderr]    Compiling http v1.5.0
[INFO] [stderr]    Compiling futures-task v0.3.34
[INFO] [stderr]    Compiling getrandom v0.3.4
[INFO] [stderr]    Compiling zerocopy v0.8.60
[INFO] [stderr]    Compiling syn v2.0.119
[INFO] [stderr]    Compiling futures-macro v0.3.34
[INFO] [stderr]    Compiling smallvec v1.16.2
[INFO] [stderr]    Compiling icu_locid_transform_data v1.5.1
[INFO] [stderr]    Compiling zerofrom v0.1.8
[INFO] [stderr]    Compiling icu_properties_data v1.5.1
[INFO] [stderr]    Compiling futures-channel v0.3.34
[INFO] [stderr]    Compiling icu_normalizer_data v1.5.1
[INFO] [stderr]    Compiling serde v1.0.229
[INFO] [stderr]    Compiling num-traits v0.2.19
[INFO] [stderr]    Compiling quinn-udp v0.5.14
[INFO] [stderr]    Compiling thiserror-impl v2.0.20
[INFO] [stderr]    Compiling httparse v1.10.1
[INFO] [stderr]    Compiling quinn v0.11.9
[INFO] [stderr]    Compiling indexmap v2.11.4
[INFO] [stderr]    Compiling aho-corasick v1.1.5
[INFO] [stderr]    Compiling atomic-waker v1.1.2
[INFO] [stderr]    Compiling try-lock v0.2.5
[INFO] [stderr]    Compiling rustc-hash v2.1.1
[INFO] [stderr]    Compiling regex-syntax v0.8.11
[INFO] [stderr]    Compiling tinyvec v1.13.3
[INFO] [stderr]    Compiling lru-slab v0.1.3
[INFO] [stderr]    Compiling want v0.3.2
[INFO] [stderr]    Compiling time-core v0.1.4
[INFO] [stderr]    Compiling parking v2.2.1
[INFO] [stderr]    Compiling tracing v0.1.44
[INFO] [stderr]    Compiling fastrand v2.5.0
[INFO] [stderr]    Compiling num-conv v0.1.0
[INFO] [stderr]    Compiling rand_core v0.10.1
[INFO] [stderr]    Compiling time-macros v0.2.22
[INFO] [stderr]    Compiling event-listener v5.4.2
[INFO] [stderr]    Compiling getrandom v0.4.3
[INFO] [stderr]    Compiling cookie v0.18.2
[INFO] [stderr]    Compiling ref-cast v1.0.27
[INFO] [stderr]    Compiling futures-util v0.3.34
[INFO] [stderr]    Compiling chacha20 v0.10.2
[INFO] [stderr]    Compiling halfbrown v0.4.0
[INFO] [stderr]    Compiling ref-cast-impl v1.0.27
[INFO] [stderr]    Compiling byteorder v1.5.0
[INFO] [stderr]    Compiling tower-service v0.3.3
[INFO] [stderr]    Compiling serde_json v1.0.151
[INFO] [stderr]    Compiling event-listener-strategy v0.5.4
[INFO] [stderr]    Compiling hashbrown v0.17.1
[INFO] [stderr]    Compiling float-cmp v0.10.0
[INFO] [stderr]    Compiling async-lock v3.4.2
[INFO] [stderr]    Compiling rmp v0.8.14
[INFO] [stderr]    Compiling tackle v0.1.3
[INFO] [stderr]    Compiling value-trait v0.12.2
[INFO] [stderr]    Compiling http-body v1.1.0
[INFO] [stderr]    Compiling http-body-util v0.1.5
[INFO] [stderr]    Compiling base64 v0.23.1
[INFO] [stderr]    Compiling thiserror v2.0.20
[INFO] [stderr]    Compiling simdutf8 v0.1.5
[INFO] [stderr]    Compiling urlencoding v2.1.3
[INFO] [stderr]    Compiling mime_typed v0.1.7
[INFO] [stderr]    Compiling rmp-serde v1.3.0
[INFO] [stderr]    Compiling socket2 v0.6.5
[INFO] [stderr]    Compiling mio v1.2.4
[INFO] [stderr]    Compiling rand_core v0.9.5
[INFO] [stderr]    Compiling rand v0.10.3
[INFO] [stderr]    Compiling tokio v1.53.2
[INFO] [stderr]    Compiling time v0.3.41
[INFO] [stderr]    Compiling simd-json v0.18.1
[INFO] [stderr]    Compiling synstructure v0.13.2
[INFO] [stderr]    Compiling regex-automata v0.4.18
[INFO] [stderr]    Compiling yoke-derive v0.7.5
[INFO] [stderr]    Compiling zerovec-derive v0.10.4
[INFO] [stderr]    Compiling icu_provider_macros v1.5.0
[INFO] [stderr]    Compiling thiserror-impl v1.0.69
[INFO] [stderr]    Compiling yoke v0.7.5
[INFO] [stderr]    Compiling zerovec v0.10.4
[INFO] [stderr]    Compiling thiserror v1.0.69
[INFO] [stderr]    Compiling futures-executor v0.3.34
[INFO] [stderr]    Compiling async-fn-stream v0.3.2
[INFO] [stderr]    Compiling serde-xml-rust v0.6.0
[INFO] [stderr]    Compiling futures v0.3.34
[INFO] [stderr]    Compiling ppv-lite86 v0.2.21
[INFO] [stderr]    Compiling rand_chacha v0.9.0
[INFO] [stderr]    Compiling tinystr v0.7.6
[INFO] [stderr]    Compiling icu_collections v1.5.0
[INFO] [stderr]    Compiling icu_locid v1.5.0
[INFO] [stderr]    Compiling rand v0.9.5
[INFO] [stderr]    Compiling regex v1.13.1
[INFO] [stderr]    Compiling pluralizer v0.5.0
[INFO] [stderr]    Compiling icu_provider v1.5.0
[INFO] [stderr]    Compiling titlecase v3.6.0
[INFO] [stderr]    Compiling quinn-proto v0.11.14
[INFO] [stderr]    Compiling icu_locid_transform v1.5.0
[INFO] [stderr]    Compiling tokio-util v0.7.19
[INFO] [stderr]    Compiling h3 v0.0.8
[INFO] [stderr]    Compiling icu_properties v1.5.1
[INFO] [stderr]    Compiling h2 v0.4.20
[INFO] [stderr]    Compiling h3-quinn v0.0.10
[INFO] [stderr]    Compiling icu_normalizer v1.5.0
[INFO] [stderr]    Compiling idna_adapter v1.2.0
[INFO] [stderr]    Compiling idna v1.1.0
[INFO] [stderr]    Compiling url v2.5.8
[INFO] [stderr]    Compiling hyper v1.12.0
[INFO] [stderr]    Compiling hyper-body-utils v0.1.18
[INFO] [stderr]    Compiling hyper-util v0.1.20
[INFO] [stderr]    Compiling deboa v0.1.5-beta.3
[INFO] [stderr]    Compiling deboa-extras v0.1.1-beta.3
[INFO] [stderr]    Compiling vamo v0.1.2-beta.3
[INFO] [stderr]    Compiling vamo-macros v0.1.2-beta.3 (/opt/rustwide/workdir)
[INFO] [stderr]     Finished `release` profile [optimized] target(s) in 49.50s
[INFO] running `Command { std: "docker" "inspect" "d5c1d862782b8e2badd01c2ef0855fcba19620426cafd12beec3f93d2f7a4dbd", kill_on_drop: false }`
[INFO] running `Command { std: "docker" "exec" "-e" "SOURCE_DIR=/opt/rustwide/workdir" "-e" "CARGO_HOME=/opt/rustwide/cargo-home" "-e" "RUSTUP_HOME=/opt/rustwide/rustup-home" "-e" "CARGO_TARGET_DIR=/opt/rustwide/target" "-e" "CARGO_INCREMENTAL=0" "-e" "RUST_BACKTRACE=full" "-e" "RUSTFLAGS=--cap-lints=warn" "-e" "RUSTDOCFLAGS=--cap-lints=warn" "-w" "/opt/rustwide/workdir" "--user" "0:0" "d5c1d862782b8e2badd01c2ef0855fcba19620426cafd12beec3f93d2f7a4dbd" "/opt/rustwide/cargo-home/bin/cargo" "+1.100.0-beta.1" "test" "--frozen" "--no-run" "--message-format=json" "--release", kill_on_drop: false }`
[INFO] [stderr]    Compiling zerofrom v0.1.8
[INFO] [stderr]    Compiling socket2 v0.6.5
[INFO] [stderr]    Compiling serde v1.0.229
[INFO] [stderr]    Compiling mio v1.2.4
[INFO] [stderr]    Compiling litemap v0.7.4
[INFO] [stderr]    Compiling futures-util v0.3.34
[INFO] [stderr]    Compiling getrandom v0.3.4
[INFO] [stderr]    Compiling icu_locid_transform_data v1.5.1
[INFO] [stderr]    Compiling ppv-lite86 v0.2.21
[INFO] [stderr]    Compiling icu_properties_data v1.5.1
[INFO] [stderr]    Compiling icu_normalizer_data v1.5.1
[INFO] [stderr]    Compiling target-triple v0.1.4
[INFO] [stderr]    Compiling serde_json v1.0.151
[INFO] [stderr]    Compiling thiserror v2.0.20
[INFO] [stderr]    Compiling indexmap v2.11.4
[INFO] [stderr]    Compiling yoke v0.7.5
[INFO] [stderr]    Compiling quinn-udp v0.5.14
[INFO] [stderr]    Compiling lru-slab v0.1.3
[INFO] [stderr]    Compiling rustc-hash v2.1.1
[INFO] [stderr]    Compiling quinn v0.11.9
[INFO] [stderr]    Compiling event-listener v5.4.2
[INFO] [stderr]    Compiling regex v1.13.1
[INFO] [stderr]    Compiling rand_core v0.9.5
[INFO] [stderr]    Compiling time v0.3.41
[INFO] [stderr]    Compiling zerovec v0.10.4
[INFO] [stderr]    Compiling float-cmp v0.10.0
[INFO] [stderr]    Compiling cookie v0.18.2
[INFO] [stderr]    Compiling ref-cast v1.0.27
[INFO] [stderr]    Compiling winnow v0.7.15
[INFO] [stderr]    Compiling rmp v0.8.14
[INFO] [stderr]    Compiling thiserror v1.0.69
[INFO] [stderr]    Compiling rand_chacha v0.9.0
[INFO] [stderr]    Compiling event-listener-strategy v0.5.4
[INFO] [stderr]    Compiling tokio v1.53.2
[INFO] [stderr]    Compiling halfbrown v0.4.0
[INFO] [stderr]    Compiling serde-xml-rust v0.6.0
[INFO] [stderr]    Compiling rand v0.9.5
[INFO] [stderr]    Compiling value-trait v0.12.2
[INFO] [stderr]    Compiling deboa v0.1.5-beta.3
[INFO] [stderr]    Compiling rmp-serde v1.3.0
[INFO] [stderr]    Compiling async-lock v3.4.2
[INFO] [stderr]    Compiling rand v0.10.3
[INFO] [stderr]    Compiling toml_datetime v0.7.1
[INFO] [stderr]    Compiling serde_spanned v1.0.1
[INFO] [stderr]    Compiling tackle v0.1.3
[INFO] [stderr]    Compiling simd-json v0.18.1
[INFO] [stderr]    Compiling xml-rs v0.8.29
[INFO] [stderr]    Compiling simdutf8 v0.1.5
[INFO] [stderr]    Compiling toml_writer v1.0.2
[INFO] [stderr]    Compiling quinn-proto v0.11.14
[INFO] [stderr]    Compiling termcolor v1.4.1
[INFO] [stderr]    Compiling mime_typed v0.1.7
[INFO] [stderr]    Compiling tinystr v0.7.6
[INFO] [stderr]    Compiling icu_collections v1.5.0
[INFO] [stderr]    Compiling icu_locid v1.5.0
[INFO] [stderr]    Compiling glob v0.3.4
[INFO] [stderr]    Compiling syn v3.0.6
[INFO] [stderr]    Compiling titlecase v3.6.0
[INFO] [stderr]    Compiling pluralizer v0.5.0
[INFO] [stderr]    Compiling toml_parser v1.0.2
[INFO] [stderr]    Compiling deboa-extras v0.1.1-beta.3
[INFO] [stderr]    Compiling icu_provider v1.5.0
[INFO] [stderr]    Compiling vamo v0.1.2-beta.3
[INFO] [stderr]    Compiling toml v0.9.6
[INFO] [stderr]    Compiling vamo-macros v0.1.2-beta.3 (/opt/rustwide/workdir)
[INFO] [stderr]    Compiling icu_locid_transform v1.5.0
[INFO] [stderr]    Compiling trybuild v1.0.111
[INFO] [stderr]    Compiling icu_properties v1.5.1
[INFO] [stderr]    Compiling futures-executor v0.3.34
[INFO] [stderr]    Compiling async-fn-stream v0.3.2
[INFO] [stderr]    Compiling futures v0.3.34
[INFO] [stderr]    Compiling tokio-util v0.7.19
[INFO] [stderr]    Compiling h3 v0.0.8
[INFO] [stderr]    Compiling h2 v0.4.20
[INFO] [stderr]    Compiling h3-quinn v0.0.10
[INFO] [stderr]    Compiling icu_normalizer v1.5.0
[INFO] [stderr]    Compiling idna_adapter v1.2.0
[INFO] [stderr]    Compiling idna v1.1.0
[INFO] [stderr]    Compiling url v2.5.8
[INFO] [stderr]    Compiling hyper v1.12.0
[INFO] [stderr]    Compiling hyper-body-utils v0.1.18
[INFO] [stderr]    Compiling hyper-util v0.1.20
[INFO] [stdout] warning: unexpected `cfg` condition name: `tarpaulin`
[INFO] [stdout]  --> tests/compile.rs:2:11
[INFO] [stdout]   |
[INFO] [stdout] 2 | #[cfg(not(tarpaulin))]
[INFO] [stdout]   |           ^^^^^^^^^
[INFO] [stdout]   |
[INFO] [stdout]   = help: expected names are: `docsrs`, `feature`, and `test` and 34 more
[INFO] [stdout]   = help: consider using a Cargo feature instead
[INFO] [stdout]   = help: or consider adding in `Cargo.toml` the `check-cfg` lint config for the lint:
[INFO] [stdout]            [lints.rust]
[INFO] [stdout]            unexpected_cfgs = { level = "warn", check-cfg = ['cfg(tarpaulin)'] }
[INFO] [stdout]   = help: or consider adding `println!("cargo::rustc-check-cfg=cfg(tarpaulin)");` to the top of the `build.rs`
[INFO] [stdout]   = note: see <https://doc.rust-lang.org/nightly/rustc/check-cfg/cargo-specifics.html> for more information about checking conditional configuration
[INFO] [stdout]   = note: `#[warn(unexpected_cfgs)]` on by default
[INFO] [stdout] 
[INFO] [stdout] 
[INFO] [stderr]     Finished `release` profile [optimized] target(s) in 1m 21s
[INFO] running `Command { std: "docker" "inspect" "d5c1d862782b8e2badd01c2ef0855fcba19620426cafd12beec3f93d2f7a4dbd", kill_on_drop: false }`
[INFO] running `Command { std: "docker" "exec" "-e" "SOURCE_DIR=/opt/rustwide/workdir" "-e" "CARGO_HOME=/opt/rustwide/cargo-home" "-e" "RUSTUP_HOME=/opt/rustwide/rustup-home" "-e" "CARGO_TARGET_DIR=/opt/rustwide/target" "-e" "CARGO_INCREMENTAL=0" "-e" "RUST_BACKTRACE=full" "-e" "RUSTFLAGS=--cap-lints=warn" "-e" "RUSTDOCFLAGS=--cap-lints=warn" "-w" "/opt/rustwide/workdir" "--user" "0:0" "d5c1d862782b8e2badd01c2ef0855fcba19620426cafd12beec3f93d2f7a4dbd" "/opt/rustwide/cargo-home/bin/cargo" "+1.100.0-beta.1" "test" "--frozen" "--release", kill_on_drop: false }`
[INFO] [stderr] warning: unexpected `cfg` condition name: `tarpaulin`
[INFO] [stderr]  --> tests/compile.rs:2:11
[INFO] [stderr]   |
[INFO] [stderr] 2 | #[cfg(not(tarpaulin))]
[INFO] [stderr]   |           ^^^^^^^^^
[INFO] [stderr]   |
[INFO] [stderr]   = help: expected names are: `docsrs`, `feature`, and `test` and 34 more
[INFO] [stderr]   = help: consider using a Cargo feature instead
[INFO] [stderr]   = help: or consider adding in `Cargo.toml` the `check-cfg` lint config for the lint:
[INFO] [stderr]            [lints.rust]
[INFO] [stderr]            unexpected_cfgs = { level = "warn", check-cfg = ['cfg(tarpaulin)'] }
[INFO] [stderr]   = help: or consider adding `println!("cargo::rustc-check-cfg=cfg(tarpaulin)");` to the top of the `build.rs`
[INFO] [stderr]   = note: see <https://doc.rust-lang.org/nightly/rustc/check-cfg/cargo-specifics.html> for more information about checking conditional configuration
[INFO] [stderr]   = note: `#[warn(unexpected_cfgs)]` on by default
[INFO] [stderr] 
[INFO] [stderr] warning: `vamo-macros` (test "compile") generated 1 warning
[INFO] [stderr]     Finished `release` profile [optimized] target(s) in 0.45s
[INFO] [stderr]      Running unittests src/lib.rs (/opt/rustwide/target/release/build/vamo-macros/c19ef2f17c294ca5/out/vamo_macros-c19ef2f17c294ca5)
[INFO] [stdout] 
[INFO] [stdout] running 0 tests
[INFO] [stdout] 
[INFO] [stdout] test result: ok. 0 passed; 0 failed; 0 ignored; 0 measured; 0 filtered out; finished in 0.00s
[INFO] [stdout] 
[INFO] [stderr]      Running tests/compile.rs (/opt/rustwide/target/release/build/vamo-macros/7df34feb0bcfece8/out/compile-7df34feb0bcfece8)
[INFO] [stdout] 
[INFO] [stdout] running 1 test
[INFO] [stderr]    Compiling proc-macro2 v1.0.107
[INFO] [stderr]    Compiling quote v1.0.47
[INFO] [stderr]    Compiling unicode-ident v1.0.26
[INFO] [stderr]    Compiling libc v0.2.190
[INFO] [stderr]    Compiling zerocopy v0.8.60
[INFO] [stderr]    Compiling serde_core v1.0.229
[INFO] [stderr]    Compiling getrandom v0.3.4
[INFO] [stderr]    Compiling pin-project-lite v0.2.17
[INFO] [stderr]    Compiling icu_locid_transform_data v1.5.1
[INFO] [stderr]    Compiling serde v1.0.229
[INFO] [stderr]    Compiling cfg_aliases v0.2.2
[INFO] [stderr]    Compiling icu_properties_data v1.5.1
[INFO] [stderr]    Compiling autocfg v1.5.1
[INFO] [stderr]    Compiling memchr v2.8.3
[INFO] [stderr]    Compiling thiserror v2.0.20
[INFO] [stderr]    Compiling icu_normalizer_data v1.5.1
[INFO] [stderr]    Compiling itoa v1.0.18
[INFO] [stderr]    Compiling quinn-udp v0.5.14
[INFO] [stderr]    Compiling futures-core v0.3.34
[INFO] [stderr]    Compiling bytes v1.12.1
[INFO] [stderr]    Compiling httparse v1.10.1
[INFO] [stderr]    Compiling futures-sink v0.3.34
[INFO] [stderr]    Compiling slab v0.4.12
[INFO] [stderr]    Compiling stable_deref_trait v1.2.1
[INFO] [stderr]    Compiling quinn v0.11.9
[INFO] [stderr]    Compiling cfg-if v1.0.5
[INFO] [stderr]    Compiling once_cell v1.21.4
[INFO] [stderr]    Compiling allocator-api2 v0.2.21
[INFO] [stderr]    Compiling equivalent v1.0.2
[INFO] [stderr]    Compiling foldhash v0.2.0
[INFO] [stderr]    Compiling futures-channel v0.3.34
[INFO] [stderr]    Compiling zmij v1.0.23
[INFO] [stderr]    Compiling futures-io v0.3.34
[INFO] [stderr]    Compiling getrandom v0.4.3
[INFO] [stderr]    Compiling tracing-core v0.1.36
[INFO] [stderr]    Compiling futures-task v0.3.34
[INFO] [stderr]    Compiling version_check v0.9.5
[INFO] [stderr]    Compiling num-conv v0.1.0
[INFO] [stderr]    Compiling num-traits v0.2.19
[INFO] [stderr]    Compiling writeable v0.5.5
[INFO] [stderr]    Compiling time-core v0.1.4
[INFO] [stderr]    Compiling smallvec v1.16.2
[INFO] [stderr]    Compiling litemap v0.7.4
[INFO] [stderr]    Compiling hashbrown v0.16.1
[INFO] [stderr]    Compiling time-macros v0.2.22
[INFO] [stderr]    Compiling http v1.5.0
[INFO] [stderr]    Compiling tracing v0.1.44
[INFO] [stderr]    Compiling syn v3.0.6
[INFO] [stderr]    Compiling syn v2.0.119
[INFO] [stderr]    Compiling cookie v0.18.2
[INFO] [stderr]    Compiling paste v1.0.15
[INFO] [stderr]    Compiling ref-cast v1.0.27
[INFO] [stderr]    Compiling serde_json v1.0.151
[INFO] [stderr]    Compiling thiserror v1.0.69
[INFO] [stderr]    Compiling indexmap v2.11.4
[INFO] [stderr]    Compiling socket2 v0.6.5
[INFO] [stderr]    Compiling mio v1.2.4
[INFO] [stderr]    Compiling rand_core v0.9.5
[INFO] [stderr]    Compiling tokio v1.53.2
[INFO] [stderr]    Compiling http-body v1.1.0
[INFO] [stderr]    Compiling aho-corasick v1.1.5
[INFO] [stderr]    Compiling lru-slab v0.1.3
[INFO] [stderr]    Compiling try-lock v0.2.5
[INFO] [stderr]    Compiling regex-syntax v0.8.11
[INFO] [stderr]    Compiling fnv v1.0.7
[INFO] [stderr]    Compiling write16 v1.0.0
[INFO] [stderr]    Compiling atomic-waker v1.1.2
[INFO] [stderr]    Compiling tinyvec v1.13.3
[INFO] [stderr]    Compiling rustc-hash v2.1.1
[INFO] [stderr]    Compiling utf16_iter v1.0.5
[INFO] [stderr]    Compiling utf8_iter v1.0.4
[INFO] [stderr]    Compiling want v0.3.2
[INFO] [stderr]    Compiling powerfmt v0.2.0
[INFO] [stderr]    Compiling rand_core v0.10.1
[INFO] [stderr]    Compiling fastrand v2.5.0
[INFO] [stderr] error: could not compile `syn` (lib)
[INFO] [stderr] 
[INFO] [stderr] Caused by:
[INFO] [stderr]   process didn't exit successfully: `/opt/rustwide/rustup-home/toolchains/1.100.0-beta.1-x86_64-unknown-linux-gnu/bin/rustc --crate-name syn --edition=2021 /opt/rustwide/cargo-home/registry/src/index.crates.io-1949cf8c6b5b557f/syn-3.0.6/src/lib.rs --error-format=json --json=diagnostic-rendered-ansi,artifacts,future-incompat,unused-externs-silent --crate-type lib --emit=dep-info,metadata,link -C embed-bitcode=no -C debuginfo=2 --cfg 'feature="clone-impls"' --cfg 'feature="default"' --cfg 'feature="derive"' --cfg 'feature="extra-traits"' --cfg 'feature="fold"' --cfg 'feature="full"' --cfg 'feature="parsing"' --cfg 'feature="printing"' --cfg 'feature="proc-macro"' --cfg 'feature="visit"' --check-cfg 'cfg(docsrs,test)' --check-cfg 'cfg(feature, values("clone-impls", "default", "derive", "extra-traits", "fold", "full", "parsing", "printing", "proc-macro", "test", "visit", "visit-mut"))' -C metadata=24d23442f61fc273 -C extra-filename=-94753533fcde42ae --out-dir /opt/rustwide/target/tests/trybuild/debug/build/syn/94753533fcde42ae/out -L dependency=/opt/rustwide/target/tests/trybuild/debug/build/proc-macro2/04853fbdbc2edda9/out -L dependency=/opt/rustwide/target/tests/trybuild/debug/build/unicode-ident/525109ab2f571ed2/out --extern proc_macro2=/opt/rustwide/target/tests/trybuild/debug/build/proc-macro2/04853fbdbc2edda9/out/libproc_macro2-04853fbdbc2edda9.rmeta --extern quote=/opt/rustwide/target/tests/trybuild/debug/build/quote/432098659adde09a/out/libquote-432098659adde09a.rmeta --extern unicode_ident=/opt/rustwide/target/tests/trybuild/debug/build/unicode-ident/525109ab2f571ed2/out/libunicode_ident-525109ab2f571ed2.rmeta --cap-lints allow --force-warn=unused_crate_dependencies` (signal: 9, SIGKILL: kill)
[INFO] [stderr] warning: build failed, waiting for other jobs to finish...
[INFO] [stderr] error: could not compile `syn` (lib)
[INFO] [stderr] 
[INFO] [stderr] Caused by:
[INFO] [stderr]   process didn't exit successfully: `/opt/rustwide/rustup-home/toolchains/1.100.0-beta.1-x86_64-unknown-linux-gnu/bin/rustc --crate-name syn --edition=2021 /opt/rustwide/cargo-home/registry/src/index.crates.io-1949cf8c6b5b557f/syn-2.0.119/src/lib.rs --error-format=json --json=diagnostic-rendered-ansi,artifacts,future-incompat,unused-externs-silent --crate-type lib --emit=dep-info,metadata,link -C embed-bitcode=no -C debuginfo=2 --cfg 'feature="clone-impls"' --cfg 'feature="default"' --cfg 'feature="derive"' --cfg 'feature="extra-traits"' --cfg 'feature="fold"' --cfg 'feature="parsing"' --cfg 'feature="printing"' --cfg 'feature="proc-macro"' --cfg 'feature="visit"' --check-cfg 'cfg(docsrs,test)' --check-cfg 'cfg(feature, values("clone-impls", "default", "derive", "extra-traits", "fold", "full", "parsing", "printing", "proc-macro", "test", "visit", "visit-mut"))' -C metadata=6f818534f011c9cf -C extra-filename=-22f05bf1e2891429 --out-dir /opt/rustwide/target/tests/trybuild/debug/build/syn/22f05bf1e2891429/out -L dependency=/opt/rustwide/target/tests/trybuild/debug/build/proc-macro2/04853fbdbc2edda9/out -L dependency=/opt/rustwide/target/tests/trybuild/debug/build/unicode-ident/525109ab2f571ed2/out --extern proc_macro2=/opt/rustwide/target/tests/trybuild/debug/build/proc-macro2/04853fbdbc2edda9/out/libproc_macro2-04853fbdbc2edda9.rmeta --extern quote=/opt/rustwide/target/tests/trybuild/debug/build/quote/432098659adde09a/out/libquote-432098659adde09a.rmeta --extern unicode_ident=/opt/rustwide/target/tests/trybuild/debug/build/unicode-ident/525109ab2f571ed2/out/libunicode_ident-525109ab2f571ed2.rmeta --cap-lints allow --force-warn=unused_crate_dependencies` (signal: 9, SIGKILL: kill)
[INFO] [stdout] test ui ... FAILED
[INFO] [stdout] 
[INFO] [stdout] failures:
[INFO] [stdout] 
[INFO] [stdout] ---- ui stdout ----
[INFO] [stdout] 
[INFO] [stdout] thread 'ui' (3115) panicked at /opt/rustwide/cargo-home/registry/src/index.crates.io-1949cf8c6b5b557f/trybuild-1.0.111/src/run.rs:62:13:
[INFO] [stdout] tests failed
[INFO] [stdout] stack backtrace:
[INFO] [stdout]    0:     0x64f1d4d17ad1 - <<std[617be2ca0a6fd877]::sys::backtrace::BacktraceLock>::print::DisplayBacktrace as core[a373ad73a504971]::fmt::Display>::fmt
[INFO] [stdout]    1:     0x64f1d4d2ddba - core[a373ad73a504971]::fmt::write
[INFO] [stdout]    2:     0x64f1d4d1c31c - <alloc[2e1b2a31b91974c5]::vec::Vec<u8> as core[a373ad73a504971]::io::write::Write>::write_fmt
[INFO] [stdout]    3:     0x64f1d4cf0f36 - std[617be2ca0a6fd877]::panicking::default_hook::{closure#0}
[INFO] [stdout]    4:     0x64f1d4d0f079 - std[617be2ca0a6fd877]::panicking::default_hook
[INFO] [stdout]    5:     0x64f1d4ca8680 - test[aada8e7e76ba119b]::test_main_inner::{closure#0}
[INFO] [stdout]    6:     0x64f1d4d0f232 - std[617be2ca0a6fd877]::panicking::panic_with_hook
[INFO] [stdout]    7:     0x64f1d4cf1014 - std[617be2ca0a6fd877]::panicking::panic_handler::{closure#0}
[INFO] [stdout]    8:     0x64f1d4ce9839 - std[617be2ca0a6fd877]::sys::backtrace::__rust_end_short_backtrace::<std[617be2ca0a6fd877]::panicking::panic_handler::{closure#0}, !>
[INFO] [stdout]    9:     0x64f1d4cf1bed - __rustc[ea4f61d10b84890b]::rust_begin_unwind
[INFO] [stdout]   10:     0x64f1d4d2e52c - core[a373ad73a504971]::panicking::panic_fmt
[INFO] [stdout]   11:     0x64f1d4bf557f - <trybuild[a242be745955edff]::Runner>::run::{closure#1}
[INFO] [stdout]   12:     0x64f1d4bf944c - <trybuild[a242be745955edff]::Runner>::run
[INFO] [stdout]   13:     0x64f1d4bfc1c0 - <trybuild[a242be745955edff]::TestCases as core[a373ad73a504971]::ops::drop::Drop>::drop
[INFO] [stdout]   14:     0x64f1d4bf33d5 - compile[1edcf957f01aafae]::ui
[INFO] [stdout]   15:     0x64f1d4bf35d9 - <compile[1edcf957f01aafae]::ui::{closure#0} as core[a373ad73a504971]::ops::function::FnOnce<()>>::call_once
[INFO] [stdout]   16:     0x64f1d4c9bacb - test[aada8e7e76ba119b]::__rust_begin_short_backtrace::<core[a373ad73a504971]::result::Result<(), alloc[2e1b2a31b91974c5]::string::String>, fn() -> core[a373ad73a504971]::result::Result<(), alloc[2e1b2a31b91974c5]::string::String>>
[INFO] [stdout]   17:     0x64f1d4ca8ca5 - test[aada8e7e76ba119b]::run_test::{closure#0}
[INFO] [stdout]   18:     0x64f1d4ca2594 - std[617be2ca0a6fd877]::sys::backtrace::__rust_begin_short_backtrace::<test[aada8e7e76ba119b]::run_test::{closure#1}, ()>
[INFO] [stdout]   19:     0x64f1d4cabd32 - <std[617be2ca0a6fd877]::thread::lifecycle::spawn_unchecked<test[aada8e7e76ba119b]::run_test::{closure#1}, ()>::{closure#1} as core[a373ad73a504971]::ops::function::FnOnce<()>>::call_once::{shim:vtable#0}
[INFO] [stdout]   20:     0x64f1d4d16d2f - <std[617be2ca0a6fd877]::sys::thread::unix::Thread>::new::thread_start
[INFO] [stdout]   21:     0x73e673047dfa - <unknown>
[INFO] [stdout]   22:     0x73e6730db3d4 - clone
[INFO] [stdout]   23:                0x0 - <unknown>
[INFO] [stdout] 
[INFO] [stdout] 
[INFO] [stdout] failures:
[INFO] [stdout]     ui
[INFO] [stdout] 
[INFO] [stdout] test result: FAILED. 0 passed; 1 failed; 0 ignored; 0 measured; 0 filtered out; finished in 42.81s
[INFO] [stdout] 
[INFO] [stderr] error: test failed, to rerun pass `--test compile`
[INFO] running `Command { std: "docker" "inspect" "d5c1d862782b8e2badd01c2ef0855fcba19620426cafd12beec3f93d2f7a4dbd", kill_on_drop: false }`
[INFO] running `Command { std: "docker" "rm" "-f" "d5c1d862782b8e2badd01c2ef0855fcba19620426cafd12beec3f93d2f7a4dbd", kill_on_drop: false }`
[INFO] [stdout] d5c1d862782b8e2badd01c2ef0855fcba19620426cafd12beec3f93d2f7a4dbd
