[INFO] fetching crate valobj 0.1.2...
[INFO] testing valobj-0.1.2 against 1.100.0-beta.1+cargoflags=--release for beta-release-1.100-2
[INFO] extracting crate valobj 0.1.2 into /workspace/builds/worker-1-tc2/source
[INFO] started tweaking crates.io crate valobj 0.1.2
[INFO] removed 0 missing tests
[INFO] finished tweaking crates.io crate valobj 0.1.2
[INFO] tweaked toml for crates.io crate valobj 0.1.2 written to /workspace/builds/worker-1-tc2/source/Cargo.toml
[INFO] validating manifest of crates.io crate valobj 0.1.2 on toolchain 1.100.0-beta.1
[INFO] running `Command { std: CARGO_HOME="/workspace/cargo-home" RUSTUP_HOME="/workspace/rustup-home" "/workspace/cargo-home/bin/cargo" "+1.100.0-beta.1" "metadata" "--manifest-path" "Cargo.toml" "--no-deps", kill_on_drop: false }`
[INFO] crate crates.io crate valobj 0.1.2 already has a lockfile, it will not be regenerated
[INFO] running `Command { std: CARGO_HOME="/workspace/cargo-home" RUSTUP_HOME="/workspace/rustup-home" "/workspace/cargo-home/bin/cargo" "+1.100.0-beta.1" "fetch" "--manifest-path" "Cargo.toml", kill_on_drop: false }`
[INFO] running `Command { std: "docker" "create" "-v" "/var/lib/crater-agent-workspace/builds/worker-1-tc2/source:/opt/rustwide/workdir:ro,Z" "-v" "/var/lib/crater-agent-workspace/builds/worker-1-tc2/target:/opt/rustwide/target:rw,Z" "-v" "/var/lib/crater-agent-workspace/cargo-home:/opt/rustwide/cargo-home:ro,Z" "-v" "/var/lib/crater-agent-workspace/rustup-home:/opt/rustwide/rustup-home:ro,Z" "-m" "1610612736" "--network" "none" "ghcr.io/rust-lang/crates-build-env/linux@sha256:77db811e55d90add9212f6832c23229e3de5f1c1f9905e8cb07319ea15df73ac" "sleep" "infinity", kill_on_drop: false }`
[INFO] [stdout] 21c717423382a268897d9a2d699d24e6e7f374b389e856eac350cdf9683439e3
[INFO] running `Command { std: "docker" "start" "21c717423382a268897d9a2d699d24e6e7f374b389e856eac350cdf9683439e3", kill_on_drop: false }`
[INFO] running `Command { std: "docker" "inspect" "21c717423382a268897d9a2d699d24e6e7f374b389e856eac350cdf9683439e3", kill_on_drop: false }`
[INFO] running `Command { std: "docker" "exec" "-e" "SOURCE_DIR=/opt/rustwide/workdir" "-e" "CARGO_HOME=/opt/rustwide/cargo-home" "-e" "RUSTUP_HOME=/opt/rustwide/rustup-home" "-e" "CARGO_TARGET_DIR=/opt/rustwide/target" "-w" "/opt/rustwide/workdir" "--user" "0:0" "21c717423382a268897d9a2d699d24e6e7f374b389e856eac350cdf9683439e3" "/opt/rustwide/cargo-home/bin/cargo" "+1.100.0-beta.1" "metadata" "--no-deps" "--format-version=1", kill_on_drop: false }`
[INFO] running `Command { std: "docker" "inspect" "21c717423382a268897d9a2d699d24e6e7f374b389e856eac350cdf9683439e3", kill_on_drop: false }`
[INFO] running `Command { std: "docker" "exec" "-e" "SOURCE_DIR=/opt/rustwide/workdir" "-e" "CARGO_HOME=/opt/rustwide/cargo-home" "-e" "RUSTUP_HOME=/opt/rustwide/rustup-home" "-e" "CARGO_TARGET_DIR=/opt/rustwide/target" "-e" "CARGO_INCREMENTAL=0" "-e" "RUST_BACKTRACE=full" "-e" "RUSTFLAGS=--cap-lints=warn" "-e" "RUSTDOCFLAGS=--cap-lints=warn" "-w" "/opt/rustwide/workdir" "--user" "0:0" "21c717423382a268897d9a2d699d24e6e7f374b389e856eac350cdf9683439e3" "/opt/rustwide/cargo-home/bin/cargo" "+1.100.0-beta.1" "build" "--frozen" "--message-format=json" "--release", kill_on_drop: false }`
[INFO] [stderr]    Compiling proc-macro2 v1.0.104
[INFO] [stderr]    Compiling quote v1.0.42
[INFO] [stderr]    Compiling syn v2.0.113
[INFO] [stderr]    Compiling valobj_macros v0.1.2
[INFO] [stderr]    Compiling valobj v0.1.2 (/opt/rustwide/workdir)
[INFO] [stderr]     Finished `release` profile [optimized] target(s) in 4.43s
[INFO] running `Command { std: "docker" "inspect" "21c717423382a268897d9a2d699d24e6e7f374b389e856eac350cdf9683439e3", kill_on_drop: false }`
[INFO] running `Command { std: "docker" "exec" "-e" "SOURCE_DIR=/opt/rustwide/workdir" "-e" "CARGO_HOME=/opt/rustwide/cargo-home" "-e" "RUSTUP_HOME=/opt/rustwide/rustup-home" "-e" "CARGO_TARGET_DIR=/opt/rustwide/target" "-e" "CARGO_INCREMENTAL=0" "-e" "RUST_BACKTRACE=full" "-e" "RUSTFLAGS=--cap-lints=warn" "-e" "RUSTDOCFLAGS=--cap-lints=warn" "-w" "/opt/rustwide/workdir" "--user" "0:0" "21c717423382a268897d9a2d699d24e6e7f374b389e856eac350cdf9683439e3" "/opt/rustwide/cargo-home/bin/cargo" "+1.100.0-beta.1" "test" "--frozen" "--no-run" "--message-format=json" "--release", kill_on_drop: false }`
[INFO] [stderr]    Compiling target-triple v1.0.0
[INFO] [stderr]    Compiling winnow v1.0.0
[INFO] [stderr]    Compiling serde v1.0.228
[INFO] [stderr]    Compiling serde_spanned v1.0.4
[INFO] [stderr]    Compiling toml_datetime v1.0.1+spec-1.1.0
[INFO] [stderr]    Compiling toml_writer v1.0.7+spec-1.1.0
[INFO] [stderr]    Compiling glob v0.3.3
[INFO] [stderr]    Compiling serde_derive v1.0.228
[INFO] [stderr]    Compiling toml_parser v1.0.10+spec-1.1.0
[INFO] [stderr]    Compiling toml v1.0.7+spec-1.1.0
[INFO] [stderr]    Compiling trybuild v1.0.116
[INFO] [stderr]    Compiling valobj v0.1.2 (/opt/rustwide/workdir)
[INFO] [stderr]     Finished `release` profile [optimized] target(s) in 16.14s
[INFO] running `Command { std: "docker" "inspect" "21c717423382a268897d9a2d699d24e6e7f374b389e856eac350cdf9683439e3", kill_on_drop: false }`
[INFO] running `Command { std: "docker" "exec" "-e" "SOURCE_DIR=/opt/rustwide/workdir" "-e" "CARGO_HOME=/opt/rustwide/cargo-home" "-e" "RUSTUP_HOME=/opt/rustwide/rustup-home" "-e" "CARGO_TARGET_DIR=/opt/rustwide/target" "-e" "CARGO_INCREMENTAL=0" "-e" "RUST_BACKTRACE=full" "-e" "RUSTFLAGS=--cap-lints=warn" "-e" "RUSTDOCFLAGS=--cap-lints=warn" "-w" "/opt/rustwide/workdir" "--user" "0:0" "21c717423382a268897d9a2d699d24e6e7f374b389e856eac350cdf9683439e3" "/opt/rustwide/cargo-home/bin/cargo" "+1.100.0-beta.1" "test" "--frozen" "--release", kill_on_drop: false }`
[INFO] [stderr]     Finished `release` profile [optimized] target(s) in 0.07s
[INFO] [stderr]      Running unittests src/lib.rs (/opt/rustwide/target/release/build/valobj/6f680163e26127ae/out/valobj-6f680163e26127ae)
[INFO] [stdout] 
[INFO] [stdout] running 0 tests
[INFO] [stdout] 
[INFO] [stdout] test result: ok. 0 passed; 0 failed; 0 ignored; 0 measured; 0 filtered out; finished in 0.00s
[INFO] [stdout] 
[INFO] [stderr]      Running tests/compilation_test.rs (/opt/rustwide/target/release/build/valobj/6f9bae769f8cb31e/out/compilation_test-6f9bae769f8cb31e)
[INFO] [stdout] 
[INFO] [stdout] running 1 test
[INFO] [stderr]    Compiling proc-macro2 v1.0.104
[INFO] [stderr]    Compiling unicode-ident v1.0.22
[INFO] [stderr]    Compiling quote v1.0.42
[INFO] [stderr]    Compiling ident_case v1.0.1
[INFO] [stderr]    Compiling syn v2.0.113
[INFO] [stderr]    Compiling valobj_macros v0.1.2
[INFO] [stderr]     Checking valobj v0.1.2 (/opt/rustwide/workdir)
[INFO] [stderr]     Checking valobj-tests v0.0.0 (/opt/rustwide/target/tests/trybuild/valobj)
[INFO] [stderr]     Finished `dev` profile [unoptimized + debuginfo] target(s) in 5.88s
[INFO] [stderr] 
[INFO] [stderr] 
[INFO] [stdout] test ui ... FAILED
[INFO] [stderr] test tests/ui/attributes/missing_normalize_test.rs ... mismatch
[INFO] [stdout] 
[INFO] [stderr] 
[INFO] [stdout] failures:
[INFO] [stderr] EXPECTED:
[INFO] [stdout] 
[INFO] [stderr] ┈┈┈┈┈┈┈┈┈┈┈┈┈┈┈┈┈┈┈┈┈┈┈┈┈┈┈┈┈┈┈┈┈┈┈┈┈┈┈┈┈┈┈┈┈┈┈┈┈┈┈┈┈┈┈┈┈┈┈┈
[INFO] [stdout] ---- ui stdout ----
[INFO] [stderr] error[E0277]: the trait bound `UserId: Normalize<u64>` is not satisfied
[INFO] [stdout] 
[INFO] [stderr]  --> tests/ui/attributes/missing_normalize_test.rs:1:1
[INFO] [stdout] thread 'ui' (707) panicked at /opt/rustwide/cargo-home/registry/src/index.crates.io-1949cf8c6b5b557f/trybuild-1.0.116/src/run.rs:102:13:
[INFO] [stderr]   |
[INFO] [stdout] 3 of 6 tests failed
[INFO] [stderr] 1 | #[valobj::value_object(Normalize)]
[INFO] [stdout] stack backtrace:
[INFO] [stderr]   | ^^^^^^^^^^^^^^^^^^^^^^^^^^^^^^^^^^ unsatisfied trait bound
[INFO] [stdout]    0:     0x635a22ad8ed1 - <<std[617be2ca0a6fd877]::sys::backtrace::BacktraceLock>::print::DisplayBacktrace as core[a373ad73a504971]::fmt::Display>::fmt
[INFO] [stderr]   |
[INFO] [stdout]    1:     0x635a22aef1ba - core[a373ad73a504971]::fmt::write
[INFO] [stderr] help: the trait `Normalize<u64>` is not implemented for `UserId`
[INFO] [stdout]    2:     0x635a22add71c - <alloc[2e1b2a31b91974c5]::vec::Vec<u8> as core[a373ad73a504971]::io::write::Write>::write_fmt
[INFO] [stderr]  --> tests/ui/attributes/missing_normalize_test.rs:1:1
[INFO] [stdout]    3:     0x635a22ab2336 - std[617be2ca0a6fd877]::panicking::default_hook::{closure#0}
[INFO] [stderr]   |
[INFO] [stdout]    4:     0x635a22ad0479 - std[617be2ca0a6fd877]::panicking::default_hook
[INFO] [stderr] 1 | #[valobj::value_object(Normalize)]
[INFO] [stdout]    5:     0x635a22a69a80 - test[aada8e7e76ba119b]::test_main_inner::{closure#0}
[INFO] [stderr]   | ^^^^^^^^^^^^^^^^^^^^^^^^^^^^^^^^^^
[INFO] [stdout]    6:     0x635a22ad0632 - std[617be2ca0a6fd877]::panicking::panic_with_hook
[INFO] [stderr]   = help: see issue #48214
[INFO] [stdout]    7:     0x635a22ab23e2 - std[617be2ca0a6fd877]::panicking::panic_handler::{closure#0}
[INFO] [stderr]   = note: this error originates in the attribute macro `valobj::value_object` (in Nightly builds, run with -Z macro-backtrace for more info)
[INFO] [stdout]    8:     0x635a22aaac39 - std[617be2ca0a6fd877]::sys::backtrace::__rust_end_short_backtrace::<std[617be2ca0a6fd877]::panicking::panic_handler::{closure#0}, !>
[INFO] [stderr] ┈┈┈┈┈┈┈┈┈┈┈┈┈┈┈┈┈┈┈┈┈┈┈┈┈┈┈┈┈┈┈┈┈┈┈┈┈┈┈┈┈┈┈┈┈┈┈┈┈┈┈┈┈┈┈┈┈┈┈┈
[INFO] [stdout]    9:     0x635a22ab2fed - __rustc[ea4f61d10b84890b]::rust_begin_unwind
[INFO] [stderr] 
[INFO] [stdout]   10:     0x635a22aef92c - core[a373ad73a504971]::panicking::panic_fmt
[INFO] [stderr] ACTUAL OUTPUT:
[INFO] [stdout]   11:     0x635a229bbb3b - <trybuild[cf63ecfc20ae858f]::Runner>::run
[INFO] [stderr] ┈┈┈┈┈┈┈┈┈┈┈┈┈┈┈┈┈┈┈┈┈┈┈┈┈┈┈┈┈┈┈┈┈┈┈┈┈┈┈┈┈┈┈┈┈┈┈┈┈┈┈┈┈┈┈┈┈┈┈┈
[INFO] [stdout]   12:     0x635a229bec50 - <trybuild[cf63ecfc20ae858f]::TestCases as core[a373ad73a504971]::ops::drop::Drop>::drop
[INFO] [stderr] error[E0277]: the trait bound `UserId: Normalize<u64>` is not satisfied
[INFO] [stdout]   13:     0x635a229b4ea8 - compilation_test[ad1fcc45c45ecfa4]::ui
[INFO] [stderr]  --> tests/ui/attributes/missing_normalize_test.rs:1:1
[INFO] [stdout]   14:     0x635a229b50a9 - <compilation_test[ad1fcc45c45ecfa4]::ui::{closure#0} as core[a373ad73a504971]::ops::function::FnOnce<()>>::call_once
[INFO] [stderr]   |
[INFO] [stdout]   15:     0x635a22a5cecb - test[aada8e7e76ba119b]::__rust_begin_short_backtrace::<core[a373ad73a504971]::result::Result<(), alloc[2e1b2a31b91974c5]::string::String>, fn() -> core[a373ad73a504971]::result::Result<(), alloc[2e1b2a31b91974c5]::string::String>>
[INFO] [stderr] 1 | #[valobj::value_object(Normalize)]
[INFO] [stdout]   16:     0x635a22a6a0a5 - test[aada8e7e76ba119b]::run_test::{closure#0}
[INFO] [stderr]   | ^^^^^^^^^^^^^^^^^^^^^^^^^^^^^^^^^^ unsatisfied trait bound
[INFO] [stdout]   17:     0x635a22a63994 - std[617be2ca0a6fd877]::sys::backtrace::__rust_begin_short_backtrace::<test[aada8e7e76ba119b]::run_test::{closure#1}, ()>
[INFO] [stderr]   |
[INFO] [stdout]   18:     0x635a22a6d132 - <std[617be2ca0a6fd877]::thread::lifecycle::spawn_unchecked<test[aada8e7e76ba119b]::run_test::{closure#1}, ()>::{closure#1} as core[a373ad73a504971]::ops::function::FnOnce<()>>::call_once::{shim:vtable#0}
[INFO] [stderr] help: the trait `Normalize<u64>` is not implemented for `UserId`
[INFO] [stdout]   19:     0x635a22ad812f - <std[617be2ca0a6fd877]::sys::thread::unix::Thread>::new::thread_start
[INFO] [stderr]  --> tests/ui/attributes/missing_normalize_test.rs:1:1
[INFO] [stdout]   20:     0x75f889f4cdfa - <unknown>
[INFO] [stderr]   |
[INFO] [stdout]   21:     0x75f889fe03d4 - clone
[INFO] [stderr] 1 | #[valobj::value_object(Normalize)]
[INFO] [stdout]   22:                0x0 - <unknown>
[INFO] [stderr]   | ^^^^^^^^^^^^^^^^^^^^^^^^^^^^^^^^^^
[INFO] [stdout] 
[INFO] [stderr]   = note: this error originates in the attribute macro `valobj::value_object` (in Nightly builds, run with -Z macro-backtrace for more info)
[INFO] [stdout] 
[INFO] [stderr] ┈┈┈┈┈┈┈┈┈┈┈┈┈┈┈┈┈┈┈┈┈┈┈┈┈┈┈┈┈┈┈┈┈┈┈┈┈┈┈┈┈┈┈┈┈┈┈┈┈┈┈┈┈┈┈┈┈┈┈┈
[INFO] [stdout] failures:
[INFO] [stderr] note: If the actual output is the correct output you can bless it by rerunning
[INFO] [stdout]     ui
[INFO] [stderr]       your test with the environment variable TRYBUILD=overwrite
[INFO] [stdout] 
[INFO] [stderr] 
[INFO] [stdout] test result: FAILED. 0 passed; 1 failed; 0 ignored; 0 measured; 0 filtered out; finished in 6.27s
[INFO] [stderr] test tests/ui/attributes/missing_validate_test.rs ... mismatch
[INFO] [stdout] 
[INFO] [stderr] 
[INFO] [stderr] EXPECTED:
[INFO] [stderr] ┈┈┈┈┈┈┈┈┈┈┈┈┈┈┈┈┈┈┈┈┈┈┈┈┈┈┈┈┈┈┈┈┈┈┈┈┈┈┈┈┈┈┈┈┈┈┈┈┈┈┈┈┈┈┈┈┈┈┈┈
[INFO] [stderr] error[E0277]: the trait bound `UserId: Validate<u64>` is not satisfied
[INFO] [stderr]  --> tests/ui/attributes/missing_validate_test.rs:1:1
[INFO] [stderr]   |
[INFO] [stderr] 1 | #[valobj::value_object(Validate)]
[INFO] [stderr]   | ^^^^^^^^^^^^^^^^^^^^^^^^^^^^^^^^^ unsatisfied trait bound
[INFO] [stderr]   |
[INFO] [stderr] help: the trait `Validate<u64>` is not implemented for `UserId`
[INFO] [stderr]  --> tests/ui/attributes/missing_validate_test.rs:1:1
[INFO] [stderr]   |
[INFO] [stderr] 1 | #[valobj::value_object(Validate)]
[INFO] [stderr]   | ^^^^^^^^^^^^^^^^^^^^^^^^^^^^^^^^^
[INFO] [stderr]   = help: see issue #48214
[INFO] [stderr]   = note: this error originates in the attribute macro `valobj::value_object` (in Nightly builds, run with -Z macro-backtrace for more info)
[INFO] [stderr] ┈┈┈┈┈┈┈┈┈┈┈┈┈┈┈┈┈┈┈┈┈┈┈┈┈┈┈┈┈┈┈┈┈┈┈┈┈┈┈┈┈┈┈┈┈┈┈┈┈┈┈┈┈┈┈┈┈┈┈┈
[INFO] [stderr] 
[INFO] [stderr] ACTUAL OUTPUT:
[INFO] [stderr] ┈┈┈┈┈┈┈┈┈┈┈┈┈┈┈┈┈┈┈┈┈┈┈┈┈┈┈┈┈┈┈┈┈┈┈┈┈┈┈┈┈┈┈┈┈┈┈┈┈┈┈┈┈┈┈┈┈┈┈┈
[INFO] [stderr] error[E0277]: the trait bound `UserId: Validate<u64>` is not satisfied
[INFO] [stderr]  --> tests/ui/attributes/missing_validate_test.rs:1:1
[INFO] [stderr]   |
[INFO] [stderr] 1 | #[valobj::value_object(Validate)]
[INFO] [stderr]   | ^^^^^^^^^^^^^^^^^^^^^^^^^^^^^^^^^ unsatisfied trait bound
[INFO] [stderr]   |
[INFO] [stderr] help: the trait `Validate<u64>` is not implemented for `UserId`
[INFO] [stderr]  --> tests/ui/attributes/missing_validate_test.rs:1:1
[INFO] [stderr]   |
[INFO] [stderr] 1 | #[valobj::value_object(Validate)]
[INFO] [stderr]   | ^^^^^^^^^^^^^^^^^^^^^^^^^^^^^^^^^
[INFO] [stderr]   = note: this error originates in the attribute macro `valobj::value_object` (in Nightly builds, run with -Z macro-backtrace for more info)
[INFO] [stderr] ┈┈┈┈┈┈┈┈┈┈┈┈┈┈┈┈┈┈┈┈┈┈┈┈┈┈┈┈┈┈┈┈┈┈┈┈┈┈┈┈┈┈┈┈┈┈┈┈┈┈┈┈┈┈┈┈┈┈┈┈
[INFO] [stderr] note: If the actual output is the correct output you can bless it by rerunning
[INFO] [stderr]       your test with the environment variable TRYBUILD=overwrite
[INFO] [stderr] 
[INFO] [stderr] test tests/ui/attributes/unknown_attribute_test.rs ... ok
[INFO] [stderr] test tests/ui/tuple/tuple_ctor_test.rs ... mismatch
[INFO] [stderr] 
[INFO] [stderr] EXPECTED:
[INFO] [stderr] ┈┈┈┈┈┈┈┈┈┈┈┈┈┈┈┈┈┈┈┈┈┈┈┈┈┈┈┈┈┈┈┈┈┈┈┈┈┈┈┈┈┈┈┈┈┈┈┈┈┈┈┈┈┈┈┈┈┈┈┈
[INFO] [stderr] error[E0423]: cannot initialize a tuple struct which contains private fields
[INFO] [stderr]  --> tests/ui/tuple/tuple_ctor_test.rs:5:17
[INFO] [stderr]   |
[INFO] [stderr] 5 |     let value = UserId(0);
[INFO] [stderr]   |                 ^^^^^^
[INFO] [stderr]   |
[INFO] [stderr] note: constructor is not visible here due to private fields
[INFO] [stderr]  --> tests/ui/tuple/tuple_ctor_test.rs:2:19
[INFO] [stderr]   |
[INFO] [stderr] 2 | pub struct UserId(u64);
[INFO] [stderr]   |                   ^^^ private field
[INFO] [stderr] help: consider making the field publicly accessible
[INFO] [stderr]   |
[INFO] [stderr] 2 | pub struct UserId(pub u64);
[INFO] [stderr]   |                   +++
[INFO] [stderr] ┈┈┈┈┈┈┈┈┈┈┈┈┈┈┈┈┈┈┈┈┈┈┈┈┈┈┈┈┈┈┈┈┈┈┈┈┈┈┈┈┈┈┈┈┈┈┈┈┈┈┈┈┈┈┈┈┈┈┈┈
[INFO] [stderr] 
[INFO] [stderr] ACTUAL OUTPUT:
[INFO] [stderr] ┈┈┈┈┈┈┈┈┈┈┈┈┈┈┈┈┈┈┈┈┈┈┈┈┈┈┈┈┈┈┈┈┈┈┈┈┈┈┈┈┈┈┈┈┈┈┈┈┈┈┈┈┈┈┈┈┈┈┈┈
[INFO] [stderr] error[E0423]: cannot initialize a tuple struct which contains private fields
[INFO] [stderr]  --> tests/ui/tuple/tuple_ctor_test.rs:5:17
[INFO] [stderr]   |
[INFO] [stderr] 5 |     let value = UserId(0);
[INFO] [stderr]   |                 ^^^^^^
[INFO] [stderr]   |
[INFO] [stderr]   = note: a struct named `UserId` exists in another namespace
[INFO] [stderr] note: constructor is not visible here due to private fields
[INFO] [stderr]  --> tests/ui/tuple/tuple_ctor_test.rs:2:19
[INFO] [stderr]   |
[INFO] [stderr] 2 | pub struct UserId(u64);
[INFO] [stderr]   |                   ^^^ private field
[INFO] [stderr] help: consider making the field publicly accessible
[INFO] [stderr]   |
[INFO] [stderr] 2 | pub struct UserId(pub u64);
[INFO] [stderr]   |                   +++
[INFO] [stderr] ┈┈┈┈┈┈┈┈┈┈┈┈┈┈┈┈┈┈┈┈┈┈┈┈┈┈┈┈┈┈┈┈┈┈┈┈┈┈┈┈┈┈┈┈┈┈┈┈┈┈┈┈┈┈┈┈┈┈┈┈
[INFO] [stderr] note: If the actual output is the correct output you can bless it by rerunning
[INFO] [stderr]       your test with the environment variable TRYBUILD=overwrite
[INFO] [stderr] 
[INFO] [stderr] test tests/ui/tuple/tuple_private_field_test.rs ... ok
[INFO] [stderr] test tests/ui/tuple/tuple_several_fields_test.rs ... ok
[INFO] [stderr] 
[INFO] [stderr] 
[INFO] [stderr] error: test failed, to rerun pass `--test compilation_test`
[INFO] running `Command { std: "docker" "inspect" "21c717423382a268897d9a2d699d24e6e7f374b389e856eac350cdf9683439e3", kill_on_drop: false }`
[INFO] running `Command { std: "docker" "rm" "-f" "21c717423382a268897d9a2d699d24e6e7f374b389e856eac350cdf9683439e3", kill_on_drop: false }`
[INFO] [stdout] 21c717423382a268897d9a2d699d24e6e7f374b389e856eac350cdf9683439e3
