[INFO] fetching crate validatable 0.1.0...
[INFO] testing validatable-0.1.0 against 1.100.0-beta.1+cargoflags=--release for beta-release-1.100-2
[INFO] extracting crate validatable 0.1.0 into /workspace/builds/worker-0-tc2/source
[INFO] started tweaking crates.io crate validatable 0.1.0
[INFO] removed 0 missing tests
[INFO] finished tweaking crates.io crate validatable 0.1.0
[INFO] tweaked toml for crates.io crate validatable 0.1.0 written to /workspace/builds/worker-0-tc2/source/Cargo.toml
[INFO] validating manifest of crates.io crate validatable 0.1.0 on toolchain 1.100.0-beta.1
[INFO] running `Command { std: CARGO_HOME="/workspace/cargo-home" RUSTUP_HOME="/workspace/rustup-home" "/workspace/cargo-home/bin/cargo" "+1.100.0-beta.1" "metadata" "--manifest-path" "Cargo.toml" "--no-deps", kill_on_drop: false }`
[INFO] crate crates.io crate validatable 0.1.0 already has a lockfile, it will not be regenerated
[INFO] running `Command { std: CARGO_HOME="/workspace/cargo-home" RUSTUP_HOME="/workspace/rustup-home" "/workspace/cargo-home/bin/cargo" "+1.100.0-beta.1" "fetch" "--manifest-path" "Cargo.toml", kill_on_drop: false }`
[INFO] [stderr] warning: `package.homepage` is redundant with `package.repository`
[INFO] [stderr]   --> Cargo.toml:40:12
[INFO] [stderr]    |
[INFO] [stderr] 40 | homepage = "https://github.com/terus-gh/validatable"
[INFO] [stderr]    |            ^^^^^^^^^^^^^^^^^^^^^^^^^^^^^^^^^^^^^^^^^
[INFO] [stderr] ...
[INFO] [stderr] 45 | repository = "https://github.com/terus-gh/validatable"
[INFO] [stderr]    |              -----------------------------------------
[INFO] [stderr]    |
[INFO] [stderr]    = note: `cargo::redundant_homepage` is set to `warn` by default
[INFO] [stderr] help: consider removing `package.homepage`
[INFO] [stderr] warning: `validatable` (manifest) generated 1 warning
[INFO] running `Command { std: "docker" "create" "-v" "/var/lib/crater-agent-workspace/builds/worker-0-tc2/source:/opt/rustwide/workdir:ro,Z" "-v" "/var/lib/crater-agent-workspace/builds/worker-0-tc2/target:/opt/rustwide/target:rw,Z" "-v" "/var/lib/crater-agent-workspace/cargo-home:/opt/rustwide/cargo-home:ro,Z" "-v" "/var/lib/crater-agent-workspace/rustup-home:/opt/rustwide/rustup-home:ro,Z" "-m" "1610612736" "--network" "none" "ghcr.io/rust-lang/crates-build-env/linux@sha256:77db811e55d90add9212f6832c23229e3de5f1c1f9905e8cb07319ea15df73ac" "sleep" "infinity", kill_on_drop: false }`
[INFO] [stdout] 13842e0ac6d14dd54d63916a24094d504596011db853d83c78bbbcdc97bd1b6a
[INFO] running `Command { std: "docker" "start" "13842e0ac6d14dd54d63916a24094d504596011db853d83c78bbbcdc97bd1b6a", kill_on_drop: false }`
[INFO] running `Command { std: "docker" "inspect" "13842e0ac6d14dd54d63916a24094d504596011db853d83c78bbbcdc97bd1b6a", kill_on_drop: false }`
[INFO] running `Command { std: "docker" "exec" "-e" "SOURCE_DIR=/opt/rustwide/workdir" "-e" "CARGO_HOME=/opt/rustwide/cargo-home" "-e" "RUSTUP_HOME=/opt/rustwide/rustup-home" "-e" "CARGO_TARGET_DIR=/opt/rustwide/target" "-w" "/opt/rustwide/workdir" "--user" "0:0" "13842e0ac6d14dd54d63916a24094d504596011db853d83c78bbbcdc97bd1b6a" "/opt/rustwide/cargo-home/bin/cargo" "+1.100.0-beta.1" "metadata" "--no-deps" "--format-version=1", kill_on_drop: false }`
[INFO] running `Command { std: "docker" "inspect" "13842e0ac6d14dd54d63916a24094d504596011db853d83c78bbbcdc97bd1b6a", kill_on_drop: false }`
[INFO] running `Command { std: "docker" "exec" "-e" "SOURCE_DIR=/opt/rustwide/workdir" "-e" "CARGO_HOME=/opt/rustwide/cargo-home" "-e" "RUSTUP_HOME=/opt/rustwide/rustup-home" "-e" "CARGO_TARGET_DIR=/opt/rustwide/target" "-e" "CARGO_INCREMENTAL=0" "-e" "RUST_BACKTRACE=full" "-e" "RUSTFLAGS=--cap-lints=warn" "-e" "RUSTDOCFLAGS=--cap-lints=warn" "-w" "/opt/rustwide/workdir" "--user" "0:0" "13842e0ac6d14dd54d63916a24094d504596011db853d83c78bbbcdc97bd1b6a" "/opt/rustwide/cargo-home/bin/cargo" "+1.100.0-beta.1" "build" "--frozen" "--message-format=json" "--release", kill_on_drop: false }`
[INFO] [stderr] warning: `package.homepage` is redundant with `package.repository`
[INFO] [stderr]   --> Cargo.toml:40:12
[INFO] [stderr]    |
[INFO] [stderr] 40 | homepage = "https://github.com/terus-gh/validatable"
[INFO] [stderr]    |            ^^^^^^^^^^^^^^^^^^^^^^^^^^^^^^^^^^^^^^^^^
[INFO] [stderr] ...
[INFO] [stderr] 45 | repository = "https://github.com/terus-gh/validatable"
[INFO] [stderr]    |              -----------------------------------------
[INFO] [stderr]    |
[INFO] [stderr]    = note: `cargo::redundant_homepage` is set to `warn` by default
[INFO] [stderr] help: consider removing `package.homepage`
[INFO] [stderr] warning: `validatable` (manifest) generated 1 warning
[INFO] [stderr]    Compiling syn v1.0.109
[INFO] [stderr]    Compiling nonempty v0.10.0
[INFO] [stderr]    Compiling toml_parser v1.1.2+spec-1.1.0
[INFO] [stderr]    Compiling syn v2.0.119
[INFO] [stderr]    Compiling toml_edit v0.25.13+spec-1.1.0
[INFO] [stderr]    Compiling proc-macro-crate v3.5.0
[INFO] [stderr]    Compiling validatable_derive v0.1.0
[INFO] [stderr]    Compiling delegate v0.8.0
[INFO] [stderr]    Compiling non-empty-string v0.2.6
[INFO] [stderr]    Compiling validatable v0.1.0 (/opt/rustwide/workdir)
[INFO] [stderr]     Finished `release` profile [optimized] target(s) in 7.78s
[INFO] running `Command { std: "docker" "inspect" "13842e0ac6d14dd54d63916a24094d504596011db853d83c78bbbcdc97bd1b6a", kill_on_drop: false }`
[INFO] running `Command { std: "docker" "exec" "-e" "SOURCE_DIR=/opt/rustwide/workdir" "-e" "CARGO_HOME=/opt/rustwide/cargo-home" "-e" "RUSTUP_HOME=/opt/rustwide/rustup-home" "-e" "CARGO_TARGET_DIR=/opt/rustwide/target" "-e" "CARGO_INCREMENTAL=0" "-e" "RUST_BACKTRACE=full" "-e" "RUSTFLAGS=--cap-lints=warn" "-e" "RUSTDOCFLAGS=--cap-lints=warn" "-w" "/opt/rustwide/workdir" "--user" "0:0" "13842e0ac6d14dd54d63916a24094d504596011db853d83c78bbbcdc97bd1b6a" "/opt/rustwide/cargo-home/bin/cargo" "+1.100.0-beta.1" "test" "--frozen" "--no-run" "--message-format=json" "--release", kill_on_drop: false }`
[INFO] [stderr] warning: `package.homepage` is redundant with `package.repository`
[INFO] [stderr]   --> Cargo.toml:40:12
[INFO] [stderr]    |
[INFO] [stderr] 40 | homepage = "https://github.com/terus-gh/validatable"
[INFO] [stderr]    |            ^^^^^^^^^^^^^^^^^^^^^^^^^^^^^^^^^^^^^^^^^
[INFO] [stderr] ...
[INFO] [stderr] 45 | repository = "https://github.com/terus-gh/validatable"
[INFO] [stderr]    |              -----------------------------------------
[INFO] [stderr]    |
[INFO] [stderr]    = note: `cargo::redundant_homepage` is set to `warn` by default
[INFO] [stderr] help: consider removing `package.homepage`
[INFO] [stderr] warning: `validatable` (manifest) generated 1 warning
[INFO] [stderr]    Compiling target-triple v1.0.1
[INFO] [stderr]    Compiling syn v3.0.2
[INFO] [stderr]    Compiling glob v0.3.3
[INFO] [stderr]    Compiling toml v1.1.3+spec-1.1.0
[INFO] [stderr]    Compiling serde_derive v1.0.229
[INFO] [stderr]    Compiling trybuild v1.0.118
[INFO] [stderr]    Compiling validatable v0.1.0 (/opt/rustwide/workdir)
[INFO] [stderr]     Finished `release` profile [optimized] target(s) in 26.98s
[INFO] running `Command { std: "docker" "inspect" "13842e0ac6d14dd54d63916a24094d504596011db853d83c78bbbcdc97bd1b6a", kill_on_drop: false }`
[INFO] running `Command { std: "docker" "exec" "-e" "SOURCE_DIR=/opt/rustwide/workdir" "-e" "CARGO_HOME=/opt/rustwide/cargo-home" "-e" "RUSTUP_HOME=/opt/rustwide/rustup-home" "-e" "CARGO_TARGET_DIR=/opt/rustwide/target" "-e" "CARGO_INCREMENTAL=0" "-e" "RUST_BACKTRACE=full" "-e" "RUSTFLAGS=--cap-lints=warn" "-e" "RUSTDOCFLAGS=--cap-lints=warn" "-w" "/opt/rustwide/workdir" "--user" "0:0" "13842e0ac6d14dd54d63916a24094d504596011db853d83c78bbbcdc97bd1b6a" "/opt/rustwide/cargo-home/bin/cargo" "+1.100.0-beta.1" "test" "--frozen" "--release", kill_on_drop: false }`
[INFO] [stderr] warning: `package.homepage` is redundant with `package.repository`
[INFO] [stderr]   --> Cargo.toml:40:12
[INFO] [stderr]    |
[INFO] [stderr] 40 | homepage = "https://github.com/terus-gh/validatable"
[INFO] [stderr]    |            ^^^^^^^^^^^^^^^^^^^^^^^^^^^^^^^^^^^^^^^^^
[INFO] [stderr] ...
[INFO] [stderr] 45 | repository = "https://github.com/terus-gh/validatable"
[INFO] [stderr]    |              -----------------------------------------
[INFO] [stderr]    |
[INFO] [stderr]    = note: `cargo::redundant_homepage` is set to `warn` by default
[INFO] [stderr] help: consider removing `package.homepage`
[INFO] [stderr] warning: `validatable` (manifest) generated 1 warning
[INFO] [stderr]     Finished `release` profile [optimized] target(s) in 0.06s
[INFO] [stderr]      Running unittests src/lib.rs (/opt/rustwide/target/release/build/validatable/d1ca51f6deb52c30/out/validatable-d1ca51f6deb52c30)
[INFO] [stdout] 
[INFO] [stdout] running 0 tests
[INFO] [stdout] 
[INFO] [stdout] test result: ok. 0 passed; 0 failed; 0 ignored; 0 measured; 0 filtered out; finished in 0.00s
[INFO] [stdout] 
[INFO] [stderr]      Running tests/compile.rs (/opt/rustwide/target/release/build/validatable/bba10b4c96dbdcf7/out/compile-bba10b4c96dbdcf7)
[INFO] [stdout] 
[INFO] [stdout] running 1 test
[INFO] [stderr] warning: `package.homepage` is redundant with `package.repository`
[INFO] [stderr]   --> /opt/rustwide/workdir/Cargo.toml:40:12
[INFO] [stderr]    |
[INFO] [stderr] 40 | homepage = "https://github.com/terus-gh/validatable"
[INFO] [stderr]    |            ^^^^^^^^^^^^^^^^^^^^^^^^^^^^^^^^^^^^^^^^^
[INFO] [stderr] ...
[INFO] [stderr] 45 | repository = "https://github.com/terus-gh/validatable"
[INFO] [stderr]    |              -----------------------------------------
[INFO] [stderr]    |
[INFO] [stderr]    = note: `cargo::redundant_homepage` is set to `warn` by default
[INFO] [stderr] help: consider removing `package.homepage`
[INFO] [stderr] warning: `validatable` (manifest) generated 1 warning
[INFO] [stderr]    Compiling proc-macro2 v1.0.107
[INFO] [stderr]    Compiling quote v1.0.47
[INFO] [stderr]    Compiling unicode-ident v1.0.24
[INFO] [stderr]    Compiling syn v1.0.109
[INFO] [stderr]    Compiling winnow v1.0.4
[INFO] [stderr]    Compiling hashbrown v0.17.1
[INFO] [stderr]    Compiling equivalent v1.0.2
[INFO] [stderr]    Compiling toml_datetime v1.1.1+spec-1.1.0
[INFO] [stderr]    Compiling zmij v1.0.23
[INFO] [stderr]    Compiling serde_core v1.0.229
[INFO] [stderr]    Compiling serde_json v1.0.151
[INFO] [stderr]    Compiling itoa v1.0.18
[INFO] [stderr]    Compiling memchr v2.8.3
[INFO] [stderr]    Compiling nonempty v0.10.0
[INFO] [stderr]    Compiling indexmap v2.14.0
[INFO] [stderr]    Compiling syn v2.0.119
[INFO] [stderr]    Compiling toml_parser v1.1.2+spec-1.1.0
[INFO] [stderr]    Compiling toml_edit v0.25.13+spec-1.1.0
[INFO] [stderr]    Compiling proc-macro-crate v3.5.0
[INFO] [stderr]    Compiling validatable_derive v0.1.0
[INFO] [stderr]    Compiling delegate v0.8.0
[INFO] [stderr]    Compiling non-empty-string v0.2.6
[INFO] [stderr]    Compiling validatable v0.1.0 (/opt/rustwide/workdir)
[INFO] [stderr]    Compiling validatable-tests v0.0.0 (/opt/rustwide/target/tests/trybuild/validatable)
[INFO] [stderr]     Finished `dev` profile [unoptimized + debuginfo] target(s) in 14.78s
[INFO] [stderr] 
[INFO] [stderr] 
[INFO] [stderr] test tests/compile_pass/bounded_vec_min_le_max.rs [should pass] ... ok
[INFO] [stderr] 
[INFO] [stderr] STDERR:
[INFO] [stderr] ┈┈┈┈┈┈┈┈┈┈┈┈┈┈┈┈┈┈┈┈┈┈┈┈┈┈┈┈┈┈┈┈┈┈┈┈┈┈┈┈┈┈┈┈┈┈┈┈┈┈┈┈┈┈┈┈┈┈┈┈
[INFO] [stderr] warning: `package.homepage` is redundant with `package.repository`
[INFO] [stderr]   --> /opt/rustwide/workdir/Cargo.toml:40:12
[INFO] [stderr]    |
[INFO] [stderr] 40 | homepage = "https://github.com/terus-gh/validatable"
[INFO] [stderr]    |            ^^^^^^^^^^^^^^^^^^^^^^^^^^^^^^^^^^^^^^^^^
[INFO] [stderr] ...
[INFO] [stderr] 45 | repository = "https://github.com/terus-gh/validatable"
[INFO] [stderr]    |              -----------------------------------------
[INFO] [stderr]    |
[INFO] [stderr]    = note: `cargo::redundant_homepage` is set to `warn` by default
[INFO] [stderr] help: consider removing `package.homepage`
[INFO] [stderr] ┈┈┈┈┈┈┈┈┈┈┈┈┈┈┈┈┈┈┈┈┈┈┈┈┈┈┈┈┈┈┈┈┈┈┈┈┈┈┈┈┈┈┈┈┈┈┈┈┈┈┈┈┈┈┈┈┈┈┈┈
[INFO] [stderr] 
[INFO] [stderr] test tests/compile_pass/plain_into_input_default_input_no_ambiguity.rs [should pass] ... ok
[INFO] [stderr] 
[INFO] [stderr] STDERR:
[INFO] [stderr] ┈┈┈┈┈┈┈┈┈┈┈┈┈┈┈┈┈┈┈┈┈┈┈┈┈┈┈┈┈┈┈┈┈┈┈┈┈┈┈┈┈┈┈┈┈┈┈┈┈┈┈┈┈┈┈┈┈┈┈┈
[INFO] [stderr] warning: `package.homepage` is redundant with `package.repository`
[INFO] [stderr]   --> /opt/rustwide/workdir/Cargo.toml:40:12
[INFO] [stderr]    |
[INFO] [stderr] 40 | homepage = "https://github.com/terus-gh/validatable"
[INFO] [stderr]    |            ^^^^^^^^^^^^^^^^^^^^^^^^^^^^^^^^^^^^^^^^^
[INFO] [stderr] ...
[INFO] [stderr] 45 | repository = "https://github.com/terus-gh/validatable"
[INFO] [stderr]    |              -----------------------------------------
[INFO] [stderr]    |
[INFO] [stderr]    = note: `cargo::redundant_homepage` is set to `warn` by default
[INFO] [stderr] help: consider removing `package.homepage`
[INFO] [stderr] ┈┈┈┈┈┈┈┈┈┈┈┈┈┈┈┈┈┈┈┈┈┈┈┈┈┈┈┈┈┈┈┈┈┈┈┈┈┈┈┈┈┈┈┈┈┈┈┈┈┈┈┈┈┈┈┈┈┈┈┈
[INFO] [stderr] 
[INFO] [stderr] test tests/compile_fail/bounded_vec_as_mut.rs [should fail to compile] ... ok
[INFO] [stderr] test tests/compile_fail/bounded_vec_min_gt_max.rs [should fail to compile] ... mismatch
[INFO] [stderr] 
[INFO] [stderr] EXPECTED:
[INFO] [stderr] ┈┈┈┈┈┈┈┈┈┈┈┈┈┈┈┈┈┈┈┈┈┈┈┈┈┈┈┈┈┈┈┈┈┈┈┈┈┈┈┈┈┈┈┈┈┈┈┈┈┈┈┈┈┈┈┈┈┈┈┈
[INFO] [stderr] error[E0080]: evaluation panicked: BoundedVec requires MIN <= MAX
[INFO] [stderr]  --> $RUST/core/src/panic.rs
[INFO] [stderr]   |
[INFO] [stderr]   |         $crate::panicking::panic_fmt($crate::const_format_args!($($t)+));
[INFO] [stderr]   |         ^^^^^^^^^^^^^^^^^^^^^^^^^^^^^^^^^^^^^^^^^^^^^^^^^^^^^^^^^^^^^^^^ evaluation of `validatable::boundedvec::AssertMinLeMax::<5, 2>::OK` failed here
[INFO] [stderr]   |
[INFO] [stderr]  ::: src/boundedvec.rs
[INFO] [stderr]   |
[INFO] [stderr]   |     const OK: () = assert!(MIN <= MAX, "BoundedVec requires MIN <= MAX");
[INFO] [stderr]   |                    ----------------------------------------------------- in this macro invocation
[INFO] [stderr] 
[INFO] [stderr] note: erroneous constant encountered
[INFO] [stderr]  --> src/boundedvec.rs
[INFO] [stderr]   |
[INFO] [stderr]   |         let () = AssertMinLeMax::<MIN, MAX>::OK;
[INFO] [stderr]   |                  ^^^^^^^^^^^^^^^^^^^^^^^^^^^^^^
[INFO] [stderr] 
[INFO] [stderr] note: the above error was encountered while instantiating `fn BoundedVec::<u8, 5, 2>::from_vec`
[INFO] [stderr]  --> tests/compile_fail/bounded_vec_min_gt_max.rs:4:13
[INFO] [stderr]   |
[INFO] [stderr] 4 |     let _ = BoundedVec::<u8, 5, 2>::from_vec(vec![1, 2, 3]);
[INFO] [stderr]   |             ^^^^^^^^^^^^^^^^^^^^^^^^^^^^^^^^^^^^^^^^^^^^^^^
[INFO] [stderr] ┈┈┈┈┈┈┈┈┈┈┈┈┈┈┈┈┈┈┈┈┈┈┈┈┈┈┈┈┈┈┈┈┈┈┈┈┈┈┈┈┈┈┈┈┈┈┈┈┈┈┈┈┈┈┈┈┈┈┈┈
[INFO] [stderr] 
[INFO] [stderr] ACTUAL OUTPUT:
[INFO] [stderr] ┈┈┈┈┈┈┈┈┈┈┈┈┈┈┈┈┈┈┈┈┈┈┈┈┈┈┈┈┈┈┈┈┈┈┈┈┈┈┈┈┈┈┈┈┈┈┈┈┈┈┈┈┈┈┈┈┈┈┈┈
[INFO] [stderr] error[E0080]: evaluation panicked: BoundedVec requires MIN <= MAX
[INFO] [stderr]  --> $RUST/core/src/panic.rs
[INFO] [stderr]   |
[INFO] [stderr]   = note: evaluation of `validatable::boundedvec::AssertMinLeMax::<5, 2>::OK` failed here
[INFO] [stderr]   |
[INFO] [stderr]  ::: src/boundedvec.rs
[INFO] [stderr]   |
[INFO] [stderr]   |     const OK: () = assert!(MIN <= MAX, "BoundedVec requires MIN <= MAX");
[INFO] [stderr]   |                    ----------------------------------------------------- in this macro invocation
[INFO] [stderr] 
[INFO] [stderr] note: erroneous constant encountered
[INFO] [stderr]  --> src/boundedvec.rs
[INFO] [stderr]   |
[INFO] [stderr]   |         let () = AssertMinLeMax::<MIN, MAX>::OK;
[INFO] [stderr]   |                  ^^^^^^^^^^^^^^^^^^^^^^^^^^^^^^
[INFO] [stderr] 
[INFO] [stderr] note: the above error was encountered while instantiating `fn BoundedVec::<u8, 5, 2>::from_vec`
[INFO] [stderr]  --> tests/compile_fail/bounded_vec_min_gt_max.rs:4:13
[INFO] [stderr]   |
[INFO] [stderr] 4 |     let _ = BoundedVec::<u8, 5, 2>::from_vec(vec![1, 2, 3]);
[INFO] [stderr]   |             ^^^^^^^^^^^^^^^^^^^^^^^^^^^^^^^^^^^^^^^^^^^^^^^
[INFO] [stderr] ┈┈┈┈┈┈┈┈┈┈┈┈┈┈┈┈┈┈┈┈┈┈┈┈┈┈┈┈┈┈┈┈┈┈┈┈┈┈┈┈┈┈┈┈┈┈┈┈┈┈┈┈┈┈┈┈┈┈┈┈
[INFO] [stderr] note: If the actual output is the correct output you can bless it by rerunning
[INFO] [stderr]       your test with the environment variable TRYBUILD=overwrite
[INFO] [stderr] 
[INFO] [stderr] test tests/compile_fail/duplicate_default_attribute.rs [should fail to compile] ... ok
[INFO] [stderr] test tests/compile_fail/duplicate_default_in_single_attribute.rs [should fail to compile] ... ok
[INFO] [stderr] test tests/compile_fail/empty_enum.rs [should fail to compile] ... ok
[INFO] [stderr] test tests/compile_fail/family_param_in_compound_where.rs [should fail to compile] ... ok
[INFO] [stderr] test tests/compile_fail/family_param_in_tuple.rs [should fail to compile] ... ok
[INFO] [stderr] test tests/compile_fail/multiple_family_params.rs [should fail to compile] ... ok
[INFO] [stderr] test tests/compile_fail/multiple_family_params_where.rs [should fail to compile] ... ok
[INFO] [stderr] test tests/compile_fail/newtype_field_attribute.rs [should fail to compile] ... ok
[INFO] [stderr] test tests/compile_fail/newtype_type_attribute.rs [should fail to compile] ... ok
[INFO] [stderr] test tests/compile_fail/no_family_param.rs [should fail to compile] ... ok
[INFO] [stderr] test tests/compile_fail/redundant_default_derive.rs [should fail to compile] ... ok
[INFO] [stderr] test tests/compile_fail/signed_value_min_out_of_range.rs [should fail to compile] ... mismatch
[INFO] [stderr] 
[INFO] [stderr] EXPECTED:
[INFO] [stderr] ┈┈┈┈┈┈┈┈┈┈┈┈┈┈┈┈┈┈┈┈┈┈┈┈┈┈┈┈┈┈┈┈┈┈┈┈┈┈┈┈┈┈┈┈┈┈┈┈┈┈┈┈┈┈┈┈┈┈┈┈
[INFO] [stderr] error[E0080]: evaluation panicked: SignedValueMin<MIN>: MIN is outside the range representable by i8
[INFO] [stderr]  --> $RUST/core/src/panic.rs
[INFO] [stderr]   |
[INFO] [stderr]   |         $crate::panicking::panic_fmt($crate::const_format_args!($($t)+));
[INFO] [stderr]   |         ^^^^^^^^^^^^^^^^^^^^^^^^^^^^^^^^^^^^^^^^^^^^^^^^^^^^^^^^^^^^^^^^ evaluation of `<validatable::SignedValueMin<-200> as validatable::Validator<i8>>::validate::{constant#0}` failed here
[INFO] [stderr]   |
[INFO] [stderr]  ::: src/validator.rs
[INFO] [stderr]   |
[INFO] [stderr]   | impl_signed_value_min_max!(i8);
[INFO] [stderr]   | ------------------------------ in this macro invocation
[INFO] [stderr]   |
[INFO] [stderr]   = note: this error originates in the macro `$crate::panic::panic_2021` which comes from the expansion of the macro `impl_signed_value_min_max` (in Nightly builds, run with -Z macro-backtrace for more info)
[INFO] [stderr] 
[INFO] [stderr] note: erroneous constant encountered
[INFO] [stderr]  --> src/validator.rs
[INFO] [stderr]   |
[INFO] [stderr]   | /                 const {
[INFO] [stderr]   | |                     assert!(
[INFO] [stderr]   | |                         MIN as i128 >= <$t>::MIN as i128 && MIN as i128 <= <$t>::MAX as i128,
[INFO] [stderr]   | |                         concat!(
[INFO] [stderr] ... |
[INFO] [stderr]   | |                     );
[INFO] [stderr]   | |                 }
[INFO] [stderr]   | |_________________^
[INFO] [stderr] ...
[INFO] [stderr]   |   impl_signed_value_min_max!(i8);
[INFO] [stderr]   |   ------------------------------ in this macro invocation
[INFO] [stderr]   |
[INFO] [stderr]   = note: this note originates in the macro `impl_signed_value_min_max` (in Nightly builds, run with -Z macro-backtrace for more info)
[INFO] [stderr] 
[INFO] [stderr] note: the above error was encountered while instantiating `fn <validatable::SignedValueMin<-200> as validatable::Validator<i8>>::validate`
[INFO] [stderr]  --> tests/compile_fail/signed_value_min_out_of_range.rs:4:13
[INFO] [stderr]   |
[INFO] [stderr] 4 |     let _ = <SignedValueMin<-200> as Validator<i8>>::validate(5);
[INFO] [stderr]   |             ^^^^^^^^^^^^^^^^^^^^^^^^^^^^^^^^^^^^^^^^^^^^^^^^^^^^
[INFO] [stderr] ┈┈┈┈┈┈┈┈┈┈┈┈┈┈┈┈┈┈┈┈┈┈┈┈┈┈┈┈┈┈┈┈┈┈┈┈┈┈┈┈┈┈┈┈┈┈┈┈┈┈┈┈┈┈┈┈┈┈┈┈
[INFO] [stderr] 
[INFO] [stderr] ACTUAL OUTPUT:
[INFO] [stderr] ┈┈┈┈┈┈┈┈┈┈┈┈┈┈┈┈┈┈┈┈┈┈┈┈┈┈┈┈┈┈┈┈┈┈┈┈┈┈┈┈┈┈┈┈┈┈┈┈┈┈┈┈┈┈┈┈┈┈┈┈
[INFO] [stderr] error[E0080]: evaluation panicked: SignedValueMin<MIN>: MIN is outside the range representable by i8
[INFO] [stderr]  --> $RUST/core/src/panic.rs
[INFO] [stderr]   |
[INFO] [stderr]   = note: evaluation of `<validatable::SignedValueMin<-200> as validatable::Validator<i8>>::validate::{constant#0}` failed here
[INFO] [stderr]   |
[INFO] [stderr]  ::: src/validator.rs
[INFO] [stderr]   |
[INFO] [stderr]   | impl_signed_value_min_max!(i8);
[INFO] [stderr]   | ------------------------------ in this macro invocation
[INFO] [stderr]   |
[INFO] [stderr]   = note: this error originates in the macro `$crate::panic::panic_2021` which comes from the expansion of the macro `impl_signed_value_min_max` (in Nightly builds, run with -Z macro-backtrace for more info)
[INFO] [stderr] 
[INFO] [stderr] note: erroneous constant encountered
[INFO] [stderr]  --> src/validator.rs
[INFO] [stderr]   |
[INFO] [stderr]   | /                 const {
[INFO] [stderr]   | |                     assert!(
[INFO] [stderr]   | |                         MIN as i128 >= <$t>::MIN as i128 && MIN as i128 <= <$t>::MAX as i128,
[INFO] [stderr]   | |                         concat!(
[INFO] [stderr] ... |
[INFO] [stderr]   | |                     );
[INFO] [stderr]   | |                 }
[INFO] [stderr]   | |_________________^
[INFO] [stderr] ...
[INFO] [stderr]   |   impl_signed_value_min_max!(i8);
[INFO] [stderr]   |   ------------------------------ in this macro invocation
[INFO] [stderr]   |
[INFO] [stderr]   = note: this note originates in the macro `impl_signed_value_min_max` (in Nightly builds, run with -Z macro-backtrace for more info)
[INFO] [stderr] 
[INFO] [stderr] note: the above error was encountered while instantiating `fn <validatable::SignedValueMin<-200> as validatable::Validator<i8>>::validate`
[INFO] [stderr]  --> tests/compile_fail/signed_value_min_out_of_range.rs:4:13
[INFO] [stderr]   |
[INFO] [stderr] 4 |     let _ = <SignedValueMin<-200> as Validator<i8>>::validate(5);
[INFO] [stderr]   |             ^^^^^^^^^^^^^^^^^^^^^^^^^^^^^^^^^^^^^^^^^^^^^^^^^^^^
[INFO] [stderr] ┈┈┈┈┈┈┈┈┈┈┈┈┈┈┈┈┈┈┈┈┈┈┈┈┈┈┈┈┈┈┈┈┈┈┈┈┈┈┈┈┈┈┈┈┈┈┈┈┈┈┈┈┈┈┈┈┈┈┈┈
[INFO] [stderr] note: If the actual output is the correct output you can bless it by rerunning
[INFO] [stderr]       your test with the environment variable TRYBUILD=overwrite
[INFO] [stderr] 
[INFO] [stderr] test tests/compile_fail/union_type.rs [should fail to compile] ... ok
[INFO] [stderr] test tests/compile_fail/unit_struct.rs [should fail to compile] ... ok
[INFO] [stderr] test tests/compile_fail/unknown_field_attribute.rs [should fail to compile] ... ok
[INFO] [stderr] test tests/compile_fail/unknown_type_attribute.rs [should fail to compile] ... ok
[INFO] [stderr] test tests/compile_fail/unknown_variant_attribute.rs [should fail to compile] ... ok
[INFO] [stderr] test tests/compile_fail/unsigned_value_max_out_of_range.rs [should fail to compile] ... mismatch
[INFO] [stderr] 
[INFO] [stderr] EXPECTED:
[INFO] [stderr] ┈┈┈┈┈┈┈┈┈┈┈┈┈┈┈┈┈┈┈┈┈┈┈┈┈┈┈┈┈┈┈┈┈┈┈┈┈┈┈┈┈┈┈┈┈┈┈┈┈┈┈┈┈┈┈┈┈┈┈┈
[INFO] [stderr] error[E0080]: evaluation panicked: UnsignedValueMax<MAX>: MAX is outside the range representable by u8
[INFO] [stderr]  --> $RUST/core/src/panic.rs
[INFO] [stderr]   |
[INFO] [stderr]   |         $crate::panicking::panic_fmt($crate::const_format_args!($($t)+));
[INFO] [stderr]   |         ^^^^^^^^^^^^^^^^^^^^^^^^^^^^^^^^^^^^^^^^^^^^^^^^^^^^^^^^^^^^^^^^ evaluation of `<validatable::UnsignedValueMax<300> as validatable::Validator<u8>>::validate::{constant#0}` failed here
[INFO] [stderr]   |
[INFO] [stderr]  ::: src/validator.rs
[INFO] [stderr]   |
[INFO] [stderr]   | impl_unsigned_value_min_max!(u8);
[INFO] [stderr]   | -------------------------------- in this macro invocation
[INFO] [stderr]   |
[INFO] [stderr]   = note: this error originates in the macro `$crate::panic::panic_2021` which comes from the expansion of the macro `impl_unsigned_value_min_max` (in Nightly builds, run with -Z macro-backtrace for more info)
[INFO] [stderr] 
[INFO] [stderr] note: erroneous constant encountered
[INFO] [stderr]  --> src/validator.rs
[INFO] [stderr]   |
[INFO] [stderr]   | /                 const {
[INFO] [stderr]   | |                     assert!(
[INFO] [stderr]   | |                         MAX as u128 <= <$t>::MAX as u128,
[INFO] [stderr]   | |                         concat!(
[INFO] [stderr] ... |
[INFO] [stderr]   | |                     );
[INFO] [stderr]   | |                 }
[INFO] [stderr]   | |_________________^
[INFO] [stderr] ...
[INFO] [stderr]   |   impl_unsigned_value_min_max!(u8);
[INFO] [stderr]   |   -------------------------------- in this macro invocation
[INFO] [stderr]   |
[INFO] [stderr]   = note: this note originates in the macro `impl_unsigned_value_min_max` (in Nightly builds, run with -Z macro-backtrace for more info)
[INFO] [stderr] 
[INFO] [stderr] note: the above error was encountered while instantiating `fn <validatable::UnsignedValueMax<300> as validatable::Validator<u8>>::validate`
[INFO] [stderr]  --> tests/compile_fail/unsigned_value_max_out_of_range.rs:4:13
[INFO] [stderr]   |
[INFO] [stderr] 4 |     let _ = <UnsignedValueMax<300> as Validator<u8>>::validate(5);
[INFO] [stderr]   |             ^^^^^^^^^^^^^^^^^^^^^^^^^^^^^^^^^^^^^^^^^^^^^^^^^^^^^
[INFO] [stderr] ┈┈┈┈┈┈┈┈┈┈┈┈┈┈┈┈┈┈┈┈┈┈┈┈┈┈┈┈┈┈┈┈┈┈┈┈┈┈┈┈┈┈┈┈┈┈┈┈┈┈┈┈┈┈┈┈┈┈┈┈
[INFO] [stderr] 
[INFO] [stderr] ACTUAL OUTPUT:
[INFO] [stderr] ┈┈┈┈┈┈┈┈┈┈┈┈┈┈┈┈┈┈┈┈┈┈┈┈┈┈┈┈┈┈┈┈┈┈┈┈┈┈┈┈┈┈┈┈┈┈┈┈┈┈┈┈┈┈┈┈┈┈┈┈
[INFO] [stderr] error[E0080]: evaluation panicked: UnsignedValueMax<MAX>: MAX is outside the range representable by u8
[INFO] [stderr]  --> $RUST/core/src/panic.rs
[INFO] [stderr]   |
[INFO] [stderr]   = note: evaluation of `<validatable::UnsignedValueMax<300> as validatable::Validator<u8>>::validate::{constant#0}` failed here
[INFO] [stderr]   |
[INFO] [stderr]  ::: src/validator.rs
[INFO] [stderr]   |
[INFO] [stderr]   | impl_unsigned_value_min_max!(u8);
[INFO] [stderr]   | -------------------------------- in this macro invocation
[INFO] [stderr]   |
[INFO] [stderr]   = note: this error originates in the macro `$crate::panic::panic_2021` which comes from the expansion of the macro `impl_unsigned_value_min_max` (in Nightly builds, run with -Z macro-backtrace for more info)
[INFO] [stderr] 
[INFO] [stderr] note: erroneous constant encountered
[INFO] [stderr]  --> src/validator.rs
[INFO] [stderr]   |
[INFO] [stderr]   | /                 const {
[INFO] [stderr]   | |                     assert!(
[INFO] [stderr]   | |                         MAX as u128 <= <$t>::MAX as u128,
[INFO] [stderr]   | |                         concat!(
[INFO] [stderr] ... |
[INFO] [stderr]   | |                     );
[INFO] [stderr]   | |                 }
[INFO] [stderr]   | |_________________^
[INFO] [stderr] ...
[INFO] [stderr]   |   impl_unsigned_value_min_max!(u8);
[INFO] [stderr]   |   -------------------------------- in this macro invocation
[INFO] [stderr]   |
[INFO] [stderr]   = note: this note originates in the macro `impl_unsigned_value_min_max` (in Nightly builds, run with -Z macro-backtrace for more info)
[INFO] [stderr] 
[INFO] [stderr] note: the above error was encountered while instantiating `fn <validatable::UnsignedValueMax<300> as validatable::Validator<u8>>::validate`
[INFO] [stderr]  --> tests/compile_fail/unsigned_value_max_out_of_range.rs:4:13
[INFO] [stderr]   |
[INFO] [stderr] 4 |     let _ = <UnsignedValueMax<300> as Validator<u8>>::validate(5);
[INFO] [stderr]   |             ^^^^^^^^^^^^^^^^^^^^^^^^^^^^^^^^^^^^^^^^^^^^^^^^^^^^^
[INFO] [stderr] ┈┈┈┈┈┈┈┈┈┈┈┈┈┈┈┈┈┈┈┈┈┈┈┈┈┈┈┈┈┈┈┈┈┈┈┈┈┈┈┈┈┈┈┈┈┈┈┈┈┈┈┈┈┈┈┈┈┈┈┈
[INFO] [stderr] note: If the actual output is the correct output you can bless it by rerunning
[INFO] [stderr]       your test with the environment variable TRYBUILD=overwrite
[INFO] [stderr] 
[INFO] [stderr] 
[INFO] [stderr] 
[INFO] [stdout] test compile ... FAILED
[INFO] [stdout] 
[INFO] [stdout] failures:
[INFO] [stdout] 
[INFO] [stdout] ---- compile stdout ----
[INFO] [stdout] 
[INFO] [stdout] thread 'compile' (602) panicked at /opt/rustwide/cargo-home/registry/src/index.crates.io-1949cf8c6b5b557f/trybuild-1.0.118/src/run.rs:102:13:
[INFO] [stdout] 3 of 22 tests failed
[INFO] [stdout] stack backtrace:
[INFO] [stdout]    0:     0x6458f3789fb1 - <<std[617be2ca0a6fd877]::sys::backtrace::BacktraceLock>::print::DisplayBacktrace as core[a373ad73a504971]::fmt::Display>::fmt
[INFO] [stdout]    1:     0x6458f37a029a - core[a373ad73a504971]::fmt::write
[INFO] [stdout]    2:     0x6458f378e7fc - <alloc[2e1b2a31b91974c5]::vec::Vec<u8> as core[a373ad73a504971]::io::write::Write>::write_fmt
[INFO] [stdout]    3:     0x6458f3763416 - std[617be2ca0a6fd877]::panicking::default_hook::{closure#0}
[INFO] [stdout]    4:     0x6458f3781559 - std[617be2ca0a6fd877]::panicking::default_hook
[INFO] [stdout]    5:     0x6458f371ab60 - test[aada8e7e76ba119b]::test_main_inner::{closure#0}
[INFO] [stdout]    6:     0x6458f3781712 - std[617be2ca0a6fd877]::panicking::panic_with_hook
[INFO] [stdout]    7:     0x6458f37634c2 - std[617be2ca0a6fd877]::panicking::panic_handler::{closure#0}
[INFO] [stdout]    8:     0x6458f375bd19 - std[617be2ca0a6fd877]::sys::backtrace::__rust_end_short_backtrace::<std[617be2ca0a6fd877]::panicking::panic_handler::{closure#0}, !>
[INFO] [stdout]    9:     0x6458f37640cd - __rustc[ea4f61d10b84890b]::rust_begin_unwind
[INFO] [stdout]   10:     0x6458f37a0a0c - core[a373ad73a504971]::panicking::panic_fmt
[INFO] [stdout]   11:     0x6458f366d82f - <trybuild[52bd3e050254595a]::Runner>::run
[INFO] [stdout]   12:     0x6458f3670a60 - <trybuild[52bd3e050254595a]::TestCases as core[a373ad73a504971]::ops::drop::Drop>::drop
[INFO] [stdout]   13:     0x6458f3667e96 - compile[1a817dcbb5e26483]::compile
[INFO] [stdout]   14:     0x6458f36680c9 - <compile[1a817dcbb5e26483]::compile::{closure#0} as core[a373ad73a504971]::ops::function::FnOnce<()>>::call_once
[INFO] [stdout]   15:     0x6458f370dfab - test[aada8e7e76ba119b]::__rust_begin_short_backtrace::<core[a373ad73a504971]::result::Result<(), alloc[2e1b2a31b91974c5]::string::String>, fn() -> core[a373ad73a504971]::result::Result<(), alloc[2e1b2a31b91974c5]::string::String>>
[INFO] [stdout]   16:     0x6458f371b185 - test[aada8e7e76ba119b]::run_test::{closure#0}
[INFO] [stdout]   17:     0x6458f3714a74 - std[617be2ca0a6fd877]::sys::backtrace::__rust_begin_short_backtrace::<test[aada8e7e76ba119b]::run_test::{closure#1}, ()>
[INFO] [stdout]   18:     0x6458f371e212 - <std[617be2ca0a6fd877]::thread::lifecycle::spawn_unchecked<test[aada8e7e76ba119b]::run_test::{closure#1}, ()>::{closure#1} as core[a373ad73a504971]::ops::function::FnOnce<()>>::call_once::{shim:vtable#0}
[INFO] [stdout]   19:     0x6458f378920f - <std[617be2ca0a6fd877]::sys::thread::unix::Thread>::new::thread_start
[INFO] [stdout]   20:     0x71ab6c19cdfa - <unknown>
[INFO] [stdout]   21:     0x71ab6c2303d4 - clone
[INFO] [stdout]   22:                0x0 - <unknown>
[INFO] [stdout] 
[INFO] [stdout] 
[INFO] [stdout] failures:
[INFO] [stdout]     compile
[INFO] [stdout] 
[INFO] [stdout] test result: FAILED. 0 passed; 1 failed; 0 ignored; 0 measured; 0 filtered out; finished in 24.76s
[INFO] [stdout] 
[INFO] [stderr] error: test failed, to rerun pass `--test compile`
[INFO] running `Command { std: "docker" "inspect" "13842e0ac6d14dd54d63916a24094d504596011db853d83c78bbbcdc97bd1b6a", kill_on_drop: false }`
[INFO] running `Command { std: "docker" "rm" "-f" "13842e0ac6d14dd54d63916a24094d504596011db853d83c78bbbcdc97bd1b6a", kill_on_drop: false }`
[INFO] [stdout] 13842e0ac6d14dd54d63916a24094d504596011db853d83c78bbbcdc97bd1b6a
