[INFO] fetching crate valibot-rs 0.1.1...
[INFO] testing valibot-rs-0.1.1 against 1.99.0-beta.8+cargoflags=--release for beta-release-1.100-2
[INFO] extracting crate valibot-rs 0.1.1 into /workspace/builds/worker-7-tc1/source
[INFO] started tweaking crates.io crate valibot-rs 0.1.1
[INFO] removed 0 missing tests
[INFO] finished tweaking crates.io crate valibot-rs 0.1.1
[INFO] tweaked toml for crates.io crate valibot-rs 0.1.1 written to /workspace/builds/worker-7-tc1/source/Cargo.toml
[INFO] validating manifest of crates.io crate valibot-rs 0.1.1 on toolchain 1.99.0-beta.8
[INFO] running `Command { std: CARGO_HOME="/workspace/cargo-home" RUSTUP_HOME="/workspace/rustup-home" "/workspace/cargo-home/bin/cargo" "+1.99.0-beta.8" "metadata" "--manifest-path" "Cargo.toml" "--no-deps", kill_on_drop: false }`
[INFO] crate crates.io crate valibot-rs 0.1.1 already has a lockfile, it will not be regenerated
[INFO] running `Command { std: CARGO_HOME="/workspace/cargo-home" RUSTUP_HOME="/workspace/rustup-home" "/workspace/cargo-home/bin/cargo" "+1.99.0-beta.8" "fetch" "--manifest-path" "Cargo.toml", kill_on_drop: false }`
[INFO] [stderr]     Blocking waiting for file lock on package cache
[INFO] [stderr]     Blocking waiting for file lock on package cache
[INFO] running `Command { std: "docker" "create" "-v" "/var/lib/crater-agent-workspace/builds/worker-7-tc1/source:/opt/rustwide/workdir:ro,Z" "-v" "/var/lib/crater-agent-workspace/builds/worker-7-tc1/target:/opt/rustwide/target:rw,Z" "-v" "/var/lib/crater-agent-workspace/cargo-home:/opt/rustwide/cargo-home:ro,Z" "-v" "/var/lib/crater-agent-workspace/rustup-home:/opt/rustwide/rustup-home:ro,Z" "-m" "1610612736" "--network" "none" "ghcr.io/rust-lang/crates-build-env/linux@sha256:77db811e55d90add9212f6832c23229e3de5f1c1f9905e8cb07319ea15df73ac" "sleep" "infinity", kill_on_drop: false }`
[INFO] [stdout] 90f32d1c5db4079b5182c5c6054c41e71ca14d578ba3f386dc5dfb274bdb6904
[INFO] running `Command { std: "docker" "start" "90f32d1c5db4079b5182c5c6054c41e71ca14d578ba3f386dc5dfb274bdb6904", kill_on_drop: false }`
[INFO] running `Command { std: "docker" "inspect" "90f32d1c5db4079b5182c5c6054c41e71ca14d578ba3f386dc5dfb274bdb6904", kill_on_drop: false }`
[INFO] running `Command { std: "docker" "exec" "-e" "SOURCE_DIR=/opt/rustwide/workdir" "-e" "CARGO_HOME=/opt/rustwide/cargo-home" "-e" "RUSTUP_HOME=/opt/rustwide/rustup-home" "-e" "CARGO_TARGET_DIR=/opt/rustwide/target" "-w" "/opt/rustwide/workdir" "--user" "0:0" "90f32d1c5db4079b5182c5c6054c41e71ca14d578ba3f386dc5dfb274bdb6904" "/opt/rustwide/cargo-home/bin/cargo" "+1.99.0-beta.8" "metadata" "--no-deps" "--format-version=1", kill_on_drop: false }`
[INFO] running `Command { std: "docker" "inspect" "90f32d1c5db4079b5182c5c6054c41e71ca14d578ba3f386dc5dfb274bdb6904", kill_on_drop: false }`
[INFO] running `Command { std: "docker" "exec" "-e" "SOURCE_DIR=/opt/rustwide/workdir" "-e" "CARGO_HOME=/opt/rustwide/cargo-home" "-e" "RUSTUP_HOME=/opt/rustwide/rustup-home" "-e" "CARGO_TARGET_DIR=/opt/rustwide/target" "-e" "CARGO_INCREMENTAL=0" "-e" "RUST_BACKTRACE=full" "-e" "RUSTFLAGS=--cap-lints=warn" "-e" "RUSTDOCFLAGS=--cap-lints=warn" "-w" "/opt/rustwide/workdir" "--user" "0:0" "90f32d1c5db4079b5182c5c6054c41e71ca14d578ba3f386dc5dfb274bdb6904" "/opt/rustwide/cargo-home/bin/cargo" "+1.99.0-beta.8" "build" "--frozen" "--message-format=json" "--release", kill_on_drop: false }`
[INFO] [stderr]    Compiling memchr v2.8.1
[INFO] [stderr]    Compiling syn v2.0.117
[INFO] [stderr]    Compiling aho-corasick v1.1.4
[INFO] [stderr]    Compiling serde_json v1.0.150
[INFO] [stderr]    Compiling regex-automata v0.4.14
[INFO] [stderr]    Compiling synstructure v0.13.2
[INFO] [stderr]    Compiling zerovec-derive v0.11.3
[INFO] [stderr]    Compiling displaydoc v0.2.6
[INFO] [stderr]    Compiling serde_derive v1.0.228
[INFO] [stderr]    Compiling thiserror-impl v1.0.69
[INFO] [stderr]    Compiling zerofrom-derive v0.1.7
[INFO] [stderr]    Compiling yoke-derive v0.8.2
[INFO] [stderr]    Compiling zerofrom v0.1.8
[INFO] [stderr]    Compiling yoke v0.8.2
[INFO] [stderr]    Compiling zerovec v0.11.6
[INFO] [stderr]    Compiling zerotrie v0.2.4
[INFO] [stderr]    Compiling thiserror v1.0.69
[INFO] [stderr]    Compiling tinystr v0.8.3
[INFO] [stderr]    Compiling potential_utf v0.1.5
[INFO] [stderr]    Compiling icu_collections v2.2.0
[INFO] [stderr]    Compiling icu_locale_core v2.2.0
[INFO] [stderr]    Compiling serde v1.0.228
[INFO] [stderr]    Compiling regex v1.12.3
[INFO] [stderr]    Compiling chrono v0.4.44
[INFO] [stderr]    Compiling icu_provider v2.2.0
[INFO] [stderr]    Compiling icu_properties v2.2.0
[INFO] [stderr]    Compiling icu_normalizer v2.2.0
[INFO] [stderr]    Compiling idna_adapter v1.2.2
[INFO] [stderr]    Compiling idna v1.1.0
[INFO] [stderr]    Compiling url v2.5.8
[INFO] [stderr]    Compiling valibot-rs v0.1.1 (/opt/rustwide/workdir)
[INFO] [stderr]     Finished `release` profile [optimized] target(s) in 48.28s
[INFO] running `Command { std: "docker" "inspect" "90f32d1c5db4079b5182c5c6054c41e71ca14d578ba3f386dc5dfb274bdb6904", kill_on_drop: false }`
[INFO] running `Command { std: "docker" "exec" "-e" "SOURCE_DIR=/opt/rustwide/workdir" "-e" "CARGO_HOME=/opt/rustwide/cargo-home" "-e" "RUSTUP_HOME=/opt/rustwide/rustup-home" "-e" "CARGO_TARGET_DIR=/opt/rustwide/target" "-e" "CARGO_INCREMENTAL=0" "-e" "RUST_BACKTRACE=full" "-e" "RUSTFLAGS=--cap-lints=warn" "-e" "RUSTDOCFLAGS=--cap-lints=warn" "-w" "/opt/rustwide/workdir" "--user" "0:0" "90f32d1c5db4079b5182c5c6054c41e71ca14d578ba3f386dc5dfb274bdb6904" "/opt/rustwide/cargo-home/bin/cargo" "+1.99.0-beta.8" "test" "--frozen" "--no-run" "--message-format=json" "--release", kill_on_drop: false }`
[INFO] [stderr]    Compiling bitflags v2.11.1
[INFO] [stderr]    Compiling getrandom v0.4.2
[INFO] [stderr]    Compiling rustix v1.1.4
[INFO] [stderr]    Compiling tempfile v3.27.0
[INFO] [stderr]    Compiling valibot-rs v0.1.1 (/opt/rustwide/workdir)
[INFO] [stderr]     Finished `release` profile [optimized] target(s) in 8.78s
[INFO] running `Command { std: "docker" "inspect" "90f32d1c5db4079b5182c5c6054c41e71ca14d578ba3f386dc5dfb274bdb6904", kill_on_drop: false }`
[INFO] running `Command { std: "docker" "exec" "-e" "SOURCE_DIR=/opt/rustwide/workdir" "-e" "CARGO_HOME=/opt/rustwide/cargo-home" "-e" "RUSTUP_HOME=/opt/rustwide/rustup-home" "-e" "CARGO_TARGET_DIR=/opt/rustwide/target" "-e" "CARGO_INCREMENTAL=0" "-e" "RUST_BACKTRACE=full" "-e" "RUSTFLAGS=--cap-lints=warn" "-e" "RUSTDOCFLAGS=--cap-lints=warn" "-w" "/opt/rustwide/workdir" "--user" "0:0" "90f32d1c5db4079b5182c5c6054c41e71ca14d578ba3f386dc5dfb274bdb6904" "/opt/rustwide/cargo-home/bin/cargo" "+1.99.0-beta.8" "test" "--frozen" "--release", kill_on_drop: false }`
[INFO] [stderr]     Finished `release` profile [optimized] target(s) in 0.09s
[INFO] [stderr]      Running unittests src/lib.rs (/opt/rustwide/target/release/deps/valibot_rs-325173315052dd4b)
[INFO] [stdout] 
[INFO] [stdout] running 0 tests
[INFO] [stdout] 
[INFO] [stdout] test result: ok. 0 passed; 0 failed; 0 ignored; 0 measured; 0 filtered out; finished in 0.00s
[INFO] [stdout] 
[INFO] [stderr]      Running unittests src/main.rs (/opt/rustwide/target/release/deps/valibot_rs-89e43e363e5f23ff)
[INFO] [stdout] 
[INFO] [stdout] running 0 tests
[INFO] [stdout] 
[INFO] [stdout] test result: ok. 0 passed; 0 failed; 0 ignored; 0 measured; 0 filtered out; finished in 0.00s
[INFO] [stdout] 
[INFO] [stderr]      Running tests/e2e_angelstyle.rs (/opt/rustwide/target/release/deps/e2e_angelstyle-aaa5c038a17f0cd9)
[INFO] [stdout] 
[INFO] [stdout] running 4 tests
[INFO] [stdout] test real_date_and_regex_schemas_work_end_to_end ... ok
[INFO] [stdout] test loads_real_angelstyle_dto_schemas ... ok
[INFO] [stdout] test parses_real_create_project_payload ... ok
[INFO] [stdout] test real_update_schema_allows_partial_payloads_and_reports_nested_issues ... ok
[INFO] [stdout] 
[INFO] [stdout] test result: ok. 4 passed; 0 failed; 0 ignored; 0 measured; 0 filtered out; finished in 0.01s
[INFO] [stdout] 
[INFO] [stderr]      Running tests/loader.rs (/opt/rustwide/target/release/deps/loader-3aef4a749902d4b9)
[INFO] [stdout] 
[INFO] [stdout] running 3 tests
[INFO] [stdout] test unsupported_transforms_emit_warnings_and_become_noops ... ok
[INFO] [stdout] test loads_valibot_subset_from_typescript_sources ... ok
[INFO] [stdout] test cli_build_writes_rust_module_that_compiles_and_can_be_used ... FAILED
[INFO] [stdout] 
[INFO] [stdout] failures:
[INFO] [stdout] 
[INFO] [stdout] ---- cli_build_writes_rust_module_that_compiles_and_can_be_used stdout ----
[INFO] [stdout] 
[INFO] [stdout] thread 'cli_build_writes_rust_module_that_compiles_and_can_be_used' (967) panicked at tests/loader.rs:192:5:
[INFO] [stdout] consumer failed
[INFO] [stdout] stdout:
[INFO] [stdout] 
[INFO] [stdout] stderr:
[INFO] [stdout] error: failed to get `serde_json` as a dependency of package `generated-schema-consumer v0.1.0 (/tmp/.tmpFP5lBJ)`
[INFO] [stdout] 
[INFO] [stdout] Caused by:
[INFO] [stdout]   failed to load source for dependency `serde_json`
[INFO] [stdout] 
[INFO] [stdout] Caused by:
[INFO] [stdout]   unable to update registry `crates-io`
[INFO] [stdout] 
[INFO] [stdout] Caused by:
[INFO] [stdout]   download of config.json failed
[INFO] [stdout] 
[INFO] [stdout] Caused by:
[INFO] [stdout]   [6] Could not resolve hostname (Could not resolve host: index.crates.io)
[INFO] [stdout] 
[INFO] [stdout] stack backtrace:
[INFO] [stdout]    0:     0x61518ae5c7f1 - <<std[70759c8f55707aa4]::sys::backtrace::BacktraceLock>::print::DisplayBacktrace as core[df12db4294e9bfd3]::fmt::Display>::fmt
[INFO] [stdout]    1:     0x61518ae72cda - core[df12db4294e9bfd3]::fmt::write
[INFO] [stdout]    2:     0x61518ae60f5c - <alloc[2182bb758b4b3781]::vec::Vec<u8> as core[df12db4294e9bfd3]::io::write::Write>::write_fmt
[INFO] [stdout]    3:     0x61518ae35d66 - std[70759c8f55707aa4]::panicking::default_hook::{closure#0}
[INFO] [stdout]    4:     0x61518ae53259 - std[70759c8f55707aa4]::panicking::default_hook
[INFO] [stdout]    5:     0x61518acc6f10 - test[9d35eded1c95d3be]::test_main_inner::<test[9d35eded1c95d3be]::test_main_static::{closure#0}>::{closure#0}
[INFO] [stdout]    6:     0x61518ae53412 - std[70759c8f55707aa4]::panicking::panic_with_hook
[INFO] [stdout]    7:     0x61518ae35e12 - std[70759c8f55707aa4]::panicking::panic_handler::{closure#0}
[INFO] [stdout]    8:     0x61518ae2e849 - std[70759c8f55707aa4]::sys::backtrace::__rust_end_short_backtrace::<std[70759c8f55707aa4]::panicking::panic_handler::{closure#0}, !>
[INFO] [stdout]    9:     0x61518ae36a0d - __rustc[8fa7c3cbc660c2b3]::rust_begin_unwind
[INFO] [stdout]   10:     0x61518ae734bc - core[df12db4294e9bfd3]::panicking::panic_fmt
[INFO] [stdout]   11:     0x61518acb35f9 - <loader[accb7b2bac021ba4]::cli_build_writes_rust_module_that_compiles_and_can_be_used::{closure#0} as core[df12db4294e9bfd3]::ops::function::FnOnce<()>>::call_once
[INFO] [stdout]   12:     0x61518acba1fb - test[9d35eded1c95d3be]::__rust_begin_short_backtrace::<core[df12db4294e9bfd3]::result::Result<(), alloc[2182bb758b4b3781]::string::String>, fn() -> core[df12db4294e9bfd3]::result::Result<(), alloc[2182bb758b4b3781]::string::String>>
[INFO] [stdout]   13:     0x61518acc7865 - test[9d35eded1c95d3be]::run_test::{closure#0}
[INFO] [stdout]   14:     0x61518acc1124 - std[70759c8f55707aa4]::sys::backtrace::__rust_begin_short_backtrace::<test[9d35eded1c95d3be]::run_test::{closure#1}, ()>
[INFO] [stdout]   15:     0x61518acca9c2 - <std[70759c8f55707aa4]::thread::lifecycle::spawn_unchecked<test[9d35eded1c95d3be]::run_test::{closure#1}, ()>::{closure#1} as core[df12db4294e9bfd3]::ops::function::FnOnce<()>>::call_once::{shim:vtable#0}
[INFO] [stdout]   16:     0x61518ae5baa9 - <std[70759c8f55707aa4]::sys::thread::unix::Thread>::new::thread_start
[INFO] [stdout]   17:     0x7581e4794dfa - <unknown>
[INFO] [stdout]   18:     0x7581e48283d4 - clone
[INFO] [stdout]   19:                0x0 - <unknown>
[INFO] [stdout] 
[INFO] [stdout] 
[INFO] [stdout] failures:
[INFO] [stdout]     cli_build_writes_rust_module_that_compiles_and_can_be_used
[INFO] [stdout] 
[INFO] [stdout] test result: FAILED. 2 passed; 1 failed; 0 ignored; 0 measured; 0 filtered out; finished in 22.18s
[INFO] [stdout] 
[INFO] [stderr] error: test failed, to rerun pass `--test loader`
[INFO] running `Command { std: "docker" "inspect" "90f32d1c5db4079b5182c5c6054c41e71ca14d578ba3f386dc5dfb274bdb6904", kill_on_drop: false }`
[INFO] running `Command { std: "docker" "rm" "-f" "90f32d1c5db4079b5182c5c6054c41e71ca14d578ba3f386dc5dfb274bdb6904", kill_on_drop: false }`
[INFO] [stdout] 90f32d1c5db4079b5182c5c6054c41e71ca14d578ba3f386dc5dfb274bdb6904
