[INFO] fetching crate valerie 0.1.2...
[INFO] testing valerie-0.1.2 against 1.100.0-beta.1+cargoflags=--release for beta-release-1.100-2
[INFO] extracting crate valerie 0.1.2 into /workspace/builds/worker-5-tc2/source
[INFO] started tweaking crates.io crate valerie 0.1.2
[INFO] finished tweaking crates.io crate valerie 0.1.2
[INFO] tweaked toml for crates.io crate valerie 0.1.2 written to /workspace/builds/worker-5-tc2/source/Cargo.toml
[INFO] validating manifest of crates.io crate valerie 0.1.2 on toolchain 1.100.0-beta.1
[INFO] running `Command { std: CARGO_HOME="/workspace/cargo-home" RUSTUP_HOME="/workspace/rustup-home" "/workspace/cargo-home/bin/cargo" "+1.100.0-beta.1" "metadata" "--manifest-path" "Cargo.toml" "--no-deps", kill_on_drop: false }`
[INFO] running `Command { std: CARGO_HOME="/workspace/cargo-home" RUSTUP_HOME="/workspace/rustup-home" "/workspace/cargo-home/bin/cargo" "+1.100.0-beta.1" "generate-lockfile" "--manifest-path" "Cargo.toml", kill_on_drop: false }`
[INFO] [stderr]     Updating crates.io index
[INFO] [stderr]      Locking 84 packages to highest compatible versions
[INFO] [stderr]       Adding crossbeam v0.7.3 (available: v0.8.5)
[INFO] [stderr]       Adding futures-intrusive v0.3.1 (available: v0.5.0)
[INFO] [stderr]       Adding minicov v0.3.8 (available: v0.3.9)
[INFO] [stderr]       Adding parking_lot v0.11.2 (available: v0.12.5)
[INFO] running `Command { std: CARGO_HOME="/workspace/cargo-home" RUSTUP_HOME="/workspace/rustup-home" "/workspace/cargo-home/bin/cargo" "+1.100.0-beta.1" "fetch" "--manifest-path" "Cargo.toml", kill_on_drop: false }`
[INFO] [stderr] warning: `package.homepage` is redundant with `package.repository`
[INFO] [stderr]   --> Cargo.toml:44:12
[INFO] [stderr]    |
[INFO] [stderr] 44 | homepage = "https://github.com/emmanuelantony2000/valerie"
[INFO] [stderr]    |            ^^^^^^^^^^^^^^^^^^^^^^^^^^^^^^^^^^^^^^^^^^^^^^^
[INFO] [stderr] ...
[INFO] [stderr] 49 | repository = "https://github.com/emmanuelantony2000/valerie"
[INFO] [stderr]    |              -----------------------------------------------
[INFO] [stderr]    |
[INFO] [stderr]    = note: `cargo::redundant_homepage` is set to `warn` by default
[INFO] [stderr] help: consider removing `package.homepage`
[INFO] [stderr] warning: `valerie` (manifest) generated 1 warning
[INFO] [stderr]     Blocking waiting for file lock on package cache
[INFO] running `Command { std: "docker" "create" "-v" "/var/lib/crater-agent-workspace/builds/worker-5-tc2/source:/opt/rustwide/workdir:ro,Z" "-v" "/var/lib/crater-agent-workspace/builds/worker-5-tc2/target:/opt/rustwide/target:rw,Z" "-v" "/var/lib/crater-agent-workspace/cargo-home:/opt/rustwide/cargo-home:ro,Z" "-v" "/var/lib/crater-agent-workspace/rustup-home:/opt/rustwide/rustup-home:ro,Z" "-m" "1610612736" "--network" "none" "ghcr.io/rust-lang/crates-build-env/linux@sha256:77db811e55d90add9212f6832c23229e3de5f1c1f9905e8cb07319ea15df73ac" "sleep" "infinity", kill_on_drop: false }`
[INFO] [stdout] fa964c62ed5937816add51baa59f05b2dd615296549c41b64b8bcde92c0f5b23
[INFO] running `Command { std: "docker" "start" "fa964c62ed5937816add51baa59f05b2dd615296549c41b64b8bcde92c0f5b23", kill_on_drop: false }`
[INFO] running `Command { std: "docker" "inspect" "fa964c62ed5937816add51baa59f05b2dd615296549c41b64b8bcde92c0f5b23", kill_on_drop: false }`
[INFO] running `Command { std: "docker" "exec" "-e" "SOURCE_DIR=/opt/rustwide/workdir" "-e" "CARGO_HOME=/opt/rustwide/cargo-home" "-e" "RUSTUP_HOME=/opt/rustwide/rustup-home" "-e" "CARGO_TARGET_DIR=/opt/rustwide/target" "-w" "/opt/rustwide/workdir" "--user" "0:0" "fa964c62ed5937816add51baa59f05b2dd615296549c41b64b8bcde92c0f5b23" "/opt/rustwide/cargo-home/bin/cargo" "+1.100.0-beta.1" "metadata" "--no-deps" "--format-version=1", kill_on_drop: false }`
[INFO] running `Command { std: "docker" "inspect" "fa964c62ed5937816add51baa59f05b2dd615296549c41b64b8bcde92c0f5b23", kill_on_drop: false }`
[INFO] running `Command { std: "docker" "exec" "-e" "SOURCE_DIR=/opt/rustwide/workdir" "-e" "CARGO_HOME=/opt/rustwide/cargo-home" "-e" "RUSTUP_HOME=/opt/rustwide/rustup-home" "-e" "CARGO_TARGET_DIR=/opt/rustwide/target" "-e" "CARGO_INCREMENTAL=0" "-e" "RUST_BACKTRACE=full" "-e" "RUSTFLAGS=--cap-lints=warn" "-e" "RUSTDOCFLAGS=--cap-lints=warn" "-w" "/opt/rustwide/workdir" "--user" "0:0" "fa964c62ed5937816add51baa59f05b2dd615296549c41b64b8bcde92c0f5b23" "/opt/rustwide/cargo-home/bin/cargo" "+1.100.0-beta.1" "build" "--frozen" "--message-format=json" "--release", kill_on_drop: false }`
[INFO] [stderr] warning: `package.homepage` is redundant with `package.repository`
[INFO] [stderr]   --> Cargo.toml:44:12
[INFO] [stderr]    |
[INFO] [stderr] 44 | homepage = "https://github.com/emmanuelantony2000/valerie"
[INFO] [stderr]    |            ^^^^^^^^^^^^^^^^^^^^^^^^^^^^^^^^^^^^^^^^^^^^^^^
[INFO] [stderr] ...
[INFO] [stderr] 49 | repository = "https://github.com/emmanuelantony2000/valerie"
[INFO] [stderr]    |              -----------------------------------------------
[INFO] [stderr]    |
[INFO] [stderr]    = note: `cargo::redundant_homepage` is set to `warn` by default
[INFO] [stderr] help: consider removing `package.homepage`
[INFO] [stderr] warning: `valerie` (manifest) generated 1 warning
[INFO] [stderr]    Compiling autocfg v1.5.1
[INFO] [stderr]    Compiling unicode-ident v1.0.27
[INFO] [stderr]    Compiling proc-macro2 v1.0.107
[INFO] [stderr]    Compiling quote v1.0.47
[INFO] [stderr]    Compiling wasm-bindgen-shared v0.2.129
[INFO] [stderr]    Compiling cfg-if v0.1.10
[INFO] [stderr]    Compiling rustversion v1.0.23
[INFO] [stderr]    Compiling scopeguard v1.2.0
[INFO] [stderr]    Compiling libc v0.2.191
[INFO] [stderr]    Compiling maybe-uninit v2.0.0
[INFO] [stderr]    Compiling cfg-if v1.0.5
[INFO] [stderr]    Compiling bumpalo v3.20.3
[INFO] [stderr]    Compiling futures-core v0.3.34
[INFO] [stderr]    Compiling lazy_static v1.5.1
[INFO] [stderr]    Compiling futures-sink v0.3.34
[INFO] [stderr]    Compiling smallvec v1.16.3
[INFO] [stderr]    Compiling futures-io v0.3.34
[INFO] [stderr]    Compiling memchr v2.8.3
[INFO] [stderr]    Compiling slab v0.4.12
[INFO] [stderr]    Compiling futures-task v0.3.34
[INFO] [stderr]    Compiling futures-channel v0.3.34
[INFO] [stderr]    Compiling pin-project-lite v0.2.17
[INFO] [stderr]    Compiling once_cell v1.21.4
[INFO] [stderr]    Compiling parking_lot_core v0.8.6
[INFO] [stderr]    Compiling lock_api v0.3.4
[INFO] [stderr]    Compiling instant v0.1.13
[INFO] [stderr]    Compiling lock_api v0.4.14
[INFO] [stderr]    Compiling crossbeam-utils v0.7.2
[INFO] [stderr]    Compiling memoffset v0.5.6
[INFO] [stderr]    Compiling crossbeam-epoch v0.8.2
[INFO] [stderr]    Compiling wasm-bindgen v0.2.129
[INFO] [stderr]    Compiling crossbeam-queue v0.2.3
[INFO] [stderr]    Compiling crossbeam-channel v0.4.4
[INFO] [stderr]    Compiling syn v3.0.9
[INFO] [stderr]    Compiling crossbeam-deque v0.7.4
[INFO] [stderr]    Compiling crossbeam v0.7.3
[INFO] [stderr]    Compiling parking_lot_core v0.7.3
[INFO] [stderr]    Compiling parking_lot v0.11.2
[INFO] [stderr]    Compiling parking_lot v0.10.2
[INFO] [stderr]    Compiling futures-intrusive v0.3.1
[INFO] [stderr]    Compiling wasm-bindgen-macro-support v0.2.129
[INFO] [stderr]    Compiling futures-macro v0.3.34
[INFO] [stderr]    Compiling futures-util v0.3.34
[INFO] [stderr]    Compiling wasm-bindgen-macro v0.2.129
[INFO] [stderr]    Compiling js-sys v0.3.106
[INFO] [stderr]    Compiling web-sys v0.3.106
[INFO] [stderr]    Compiling wasm-bindgen-futures v0.4.79
[INFO] [stderr]    Compiling valerie v0.1.2 (/opt/rustwide/workdir)
[INFO] [stderr]     Finished `release` profile [optimized] target(s) in 35.95s
[INFO] running `Command { std: "docker" "inspect" "fa964c62ed5937816add51baa59f05b2dd615296549c41b64b8bcde92c0f5b23", kill_on_drop: false }`
[INFO] running `Command { std: "docker" "exec" "-e" "SOURCE_DIR=/opt/rustwide/workdir" "-e" "CARGO_HOME=/opt/rustwide/cargo-home" "-e" "RUSTUP_HOME=/opt/rustwide/rustup-home" "-e" "CARGO_TARGET_DIR=/opt/rustwide/target" "-e" "CARGO_INCREMENTAL=0" "-e" "RUST_BACKTRACE=full" "-e" "RUSTFLAGS=--cap-lints=warn" "-e" "RUSTDOCFLAGS=--cap-lints=warn" "-w" "/opt/rustwide/workdir" "--user" "0:0" "fa964c62ed5937816add51baa59f05b2dd615296549c41b64b8bcde92c0f5b23" "/opt/rustwide/cargo-home/bin/cargo" "+1.100.0-beta.1" "test" "--frozen" "--no-run" "--message-format=json" "--release", kill_on_drop: false }`
[INFO] [stderr] warning: `package.homepage` is redundant with `package.repository`
[INFO] [stderr]   --> Cargo.toml:44:12
[INFO] [stderr]    |
[INFO] [stderr] 44 | homepage = "https://github.com/emmanuelantony2000/valerie"
[INFO] [stderr]    |            ^^^^^^^^^^^^^^^^^^^^^^^^^^^^^^^^^^^^^^^^^^^^^^^
[INFO] [stderr] ...
[INFO] [stderr] 49 | repository = "https://github.com/emmanuelantony2000/valerie"
[INFO] [stderr]    |              -----------------------------------------------
[INFO] [stderr]    |
[INFO] [stderr]    = note: `cargo::redundant_homepage` is set to `warn` by default
[INFO] [stderr] help: consider removing `package.homepage`
[INFO] [stderr] warning: `valerie` (manifest) generated 1 warning
[INFO] [stderr]    Compiling serde_core v1.0.229
[INFO] [stderr]    Compiling libm v0.2.16
[INFO] [stderr]    Compiling zmij v1.0.23
[INFO] [stderr]    Compiling num-traits v0.2.19
[INFO] [stderr]    Compiling serde v1.0.229
[INFO] [stderr]    Compiling serde_json v1.0.154
[INFO] [stderr]    Compiling futures-executor v0.3.34
[INFO] [stderr]    Compiling serde_derive v1.0.229
[INFO] [stderr]    Compiling itoa v1.0.18
[INFO] [stderr]    Compiling wasm-bindgen-test-macro v0.3.79
[INFO] [stderr]    Compiling async-trait v0.1.92
[INFO] [stderr]    Compiling oorandom v11.1.5
[INFO] [stderr]    Compiling wasm-bindgen-test-shared v0.2.129
[INFO] [stderr]    Compiling pin-utils v0.1.1
[INFO] [stderr]    Compiling nu-ansi-term v0.50.3
[INFO] [stderr]    Compiling cast v0.3.0
[INFO] [stderr]    Compiling futures v0.3.34
[INFO] [stderr]    Compiling wasm-timer v0.2.5
[INFO] [stderr]    Compiling wasm-bindgen-test v0.3.79
[INFO] [stderr]    Compiling valerie v0.1.2 (/opt/rustwide/workdir)
[INFO] [stderr]     Finished `release` profile [optimized] target(s) in 50.08s
[INFO] running `Command { std: "docker" "inspect" "fa964c62ed5937816add51baa59f05b2dd615296549c41b64b8bcde92c0f5b23", kill_on_drop: false }`
[INFO] running `Command { std: "docker" "exec" "-e" "SOURCE_DIR=/opt/rustwide/workdir" "-e" "CARGO_HOME=/opt/rustwide/cargo-home" "-e" "RUSTUP_HOME=/opt/rustwide/rustup-home" "-e" "CARGO_TARGET_DIR=/opt/rustwide/target" "-e" "CARGO_INCREMENTAL=0" "-e" "RUST_BACKTRACE=full" "-e" "RUSTFLAGS=--cap-lints=warn" "-e" "RUSTDOCFLAGS=--cap-lints=warn" "-w" "/opt/rustwide/workdir" "--user" "0:0" "fa964c62ed5937816add51baa59f05b2dd615296549c41b64b8bcde92c0f5b23" "/opt/rustwide/cargo-home/bin/cargo" "+1.100.0-beta.1" "test" "--frozen" "--release", kill_on_drop: false }`
[INFO] [stderr] warning: `package.homepage` is redundant with `package.repository`
[INFO] [stderr]   --> Cargo.toml:44:12
[INFO] [stderr]    |
[INFO] [stderr] 44 | homepage = "https://github.com/emmanuelantony2000/valerie"
[INFO] [stderr]    |            ^^^^^^^^^^^^^^^^^^^^^^^^^^^^^^^^^^^^^^^^^^^^^^^
[INFO] [stderr] ...
[INFO] [stderr] 49 | repository = "https://github.com/emmanuelantony2000/valerie"
[INFO] [stderr]    |              -----------------------------------------------
[INFO] [stderr]    |
[INFO] [stderr]    = note: `cargo::redundant_homepage` is set to `warn` by default
[INFO] [stderr] help: consider removing `package.homepage`
[INFO] [stderr] warning: `valerie` (manifest) generated 1 warning
[INFO] [stderr]     Finished `release` profile [optimized] target(s) in 0.17s
[INFO] [stderr]      Running unittests src/lib.rs (/opt/rustwide/target/release/build/valerie/a751fe9b1bc5020e/out/valerie-a751fe9b1bc5020e)
[INFO] [stdout] 
[INFO] [stdout] running 0 tests
[INFO] [stdout] 
[INFO] [stdout] test result: ok. 0 passed; 0 failed; 0 ignored; 0 measured; 0 filtered out; finished in 0.00s
[INFO] [stdout] 
[INFO] [stderr]      Running tests/add_subtract_one.rs (/opt/rustwide/target/release/build/valerie/3c712a175a19c2f7/out/add_subtract_one-3c712a175a19c2f7)
[INFO] [stderr]      Running tests/hello_world.rs (/opt/rustwide/target/release/build/valerie/5a2fdf87461c99c8/out/hello_world-5a2fdf87461c99c8)
[INFO] [stdout] 
[INFO] [stdout] running 0 tests
[INFO] [stdout] 
[INFO] [stdout] test result: ok. 0 passed; 0 failed; 0 ignored; 0 measured; 0 filtered out; finished in 0.00s
[INFO] [stdout] 
[INFO] [stdout] 
[INFO] [stdout] running 0 tests
[INFO] [stdout] 
[INFO] [stdout] test result: ok. 0 passed; 0 failed; 0 ignored; 0 measured; 0 filtered out; finished in 0.00s
[INFO] [stdout] 
[INFO] [stderr]      Running tests/input.rs (/opt/rustwide/target/release/build/valerie/6e571ac8aa22e2e5/out/input-6e571ac8aa22e2e5)
[INFO] [stdout] 
[INFO] [stdout] running 0 tests
[INFO] [stdout] 
[INFO] [stdout] test result: ok. 0 passed; 0 failed; 0 ignored; 0 measured; 0 filtered out; finished in 0.00s
[INFO] [stdout] 
[INFO] [stderr]      Running tests/list.rs (/opt/rustwide/target/release/build/valerie/fa0ea2d6e62dce13/out/list-fa0ea2d6e62dce13)
[INFO] [stderr]      Running tests/list_add_remove_items.rs (/opt/rustwide/target/release/build/valerie/b43e6e637acf4abd/out/list_add_remove_items-b43e6e637acf4abd)
[INFO] [stdout] 
[INFO] [stdout] running 0 tests
[INFO] [stdout] 
[INFO] [stdout] test result: ok. 0 passed; 0 failed; 0 ignored; 0 measured; 0 filtered out; finished in 0.00s
[INFO] [stdout] 
[INFO] [stdout] 
[INFO] [stdout] running 0 tests
[INFO] [stdout] 
[INFO] [stdout] test result: ok. 0 passed; 0 failed; 0 ignored; 0 measured; 0 filtered out; finished in 0.00s
[INFO] [stdout] 
[INFO] [stderr]      Running tests/state.rs (/opt/rustwide/target/release/build/valerie/7020b2b6f139c198/out/state-7020b2b6f139c198)
[INFO] [stdout] 
[INFO] [stdout] running 0 tests
[INFO] [stdout] 
[INFO] [stdout] test result: ok. 0 passed; 0 failed; 0 ignored; 0 measured; 0 filtered out; finished in 0.00s
[INFO] [stdout] 
[INFO] [stderr]      Running tests/tag.rs (/opt/rustwide/target/release/build/valerie/c4ceb4dd3f8aa5f8/out/tag-c4ceb4dd3f8aa5f8)
[INFO] [stdout] 
[INFO] [stdout] running 0 tests
[INFO] [stdout] 
[INFO] [stdout] test result: ok. 0 passed; 0 failed; 0 ignored; 0 measured; 0 filtered out; finished in 0.00s
[INFO] [stdout] 
[INFO] [stderr]      Running tests/time_counter.rs (/opt/rustwide/target/release/build/valerie/3fc51ac811994d7c/out/time_counter-3fc51ac811994d7c)
[INFO] [stdout] 
[INFO] [stdout] running 0 tests
[INFO] [stdout] 
[INFO] [stdout] test result: ok. 0 passed; 0 failed; 0 ignored; 0 measured; 0 filtered out; finished in 0.00s
[INFO] [stdout] 
[INFO] [stderr]    Doc-tests valerie
[INFO] [stdout] 
[INFO] [stdout] running 41 tests
[INFO] [stdout] test src/state/state_vec.rs - state::state_vec::StateVec<T>::len (line 331) ... FAILED
[INFO] [stdout] test src/state/state_atomic.rs - state::state_atomic::StateAtomic<T>::new (line 61) ... FAILED
[INFO] [stdout] test src/lib.rs - (line 110) ... FAILED
[INFO] [stdout] test src/app.rs - app::App::render_single (line 75) ... FAILED
[INFO] [stdout] test src/state/state_mutex.rs - state::state_mutex::StateMutex<T>::from (line 94) ... FAILED
[INFO] [stdout] test src/state/state_vec.rs - state::state_vec::StateVec<StateMutex<T>>::push_mutex (line 464) ... FAILED
[INFO] [stdout] test src/state/state_mutex.rs - state::state_mutex::StateMutex<T>::new (line 61) ... FAILED
[INFO] [stdout] test src/state/state_vec.rs - state::state_vec::StateVec<T>::get (line 303) ... FAILED
[INFO] [stdout] test src/state/state_vec.rs - state::state_vec::StateVec<T>::pop (line 276) ... FAILED
[INFO] [stdout] test src/state/state_atomic.rs - state::state_atomic::StateAtomic<T>::from (line 94) ... FAILED
[INFO] [stdout] test src/state/state_vec.rs - state::state_vec::StateVec<StateMutex<T>>::insert_mutex (line 491) ... FAILED
[INFO] [stdout] test src/state/state_vec.rs - state::state_vec::StateVec<StateAtomic<T>>::insert_atomic (line 432) ... FAILED
[INFO] [stdout] test src/state/state_vec.rs - state::state_vec::StateVec<T>::is_empty (line 359) ... FAILED
[INFO] [stdout] test src/lib.rs - (line 81) ... FAILED
[INFO] [stdout] test src/lib.rs - (line 65) ... FAILED
[INFO] [stdout] test src/state/state_vec.rs - state::state_vec::StateVec<StateAtomic<T>>::push_atomic (line 405) ... FAILED
[INFO] [stdout] test src/state/state_vec.rs - state::state_vec::StateVec<T>::insert (line 193) ... FAILED
[INFO] [stdout] test src/state/state_vec.rs - state::state_vec::StateVec<T>::view (line 114) ... FAILED
[INFO] [stdout] test src/state/state_vec.rs - state::state_vec::StateVec<T>::new (line 47) ... FAILED
[INFO] [stdout] test src/state/state_vec.rs - state::state_vec::StateVec<T>::push (line 167) ... FAILED
[INFO] [stdout] test src/state/state_vec.rs - state::state_vec::StateVec<T>::remove (line 219) ... FAILED
[INFO] [stdout] test src/state/state_vec.rs - state::state_vec::StateVec<T>::remove_elem (line 246) ... FAILED
[INFO] [stdout] test src/state/state_vec.rs - state::state_vec::StateVec<T>::with_capacity (line 75) ... FAILED
[INFO] [stdout] test src/tag.rs - tag::Tag<T>::class (line 271) ... FAILED
[INFO] [stdout] test src/tag.rs - tag::Tag<T>::attr (line 381) ... FAILED
[INFO] [stdout] test src/tag.rs - tag::Tag<T>::id (line 224) ... FAILED
[INFO] [stdout] test src/tag.rs - tag::Tag<T>::get_class (line 295) ... FAILED
[INFO] [stdout] test src/tag.rs - tag::Tag<T>::rem_class (line 318) ... FAILED
[INFO] [stdout] test src/tag.rs - tag::Tag<T>::get_attr (line 409) ... FAILED
[INFO] [stdout] test src/tag.rs - tag::Tag<T>::new (line 35) ... FAILED
[INFO] [stdout] test src/tag.rs - tag::Tag<T>::get_id (line 248) ... FAILED
[INFO] [stdout] test src/tag.rs - tag::Tag<T>::on_event (line 145) ... FAILED
[INFO] [stdout] test src/tag.rs - tag::Tag<T>::remove_event (line 191) ... ok
[INFO] [stdout] test src/tag.rs - tag::Tag<T>::push_loop (line 114) ... ok
[INFO] [stdout] test src/tag.rs - tag::Tag<T>::push (line 62) ... ok
[INFO] [stdout] test src/tag.rs - tag::Tag<T>::rem_attr (line 437) ... ok
[INFO] [stdout] test src/tag.rs - tag::Tag<T>::push_multiple (line 89) ... ok
[INFO] [stdout] test src/tag.rs - tag::Tag<html::elements::Input>::bind_func (line 557) ... ok
[INFO] [stdout] test src/tag.rs - tag::Tag<T>::toggle_class (line 347) ... ok
[INFO] [stdout] test src/tag.rs - tag::Tag<html::elements::Input>::bind (line 469) ... ok
[INFO] [stdout] test src/tag.rs - tag::Tag<html::elements::Input>::double_bind (line 511) ... ok
[INFO] [stdout] 
[INFO] [stdout] failures:
[INFO] [stdout] 
[INFO] [stdout] ---- src/state/state_vec.rs - state::state_vec::StateVec<T>::len (line 331) stdout ----
[INFO] [stdout] Couldn't compile the test.
[INFO] [stdout] ---- src/state/state_atomic.rs - state::state_atomic::StateAtomic<T>::new (line 61) stdout ----
[INFO] [stdout] Couldn't compile the test.
[INFO] [stdout] ---- src/lib.rs - (line 110) stdout ----
[INFO] [stdout] Couldn't compile the test.
[INFO] [stdout] ---- src/app.rs - app::App::render_single (line 75) stdout ----
[INFO] [stdout] Couldn't compile the test.
[INFO] [stdout] ---- src/state/state_mutex.rs - state::state_mutex::StateMutex<T>::from (line 94) stdout ----
[INFO] [stdout] Couldn't compile the test.
[INFO] [stdout] ---- src/state/state_vec.rs - state::state_vec::StateVec<StateMutex<T>>::push_mutex (line 464) stdout ----
[INFO] [stdout] Couldn't compile the test.
[INFO] [stdout] ---- src/state/state_mutex.rs - state::state_mutex::StateMutex<T>::new (line 61) stdout ----
[INFO] [stdout] Couldn't compile the test.
[INFO] [stdout] ---- src/state/state_vec.rs - state::state_vec::StateVec<T>::get (line 303) stdout ----
[INFO] [stdout] Couldn't compile the test.
[INFO] [stdout] ---- src/state/state_vec.rs - state::state_vec::StateVec<T>::pop (line 276) stdout ----
[INFO] [stdout] Couldn't compile the test.
[INFO] [stdout] ---- src/state/state_atomic.rs - state::state_atomic::StateAtomic<T>::from (line 94) stdout ----
[INFO] [stdout] Couldn't compile the test.
[INFO] [stdout] ---- src/state/state_vec.rs - state::state_vec::StateVec<StateMutex<T>>::insert_mutex (line 491) stdout ----
[INFO] [stdout] Couldn't compile the test.
[INFO] [stdout] ---- src/state/state_vec.rs - state::state_vec::StateVec<StateAtomic<T>>::insert_atomic (line 432) stdout ----
[INFO] [stdout] Couldn't compile the test.
[INFO] [stdout] ---- src/state/state_vec.rs - state::state_vec::StateVec<T>::is_empty (line 359) stdout ----
[INFO] [stdout] Couldn't compile the test.
[INFO] [stdout] ---- src/lib.rs - (line 81) stdout ----
[INFO] [stdout] Couldn't compile the test.
[INFO] [stdout] ---- src/lib.rs - (line 65) stdout ----
[INFO] [stdout] Couldn't compile the test.
[INFO] [stdout] ---- src/state/state_vec.rs - state::state_vec::StateVec<StateAtomic<T>>::push_atomic (line 405) stdout ----
[INFO] [stdout] Couldn't compile the test.
[INFO] [stdout] ---- src/state/state_vec.rs - state::state_vec::StateVec<T>::insert (line 193) stdout ----
[INFO] [stdout] Couldn't compile the test.
[INFO] [stdout] ---- src/state/state_vec.rs - state::state_vec::StateVec<T>::view (line 114) stdout ----
[INFO] [stdout] Couldn't compile the test.
[INFO] [stdout] ---- src/state/state_vec.rs - state::state_vec::StateVec<T>::new (line 47) stdout ----
[INFO] [stdout] Couldn't compile the test.
[INFO] [stdout] ---- src/state/state_vec.rs - state::state_vec::StateVec<T>::push (line 167) stdout ----
[INFO] [stdout] Couldn't compile the test.
[INFO] [stdout] ---- src/state/state_vec.rs - state::state_vec::StateVec<T>::remove (line 219) stdout ----
[INFO] [stdout] Couldn't compile the test.
[INFO] [stdout] ---- src/state/state_vec.rs - state::state_vec::StateVec<T>::remove_elem (line 246) stdout ----
[INFO] [stdout] Couldn't compile the test.
[INFO] [stdout] ---- src/state/state_vec.rs - state::state_vec::StateVec<T>::with_capacity (line 75) stdout ----
[INFO] [stdout] Couldn't compile the test.
[INFO] [stdout] ---- src/tag.rs - tag::Tag<T>::class (line 271) stdout ----
[INFO] [stdout] Couldn't compile the test.
[INFO] [stdout] ---- src/tag.rs - tag::Tag<T>::attr (line 381) stdout ----
[INFO] [stdout] Couldn't compile the test.
[INFO] [stdout] ---- src/tag.rs - tag::Tag<T>::id (line 224) stdout ----
[INFO] [stdout] Couldn't compile the test.
[INFO] [stdout] ---- src/tag.rs - tag::Tag<T>::get_class (line 295) stdout ----
[INFO] [stdout] Couldn't compile the test.
[INFO] [stdout] ---- src/tag.rs - tag::Tag<T>::rem_class (line 318) stdout ----
[INFO] [stdout] Couldn't compile the test.
[INFO] [stdout] ---- src/tag.rs - tag::Tag<T>::get_attr (line 409) stdout ----
[INFO] [stdout] Couldn't compile the test.
[INFO] [stdout] ---- src/tag.rs - tag::Tag<T>::new (line 35) stdout ----
[INFO] [stdout] Couldn't compile the test.
[INFO] [stdout] ---- src/tag.rs - tag::Tag<T>::get_id (line 248) stdout ----
[INFO] [stdout] Couldn't compile the test.
[INFO] [stdout] ---- src/tag.rs - tag::Tag<T>::on_event (line 145) stdout ----
[INFO] [stdout] Couldn't compile the test.
[INFO] [stdout] 
[INFO] [stdout] failures:
[INFO] [stdout]     src/app.rs - app::App::render_single (line 75)
[INFO] [stdout]     src/lib.rs - (line 110)
[INFO] [stdout]     src/lib.rs - (line 65)
[INFO] [stdout]     src/lib.rs - (line 81)
[INFO] [stdout]     src/state/state_atomic.rs - state::state_atomic::StateAtomic<T>::from (line 94)
[INFO] [stdout]     src/state/state_atomic.rs - state::state_atomic::StateAtomic<T>::new (line 61)
[INFO] [stdout]     src/state/state_mutex.rs - state::state_mutex::StateMutex<T>::from (line 94)
[INFO] [stdout]     src/state/state_mutex.rs - state::state_mutex::StateMutex<T>::new (line 61)
[INFO] [stdout]     src/state/state_vec.rs - state::state_vec::StateVec<StateAtomic<T>>::insert_atomic (line 432)
[INFO] [stdout]     src/state/state_vec.rs - state::state_vec::StateVec<StateAtomic<T>>::push_atomic (line 405)
[INFO] [stdout]     src/state/state_vec.rs - state::state_vec::StateVec<StateMutex<T>>::insert_mutex (line 491)
[INFO] [stdout]     src/state/state_vec.rs - state::state_vec::StateVec<StateMutex<T>>::push_mutex (line 464)
[INFO] [stdout]     src/state/state_vec.rs - state::state_vec::StateVec<T>::get (line 303)
[INFO] [stdout]     src/state/state_vec.rs - state::state_vec::StateVec<T>::insert (line 193)
[INFO] [stdout]     src/state/state_vec.rs - state::state_vec::StateVec<T>::is_empty (line 359)
[INFO] [stdout]     src/state/state_vec.rs - state::state_vec::StateVec<T>::len (line 331)
[INFO] [stdout]     src/state/state_vec.rs - state::state_vec::StateVec<T>::new (line 47)
[INFO] [stdout]     src/state/state_vec.rs - state::state_vec::StateVec<T>::pop (line 276)
[INFO] [stdout]     src/state/state_vec.rs - state::state_vec::StateVec<T>::push (line 167)
[INFO] [stdout]     src/state/state_vec.rs - state::state_vec::StateVec<T>::remove (line 219)
[INFO] [stdout]     src/state/state_vec.rs - state::state_vec::StateVec<T>::remove_elem (line 246)
[INFO] [stdout]     src/state/state_vec.rs - state::state_vec::StateVec<T>::view (line 114)
[INFO] [stdout]     src/state/state_vec.rs - state::state_vec::StateVec<T>::with_capacity (line 75)
[INFO] [stdout]     src/tag.rs - tag::Tag<T>::attr (line 381)
[INFO] [stdout]     src/tag.rs - tag::Tag<T>::class (line 271)
[INFO] [stdout]     src/tag.rs - tag::Tag<T>::get_attr (line 409)
[INFO] [stdout]     src/tag.rs - tag::Tag<T>::get_class (line 295)
[INFO] [stdout]     src/tag.rs - tag::Tag<T>::get_id (line 248)
[INFO] [stdout]     src/tag.rs - tag::Tag<T>::id (line 224)
[INFO] [stdout]     src/tag.rs - tag::Tag<T>::new (line 35)
[INFO] [stdout]     src/tag.rs - tag::Tag<T>::on_event (line 145)
[INFO] [stdout]     src/tag.rs - tag::Tag<T>::rem_class (line 318)
[INFO] [stdout] 
[INFO] [stdout] test result: FAILED. 9 passed; 32 failed; 0 ignored; 0 measured; 0 filtered out; finished in 36.09s
[INFO] [stdout] 
[INFO] [stderr] error: doctest failed, to rerun pass `--doc`
[INFO] running `Command { std: "docker" "inspect" "fa964c62ed5937816add51baa59f05b2dd615296549c41b64b8bcde92c0f5b23", kill_on_drop: false }`
[INFO] running `Command { std: "docker" "rm" "-f" "fa964c62ed5937816add51baa59f05b2dd615296549c41b64b8bcde92c0f5b23", kill_on_drop: false }`
[INFO] [stdout] fa964c62ed5937816add51baa59f05b2dd615296549c41b64b8bcde92c0f5b23
