[INFO] fetching crate vade-cli 0.1.1...
[INFO] testing vade-cli-0.1.1 against 1.100.0-beta.1+cargoflags=--release for beta-release-1.100-2
[INFO] extracting crate vade-cli 0.1.1 into /workspace/builds/worker-0-tc2/source
[INFO] started tweaking crates.io crate vade-cli 0.1.1
[INFO] removed 0 missing tests
[INFO] finished tweaking crates.io crate vade-cli 0.1.1
[INFO] tweaked toml for crates.io crate vade-cli 0.1.1 written to /workspace/builds/worker-0-tc2/source/Cargo.toml
[INFO] validating manifest of crates.io crate vade-cli 0.1.1 on toolchain 1.100.0-beta.1
[INFO] running `Command { std: CARGO_HOME="/workspace/cargo-home" RUSTUP_HOME="/workspace/rustup-home" "/workspace/cargo-home/bin/cargo" "+1.100.0-beta.1" "metadata" "--manifest-path" "Cargo.toml" "--no-deps", kill_on_drop: false }`
[INFO] crate crates.io crate vade-cli 0.1.1 already has a lockfile, it will not be regenerated
[INFO] running `Command { std: CARGO_HOME="/workspace/cargo-home" RUSTUP_HOME="/workspace/rustup-home" "/workspace/cargo-home/bin/cargo" "+1.100.0-beta.1" "fetch" "--manifest-path" "Cargo.toml", kill_on_drop: false }`
[INFO] running `Command { std: "docker" "create" "-v" "/var/lib/crater-agent-workspace/builds/worker-0-tc2/source:/opt/rustwide/workdir:ro,Z" "-v" "/var/lib/crater-agent-workspace/builds/worker-0-tc2/target:/opt/rustwide/target:rw,Z" "-v" "/var/lib/crater-agent-workspace/cargo-home:/opt/rustwide/cargo-home:ro,Z" "-v" "/var/lib/crater-agent-workspace/rustup-home:/opt/rustwide/rustup-home:ro,Z" "-m" "1610612736" "--network" "none" "ghcr.io/rust-lang/crates-build-env/linux@sha256:77db811e55d90add9212f6832c23229e3de5f1c1f9905e8cb07319ea15df73ac" "sleep" "infinity", kill_on_drop: false }`
[INFO] [stdout] ac3f7220a1d40f2972d5cd779d2ebdedf4ce8b5c0dc2268bc1a216113302ede3
[INFO] running `Command { std: "docker" "start" "ac3f7220a1d40f2972d5cd779d2ebdedf4ce8b5c0dc2268bc1a216113302ede3", kill_on_drop: false }`
[INFO] running `Command { std: "docker" "inspect" "ac3f7220a1d40f2972d5cd779d2ebdedf4ce8b5c0dc2268bc1a216113302ede3", kill_on_drop: false }`
[INFO] running `Command { std: "docker" "exec" "-e" "SOURCE_DIR=/opt/rustwide/workdir" "-e" "CARGO_HOME=/opt/rustwide/cargo-home" "-e" "RUSTUP_HOME=/opt/rustwide/rustup-home" "-e" "CARGO_TARGET_DIR=/opt/rustwide/target" "-w" "/opt/rustwide/workdir" "--user" "0:0" "ac3f7220a1d40f2972d5cd779d2ebdedf4ce8b5c0dc2268bc1a216113302ede3" "/opt/rustwide/cargo-home/bin/cargo" "+1.100.0-beta.1" "metadata" "--no-deps" "--format-version=1", kill_on_drop: false }`
[INFO] running `Command { std: "docker" "inspect" "ac3f7220a1d40f2972d5cd779d2ebdedf4ce8b5c0dc2268bc1a216113302ede3", kill_on_drop: false }`
[INFO] running `Command { std: "docker" "exec" "-e" "SOURCE_DIR=/opt/rustwide/workdir" "-e" "CARGO_HOME=/opt/rustwide/cargo-home" "-e" "RUSTUP_HOME=/opt/rustwide/rustup-home" "-e" "CARGO_TARGET_DIR=/opt/rustwide/target" "-e" "CARGO_INCREMENTAL=0" "-e" "RUST_BACKTRACE=full" "-e" "RUSTFLAGS=--cap-lints=warn" "-e" "RUSTDOCFLAGS=--cap-lints=warn" "-w" "/opt/rustwide/workdir" "--user" "0:0" "ac3f7220a1d40f2972d5cd779d2ebdedf4ce8b5c0dc2268bc1a216113302ede3" "/opt/rustwide/cargo-home/bin/cargo" "+1.100.0-beta.1" "build" "--frozen" "--message-format=json" "--release", kill_on_drop: false }`
[INFO] [stderr]    Compiling memchr v2.8.2
[INFO] [stderr]    Compiling owo-colors v4.3.0
[INFO] [stderr]    Compiling addr2line v0.25.1
[INFO] [stderr]    Compiling rustc-demangle v0.1.27
[INFO] [stderr]    Compiling rustix v1.1.4
[INFO] [stderr]    Compiling is_ci v1.2.0
[INFO] [stderr]    Compiling memo-map v0.3.3
[INFO] [stderr]    Compiling supports-hyperlinks v3.2.0
[INFO] [stderr]    Compiling clap_derive v4.6.1
[INFO] [stderr]    Compiling textwrap v0.16.2
[INFO] [stderr]    Compiling miette-derive v7.6.0
[INFO] [stderr]    Compiling supports-unicode v3.0.0
[INFO] [stderr]    Compiling toml-span v0.7.1
[INFO] [stderr]    Compiling supports-color v3.0.2
[INFO] [stderr]    Compiling minijinja v2.20.0
[INFO] [stderr]    Compiling object v0.37.3
[INFO] [stderr]    Compiling serde_json v1.0.150
[INFO] [stderr]    Compiling terminal_size v0.4.4
[INFO] [stderr]    Compiling clap v4.6.1
[INFO] [stderr]    Compiling backtrace v0.3.76
[INFO] [stderr]    Compiling backtrace-ext v0.2.1
[INFO] [stderr]    Compiling miette v7.6.0
[INFO] [stderr]    Compiling vade-cli v0.1.1 (/opt/rustwide/workdir)
[INFO] [stdout] warning: trailing semicolon in macro used in expression position
[INFO] [stdout]    --> src/cli.rs:143:5
[INFO] [stdout]     |
[INFO] [stdout] 143 |     bail!(error)
[INFO] [stdout]     |     ^^^^^^^^^^^^
[INFO] [stdout]     |
[INFO] [stdout]     = note: macro invocations at the end of a block are treated as expressions
[INFO] [stdout]     = note: to ignore the value produced by the macro, add a semicolon after the invocation of `bail`
[INFO] [stdout]     = warning: this was previously accepted by the compiler but is being phased out; it will become a hard error in a future release!
[INFO] [stdout]     = note: for more information, see issue #79813 <https://github.com/rust-lang/rust/issues/79813>
[INFO] [stdout]     = note: `#[warn(semicolon_in_expressions_from_non_local_macros)]` (part of `#[warn(future_incompatible)]`) on by default
[INFO] [stdout]     = note: this warning originates in the macro `bail` (in Nightly builds, run with -Z macro-backtrace for more info)
[INFO] [stdout] 
[INFO] [stdout] 
[INFO] [stdout] warning: trailing semicolon in macro used in expression position
[INFO] [stdout]    --> src/cli.rs:132:13
[INFO] [stdout]     |
[INFO] [stdout] 132 |             bail!(error)
[INFO] [stdout]     |             ^^^^^^^^^^^^
[INFO] [stdout]     |
[INFO] [stdout]     = note: macro invocations at the end of a block are treated as expressions
[INFO] [stdout]     = note: to ignore the value produced by the macro, add a semicolon after the invocation of `bail`
[INFO] [stdout]     = warning: this was previously accepted by the compiler but is being phased out; it will become a hard error in a future release!
[INFO] [stdout]     = note: for more information, see issue #79813 <https://github.com/rust-lang/rust/issues/79813>
[INFO] [stdout]     = note: this warning originates in the macro `bail` (in Nightly builds, run with -Z macro-backtrace for more info)
[INFO] [stdout] 
[INFO] [stdout] 
[INFO] [stdout] warning: trailing semicolon in macro used in expression position
[INFO] [stdout]    --> src/cli.rs:138:13
[INFO] [stdout]     |
[INFO] [stdout] 138 |             bail!(error)
[INFO] [stdout]     |             ^^^^^^^^^^^^
[INFO] [stdout]     |
[INFO] [stdout]     = note: macro invocations at the end of a block are treated as expressions
[INFO] [stdout]     = note: to ignore the value produced by the macro, add a semicolon after the invocation of `bail`
[INFO] [stdout]     = warning: this was previously accepted by the compiler but is being phased out; it will become a hard error in a future release!
[INFO] [stdout]     = note: for more information, see issue #79813 <https://github.com/rust-lang/rust/issues/79813>
[INFO] [stdout]     = note: this warning originates in the macro `bail` (in Nightly builds, run with -Z macro-backtrace for more info)
[INFO] [stdout] 
[INFO] [stdout] 
[INFO] [stderr]     Finished `release` profile [optimized] target(s) in 22.23s
[INFO] [stderr] warning: the following packages contain code that will be rejected by a future version of Rust: vade-cli v0.1.1 (/opt/rustwide/workdir)
[INFO] [stderr] note: to see what the problems were, use the option `--future-incompat-report`, or run `cargo report future-incompatibilities --id 3`
[INFO] running `Command { std: "docker" "inspect" "ac3f7220a1d40f2972d5cd779d2ebdedf4ce8b5c0dc2268bc1a216113302ede3", kill_on_drop: false }`
[INFO] running `Command { std: "docker" "exec" "-e" "SOURCE_DIR=/opt/rustwide/workdir" "-e" "CARGO_HOME=/opt/rustwide/cargo-home" "-e" "RUSTUP_HOME=/opt/rustwide/rustup-home" "-e" "CARGO_TARGET_DIR=/opt/rustwide/target" "-e" "CARGO_INCREMENTAL=0" "-e" "RUST_BACKTRACE=full" "-e" "RUSTFLAGS=--cap-lints=warn" "-e" "RUSTDOCFLAGS=--cap-lints=warn" "-w" "/opt/rustwide/workdir" "--user" "0:0" "ac3f7220a1d40f2972d5cd779d2ebdedf4ce8b5c0dc2268bc1a216113302ede3" "/opt/rustwide/cargo-home/bin/cargo" "+1.100.0-beta.1" "test" "--frozen" "--no-run" "--message-format=json" "--release", kill_on_drop: false }`
[INFO] [stderr]    Compiling memchr v2.8.2
[INFO] [stderr]    Compiling rustix v1.1.4
[INFO] [stderr]    Compiling getrandom v0.4.3
[INFO] [stderr]    Compiling console v0.16.3
[INFO] [stderr]    Compiling similar v2.7.0
[INFO] [stderr]    Compiling object v0.37.3
[INFO] [stderr]    Compiling aho-corasick v1.1.4
[INFO] [stderr]    Compiling vte v0.14.1
[INFO] [stderr]    Compiling serde_json v1.0.150
[INFO] [stderr]    Compiling strip-ansi-escapes v0.2.1
[INFO] [stderr]    Compiling regex-automata v0.4.14
[INFO] [stderr]    Compiling terminal_size v0.4.4
[INFO] [stderr]    Compiling tempfile v3.27.0
[INFO] [stderr]    Compiling backtrace v0.3.76
[INFO] [stderr]    Compiling backtrace-ext v0.2.1
[INFO] [stderr]    Compiling regex v1.12.4
[INFO] [stderr]    Compiling miette v7.6.0
[INFO] [stderr]    Compiling insta v1.48.0
[INFO] [stderr]    Compiling vade-cli v0.1.1 (/opt/rustwide/workdir)
[INFO] [stdout] warning: trailing semicolon in macro used in expression position
[INFO] [stdout]    --> src/cli.rs:143:5
[INFO] [stdout]     |
[INFO] [stdout] 143 |     bail!(error)
[INFO] [stdout]     |     ^^^^^^^^^^^^
[INFO] [stdout]     |
[INFO] [stdout]     = note: macro invocations at the end of a block are treated as expressions
[INFO] [stdout]     = note: to ignore the value produced by the macro, add a semicolon after the invocation of `bail`
[INFO] [stdout]     = warning: this was previously accepted by the compiler but is being phased out; it will become a hard error in a future release!
[INFO] [stdout]     = note: for more information, see issue #79813 <https://github.com/rust-lang/rust/issues/79813>
[INFO] [stdout]     = note: `#[warn(semicolon_in_expressions_from_non_local_macros)]` (part of `#[warn(future_incompatible)]`) on by default
[INFO] [stdout]     = note: this warning originates in the macro `bail` (in Nightly builds, run with -Z macro-backtrace for more info)
[INFO] [stdout] 
[INFO] [stdout] 
[INFO] [stdout] warning: trailing semicolon in macro used in expression position
[INFO] [stdout]    --> src/cli.rs:132:13
[INFO] [stdout]     |
[INFO] [stdout] 132 |             bail!(error)
[INFO] [stdout]     |             ^^^^^^^^^^^^
[INFO] [stdout]     |
[INFO] [stdout]     = note: macro invocations at the end of a block are treated as expressions
[INFO] [stdout]     = note: to ignore the value produced by the macro, add a semicolon after the invocation of `bail`
[INFO] [stdout]     = warning: this was previously accepted by the compiler but is being phased out; it will become a hard error in a future release!
[INFO] [stdout]     = note: for more information, see issue #79813 <https://github.com/rust-lang/rust/issues/79813>
[INFO] [stdout]     = note: this warning originates in the macro `bail` (in Nightly builds, run with -Z macro-backtrace for more info)
[INFO] [stdout] 
[INFO] [stdout] 
[INFO] [stdout] warning: trailing semicolon in macro used in expression position
[INFO] [stdout]    --> src/cli.rs:138:13
[INFO] [stdout]     |
[INFO] [stdout] 138 |             bail!(error)
[INFO] [stdout]     |             ^^^^^^^^^^^^
[INFO] [stdout]     |
[INFO] [stdout]     = note: macro invocations at the end of a block are treated as expressions
[INFO] [stdout]     = note: to ignore the value produced by the macro, add a semicolon after the invocation of `bail`
[INFO] [stdout]     = warning: this was previously accepted by the compiler but is being phased out; it will become a hard error in a future release!
[INFO] [stdout]     = note: for more information, see issue #79813 <https://github.com/rust-lang/rust/issues/79813>
[INFO] [stdout]     = note: this warning originates in the macro `bail` (in Nightly builds, run with -Z macro-backtrace for more info)
[INFO] [stdout] 
[INFO] [stdout] 
[INFO] [stdout] warning: trailing semicolon in macro used in expression position
[INFO] [stdout]    --> src/cli.rs:143:5
[INFO] [stdout]     |
[INFO] [stdout] 143 |     bail!(error)
[INFO] [stdout]     |     ^^^^^^^^^^^^
[INFO] [stdout]     |
[INFO] [stdout]     = note: macro invocations at the end of a block are treated as expressions
[INFO] [stdout]     = note: to ignore the value produced by the macro, add a semicolon after the invocation of `bail`
[INFO] [stdout]     = warning: this was previously accepted by the compiler but is being phased out; it will become a hard error in a future release!
[INFO] [stdout]     = note: for more information, see issue #79813 <https://github.com/rust-lang/rust/issues/79813>
[INFO] [stdout]     = note: `#[warn(semicolon_in_expressions_from_non_local_macros)]` (part of `#[warn(future_incompatible)]`) on by default
[INFO] [stdout]     = note: this warning originates in the macro `bail` (in Nightly builds, run with -Z macro-backtrace for more info)
[INFO] [stdout] 
[INFO] [stdout] 
[INFO] [stdout] warning: trailing semicolon in macro used in expression position
[INFO] [stdout]    --> src/cli.rs:132:13
[INFO] [stdout]     |
[INFO] [stdout] 132 |             bail!(error)
[INFO] [stdout]     |             ^^^^^^^^^^^^
[INFO] [stdout]     |
[INFO] [stdout]     = note: macro invocations at the end of a block are treated as expressions
[INFO] [stdout]     = note: to ignore the value produced by the macro, add a semicolon after the invocation of `bail`
[INFO] [stdout]     = warning: this was previously accepted by the compiler but is being phased out; it will become a hard error in a future release!
[INFO] [stdout]     = note: for more information, see issue #79813 <https://github.com/rust-lang/rust/issues/79813>
[INFO] [stdout]     = note: this warning originates in the macro `bail` (in Nightly builds, run with -Z macro-backtrace for more info)
[INFO] [stdout] 
[INFO] [stdout] 
[INFO] [stdout] warning: trailing semicolon in macro used in expression position
[INFO] [stdout]    --> src/cli.rs:138:13
[INFO] [stdout]     |
[INFO] [stdout] 138 |             bail!(error)
[INFO] [stdout]     |             ^^^^^^^^^^^^
[INFO] [stdout]     |
[INFO] [stdout]     = note: macro invocations at the end of a block are treated as expressions
[INFO] [stdout]     = note: to ignore the value produced by the macro, add a semicolon after the invocation of `bail`
[INFO] [stdout]     = warning: this was previously accepted by the compiler but is being phased out; it will become a hard error in a future release!
[INFO] [stdout]     = note: for more information, see issue #79813 <https://github.com/rust-lang/rust/issues/79813>
[INFO] [stdout]     = note: this warning originates in the macro `bail` (in Nightly builds, run with -Z macro-backtrace for more info)
[INFO] [stdout] 
[INFO] [stdout] 
[INFO] [stderr]     Finished `release` profile [optimized] target(s) in 30.73s
[INFO] [stderr] warning: the following packages contain code that will be rejected by a future version of Rust: vade-cli v0.1.1 (/opt/rustwide/workdir)
[INFO] [stderr] note: to see what the problems were, use the option `--future-incompat-report`, or run `cargo report future-incompatibilities --id 4`
[INFO] running `Command { std: "docker" "inspect" "ac3f7220a1d40f2972d5cd779d2ebdedf4ce8b5c0dc2268bc1a216113302ede3", kill_on_drop: false }`
[INFO] running `Command { std: "docker" "exec" "-e" "SOURCE_DIR=/opt/rustwide/workdir" "-e" "CARGO_HOME=/opt/rustwide/cargo-home" "-e" "RUSTUP_HOME=/opt/rustwide/rustup-home" "-e" "CARGO_TARGET_DIR=/opt/rustwide/target" "-e" "CARGO_INCREMENTAL=0" "-e" "RUST_BACKTRACE=full" "-e" "RUSTFLAGS=--cap-lints=warn" "-e" "RUSTDOCFLAGS=--cap-lints=warn" "-w" "/opt/rustwide/workdir" "--user" "0:0" "ac3f7220a1d40f2972d5cd779d2ebdedf4ce8b5c0dc2268bc1a216113302ede3" "/opt/rustwide/cargo-home/bin/cargo" "+1.100.0-beta.1" "test" "--frozen" "--release", kill_on_drop: false }`
[INFO] [stderr] warning: trailing semicolon in macro used in expression position
[INFO] [stderr]    --> src/cli.rs:143:5
[INFO] [stderr]     |
[INFO] [stderr] 143 |     bail!(error)
[INFO] [stderr]     |     ^^^^^^^^^^^^
[INFO] [stderr]     |
[INFO] [stderr]     = note: macro invocations at the end of a block are treated as expressions
[INFO] [stderr]     = note: to ignore the value produced by the macro, add a semicolon after the invocation of `bail`
[INFO] [stderr]     = warning: this was previously accepted by the compiler but is being phased out; it will become a hard error in a future release!
[INFO] [stderr]     = note: for more information, see issue #79813 <https://github.com/rust-lang/rust/issues/79813>
[INFO] [stderr]     = note: `#[warn(semicolon_in_expressions_from_non_local_macros)]` (part of `#[warn(future_incompatible)]`) on by default
[INFO] [stderr]     = note: this warning originates in the macro `bail` (in Nightly builds, run with -Z macro-backtrace for more info)
[INFO] [stderr] 
[INFO] [stderr] warning: trailing semicolon in macro used in expression position
[INFO] [stderr]    --> src/cli.rs:132:13
[INFO] [stderr]     |
[INFO] [stderr] 132 |             bail!(error)
[INFO] [stderr]     |             ^^^^^^^^^^^^
[INFO] [stderr]     |
[INFO] [stderr]     = note: macro invocations at the end of a block are treated as expressions
[INFO] [stderr]     = note: to ignore the value produced by the macro, add a semicolon after the invocation of `bail`
[INFO] [stderr]     = warning: this was previously accepted by the compiler but is being phased out; it will become a hard error in a future release!
[INFO] [stderr]     = note: for more information, see issue #79813 <https://github.com/rust-lang/rust/issues/79813>
[INFO] [stderr]     = note: this warning originates in the macro `bail` (in Nightly builds, run with -Z macro-backtrace for more info)
[INFO] [stderr] 
[INFO] [stderr] warning: trailing semicolon in macro used in expression position
[INFO] [stderr]    --> src/cli.rs:138:13
[INFO] [stderr]     |
[INFO] [stderr] 138 |             bail!(error)
[INFO] [stderr]     |             ^^^^^^^^^^^^
[INFO] [stderr]     |
[INFO] [stderr]     = note: macro invocations at the end of a block are treated as expressions
[INFO] [stderr]     = note: to ignore the value produced by the macro, add a semicolon after the invocation of `bail`
[INFO] [stderr]     = warning: this was previously accepted by the compiler but is being phased out; it will become a hard error in a future release!
[INFO] [stderr]     = note: for more information, see issue #79813 <https://github.com/rust-lang/rust/issues/79813>
[INFO] [stderr]     = note: this warning originates in the macro `bail` (in Nightly builds, run with -Z macro-backtrace for more info)
[INFO] [stderr] 
[INFO] [stderr] warning: `vade-cli` (bin "vade") generated 3 warnings
[INFO] [stderr] warning: `vade-cli` (bin "vade" test) generated 3 warnings (3 duplicates)
[INFO] [stderr]     Finished `release` profile [optimized] target(s) in 0.10s
[INFO] [stderr] warning: the following packages contain code that will be rejected by a future version of Rust: vade-cli v0.1.1 (/opt/rustwide/workdir)
[INFO] [stderr] note: to see what the problems were, use the option `--future-incompat-report`, or run `cargo report future-incompatibilities --id 4`
[INFO] [stderr]      Running unittests src/main.rs (/opt/rustwide/target/release/build/vade-cli/9692816a9dfde698/out/vade-9692816a9dfde698)
[INFO] [stdout] 
[INFO] [stdout] running 17 tests
[INFO] [stdout] test app_name::tests::test_invalid ... ok
[INFO] [stdout] test cli::tests::parses_caddyfile_domains ... ok
[INFO] [stdout] test app_name::tests::test_valid ... ok
[INFO] [stdout] test templating::tests::test_missing_user_var_hint ... ok
[INFO] [stdout] test config::tests::test_load_minimal ... ok
[INFO] [stdout] test config::tests::test_load_single_unit ... ok
[INFO] [stdout] test config::tests::test_load_two_units ... ok
[INFO] [stdout] test cli::tests::parses_systemd_exec_start ... ok
[INFO] [stdout] test config::tests::test_load_allows_units_differing_by_suffix ... ok
[INFO] [stdout] test cli::tests::value_may_contain_equals_sign ... ok
[INFO] [stdout] test cli::tests::rejects_empty_variable_name ... ok
[INFO] [stdout] test templating::tests::test_render_deploy_full ... ok
[INFO] [stdout] test templating::tests::test_render_deploy_minimal ... ok
[INFO] [stdout] test cli::tests::rejects_invalid_index ... ok
[INFO] [stdout] test util::tests::test_path_resolver_relative ... ok
[INFO] [stdout] test app_name::tests::test_empty ... ok
[INFO] [stdout] test util::tests::test_path_resolver_absolute ... ok
[INFO] [stdout] 
[INFO] [stdout] test result: ok. 17 passed; 0 failed; 0 ignored; 0 measured; 0 filtered out; finished in 0.01s
[INFO] [stdout] 
[INFO] [stderr]      Running tests/examples.rs (/opt/rustwide/target/release/build/vade-cli/9fe232d58ce46276/out/examples-9fe232d58ce46276)
[INFO] [stdout] 
[INFO] [stdout] running 17 tests
[INFO] [stdout] test run_create ... ok
[INFO] [stdout] test deploy_applies_var_overrides ... FAILED
[INFO] [stdout] test examples_run_deploy ... FAILED
[INFO] [stdout] test run_server_setup ... ok
[INFO] [stdout] test deploy_with_invalid_inline_template_raises_error ... ok
[INFO] [stdout] test deploy_file_template_with_missing_var_raises_error ... ok
[INFO] [stdout] test deploy_builtin_with_missing_var_raises_error ... ok
[INFO] [stdout] test deploy_file_with_non_existing_template_raises_error ... ok
[INFO] [stdout] test deploy_with_multiple_issues_raises_error ... ok
[INFO] [stdout] test deploy_with_invalid_user_string_in_vade_toml_raises_error ... ok
[INFO] [stdout] test deploy_with_bad_toml_raises_error ... ok
[INFO] [stdout] test deploy_with_duplicate_unit_filenames_raises_error ... ok
[INFO] [stdout] test deploy_rejects_var_for_missing_config ... ok
[INFO] [stdout] test deploy_builtin_with_non_existing_name_raises_error ... ok
[INFO] [stdout] test deploy_rejects_malformed_overrides ... ok
[INFO] [stderr] error: test failed, to rerun pass `--test examples`
[INFO] [stdout] test deploy_with_invalid_user_string_in_cli_flag_raises_error ... FAILED
[INFO] [stdout] test deploy_with_invalid_artifacts_not_found_raises_error ... FAILED
[INFO] [stdout] 
[INFO] [stdout] failures:
[INFO] [stdout] 
[INFO] [stdout] ---- deploy_applies_var_overrides stdout ----
[INFO] [stdout] 
[INFO] [stdout] thread 'deploy_applies_var_overrides' (1135) panicked at tests/examples.rs:396:5:
[INFO] [stdout] `vade deploy test-app --config /opt/rustwide/workdir/examples/goatcounter/vade.toml --out-dir /opt/rustwide/target/tmp/override-deploy --set caddyfile.vars.domains=["override.example.com"] --set systemd-unit[0].vars.exec_start="python3 /custom/main.py"` failed with status exit status: 1
[INFO] [stdout] --- stdout ---
[INFO] [stdout] 
[INFO] [stdout] --- stderr ---
[INFO] [stdout] Error:   × failed to locate artifacts
[INFO] [stdout]    ╭─[/opt/rustwide/workdir/examples/goatcounter/vade.toml:2:9]
[INFO] [stdout]  1 │ [artifacts]
[INFO] [stdout]  2 │ path = "artifacts"
[INFO] [stdout]    ·         ────┬────
[INFO] [stdout]    ·             ╰── the provided path does not exist or is not a directory
[INFO] [stdout]  3 │ 
[INFO] [stdout]    ╰────
[INFO] [stdout]   help: the artifacts path resolved to `/opt/rustwide/workdir/examples/
[INFO] [stdout]         goatcounter/artifacts`
[INFO] [stdout] 
[INFO] [stdout] 
[INFO] [stdout] stack backtrace:
[INFO] [stdout]    0:     0x5dcf15171a51 - <<std[617be2ca0a6fd877]::sys::backtrace::BacktraceLock>::print::DisplayBacktrace as core[a373ad73a504971]::fmt::Display>::fmt
[INFO] [stdout]    1:     0x5dcf15189aea - core[a373ad73a504971]::fmt::write
[INFO] [stdout]    2:     0x5dcf151761dc - <alloc[2e1b2a31b91974c5]::vec::Vec<u8> as core[a373ad73a504971]::io::write::Write>::write_fmt
[INFO] [stdout]    3:     0x5dcf1514abf6 - std[617be2ca0a6fd877]::panicking::default_hook::{closure#0}
[INFO] [stdout]    4:     0x5dcf15168b89 - std[617be2ca0a6fd877]::panicking::default_hook
[INFO] [stdout]    5:     0x5dcf15102aa0 - test[aada8e7e76ba119b]::test_main_inner::{closure#0}
[INFO] [stdout]    6:     0x5dcf15168d42 - std[617be2ca0a6fd877]::panicking::panic_with_hook
[INFO] [stdout]    7:     0x5dcf1514aca2 - std[617be2ca0a6fd877]::panicking::panic_handler::{closure#0}
[INFO] [stdout]    8:     0x5dcf151434d9 - std[617be2ca0a6fd877]::sys::backtrace::__rust_end_short_backtrace::<std[617be2ca0a6fd877]::panicking::panic_handler::{closure#0}, !>
[INFO] [stdout]    9:     0x5dcf1514b94d - __rustc[ea4f61d10b84890b]::rust_begin_unwind
[INFO] [stdout]   10:     0x5dcf1518a2cc - core[a373ad73a504971]::panicking::panic_fmt
[INFO] [stdout]   11:     0x5dcf14fb536f - examples[3446e8a6b2bb341d]::run_vade
[INFO] [stdout]   12:     0x5dcf14fb6e47 - <examples[3446e8a6b2bb341d]::deploy_applies_var_overrides::{closure#0} as core[a373ad73a504971]::ops::function::FnOnce<()>>::call_once
[INFO] [stdout]   13:     0x5dcf150f5eeb - test[aada8e7e76ba119b]::__rust_begin_short_backtrace::<core[a373ad73a504971]::result::Result<(), alloc[2e1b2a31b91974c5]::string::String>, fn() -> core[a373ad73a504971]::result::Result<(), alloc[2e1b2a31b91974c5]::string::String>>
[INFO] [stdout]   14:     0x5dcf151030c5 - test[aada8e7e76ba119b]::run_test::{closure#0}
[INFO] [stdout]   15:     0x5dcf150fc9b4 - std[617be2ca0a6fd877]::sys::backtrace::__rust_begin_short_backtrace::<test[aada8e7e76ba119b]::run_test::{closure#1}, ()>
[INFO] [stdout]   16:     0x5dcf15106152 - <std[617be2ca0a6fd877]::thread::lifecycle::spawn_unchecked<test[aada8e7e76ba119b]::run_test::{closure#1}, ()>::{closure#1} as core[a373ad73a504971]::ops::function::FnOnce<()>>::call_once::{shim:vtable#0}
[INFO] [stdout]   17:     0x5dcf15170a2f - <std[617be2ca0a6fd877]::sys::thread::unix::Thread>::new::thread_start
[INFO] [stdout]   18:     0x79c62b61adfa - <unknown>
[INFO] [stdout]   19:     0x79c62b6ae3d4 - clone
[INFO] [stdout]   20:                0x0 - <unknown>
[INFO] [stdout] 
[INFO] [stdout] ---- examples_run_deploy stdout ----
[INFO] [stdout] 
[INFO] [stdout] thread 'examples_run_deploy' (1149) panicked at tests/examples.rs:396:5:
[INFO] [stdout] `vade deploy test-app --config /opt/rustwide/workdir/examples/goatcounter/vade.toml --out-dir /opt/rustwide/target/tmp/goatcounter-deploy` failed with status exit status: 1
[INFO] [stdout] --- stdout ---
[INFO] [stdout] 
[INFO] [stdout] --- stderr ---
[INFO] [stdout] Error:   × failed to locate artifacts
[INFO] [stdout]    ╭─[/opt/rustwide/workdir/examples/goatcounter/vade.toml:2:9]
[INFO] [stdout]  1 │ [artifacts]
[INFO] [stdout]  2 │ path = "artifacts"
[INFO] [stdout]    ·         ────┬────
[INFO] [stdout]    ·             ╰── the provided path does not exist or is not a directory
[INFO] [stdout]  3 │ 
[INFO] [stdout]    ╰────
[INFO] [stdout]   help: the artifacts path resolved to `/opt/rustwide/workdir/examples/
[INFO] [stdout]         goatcounter/artifacts`
[INFO] [stdout] 
[INFO] [stdout] 
[INFO] [stdout] stack backtrace:
[INFO] [stdout]    0:     0x5dcf15171a51 - <<std[617be2ca0a6fd877]::sys::backtrace::BacktraceLock>::print::DisplayBacktrace as core[a373ad73a504971]::fmt::Display>::fmt
[INFO] [stdout]    1:     0x5dcf15189aea - core[a373ad73a504971]::fmt::write
[INFO] [stdout]    2:     0x5dcf151761dc - <alloc[2e1b2a31b91974c5]::vec::Vec<u8> as core[a373ad73a504971]::io::write::Write>::write_fmt
[INFO] [stdout]    3:     0x5dcf1514abf6 - std[617be2ca0a6fd877]::panicking::default_hook::{closure#0}
[INFO] [stdout]    4:     0x5dcf15168b89 - std[617be2ca0a6fd877]::panicking::default_hook
[INFO] [stdout]    5:     0x5dcf15102aa0 - test[aada8e7e76ba119b]::test_main_inner::{closure#0}
[INFO] [stdout]    6:     0x5dcf15168d42 - std[617be2ca0a6fd877]::panicking::panic_with_hook
[INFO] [stdout]    7:     0x5dcf1514aca2 - std[617be2ca0a6fd877]::panicking::panic_handler::{closure#0}
[INFO] [stdout]    8:     0x5dcf151434d9 - std[617be2ca0a6fd877]::sys::backtrace::__rust_end_short_backtrace::<std[617be2ca0a6fd877]::panicking::panic_handler::{closure#0}, !>
[INFO] [stdout]    9:     0x5dcf1514b94d - __rustc[ea4f61d10b84890b]::rust_begin_unwind
[INFO] [stdout]   10:     0x5dcf1518a2cc - core[a373ad73a504971]::panicking::panic_fmt
[INFO] [stdout]   11:     0x5dcf14fb536f - examples[3446e8a6b2bb341d]::run_vade
[INFO] [stdout]   12:     0x5dcf14fb67aa - <examples[3446e8a6b2bb341d]::examples_run_deploy::{closure#0} as core[a373ad73a504971]::ops::function::FnOnce<()>>::call_once
[INFO] [stdout]   13:     0x5dcf150f5eeb - test[aada8e7e76ba119b]::__rust_begin_short_backtrace::<core[a373ad73a504971]::result::Result<(), alloc[2e1b2a31b91974c5]::string::String>, fn() -> core[a373ad73a504971]::result::Result<(), alloc[2e1b2a31b91974c5]::string::String>>
[INFO] [stdout]   14:     0x5dcf151030c5 - test[aada8e7e76ba119b]::run_test::{closure#0}
[INFO] [stdout]   15:     0x5dcf150fc9b4 - std[617be2ca0a6fd877]::sys::backtrace::__rust_begin_short_backtrace::<test[aada8e7e76ba119b]::run_test::{closure#1}, ()>
[INFO] [stdout]   16:     0x5dcf15106152 - <std[617be2ca0a6fd877]::thread::lifecycle::spawn_unchecked<test[aada8e7e76ba119b]::run_test::{closure#1}, ()>::{closure#1} as core[a373ad73a504971]::ops::function::FnOnce<()>>::call_once::{shim:vtable#0}
[INFO] [stdout]   17:     0x5dcf15170a2f - <std[617be2ca0a6fd877]::sys::thread::unix::Thread>::new::thread_start
[INFO] [stdout]   18:     0x79c62b61adfa - <unknown>
[INFO] [stdout]   19:     0x79c62b6ae3d4 - clone
[INFO] [stdout]   20:                0x0 - <unknown>
[INFO] [stdout] 
[INFO] [stdout] ---- deploy_with_invalid_user_string_in_cli_flag_raises_error stdout ----
[INFO] [stdout] ━━━━━━━━━━━━━━━━━━━━━━━━━━━━━━━ Snapshot Summary ━━━━━━━━━━━━━━━━━━━━━━━━━━━━━━━
[INFO] [stdout] Snapshot: deploy_with_invalid_user_string_in_cli_flag_raises_error
[INFO] [stdout] Source: tests/examples.rs:347
[INFO] [stdout] ────────────────────────────────────────────────────────────────────────────────
[INFO] [stdout] Expression: stderr
[INFO] [stdout] ────────────────────────────────────────────────────────────────────────────────
[INFO] [stdout] -old snapshot
[INFO] [stdout] +new results
[INFO] [stdout] ────────────┬───────────────────────────────────────────────────────────────────
[INFO] [stdout]     1       │-Error:   × failed to render user-provided string
[INFO] [stdout]     2       │-   ╭────
[INFO] [stdout]     3       │- 1 │ hello {{ vars.world }}
[INFO] [stdout]     4       │-   ·          ─────┬────
[INFO] [stdout]     5       │-   ·               ╰── undefined value
[INFO] [stdout]           1 │+Error:   × failed to locate artifacts
[INFO] [stdout]           2 │+   ╭─[examples/goatcounter/vade.toml:2:9]
[INFO] [stdout]           3 │+ 1 │ [artifacts]
[INFO] [stdout]           4 │+ 2 │ path = "artifacts"
[INFO] [stdout]           5 │+   ·         ────┬────
[INFO] [stdout]           6 │+   ·             ╰── the provided path does not exist or is not a directory
[INFO] [stdout]           7 │+ 3 │ 
[INFO] [stdout]     6     8 │    ╰────
[INFO] [stdout]     7       │-  help: 1. this template string was assigned to `systemd-
[INFO] [stdout]     8       │-        unit[0].vars.exec_start` through the `--set` flag
[INFO] [stdout]     9       │-        2. `world` is a user-defined variable. Declare it in your `vade.toml`
[INFO] [stdout]    10       │-        file under the relevant template's `vars`, e.g. `vars = { world
[INFO] [stdout]    11       │-        = ... }`, or inject it through the CLI using the `--set` option.
[INFO] [stdout]           9 │+  help: the artifacts path resolved to `<REPO_ROOT>/examples/
[INFO] [stdout]          10 │+        goatcounter/artifacts`
[INFO] [stdout] ────────────┴───────────────────────────────────────────────────────────────────
[INFO] [stdout] 
[INFO] [stdout] thread 'deploy_with_invalid_user_string_in_cli_flag_raises_error' (1146) panicked at tests/examples.rs:347:5:
[INFO] [stdout] called `Result::unwrap()` on an `Err` value: Os { code: 30, kind: ReadOnlyFilesystem, message: "Read-only file system" }
[INFO] [stdout] stack backtrace:
[INFO] [stdout]    0:     0x5dcf15171a51 - <<std[617be2ca0a6fd877]::sys::backtrace::BacktraceLock>::print::DisplayBacktrace as core[a373ad73a504971]::fmt::Display>::fmt
[INFO] [stdout]    1:     0x5dcf15189aea - core[a373ad73a504971]::fmt::write
[INFO] [stdout]    2:     0x5dcf151761dc - <alloc[2e1b2a31b91974c5]::vec::Vec<u8> as core[a373ad73a504971]::io::write::Write>::write_fmt
[INFO] [stdout]    3:     0x5dcf1514abf6 - std[617be2ca0a6fd877]::panicking::default_hook::{closure#0}
[INFO] [stdout]    4:     0x5dcf15168b89 - std[617be2ca0a6fd877]::panicking::default_hook
[INFO] [stdout]    5:     0x5dcf15102aa0 - test[aada8e7e76ba119b]::test_main_inner::{closure#0}
[INFO] [stdout]    6:     0x5dcf15168d42 - std[617be2ca0a6fd877]::panicking::panic_with_hook
[INFO] [stdout]    7:     0x5dcf1514aca2 - std[617be2ca0a6fd877]::panicking::panic_handler::{closure#0}
[INFO] [stdout]    8:     0x5dcf151434d9 - std[617be2ca0a6fd877]::sys::backtrace::__rust_end_short_backtrace::<std[617be2ca0a6fd877]::panicking::panic_handler::{closure#0}, !>
[INFO] [stdout]    9:     0x5dcf1514b94d - __rustc[ea4f61d10b84890b]::rust_begin_unwind
[INFO] [stdout]   10:     0x5dcf1518a2cc - core[a373ad73a504971]::panicking::panic_fmt
[INFO] [stdout]   11:     0x5dcf1518a0a2 - core[a373ad73a504971]::result::unwrap_failed
[INFO] [stdout]   12:     0x5dcf14fb9039 - <examples[3446e8a6b2bb341d]::deploy_with_invalid_user_string_in_cli_flag_raises_error::{closure#0} as core[a373ad73a504971]::ops::function::FnOnce<()>>::call_once
[INFO] [stdout]   13:     0x5dcf150f5eeb - test[aada8e7e76ba119b]::__rust_begin_short_backtrace::<core[a373ad73a504971]::result::Result<(), alloc[2e1b2a31b91974c5]::string::String>, fn() -> core[a373ad73a504971]::result::Result<(), alloc[2e1b2a31b91974c5]::string::String>>
[INFO] [stdout]   14:     0x5dcf151030c5 - test[aada8e7e76ba119b]::run_test::{closure#0}
[INFO] [stdout]   15:     0x5dcf150fc9b4 - std[617be2ca0a6fd877]::sys::backtrace::__rust_begin_short_backtrace::<test[aada8e7e76ba119b]::run_test::{closure#1}, ()>
[INFO] [stdout]   16:     0x5dcf15106152 - <std[617be2ca0a6fd877]::thread::lifecycle::spawn_unchecked<test[aada8e7e76ba119b]::run_test::{closure#1}, ()>::{closure#1} as core[a373ad73a504971]::ops::function::FnOnce<()>>::call_once::{shim:vtable#0}
[INFO] [stdout]   17:     0x5dcf15170a2f - <std[617be2ca0a6fd877]::sys::thread::unix::Thread>::new::thread_start
[INFO] [stdout]   18:     0x79c62b61adfa - <unknown>
[INFO] [stdout]   19:     0x79c62b6ae3d4 - clone
[INFO] [stdout]   20:                0x0 - <unknown>
[INFO] [stdout] 
[INFO] [stdout] ---- deploy_with_invalid_artifacts_not_found_raises_error stdout ----
[INFO] [stdout] ━━━━━━━━━━━━━━━━━━━━━━━━━━━━━━━ Snapshot Summary ━━━━━━━━━━━━━━━━━━━━━━━━━━━━━━━
[INFO] [stdout] Snapshot: deploy_with_invalid_artifacts_not_found_raises_error
[INFO] [stdout] Source: tests/examples.rs:213
[INFO] [stdout] ────────────────────────────────────────────────────────────────────────────────
[INFO] [stdout] Expression: stderr
[INFO] [stdout] ────────────────────────────────────────────────────────────────────────────────
[INFO] [stdout] -old snapshot
[INFO] [stdout] +new results
[INFO] [stdout] ────────────┬───────────────────────────────────────────────────────────────────
[INFO] [stdout]     4     4 │  2 │ path = "nothing-here"
[INFO] [stdout]     5     5 │    ·         ──────┬─────
[INFO] [stdout]     6     6 │    ·               ╰── the provided path does not exist or is not a directory
[INFO] [stdout]     7     7 │    ╰────
[INFO] [stdout]     8       │-  help: the artifacts path resolved to `<REPO_ROOT>/tests/
[INFO] [stdout]     9       │-        resources/nothing-here`
[INFO] [stdout]           8 │+  help: the artifacts path resolved to `<REPO_ROOT>/tests/resources/
[INFO] [stdout]           9 │+        nothing-here`
[INFO] [stdout] ────────────┴───────────────────────────────────────────────────────────────────
[INFO] [stdout] 
[INFO] [stdout] thread 'deploy_with_invalid_artifacts_not_found_raises_error' (1144) panicked at tests/examples.rs:213:5:
[INFO] [stdout] called `Result::unwrap()` on an `Err` value: Os { code: 30, kind: ReadOnlyFilesystem, message: "Read-only file system" }
[INFO] [stdout] stack backtrace:
[INFO] [stdout]    0:     0x5dcf15171a51 - <<std[617be2ca0a6fd877]::sys::backtrace::BacktraceLock>::print::DisplayBacktrace as core[a373ad73a504971]::fmt::Display>::fmt
[INFO] [stdout]    1:     0x5dcf15189aea - core[a373ad73a504971]::fmt::write
[INFO] [stdout]    2:     0x5dcf151761dc - <alloc[2e1b2a31b91974c5]::vec::Vec<u8> as core[a373ad73a504971]::io::write::Write>::write_fmt
[INFO] [stdout]    3:     0x5dcf1514abf6 - std[617be2ca0a6fd877]::panicking::default_hook::{closure#0}
[INFO] [stdout]    4:     0x5dcf15168b89 - std[617be2ca0a6fd877]::panicking::default_hook
[INFO] [stdout]    5:     0x5dcf15102aa0 - test[aada8e7e76ba119b]::test_main_inner::{closure#0}
[INFO] [stdout]    6:     0x5dcf15168d42 - std[617be2ca0a6fd877]::panicking::panic_with_hook
[INFO] [stdout]    7:     0x5dcf1514aca2 - std[617be2ca0a6fd877]::panicking::panic_handler::{closure#0}
[INFO] [stdout]    8:     0x5dcf151434d9 - std[617be2ca0a6fd877]::sys::backtrace::__rust_end_short_backtrace::<std[617be2ca0a6fd877]::panicking::panic_handler::{closure#0}, !>
[INFO] [stdout]    9:     0x5dcf1514b94d - __rustc[ea4f61d10b84890b]::rust_begin_unwind
[INFO] [stdout]   10:     0x5dcf1518a2cc - core[a373ad73a504971]::panicking::panic_fmt
[INFO] [stdout]   11:     0x5dcf1518a0a2 - core[a373ad73a504971]::result::unwrap_failed
[INFO] [stdout]   12:     0x5dcf14fb8e24 - <examples[3446e8a6b2bb341d]::deploy_with_invalid_artifacts_not_found_raises_error::{closure#0} as core[a373ad73a504971]::ops::function::FnOnce<()>>::call_once
[INFO] [stdout]   13:     0x5dcf150f5eeb - test[aada8e7e76ba119b]::__rust_begin_short_backtrace::<core[a373ad73a504971]::result::Result<(), alloc[2e1b2a31b91974c5]::string::String>, fn() -> core[a373ad73a504971]::result::Result<(), alloc[2e1b2a31b91974c5]::string::String>>
[INFO] [stdout]   14:     0x5dcf151030c5 - test[aada8e7e76ba119b]::run_test::{closure#0}
[INFO] [stdout]   15:     0x5dcf150fc9b4 - std[617be2ca0a6fd877]::sys::backtrace::__rust_begin_short_backtrace::<test[aada8e7e76ba119b]::run_test::{closure#1}, ()>
[INFO] [stdout]   16:     0x5dcf15106152 - <std[617be2ca0a6fd877]::thread::lifecycle::spawn_unchecked<test[aada8e7e76ba119b]::run_test::{closure#1}, ()>::{closure#1} as core[a373ad73a504971]::ops::function::FnOnce<()>>::call_once::{shim:vtable#0}
[INFO] [stdout]   17:     0x5dcf15170a2f - <std[617be2ca0a6fd877]::sys::thread::unix::Thread>::new::thread_start
[INFO] [stdout]   18:     0x79c62b61adfa - <unknown>
[INFO] [stdout]   19:     0x79c62b6ae3d4 - clone
[INFO] [stdout]   20:                0x0 - <unknown>
[INFO] [stdout] 
[INFO] [stdout] 
[INFO] [stdout] failures:
[INFO] [stdout]     deploy_applies_var_overrides
[INFO] [stdout]     deploy_with_invalid_artifacts_not_found_raises_error
[INFO] [stdout]     deploy_with_invalid_user_string_in_cli_flag_raises_error
[INFO] [stdout]     examples_run_deploy
[INFO] [stdout] 
[INFO] [stdout] test result: FAILED. 13 passed; 4 failed; 0 ignored; 0 measured; 0 filtered out; finished in 0.40s
[INFO] [stdout] 
[INFO] running `Command { std: "docker" "inspect" "ac3f7220a1d40f2972d5cd779d2ebdedf4ce8b5c0dc2268bc1a216113302ede3", kill_on_drop: false }`
[INFO] running `Command { std: "docker" "rm" "-f" "ac3f7220a1d40f2972d5cd779d2ebdedf4ce8b5c0dc2268bc1a216113302ede3", kill_on_drop: false }`
[INFO] [stdout] ac3f7220a1d40f2972d5cd779d2ebdedf4ce8b5c0dc2268bc1a216113302ede3
