[INFO] fetching crate vacc-vulkan-decode 0.1.2...
[INFO] testing vacc-vulkan-decode-0.1.2 against 1.100.0-beta.1+cargoflags=--release for beta-release-1.100-2
[INFO] extracting crate vacc-vulkan-decode 0.1.2 into /workspace/builds/worker-6-tc2/source
[INFO] started tweaking crates.io crate vacc-vulkan-decode 0.1.2
[INFO] removed 0 missing tests
[INFO] finished tweaking crates.io crate vacc-vulkan-decode 0.1.2
[INFO] tweaked toml for crates.io crate vacc-vulkan-decode 0.1.2 written to /workspace/builds/worker-6-tc2/source/Cargo.toml
[INFO] validating manifest of crates.io crate vacc-vulkan-decode 0.1.2 on toolchain 1.100.0-beta.1
[INFO] running `Command { std: CARGO_HOME="/workspace/cargo-home" RUSTUP_HOME="/workspace/rustup-home" "/workspace/cargo-home/bin/cargo" "+1.100.0-beta.1" "metadata" "--manifest-path" "Cargo.toml" "--no-deps", kill_on_drop: false }`
[INFO] crate crates.io crate vacc-vulkan-decode 0.1.2 already has a lockfile, it will not be regenerated
[INFO] running `Command { std: CARGO_HOME="/workspace/cargo-home" RUSTUP_HOME="/workspace/rustup-home" "/workspace/cargo-home/bin/cargo" "+1.100.0-beta.1" "fetch" "--manifest-path" "Cargo.toml", kill_on_drop: false }`
[INFO] running `Command { std: "docker" "create" "-v" "/var/lib/crater-agent-workspace/builds/worker-6-tc2/source:/opt/rustwide/workdir:ro,Z" "-v" "/var/lib/crater-agent-workspace/builds/worker-6-tc2/target:/opt/rustwide/target:rw,Z" "-v" "/var/lib/crater-agent-workspace/cargo-home:/opt/rustwide/cargo-home:ro,Z" "-v" "/var/lib/crater-agent-workspace/rustup-home:/opt/rustwide/rustup-home:ro,Z" "-m" "1610612736" "--network" "none" "ghcr.io/rust-lang/crates-build-env/linux@sha256:77db811e55d90add9212f6832c23229e3de5f1c1f9905e8cb07319ea15df73ac" "sleep" "infinity", kill_on_drop: false }`
[INFO] [stdout] a68fdc1c36d47ce8c3b5a2e6099d35ce8adcfeb6e5464f660c713cc0b95ed6ea
[INFO] running `Command { std: "docker" "start" "a68fdc1c36d47ce8c3b5a2e6099d35ce8adcfeb6e5464f660c713cc0b95ed6ea", kill_on_drop: false }`
[INFO] running `Command { std: "docker" "inspect" "a68fdc1c36d47ce8c3b5a2e6099d35ce8adcfeb6e5464f660c713cc0b95ed6ea", kill_on_drop: false }`
[INFO] running `Command { std: "docker" "exec" "-e" "SOURCE_DIR=/opt/rustwide/workdir" "-e" "CARGO_HOME=/opt/rustwide/cargo-home" "-e" "RUSTUP_HOME=/opt/rustwide/rustup-home" "-e" "CARGO_TARGET_DIR=/opt/rustwide/target" "-w" "/opt/rustwide/workdir" "--user" "0:0" "a68fdc1c36d47ce8c3b5a2e6099d35ce8adcfeb6e5464f660c713cc0b95ed6ea" "/opt/rustwide/cargo-home/bin/cargo" "+1.100.0-beta.1" "metadata" "--no-deps" "--format-version=1", kill_on_drop: false }`
[INFO] running `Command { std: "docker" "inspect" "a68fdc1c36d47ce8c3b5a2e6099d35ce8adcfeb6e5464f660c713cc0b95ed6ea", kill_on_drop: false }`
[INFO] running `Command { std: "docker" "exec" "-e" "SOURCE_DIR=/opt/rustwide/workdir" "-e" "CARGO_HOME=/opt/rustwide/cargo-home" "-e" "RUSTUP_HOME=/opt/rustwide/rustup-home" "-e" "CARGO_TARGET_DIR=/opt/rustwide/target" "-e" "CARGO_INCREMENTAL=0" "-e" "RUST_BACKTRACE=full" "-e" "RUSTFLAGS=--cap-lints=warn" "-e" "RUSTDOCFLAGS=--cap-lints=warn" "-w" "/opt/rustwide/workdir" "--user" "0:0" "a68fdc1c36d47ce8c3b5a2e6099d35ce8adcfeb6e5464f660c713cc0b95ed6ea" "/opt/rustwide/cargo-home/bin/cargo" "+1.100.0-beta.1" "build" "--frozen" "--message-format=json" "--release", kill_on_drop: false }`
[INFO] [stderr]    Compiling cfg_aliases v0.2.2
[INFO] [stderr]    Compiling thiserror v2.0.20
[INFO] [stderr]    Compiling libloading v0.8.9
[INFO] [stderr]    Compiling num-traits v0.2.19
[INFO] [stderr]    Compiling ash v0.38.0+1.3.281
[INFO] [stderr]    Compiling zerocopy v0.8.57
[INFO] [stderr]    Compiling syn v3.0.5
[INFO] [stderr]    Compiling syn v2.0.119
[INFO] [stderr]    Compiling naga v29.0.4
[INFO] [stderr]    Compiling bit-vec v0.9.1
[INFO] [stderr]    Compiling indexmap v2.14.2
[INFO] [stderr]    Compiling codespan-reporting v0.13.1
[INFO] [stderr]    Compiling wayland-sys v0.31.11
[INFO] [stderr]    Compiling spirv v0.4.0+sdk-1.4.341.0
[INFO] [stderr]    Compiling bit-set v0.9.1
[INFO] [stderr]    Compiling smallvec v1.16.1
[INFO] [stderr]    Compiling raw-window-handle v0.6.2
[INFO] [stderr]    Compiling rustc-hash v1.1.0
[INFO] [stderr]    Compiling arrayvec v0.7.8
[INFO] [stderr]    Compiling khronos-egl v6.0.0
[INFO] [stderr]    Compiling hexf-parse v0.2.1
[INFO] [stderr]    Compiling hashbrown v0.15.5
[INFO] [stderr]    Compiling parking_lot_core v0.9.12
[INFO] [stderr]    Compiling dlib v0.5.3
[INFO] [stderr]    Compiling wgpu-hal v29.0.4
[INFO] [stderr]    Compiling gpu-descriptor-types v0.2.0
[INFO] [stderr]    Compiling presser v0.3.1
[INFO] [stderr]    Compiling parking_lot v0.12.5
[INFO] [stderr]    Compiling gpu-descriptor v0.3.2
[INFO] [stderr]    Compiling ordered-float v5.5.0
[INFO] [stderr]    Compiling glow v0.17.0
[INFO] [stderr]    Compiling profiling v1.0.18
[INFO] [stderr]    Compiling renderdoc-sys v1.1.0
[INFO] [stderr]    Compiling cc v1.4.5
[INFO] [stderr]    Compiling wgpu-core v29.0.4
[INFO] [stderr]    Compiling four-cc v0.4.0
[INFO] [stderr]    Compiling syn v1.0.109
[INFO] [stderr]    Compiling mp4ra-rust v0.3.0
[INFO] [stderr]    Compiling wgpu v29.0.4
[INFO] [stderr]    Compiling mpeg4-audio-const v0.2.0
[INFO] [stderr]    Compiling thiserror-impl v2.0.20
[INFO] [stderr]    Compiling bytemuck_derive v1.12.0
[INFO] [stderr]    Compiling rfc6381-codec v0.2.0
[INFO] [stderr]    Compiling hex-slice v0.1.4
[INFO] [stderr]    Compiling bitstream-io v2.6.0
[INFO] [stderr]    Compiling h264-reader v0.8.0
[INFO] [stderr]    Compiling vk-mem v0.4.0
[INFO] [stderr]    Compiling gpu-video v0.4.0
[INFO] [stderr]    Compiling vk-video v0.3.1
[INFO] [stderr]    Compiling rustc-hash v2.1.3
[INFO] [stderr]    Compiling bytemuck v1.25.2
[INFO] [stderr]    Compiling wgpu-types v29.0.4
[INFO] [stderr]    Compiling zerocopy-derive v0.8.57
[INFO] [stderr]    Compiling tracing-attributes v0.1.31
[INFO] [stderr]    Compiling thiserror-impl v1.0.69
[INFO] [stderr]    Compiling thiserror v1.0.69
[INFO] [stderr]    Compiling derivative v2.2.0
[INFO] [stderr]    Compiling tracing v0.1.44
[INFO] [stderr]    Compiling half v2.7.1
[INFO] [stderr]    Compiling gpu-allocator v0.28.0
[INFO] [stderr]    Compiling vacc-core v0.1.2
[INFO] [stderr]    Compiling vacc-parser v0.1.2
[INFO] [stderr]    Compiling wgpu-naga-bridge v29.0.4
[INFO] [stderr]    Compiling wgpu-core-deps-windows-linux-android v29.0.4
[INFO] [stderr]    Compiling vacc-vulkan v0.1.2
[INFO] [stderr]    Compiling vacc-vulkan-decode v0.1.2 (/opt/rustwide/workdir)
[INFO] [stderr]     Finished `release` profile [optimized] target(s) in 4m 11s
[INFO] running `Command { std: "docker" "inspect" "a68fdc1c36d47ce8c3b5a2e6099d35ce8adcfeb6e5464f660c713cc0b95ed6ea", kill_on_drop: false }`
[INFO] running `Command { std: "docker" "exec" "-e" "SOURCE_DIR=/opt/rustwide/workdir" "-e" "CARGO_HOME=/opt/rustwide/cargo-home" "-e" "RUSTUP_HOME=/opt/rustwide/rustup-home" "-e" "CARGO_TARGET_DIR=/opt/rustwide/target" "-e" "CARGO_INCREMENTAL=0" "-e" "RUST_BACKTRACE=full" "-e" "RUSTFLAGS=--cap-lints=warn" "-e" "RUSTDOCFLAGS=--cap-lints=warn" "-w" "/opt/rustwide/workdir" "--user" "0:0" "a68fdc1c36d47ce8c3b5a2e6099d35ce8adcfeb6e5464f660c713cc0b95ed6ea" "/opt/rustwide/cargo-home/bin/cargo" "+1.100.0-beta.1" "test" "--frozen" "--no-run" "--message-format=json" "--release", kill_on_drop: false }`
[INFO] [stderr]    Compiling vacc-golden-tests v0.1.2
[INFO] [stderr]    Compiling vacc-vulkan-decode v0.1.2 (/opt/rustwide/workdir)
[INFO] [stderr]     Finished `release` profile [optimized] target(s) in 1.82s
[INFO] running `Command { std: "docker" "inspect" "a68fdc1c36d47ce8c3b5a2e6099d35ce8adcfeb6e5464f660c713cc0b95ed6ea", kill_on_drop: false }`
[INFO] running `Command { std: "docker" "exec" "-e" "SOURCE_DIR=/opt/rustwide/workdir" "-e" "CARGO_HOME=/opt/rustwide/cargo-home" "-e" "RUSTUP_HOME=/opt/rustwide/rustup-home" "-e" "CARGO_TARGET_DIR=/opt/rustwide/target" "-e" "CARGO_INCREMENTAL=0" "-e" "RUST_BACKTRACE=full" "-e" "RUSTFLAGS=--cap-lints=warn" "-e" "RUSTDOCFLAGS=--cap-lints=warn" "-w" "/opt/rustwide/workdir" "--user" "0:0" "a68fdc1c36d47ce8c3b5a2e6099d35ce8adcfeb6e5464f660c713cc0b95ed6ea" "/opt/rustwide/cargo-home/bin/cargo" "+1.100.0-beta.1" "test" "--frozen" "--release", kill_on_drop: false }`
[INFO] [stderr]     Finished `release` profile [optimized] target(s) in 0.19s
[INFO] [stderr]      Running unittests src/lib.rs (/opt/rustwide/target/release/build/vacc-vulkan-decode/9d55bb20c7ac3756/out/vacc_vulkan_decode-9d55bb20c7ac3756)
[INFO] [stdout] 
[INFO] [stdout] running 0 tests
[INFO] [stdout] 
[INFO] [stdout] test result: ok. 0 passed; 0 failed; 0 ignored; 0 measured; 0 filtered out; finished in 0.00s
[INFO] [stdout] 
[INFO] [stderr]      Running tests/golden_stream_tests.rs (/opt/rustwide/target/release/build/vacc-vulkan-decode/3a392dc6f43d8c0b/out/golden_stream_tests-3a392dc6f43d8c0b)
[INFO] [stdout] 
[INFO] [stdout] running 2 tests
[INFO] [stdout] test regenerate_goldens ... ok
[INFO] [stdout] test h264_main_golden ... FAILED
[INFO] [stderr] error: test failed, to rerun pass `--test golden_stream_tests`
[INFO] [stdout] 
[INFO] [stdout] failures:
[INFO] [stdout] 
[INFO] [stdout] ---- h264_main_golden stdout ----
[INFO] [stdout] h264_main.h264: sample not installed, skipping
[INFO] [stdout] 
[INFO] [stdout] thread 'h264_main_golden' (1538) panicked at tests/golden_stream_tests.rs:108:5:
[INFO] [stdout] assertion failed: pin("h264_main.h264").is_some()
[INFO] [stdout] stack backtrace:
[INFO] [stdout]    0:     0x6454bdb7ce51 - <<std[617be2ca0a6fd877]::sys::backtrace::BacktraceLock>::print::DisplayBacktrace as core[a373ad73a504971]::fmt::Display>::fmt
[INFO] [stdout]    1:     0x6454bdb912da - core[a373ad73a504971]::fmt::write
[INFO] [stdout]    2:     0x6454bdb8108c - <alloc[2e1b2a31b91974c5]::vec::Vec<u8> as core[a373ad73a504971]::io::write::Write>::write_fmt
[INFO] [stdout]    3:     0x6454bdb58ba6 - std[617be2ca0a6fd877]::panicking::default_hook::{closure#0}
[INFO] [stdout]    4:     0x6454bdb74ff9 - std[617be2ca0a6fd877]::panicking::default_hook
[INFO] [stdout]    5:     0x6454bda71780 - test[aada8e7e76ba119b]::test_main_inner::{closure#0}
[INFO] [stdout]    6:     0x6454bdb751b2 - std[617be2ca0a6fd877]::panicking::panic_with_hook
[INFO] [stdout]    7:     0x6454bdb58c84 - std[617be2ca0a6fd877]::panicking::panic_handler::{closure#0}
[INFO] [stdout]    8:     0x6454bdb517d9 - std[617be2ca0a6fd877]::sys::backtrace::__rust_end_short_backtrace::<std[617be2ca0a6fd877]::panicking::panic_handler::{closure#0}, !>
[INFO] [stdout]    9:     0x6454bdb5985d - __rustc[ea4f61d10b84890b]::rust_begin_unwind
[INFO] [stdout]   10:     0x6454bdb91a0c - core[a373ad73a504971]::panicking::panic_fmt
[INFO] [stdout]   11:     0x6454bdb919d2 - core[a373ad73a504971]::panicking::panic
[INFO] [stdout]   12:     0x6454bda648f3 - <golden_stream_tests[9cefb035943155ce]::h264_main_golden::{closure#0} as core[a373ad73a504971]::ops::function::FnOnce<()>>::call_once
[INFO] [stdout]   13:     0x6454bda64bcb - test[aada8e7e76ba119b]::__rust_begin_short_backtrace::<core[a373ad73a504971]::result::Result<(), alloc[2e1b2a31b91974c5]::string::String>, fn() -> core[a373ad73a504971]::result::Result<(), alloc[2e1b2a31b91974c5]::string::String>>
[INFO] [stdout]   14:     0x6454bda71da5 - test[aada8e7e76ba119b]::run_test::{closure#0}
[INFO] [stdout]   15:     0x6454bda6b694 - std[617be2ca0a6fd877]::sys::backtrace::__rust_begin_short_backtrace::<test[aada8e7e76ba119b]::run_test::{closure#1}, ()>
[INFO] [stdout]   16:     0x6454bda74e32 - <std[617be2ca0a6fd877]::thread::lifecycle::spawn_unchecked<test[aada8e7e76ba119b]::run_test::{closure#1}, ()>::{closure#1} as core[a373ad73a504971]::ops::function::FnOnce<()>>::call_once::{shim:vtable#0}
[INFO] [stdout]   17:     0x6454bdb7c1bf - <std[617be2ca0a6fd877]::sys::thread::unix::Thread>::new::thread_start
[INFO] [stdout]   18:     0x7acde9c7bdfa - <unknown>
[INFO] [stdout]   19:     0x7acde9d0f3d4 - clone
[INFO] [stdout]   20:                0x0 - <unknown>
[INFO] [stdout] 
[INFO] [stdout] 
[INFO] [stdout] failures:
[INFO] [stdout]     h264_main_golden
[INFO] [stdout] 
[INFO] [stdout] test result: FAILED. 1 passed; 1 failed; 0 ignored; 0 measured; 0 filtered out; finished in 0.01s
[INFO] [stdout] 
[INFO] running `Command { std: "docker" "inspect" "a68fdc1c36d47ce8c3b5a2e6099d35ce8adcfeb6e5464f660c713cc0b95ed6ea", kill_on_drop: false }`
[INFO] running `Command { std: "docker" "rm" "-f" "a68fdc1c36d47ce8c3b5a2e6099d35ce8adcfeb6e5464f660c713cc0b95ed6ea", kill_on_drop: false }`
[INFO] [stdout] a68fdc1c36d47ce8c3b5a2e6099d35ce8adcfeb6e5464f660c713cc0b95ed6ea
