[INFO] fetching crate v_rusty_tarantool 0.3.2...
[INFO] testing v_rusty_tarantool-0.3.2 against 1.100.0-beta.1+cargoflags=--release for beta-release-1.100-2
[INFO] extracting crate v_rusty_tarantool 0.3.2 into /workspace/builds/worker-2-tc2/source
[INFO] started tweaking crates.io crate v_rusty_tarantool 0.3.2
[INFO] removed 0 missing examples
[INFO] removed 0 missing tests
[INFO] finished tweaking crates.io crate v_rusty_tarantool 0.3.2
[INFO] tweaked toml for crates.io crate v_rusty_tarantool 0.3.2 written to /workspace/builds/worker-2-tc2/source/Cargo.toml
[INFO] validating manifest of crates.io crate v_rusty_tarantool 0.3.2 on toolchain 1.100.0-beta.1
[INFO] running `Command { std: CARGO_HOME="/workspace/cargo-home" RUSTUP_HOME="/workspace/rustup-home" "/workspace/cargo-home/bin/cargo" "+1.100.0-beta.1" "metadata" "--manifest-path" "Cargo.toml" "--no-deps", kill_on_drop: false }`
[INFO] crate crates.io crate v_rusty_tarantool 0.3.2 already has a lockfile, it will not be regenerated
[INFO] running `Command { std: CARGO_HOME="/workspace/cargo-home" RUSTUP_HOME="/workspace/rustup-home" "/workspace/cargo-home/bin/cargo" "+1.100.0-beta.1" "fetch" "--manifest-path" "Cargo.toml", kill_on_drop: false }`
[INFO] running `Command { std: "docker" "create" "-v" "/var/lib/crater-agent-workspace/builds/worker-2-tc2/source:/opt/rustwide/workdir:ro,Z" "-v" "/var/lib/crater-agent-workspace/builds/worker-2-tc2/target:/opt/rustwide/target:rw,Z" "-v" "/var/lib/crater-agent-workspace/cargo-home:/opt/rustwide/cargo-home:ro,Z" "-v" "/var/lib/crater-agent-workspace/rustup-home:/opt/rustwide/rustup-home:ro,Z" "-m" "1610612736" "--network" "none" "ghcr.io/rust-lang/crates-build-env/linux@sha256:77db811e55d90add9212f6832c23229e3de5f1c1f9905e8cb07319ea15df73ac" "sleep" "infinity", kill_on_drop: false }`
[INFO] [stdout] 1d5ce6e175aba6926b2d1e280b4d16733f4e268727c1d14a08cc1677c45d9d2a
[INFO] running `Command { std: "docker" "start" "1d5ce6e175aba6926b2d1e280b4d16733f4e268727c1d14a08cc1677c45d9d2a", kill_on_drop: false }`
[INFO] running `Command { std: "docker" "inspect" "1d5ce6e175aba6926b2d1e280b4d16733f4e268727c1d14a08cc1677c45d9d2a", kill_on_drop: false }`
[INFO] running `Command { std: "docker" "exec" "-e" "SOURCE_DIR=/opt/rustwide/workdir" "-e" "CARGO_HOME=/opt/rustwide/cargo-home" "-e" "RUSTUP_HOME=/opt/rustwide/rustup-home" "-e" "CARGO_TARGET_DIR=/opt/rustwide/target" "-w" "/opt/rustwide/workdir" "--user" "0:0" "1d5ce6e175aba6926b2d1e280b4d16733f4e268727c1d14a08cc1677c45d9d2a" "/opt/rustwide/cargo-home/bin/cargo" "+1.100.0-beta.1" "metadata" "--no-deps" "--format-version=1", kill_on_drop: false }`
[INFO] running `Command { std: "docker" "inspect" "1d5ce6e175aba6926b2d1e280b4d16733f4e268727c1d14a08cc1677c45d9d2a", kill_on_drop: false }`
[INFO] running `Command { std: "docker" "exec" "-e" "SOURCE_DIR=/opt/rustwide/workdir" "-e" "CARGO_HOME=/opt/rustwide/cargo-home" "-e" "RUSTUP_HOME=/opt/rustwide/rustup-home" "-e" "CARGO_TARGET_DIR=/opt/rustwide/target" "-e" "CARGO_INCREMENTAL=0" "-e" "RUST_BACKTRACE=full" "-e" "RUSTFLAGS=--cap-lints=warn" "-e" "RUSTDOCFLAGS=--cap-lints=warn" "-w" "/opt/rustwide/workdir" "--user" "0:0" "1d5ce6e175aba6926b2d1e280b4d16733f4e268727c1d14a08cc1677c45d9d2a" "/opt/rustwide/cargo-home/bin/cargo" "+1.100.0-beta.1" "build" "--frozen" "--message-format=json" "--release", kill_on_drop: false }`
[INFO] [stderr]    Compiling num-traits v0.2.19
[INFO] [stderr]    Compiling regex-automata v0.4.14
[INFO] [stderr]    Compiling jiff v0.2.23
[INFO] [stderr]    Compiling parking_lot_core v0.9.12
[INFO] [stderr]    Compiling mio v1.2.0
[INFO] [stderr]    Compiling serde_bytes v0.11.19
[INFO] [stderr]    Compiling anstream v1.0.0
[INFO] [stderr]    Compiling base64 v0.12.3
[INFO] [stderr]    Compiling maplit v1.0.2
[INFO] [stderr]    Compiling futures-util v0.3.32
[INFO] [stderr]    Compiling serde v1.0.228
[INFO] [stderr]    Compiling sha1 v0.10.6
[INFO] [stderr]    Compiling parking_lot v0.12.5
[INFO] [stderr]    Compiling tokio v1.50.0
[INFO] [stderr]    Compiling rmp v0.8.15
[INFO] [stderr]    Compiling rmp-serde v1.3.1
[INFO] [stderr]    Compiling rmpv v1.3.1
[INFO] [stderr]    Compiling regex v1.12.3
[INFO] [stderr]    Compiling env_filter v1.0.1
[INFO] [stderr]    Compiling futures-executor v0.3.32
[INFO] [stderr]    Compiling futures v0.3.32
[INFO] [stderr]    Compiling env_logger v0.11.10
[INFO] [stderr]    Compiling tokio-util v0.7.18
[INFO] [stderr]    Compiling v_rusty_tarantool v0.3.2 (/opt/rustwide/workdir)
[INFO] [stdout] warning: use of deprecated method `futures_channel::mpsc::UnboundedReceiver::<T>::try_next`: please use `try_recv` instead
[INFO] [stdout]    --> src/tarantool/dispatch.rs:177:78
[INFO] [stdout]     |
[INFO] [stdout] 177 |             while let Ok(Some((_, callback_sender))) = self.command_receiver.try_next() {
[INFO] [stdout]     |                                                                              ^^^^^^^^
[INFO] [stdout]     |
[INFO] [stdout]     = note: `#[warn(deprecated)]` on by default
[INFO] [stdout] 
[INFO] [stdout] 
[INFO] [stdout] warning: hiding a lifetime that's named elsewhere is confusing
[INFO] [stdout]    --> src/tarantool/tools.rs:208:45
[INFO] [stdout]     |
[INFO] [stdout] 208 |     pub fn writer(buf: &'a mut BytesMut) -> SafeBytesMutWriter {
[INFO] [stdout]     |                         --                  ^^^^^^^^^^^^^^^^^^ the same lifetime is hidden here
[INFO] [stdout]     |                         |
[INFO] [stdout]     |                         the lifetime is named here
[INFO] [stdout]     |
[INFO] [stdout]     = help: the same lifetime is referred to in inconsistent ways, making the signature confusing
[INFO] [stdout]     = note: `#[warn(mismatched_lifetime_syntaxes)]` on by default
[INFO] [stdout] help: consistently use `'a`
[INFO] [stdout]     |
[INFO] [stdout] 208 |     pub fn writer(buf: &'a mut BytesMut) -> SafeBytesMutWriter<'a> {
[INFO] [stdout]     |                                                               ++++
[INFO] [stdout] 
[INFO] [stdout] 
[INFO] [stderr] warning: unused dependency `maplit`
[INFO] [stderr]   --> Cargo.toml:31:15
[INFO] [stderr]    |
[INFO] [stderr] 31 | [dependencies.maplit]
[INFO] [stderr]    |               ^^^^^^^
[INFO] [stderr]    |
[INFO] [stderr]    = note: `cargo::unused_dependencies` is set to `warn` by default
[INFO] [stderr] help: consider removing the dependency on `maplit`
[INFO] [stderr] warning: `v_rusty_tarantool` (manifest) generated 1 warning
[INFO] [stderr]     Finished `release` profile [optimized] target(s) in 30.83s
[INFO] running `Command { std: "docker" "inspect" "1d5ce6e175aba6926b2d1e280b4d16733f4e268727c1d14a08cc1677c45d9d2a", kill_on_drop: false }`
[INFO] running `Command { std: "docker" "exec" "-e" "SOURCE_DIR=/opt/rustwide/workdir" "-e" "CARGO_HOME=/opt/rustwide/cargo-home" "-e" "RUSTUP_HOME=/opt/rustwide/rustup-home" "-e" "CARGO_TARGET_DIR=/opt/rustwide/target" "-e" "CARGO_INCREMENTAL=0" "-e" "RUST_BACKTRACE=full" "-e" "RUSTFLAGS=--cap-lints=warn" "-e" "RUSTDOCFLAGS=--cap-lints=warn" "-w" "/opt/rustwide/workdir" "--user" "0:0" "1d5ce6e175aba6926b2d1e280b4d16733f4e268727c1d14a08cc1677c45d9d2a" "/opt/rustwide/cargo-home/bin/cargo" "+1.100.0-beta.1" "test" "--frozen" "--no-run" "--message-format=json" "--release", kill_on_drop: false }`
[INFO] [stderr]    Compiling cc v1.2.58
[INFO] [stderr]    Compiling tracing v0.1.44
[INFO] [stderr]    Compiling http v0.2.12
[INFO] [stderr]    Compiling memchr v2.8.0
[INFO] [stderr]    Compiling serde_core v1.0.228
[INFO] [stderr]    Compiling getrandom v0.3.4
[INFO] [stderr]    Compiling once_cell v1.21.4
[INFO] [stderr]    Compiling regex-syntax v0.8.10
[INFO] [stderr]    Compiling local-waker v0.1.4
[INFO] [stderr]    Compiling unicode-segmentation v1.13.2
[INFO] [stderr]    Compiling zstd-safe v7.2.4
[INFO] [stderr]    Compiling indexmap v2.13.0
[INFO] [stderr]    Compiling icu_normalizer v2.1.1
[INFO] [stderr]    Compiling actix-macros v0.2.4
[INFO] [stderr]    Compiling serde v1.0.228
[INFO] [stderr]    Compiling time-core v0.1.8
[INFO] [stderr]    Compiling pin-project-lite v0.2.17
[INFO] [stderr]    Compiling simd-adler32 v0.3.9
[INFO] [stderr]    Compiling log v0.4.29
[INFO] [stderr]    Compiling num-conv v0.2.1
[INFO] [stderr]    Compiling actix-rt v2.11.0
[INFO] [stderr]    Compiling deranged v0.5.8
[INFO] [stderr]    Compiling time-macros v0.2.27
[INFO] [stderr]    Compiling tracing-core v0.1.36
[INFO] [stderr]    Compiling rand_core v0.9.5
[INFO] [stderr]    Compiling miniz_oxide v0.8.9
[INFO] [stderr]    Compiling convert_case v0.10.0
[INFO] [stderr]    Compiling rand_chacha v0.9.0
[INFO] [stderr]    Compiling aho-corasick v1.1.4
[INFO] [stderr]    Compiling derive_more-impl v2.1.1
[INFO] [stderr]    Compiling idna_adapter v1.2.1
[INFO] [stderr]    Compiling actix-utils v3.0.1
[INFO] [stderr]    Compiling brotli-decompressor v5.0.0
[INFO] [stderr]    Compiling bytestring v1.5.0
[INFO] [stderr]    Compiling cookie v0.16.2
[INFO] [stderr]    Compiling actix-service v2.0.3
[INFO] [stderr]    Compiling regex-lite v0.1.9
[INFO] [stderr]    Compiling actix-codec v0.5.2
[INFO] [stderr]    Compiling h2 v0.3.27
[INFO] [stderr]    Compiling idna v1.1.0
[INFO] [stderr]    Compiling flate2 v1.1.9
[INFO] [stderr]    Compiling brotli v8.0.2
[INFO] [stderr]    Compiling rand v0.9.2
[INFO] [stderr]    Compiling zstd-sys v2.0.16+zstd.1.5.7
[INFO] [stderr]    Compiling local-channel v0.1.5
[INFO] [stderr]    Compiling language-tags v0.3.2
[INFO] [stderr]    Compiling time v0.3.47
[INFO] [stderr]    Compiling foldhash v0.1.5
[INFO] [stderr]    Compiling serde_urlencoded v0.7.1
[INFO] [stderr]    Compiling regex-automata v0.4.14
[INFO] [stderr]    Compiling url v2.5.8
[INFO] [stderr]    Compiling serde_json v1.0.149
[INFO] [stderr]    Compiling actix-server v2.6.0
[INFO] [stderr]    Compiling actix-router v0.5.4
[INFO] [stderr]    Compiling http-body v0.4.6
[INFO] [stderr]    Compiling impl-more v0.1.9
[INFO] [stdout] warning: use of deprecated method `futures_channel::mpsc::UnboundedReceiver::<T>::try_next`: please use `try_recv` instead
[INFO] [stdout]    --> src/tarantool/dispatch.rs:177:78
[INFO] [stdout]     |
[INFO] [stdout] 177 |             while let Ok(Some((_, callback_sender))) = self.command_receiver.try_next() {
[INFO] [stdout]     |                                                                              ^^^^^^^^
[INFO] [stdout]     |
[INFO] [stdout]     = note: `#[warn(deprecated)]` on by default
[INFO] [stdout] 
[INFO] [stdout] 
[INFO] [stdout] warning: hiding a lifetime that's named elsewhere is confusing
[INFO] [stdout]    --> src/tarantool/tools.rs:208:45
[INFO] [stdout]     |
[INFO] [stdout] 208 |     pub fn writer(buf: &'a mut BytesMut) -> SafeBytesMutWriter {
[INFO] [stdout]     |                         --                  ^^^^^^^^^^^^^^^^^^ the same lifetime is hidden here
[INFO] [stdout]     |                         |
[INFO] [stdout]     |                         the lifetime is named here
[INFO] [stdout]     |
[INFO] [stdout]     = help: the same lifetime is referred to in inconsistent ways, making the signature confusing
[INFO] [stdout]     = note: `#[warn(mismatched_lifetime_syntaxes)]` on by default
[INFO] [stdout] help: consistently use `'a`
[INFO] [stdout]     |
[INFO] [stdout] 208 |     pub fn writer(buf: &'a mut BytesMut) -> SafeBytesMutWriter<'a> {
[INFO] [stdout]     |                                                               ++++
[INFO] [stdout] 
[INFO] [stdout] 
[INFO] [stderr]    Compiling derive_more v2.1.1
[INFO] [stderr]    Compiling regex v1.12.3
[INFO] [stderr]    Compiling hyper v0.14.32
[INFO] [stderr]    Compiling actix-web-codegen v4.3.0
[INFO] [stderr]    Compiling zstd v0.13.3
[INFO] [stderr]    Compiling actix-http v3.12.0
[INFO] [stderr]    Compiling actix-web v4.13.0
[INFO] [stderr]    Compiling v_rusty_tarantool v0.3.2 (/opt/rustwide/workdir)
[INFO] [stdout] warning: use of deprecated method `futures_channel::mpsc::UnboundedReceiver::<T>::try_next`: please use `try_recv` instead
[INFO] [stdout]    --> src/tarantool/dispatch.rs:177:78
[INFO] [stdout]     |
[INFO] [stdout] 177 |             while let Ok(Some((_, callback_sender))) = self.command_receiver.try_next() {
[INFO] [stdout]     |                                                                              ^^^^^^^^
[INFO] [stdout]     |
[INFO] [stdout]     = note: `#[warn(deprecated)]` on by default
[INFO] [stdout] 
[INFO] [stdout] 
[INFO] [stdout] warning: hiding a lifetime that's named elsewhere is confusing
[INFO] [stdout]    --> src/tarantool/tools.rs:208:45
[INFO] [stdout]     |
[INFO] [stdout] 208 |     pub fn writer(buf: &'a mut BytesMut) -> SafeBytesMutWriter {
[INFO] [stdout]     |                         --                  ^^^^^^^^^^^^^^^^^^ the same lifetime is hidden here
[INFO] [stdout]     |                         |
[INFO] [stdout]     |                         the lifetime is named here
[INFO] [stdout]     |
[INFO] [stdout]     = help: the same lifetime is referred to in inconsistent ways, making the signature confusing
[INFO] [stdout]     = note: `#[warn(mismatched_lifetime_syntaxes)]` on by default
[INFO] [stdout] help: consistently use `'a`
[INFO] [stdout]     |
[INFO] [stdout] 208 |     pub fn writer(buf: &'a mut BytesMut) -> SafeBytesMutWriter<'a> {
[INFO] [stdout]     |                                                               ++++
[INFO] [stdout] 
[INFO] [stdout] 
[INFO] [stderr] warning: unused dependency `maplit`
[INFO] [stderr]   --> Cargo.toml:31:15
[INFO] [stderr]    |
[INFO] [stderr] 31 | [dependencies.maplit]
[INFO] [stderr]    |               ^^^^^^^
[INFO] [stderr]    |
[INFO] [stderr]    = note: `cargo::unused_dependencies` is set to `warn` by default
[INFO] [stderr] help: consider removing the dependency on `maplit`
[INFO] [stderr] warning: `v_rusty_tarantool` (manifest) generated 1 warning
[INFO] [stderr]     Finished `release` profile [optimized] target(s) in 1m 53s
[INFO] running `Command { std: "docker" "inspect" "1d5ce6e175aba6926b2d1e280b4d16733f4e268727c1d14a08cc1677c45d9d2a", kill_on_drop: false }`
[INFO] running `Command { std: "docker" "exec" "-e" "SOURCE_DIR=/opt/rustwide/workdir" "-e" "CARGO_HOME=/opt/rustwide/cargo-home" "-e" "RUSTUP_HOME=/opt/rustwide/rustup-home" "-e" "CARGO_TARGET_DIR=/opt/rustwide/target" "-e" "CARGO_INCREMENTAL=0" "-e" "RUST_BACKTRACE=full" "-e" "RUSTFLAGS=--cap-lints=warn" "-e" "RUSTDOCFLAGS=--cap-lints=warn" "-w" "/opt/rustwide/workdir" "--user" "0:0" "1d5ce6e175aba6926b2d1e280b4d16733f4e268727c1d14a08cc1677c45d9d2a" "/opt/rustwide/cargo-home/bin/cargo" "+1.100.0-beta.1" "test" "--frozen" "--release", kill_on_drop: false }`
[INFO] [stderr] warning: use of deprecated method `futures_channel::mpsc::UnboundedReceiver::<T>::try_next`: please use `try_recv` instead
[INFO] [stderr]    --> src/tarantool/dispatch.rs:177:78
[INFO] [stderr]     |
[INFO] [stderr] 177 |             while let Ok(Some((_, callback_sender))) = self.command_receiver.try_next() {
[INFO] [stderr]     |                                                                              ^^^^^^^^
[INFO] [stderr]     |
[INFO] [stderr]     = note: `#[warn(deprecated)]` on by default
[INFO] [stderr] 
[INFO] [stderr] warning: hiding a lifetime that's named elsewhere is confusing
[INFO] [stderr]    --> src/tarantool/tools.rs:208:45
[INFO] [stderr]     |
[INFO] [stderr] 208 |     pub fn writer(buf: &'a mut BytesMut) -> SafeBytesMutWriter {
[INFO] [stderr]     |                         --                  ^^^^^^^^^^^^^^^^^^ the same lifetime is hidden here
[INFO] [stderr]     |                         |
[INFO] [stderr]     |                         the lifetime is named here
[INFO] [stderr]     |
[INFO] [stderr]     = help: the same lifetime is referred to in inconsistent ways, making the signature confusing
[INFO] [stderr]     = note: `#[warn(mismatched_lifetime_syntaxes)]` on by default
[INFO] [stderr] help: consistently use `'a`
[INFO] [stderr]     |
[INFO] [stderr] 208 |     pub fn writer(buf: &'a mut BytesMut) -> SafeBytesMutWriter<'a> {
[INFO] [stderr]     |                                                               ++++
[INFO] [stderr] 
[INFO] [stderr] warning: `v_rusty_tarantool` (lib) generated 2 warnings (run `cargo fix --lib -p v_rusty_tarantool` to apply 1 suggestion)
[INFO] [stderr] warning: `v_rusty_tarantool` (lib test) generated 2 warnings (2 duplicates)
[INFO] [stderr] warning: unused dependency `maplit`
[INFO] [stderr]   --> Cargo.toml:31:15
[INFO] [stderr]    |
[INFO] [stderr] 31 | [dependencies.maplit]
[INFO] [stderr]    |               ^^^^^^^
[INFO] [stderr]    |
[INFO] [stderr]    = note: `cargo::unused_dependencies` is set to `warn` by default
[INFO] [stderr] help: consider removing the dependency on `maplit`
[INFO] [stderr] warning: `v_rusty_tarantool` (manifest) generated 1 warning
[INFO] [stderr]     Finished `release` profile [optimized] target(s) in 0.36s
[INFO] [stderr]      Running unittests src/lib.rs (/opt/rustwide/target/release/build/v_rusty_tarantool/cde40248bd9e7073/out/rusty_tarantool-cde40248bd9e7073)
[INFO] [stdout] 
[INFO] [stdout] running 0 tests
[INFO] [stderr]      Running tests/test_service.rs (/opt/rustwide/target/release/build/v_rusty_tarantool/a9b09c7965eee8f9/out/test_service-a9b09c7965eee8f9)
[INFO] [stdout] 
[INFO] [stdout] test result: ok. 0 passed; 0 failed; 0 ignored; 0 measured; 0 filtered out; finished in 0.00s
[INFO] [stdout] 
[INFO] [stdout] 
[INFO] [stdout] running 14 tests
[INFO] [stdout] test test_delete_insert_update ... FAILED
[INFO] [stdout] test test_call_fn_args ... FAILED
[INFO] [stdout] test test_sql ... FAILED
[INFO] [stdout] test test_sql_autoincrement ... FAILED
[INFO] [stdout] test test_sql_bind ... FAILED
[INFO] [stdout] test test_untyped_decode_sql_result ... FAILED
[INFO] [stdout] test test_call_fn ... FAILED
[INFO] [stdout] test test_upsert ... FAILED
[INFO] [stdout] test test_ping ... FAILED
[INFO] [stdout] test test_eval ... FAILED
[INFO] [stdout] test test_sql_update ... FAILED
[INFO] [stdout] test test_low_level_call ... FAILED
[INFO] [stdout] test test_error ... FAILED
[INFO] [stdout] test test_select ... FAILED
[INFO] [stdout] 
[INFO] [stdout] failures:
[INFO] [stdout] 
[INFO] [stdout] ---- test_delete_insert_update stdout ----
[INFO] [stdout] init client
[INFO] [stdout] Error: Custom { kind: Other, error: "Connection refused (os error 111)" }
[INFO] [stdout] 
[INFO] [stdout] ---- test_call_fn_args stdout ----
[INFO] [stdout] init client
[INFO] [stdout] Error: Custom { kind: Other, error: "Connection refused (os error 111)" }
[INFO] [stdout] 
[INFO] [stdout] ---- test_sql stdout ----
[INFO] [stdout] init client
[INFO] [stdout] Error: Custom { kind: Other, error: "Connection refused (os error 111)" }
[INFO] [stdout] 
[INFO] [stdout] ---- test_sql_autoincrement stdout ----
[INFO] [stdout] init client
[INFO] [stdout] Error: Custom { kind: Other, error: "Connection refused (os error 111)" }
[INFO] [stdout] 
[INFO] [stdout] ---- test_sql_bind stdout ----
[INFO] [stdout] init client
[INFO] [stdout] Error: Custom { kind: Other, error: "Connection refused (os error 111)" }
[INFO] [stdout] 
[INFO] [stdout] ---- test_untyped_decode_sql_result stdout ----
[INFO] [stdout] init client
[INFO] [stdout] Error: Custom { kind: Other, error: "Connection refused (os error 111)" }
[INFO] [stdout] 
[INFO] [stdout] ---- test_call_fn stdout ----
[INFO] [stdout] init client
[INFO] [stdout] Error: Custom { kind: Other, error: "Connection refused (os error 111)" }
[INFO] [stdout] 
[INFO] [stdout] ---- test_upsert stdout ----
[INFO] [stdout] init client
[INFO] [stdout] Error: Custom { kind: Other, error: "Connection refused (os error 111)" }
[INFO] [stdout] 
[INFO] [stdout] ---- test_ping stdout ----
[INFO] [stdout] init client
[INFO] [stdout] Error: Custom { kind: Other, error: "Connection refused (os error 111)" }
[INFO] [stdout] 
[INFO] [stdout] ---- test_eval stdout ----
[INFO] [stdout] init client
[INFO] [stdout] Error: Custom { kind: Other, error: "Connection refused (os error 111)" }
[INFO] [stdout] 
[INFO] [stdout] ---- test_sql_update stdout ----
[INFO] [stdout] init client
[INFO] [stdout] Error: Custom { kind: Other, error: "Connection refused (os error 111)" }
[INFO] [stdout] 
[INFO] [stdout] ---- test_low_level_call stdout ----
[INFO] [stdout] init client
[INFO] [stdout] Error: Custom { kind: Other, error: "Connection refused (os error 111)" }
[INFO] [stdout] 
[INFO] [stdout] ---- test_error stdout ----
[INFO] [stdout] init client
[INFO] [stdout] Error: Custom { kind: Other, error: "Connection refused (os error 111)" }
[INFO] [stdout] 
[INFO] [stdout] ---- test_select stdout ----
[INFO] [stdout] init client
[INFO] [stdout] Error: Custom { kind: Other, error: "Connection refused (os error 111)" }
[INFO] [stdout] 
[INFO] [stdout] 
[INFO] [stdout] failures:
[INFO] [stdout]     test_call_fn
[INFO] [stdout]     test_call_fn_args
[INFO] [stdout]     test_delete_insert_update
[INFO] [stdout]     test_error
[INFO] [stdout]     test_eval
[INFO] [stdout]     test_low_level_call
[INFO] [stdout]     test_ping
[INFO] [stdout]     test_select
[INFO] [stdout]     test_sql
[INFO] [stdout]     test_sql_autoincrement
[INFO] [stdout]     test_sql_bind
[INFO] [stderr] error: test failed, to rerun pass `--test test_service`
[INFO] [stdout]     test_sql_update
[INFO] [stdout]     test_untyped_decode_sql_result
[INFO] [stdout]     test_upsert
[INFO] [stdout] 
[INFO] [stdout] test result: FAILED. 0 passed; 14 failed; 0 ignored; 0 measured; 0 filtered out; finished in 0.01s
[INFO] [stdout] 
[INFO] running `Command { std: "docker" "inspect" "1d5ce6e175aba6926b2d1e280b4d16733f4e268727c1d14a08cc1677c45d9d2a", kill_on_drop: false }`
[INFO] running `Command { std: "docker" "rm" "-f" "1d5ce6e175aba6926b2d1e280b4d16733f4e268727c1d14a08cc1677c45d9d2a", kill_on_drop: false }`
[INFO] [stdout] 1d5ce6e175aba6926b2d1e280b4d16733f4e268727c1d14a08cc1677c45d9d2a
