[INFO] fetching crate v_queue 0.3.3...
[INFO] testing v_queue-0.3.3 against 1.99.0-beta.8+cargoflags=--release for beta-release-1.100-2
[INFO] extracting crate v_queue 0.3.3 into /workspace/builds/worker-1-tc1/source
[INFO] started tweaking crates.io crate v_queue 0.3.3
[INFO] finished tweaking crates.io crate v_queue 0.3.3
[INFO] tweaked toml for crates.io crate v_queue 0.3.3 written to /workspace/builds/worker-1-tc1/source/Cargo.toml
[INFO] validating manifest of crates.io crate v_queue 0.3.3 on toolchain 1.99.0-beta.8
[INFO] running `Command { std: CARGO_HOME="/workspace/cargo-home" RUSTUP_HOME="/workspace/rustup-home" "/workspace/cargo-home/bin/cargo" "+1.99.0-beta.8" "metadata" "--manifest-path" "Cargo.toml" "--no-deps", kill_on_drop: false }`
[INFO] crate crates.io crate v_queue 0.3.3 already has a lockfile, it will not be regenerated
[INFO] running `Command { std: CARGO_HOME="/workspace/cargo-home" RUSTUP_HOME="/workspace/rustup-home" "/workspace/cargo-home/bin/cargo" "+1.99.0-beta.8" "fetch" "--manifest-path" "Cargo.toml", kill_on_drop: false }`
[INFO] [stderr]     Updating crates.io index
[INFO] [stderr]  Downloading crates ...
[INFO] [stderr]   Downloaded fs2 v0.4.3
[INFO] [stderr]   Downloaded cc v1.2.64
[INFO] running `Command { std: "docker" "create" "-v" "/var/lib/crater-agent-workspace/builds/worker-1-tc1/source:/opt/rustwide/workdir:ro,Z" "-v" "/var/lib/crater-agent-workspace/builds/worker-1-tc1/target:/opt/rustwide/target:rw,Z" "-v" "/var/lib/crater-agent-workspace/cargo-home:/opt/rustwide/cargo-home:ro,Z" "-v" "/var/lib/crater-agent-workspace/rustup-home:/opt/rustwide/rustup-home:ro,Z" "-m" "1610612736" "--network" "none" "ghcr.io/rust-lang/crates-build-env/linux@sha256:77db811e55d90add9212f6832c23229e3de5f1c1f9905e8cb07319ea15df73ac" "sleep" "infinity", kill_on_drop: false }`
[INFO] [stdout] 1c06b17a8fd476833648ded61db31b90e8477aff49f3ee7b71324c0d112b99c0
[INFO] running `Command { std: "docker" "start" "1c06b17a8fd476833648ded61db31b90e8477aff49f3ee7b71324c0d112b99c0", kill_on_drop: false }`
[INFO] running `Command { std: "docker" "inspect" "1c06b17a8fd476833648ded61db31b90e8477aff49f3ee7b71324c0d112b99c0", kill_on_drop: false }`
[INFO] running `Command { std: "docker" "exec" "-e" "SOURCE_DIR=/opt/rustwide/workdir" "-e" "CARGO_HOME=/opt/rustwide/cargo-home" "-e" "RUSTUP_HOME=/opt/rustwide/rustup-home" "-e" "CARGO_TARGET_DIR=/opt/rustwide/target" "-w" "/opt/rustwide/workdir" "--user" "0:0" "1c06b17a8fd476833648ded61db31b90e8477aff49f3ee7b71324c0d112b99c0" "/opt/rustwide/cargo-home/bin/cargo" "+1.99.0-beta.8" "metadata" "--no-deps" "--format-version=1", kill_on_drop: false }`
[INFO] running `Command { std: "docker" "inspect" "1c06b17a8fd476833648ded61db31b90e8477aff49f3ee7b71324c0d112b99c0", kill_on_drop: false }`
[INFO] running `Command { std: "docker" "exec" "-e" "SOURCE_DIR=/opt/rustwide/workdir" "-e" "CARGO_HOME=/opt/rustwide/cargo-home" "-e" "RUSTUP_HOME=/opt/rustwide/rustup-home" "-e" "CARGO_TARGET_DIR=/opt/rustwide/target" "-e" "CARGO_INCREMENTAL=0" "-e" "RUST_BACKTRACE=full" "-e" "RUSTFLAGS=--cap-lints=warn" "-e" "RUSTDOCFLAGS=--cap-lints=warn" "-w" "/opt/rustwide/workdir" "--user" "0:0" "1c06b17a8fd476833648ded61db31b90e8477aff49f3ee7b71324c0d112b99c0" "/opt/rustwide/cargo-home/bin/cargo" "+1.99.0-beta.8" "build" "--frozen" "--message-format=json" "--release", kill_on_drop: false }`
[INFO] [stderr]    Compiling libc v0.2.183
[INFO] [stderr]    Compiling pkg-config v0.3.33
[INFO] [stderr]    Compiling regex-syntax v0.8.10
[INFO] [stderr]    Compiling zstd-safe v7.2.4
[INFO] [stderr]    Compiling getrandom v0.4.2
[INFO] [stderr]    Compiling fs2 v0.4.3
[INFO] [stderr]    Compiling jobserver v0.1.34
[INFO] [stderr]    Compiling uuid v1.23.0
[INFO] [stderr]    Compiling cc v1.2.64
[INFO] [stderr]    Compiling regex-automata v0.4.14
[INFO] [stderr]    Compiling zstd-sys v2.0.16+zstd.1.5.7
[INFO] [stderr]    Compiling regex v1.12.3
[INFO] [stderr]    Compiling scan_fmt v0.2.6
[INFO] [stderr]    Compiling zstd v0.13.3
[INFO] [stderr]    Compiling v_queue v0.3.3 (/opt/rustwide/workdir)
[INFO] [stdout] warning: use of deprecated constant `std::u32::MAX`: replaced by the `MAX` associated constant on this type
[INFO] [stdout]    --> src/consumer.rs:386:86
[INFO] [stdout]     |
[INFO] [stdout] 386 |         if msg_end > self.queue.right_edge || header.msg_length as usize > std::u32::MAX as usize / 2 {
[INFO] [stdout]     |                                                                                      ^^^
[INFO] [stdout]     |
[INFO] [stdout]     = note: `#[warn(deprecated)]` on by default
[INFO] [stdout] 
[INFO] [stdout] 
[INFO] [stdout] warning: use of deprecated constant `std::u32::MAX`: replaced by the `MAX` associated constant on this type
[INFO] [stdout]    --> src/consumer.rs:418:42
[INFO] [stdout]     |
[INFO] [stdout] 418 |             if orig as usize > std::u32::MAX as usize / 2 {
[INFO] [stdout]     |                                          ^^^
[INFO] [stdout] 
[INFO] [stdout] 
[INFO] [stdout] warning: use of deprecated constant `std::u32::MAX`: replaced by the `MAX` associated constant on this type
[INFO] [stdout]    --> src/queue.rs:190:80
[INFO] [stdout]     |
[INFO] [stdout] 190 |         if !self.is_ready || self.mode == Mode::Read || data.len() > std::u32::MAX as usize / 2 {
[INFO] [stdout]     |                                                                                ^^^
[INFO] [stdout] 
[INFO] [stdout] 
[INFO] [stderr]     Finished `release` profile [optimized] target(s) in 56.20s
[INFO] running `Command { std: "docker" "inspect" "1c06b17a8fd476833648ded61db31b90e8477aff49f3ee7b71324c0d112b99c0", kill_on_drop: false }`
[INFO] running `Command { std: "docker" "exec" "-e" "SOURCE_DIR=/opt/rustwide/workdir" "-e" "CARGO_HOME=/opt/rustwide/cargo-home" "-e" "RUSTUP_HOME=/opt/rustwide/rustup-home" "-e" "CARGO_TARGET_DIR=/opt/rustwide/target" "-e" "CARGO_INCREMENTAL=0" "-e" "RUST_BACKTRACE=full" "-e" "RUSTFLAGS=--cap-lints=warn" "-e" "RUSTDOCFLAGS=--cap-lints=warn" "-w" "/opt/rustwide/workdir" "--user" "0:0" "1c06b17a8fd476833648ded61db31b90e8477aff49f3ee7b71324c0d112b99c0" "/opt/rustwide/cargo-home/bin/cargo" "+1.99.0-beta.8" "test" "--frozen" "--no-run" "--message-format=json" "--release", kill_on_drop: false }`
[INFO] [stdout] warning: use of deprecated constant `std::u32::MAX`: replaced by the `MAX` associated constant on this type
[INFO] [stdout]    --> src/consumer.rs:386:86
[INFO] [stdout]     |
[INFO] [stdout] 386 |         if msg_end > self.queue.right_edge || header.msg_length as usize > std::u32::MAX as usize / 2 {
[INFO] [stdout]     |                                                                                      ^^^
[INFO] [stdout]     |
[INFO] [stdout]     = note: `#[warn(deprecated)]` on by default
[INFO] [stdout] 
[INFO] [stdout] 
[INFO] [stdout] warning: use of deprecated constant `std::u32::MAX`: replaced by the `MAX` associated constant on this type
[INFO] [stdout]    --> src/consumer.rs:418:42
[INFO] [stdout]     |
[INFO] [stdout] 418 |             if orig as usize > std::u32::MAX as usize / 2 {
[INFO] [stdout]     |                                          ^^^
[INFO] [stdout] 
[INFO] [stdout] 
[INFO] [stdout] warning: use of deprecated constant `std::u32::MAX`: replaced by the `MAX` associated constant on this type
[INFO] [stdout]    --> src/queue.rs:190:80
[INFO] [stdout]     |
[INFO] [stdout] 190 |         if !self.is_ready || self.mode == Mode::Read || data.len() > std::u32::MAX as usize / 2 {
[INFO] [stdout]     |                                                                                ^^^
[INFO] [stdout] 
[INFO] [stdout] 
[INFO] [stderr]    Compiling v_queue v0.3.3 (/opt/rustwide/workdir)
[INFO] [stdout] warning: use of deprecated constant `std::u32::MAX`: replaced by the `MAX` associated constant on this type
[INFO] [stdout]    --> src/consumer.rs:386:86
[INFO] [stdout]     |
[INFO] [stdout] 386 |         if msg_end > self.queue.right_edge || header.msg_length as usize > std::u32::MAX as usize / 2 {
[INFO] [stdout]     |                                                                                      ^^^
[INFO] [stdout]     |
[INFO] [stdout]     = note: `#[warn(deprecated)]` on by default
[INFO] [stdout] 
[INFO] [stdout] 
[INFO] [stdout] warning: use of deprecated constant `std::u32::MAX`: replaced by the `MAX` associated constant on this type
[INFO] [stdout]    --> src/consumer.rs:418:42
[INFO] [stdout]     |
[INFO] [stdout] 418 |             if orig as usize > std::u32::MAX as usize / 2 {
[INFO] [stdout]     |                                          ^^^
[INFO] [stdout] 
[INFO] [stdout] 
[INFO] [stdout] warning: use of deprecated constant `std::u32::MAX`: replaced by the `MAX` associated constant on this type
[INFO] [stdout]    --> src/queue.rs:190:80
[INFO] [stdout]     |
[INFO] [stdout] 190 |         if !self.is_ready || self.mode == Mode::Read || data.len() > std::u32::MAX as usize / 2 {
[INFO] [stdout]     |                                                                                ^^^
[INFO] [stdout] 
[INFO] [stdout] 
[INFO] [stderr]     Finished `release` profile [optimized] target(s) in 2.06s
[INFO] running `Command { std: "docker" "inspect" "1c06b17a8fd476833648ded61db31b90e8477aff49f3ee7b71324c0d112b99c0", kill_on_drop: false }`
[INFO] running `Command { std: "docker" "exec" "-e" "SOURCE_DIR=/opt/rustwide/workdir" "-e" "CARGO_HOME=/opt/rustwide/cargo-home" "-e" "RUSTUP_HOME=/opt/rustwide/rustup-home" "-e" "CARGO_TARGET_DIR=/opt/rustwide/target" "-e" "CARGO_INCREMENTAL=0" "-e" "RUST_BACKTRACE=full" "-e" "RUSTFLAGS=--cap-lints=warn" "-e" "RUSTDOCFLAGS=--cap-lints=warn" "-w" "/opt/rustwide/workdir" "--user" "0:0" "1c06b17a8fd476833648ded61db31b90e8477aff49f3ee7b71324c0d112b99c0" "/opt/rustwide/cargo-home/bin/cargo" "+1.99.0-beta.8" "test" "--frozen" "--release", kill_on_drop: false }`
[INFO] [stderr] warning: use of deprecated constant `std::u32::MAX`: replaced by the `MAX` associated constant on this type
[INFO] [stderr]    --> src/consumer.rs:386:86
[INFO] [stderr]     |
[INFO] [stderr] 386 |         if msg_end > self.queue.right_edge || header.msg_length as usize > std::u32::MAX as usize / 2 {
[INFO] [stderr]     |                                                                                      ^^^
[INFO] [stderr]     |
[INFO] [stderr]     = note: `#[warn(deprecated)]` on by default
[INFO] [stderr] 
[INFO] [stderr] warning: use of deprecated constant `std::u32::MAX`: replaced by the `MAX` associated constant on this type
[INFO] [stderr]    --> src/consumer.rs:418:42
[INFO] [stderr]     |
[INFO] [stderr] 418 |             if orig as usize > std::u32::MAX as usize / 2 {
[INFO] [stderr]     |                                          ^^^
[INFO] [stderr] 
[INFO] [stderr] warning: use of deprecated constant `std::u32::MAX`: replaced by the `MAX` associated constant on this type
[INFO] [stderr]    --> src/queue.rs:190:80
[INFO] [stderr]     |
[INFO] [stderr] 190 |         if !self.is_ready || self.mode == Mode::Read || data.len() > std::u32::MAX as usize / 2 {
[INFO] [stderr]     |                                                                                ^^^
[INFO] [stderr] 
[INFO] [stderr] warning: `v_queue` (lib) generated 3 warnings
[INFO] [stderr] warning: `v_queue` (lib test) generated 3 warnings (3 duplicates)
[INFO] [stderr]     Finished `release` profile [optimized] target(s) in 0.06s
[INFO] [stderr]      Running unittests src/lib.rs (/opt/rustwide/target/release/deps/v_queue-ec7fd2344be1d7a6)
[INFO] [stdout] 
[INFO] [stdout] running 13 tests
[INFO] [stdout] test test::test_multiple_queues ... FAILED
[INFO] [stdout] test test::test_v2_write_format_roundtrip ... FAILED
[INFO] [stdout] test test::test_v3_blocks_old_format_reader ... FAILED
[INFO] [stdout] test test::test_queue_new_fails_on_corrupted_info_queue_crc ... FAILED
[INFO] [stdout] test test::test_push_rollback_on_write_error ... FAILED
[INFO] [stdout] test test::test_queue_consumer_interaction ... FAILED
[INFO] [stdout] test test::test_queue_empty ... FAILED
[INFO] [stdout] test test::test_consumer_reconnect_arbitrary_queue_name ... FAILED
[INFO] [stdout] test test::test_double_open_returns_already_open ... FAILED
[INFO] [stdout] test test::test_consumer_reconnect ... FAILED
[INFO] [stdout] test test::test_read_only_mode ... FAILED
[INFO] [stdout] test test::test_v3_compression_roundtrip ... FAILED
[INFO] [stderr] error: test failed, to rerun pass `--lib`
[INFO] [stdout] test test::test_queue_new_fails_on_corrupted_info_push_crc ... FAILED
[INFO] [stdout] 
[INFO] [stdout] failures:
[INFO] [stdout] 
[INFO] [stdout] ---- test::test_multiple_queues stdout ----
[INFO] [stdout] 
[INFO] [stdout] thread 'test::test_multiple_queues' (608) panicked at src/test.rs:226:77:
[INFO] [stdout] called `Result::unwrap()` on an `Err` value: FailWrite
[INFO] [stdout] stack backtrace:
[INFO] [stdout]    0:     0x616943afd221 - <<std[70759c8f55707aa4]::sys::backtrace::BacktraceLock>::print::DisplayBacktrace as core[df12db4294e9bfd3]::fmt::Display>::fmt
[INFO] [stdout]    1:     0x616943b130aa - core[df12db4294e9bfd3]::fmt::write
[INFO] [stdout]    2:     0x616943b01a0c - <alloc[2182bb758b4b3781]::vec::Vec<u8> as core[df12db4294e9bfd3]::io::write::Write>::write_fmt
[INFO] [stdout]    3:     0x616943ad7636 - std[70759c8f55707aa4]::panicking::default_hook::{closure#0}
[INFO] [stdout]    4:     0x616943af4689 - std[70759c8f55707aa4]::panicking::default_hook
[INFO] [stdout]    5:     0x6169438f6250 - test[9d35eded1c95d3be]::test_main_inner::<test[9d35eded1c95d3be]::test_main_static::{closure#0}>::{closure#0}
[INFO] [stdout]    6:     0x616943af4842 - std[70759c8f55707aa4]::panicking::panic_with_hook
[INFO] [stdout]    7:     0x616943ad76e2 - std[70759c8f55707aa4]::panicking::panic_handler::{closure#0}
[INFO] [stdout]    8:     0x616943ad0159 - std[70759c8f55707aa4]::sys::backtrace::__rust_end_short_backtrace::<std[70759c8f55707aa4]::panicking::panic_handler::{closure#0}, !>
[INFO] [stdout]    9:     0x616943ad83cd - __rustc[8fa7c3cbc660c2b3]::rust_begin_unwind
[INFO] [stdout]   10:     0x616943b1388c - core[df12db4294e9bfd3]::panicking::panic_fmt
[INFO] [stdout]   11:     0x616943b13662 - core[df12db4294e9bfd3]::result::unwrap_failed
[INFO] [stdout]   12:     0x6169438d1756 - v_queue[f508143645626da8]::test::test_multiple_queues
[INFO] [stdout]   13:     0x6169438e8d99 - <v_queue[f508143645626da8]::test::test_multiple_queues::{closure#0} as core[df12db4294e9bfd3]::ops::function::FnOnce<()>>::call_once
[INFO] [stdout]   14:     0x6169438e953b - test[9d35eded1c95d3be]::__rust_begin_short_backtrace::<core[df12db4294e9bfd3]::result::Result<(), alloc[2182bb758b4b3781]::string::String>, fn() -> core[df12db4294e9bfd3]::result::Result<(), alloc[2182bb758b4b3781]::string::String>>
[INFO] [stdout]   15:     0x6169438f6ba5 - test[9d35eded1c95d3be]::run_test::{closure#0}
[INFO] [stdout]   16:     0x6169438f0464 - std[70759c8f55707aa4]::sys::backtrace::__rust_begin_short_backtrace::<test[9d35eded1c95d3be]::run_test::{closure#1}, ()>
[INFO] [stdout]   17:     0x6169438f9d02 - <std[70759c8f55707aa4]::thread::lifecycle::spawn_unchecked<test[9d35eded1c95d3be]::run_test::{closure#1}, ()>::{closure#1} as core[df12db4294e9bfd3]::ops::function::FnOnce<()>>::call_once::{shim:vtable#0}
[INFO] [stdout]   18:     0x616943afc279 - <std[70759c8f55707aa4]::sys::thread::unix::Thread>::new::thread_start
[INFO] [stdout]   19:     0x7cb4d4880dfa - <unknown>
[INFO] [stdout]   20:     0x7cb4d49143d4 - clone
[INFO] [stdout]   21:                0x0 - <unknown>
[INFO] [stdout] 
[INFO] [stdout] ---- test::test_v2_write_format_roundtrip stdout ----
[INFO] [stdout] 
[INFO] [stdout] thread 'test::test_v2_write_format_roundtrip' (615) panicked at src/test.rs:487:10:
[INFO] [stdout] called `Result::unwrap()` on an `Err` value: FailWrite
[INFO] [stdout] stack backtrace:
[INFO] [stdout]    0:     0x616943afd221 - <<std[70759c8f55707aa4]::sys::backtrace::BacktraceLock>::print::DisplayBacktrace as core[df12db4294e9bfd3]::fmt::Display>::fmt
[INFO] [stdout]    1:     0x616943b130aa - core[df12db4294e9bfd3]::fmt::write
[INFO] [stdout]    2:     0x616943b01a0c - <alloc[2182bb758b4b3781]::vec::Vec<u8> as core[df12db4294e9bfd3]::io::write::Write>::write_fmt
[INFO] [stdout]    3:     0x616943ad7636 - std[70759c8f55707aa4]::panicking::default_hook::{closure#0}
[INFO] [stdout]    4:     0x616943af4689 - std[70759c8f55707aa4]::panicking::default_hook
[INFO] [stdout]    5:     0x6169438f6250 - test[9d35eded1c95d3be]::test_main_inner::<test[9d35eded1c95d3be]::test_main_static::{closure#0}>::{closure#0}
[INFO] [stdout]    6:     0x616943af4842 - std[70759c8f55707aa4]::panicking::panic_with_hook
[INFO] [stdout]    7:     0x616943ad76e2 - std[70759c8f55707aa4]::panicking::panic_handler::{closure#0}
[INFO] [stdout]    8:     0x616943ad0159 - std[70759c8f55707aa4]::sys::backtrace::__rust_end_short_backtrace::<std[70759c8f55707aa4]::panicking::panic_handler::{closure#0}, !>
[INFO] [stdout]    9:     0x616943ad83cd - __rustc[8fa7c3cbc660c2b3]::rust_begin_unwind
[INFO] [stdout]   10:     0x616943b1388c - core[df12db4294e9bfd3]::panicking::panic_fmt
[INFO] [stdout]   11:     0x616943b13662 - core[df12db4294e9bfd3]::result::unwrap_failed
[INFO] [stdout]   12:     0x6169438d4192 - v_queue[f508143645626da8]::test::test_v2_write_format_roundtrip
[INFO] [stdout]   13:     0x6169438e8df9 - <v_queue[f508143645626da8]::test::test_v2_write_format_roundtrip::{closure#0} as core[df12db4294e9bfd3]::ops::function::FnOnce<()>>::call_once
[INFO] [stdout]   14:     0x6169438e953b - test[9d35eded1c95d3be]::__rust_begin_short_backtrace::<core[df12db4294e9bfd3]::result::Result<(), alloc[2182bb758b4b3781]::string::String>, fn() -> core[df12db4294e9bfd3]::result::Result<(), alloc[2182bb758b4b3781]::string::String>>
[INFO] [stdout]   15:     0x6169438f6ba5 - test[9d35eded1c95d3be]::run_test::{closure#0}
[INFO] [stdout]   16:     0x6169438f0464 - std[70759c8f55707aa4]::sys::backtrace::__rust_begin_short_backtrace::<test[9d35eded1c95d3be]::run_test::{closure#1}, ()>
[INFO] [stdout]   17:     0x6169438f9d02 - <std[70759c8f55707aa4]::thread::lifecycle::spawn_unchecked<test[9d35eded1c95d3be]::run_test::{closure#1}, ()>::{closure#1} as core[df12db4294e9bfd3]::ops::function::FnOnce<()>>::call_once::{shim:vtable#0}
[INFO] [stdout]   18:     0x616943afc279 - <std[70759c8f55707aa4]::sys::thread::unix::Thread>::new::thread_start
[INFO] [stdout]   19:     0x7cb4d4880dfa - <unknown>
[INFO] [stdout]   20:     0x7cb4d49143d4 - clone
[INFO] [stdout]   21:                0x0 - <unknown>
[INFO] [stdout] 
[INFO] [stdout] ---- test::test_v3_blocks_old_format_reader stdout ----
[INFO] [stdout] 
[INFO] [stdout] thread 'test::test_v3_blocks_old_format_reader' (616) panicked at src/test.rs:580:73:
[INFO] [stdout] called `Result::unwrap()` on an `Err` value: FailWrite
[INFO] [stdout] stack backtrace:
[INFO] [stdout]    0:     0x616943afd221 - <<std[70759c8f55707aa4]::sys::backtrace::BacktraceLock>::print::DisplayBacktrace as core[df12db4294e9bfd3]::fmt::Display>::fmt
[INFO] [stdout]    1:     0x616943b130aa - core[df12db4294e9bfd3]::fmt::write
[INFO] [stdout]    2:     0x616943b01a0c - <alloc[2182bb758b4b3781]::vec::Vec<u8> as core[df12db4294e9bfd3]::io::write::Write>::write_fmt
[INFO] [stdout]    3:     0x616943ad7636 - std[70759c8f55707aa4]::panicking::default_hook::{closure#0}
[INFO] [stdout]    4:     0x616943af4689 - std[70759c8f55707aa4]::panicking::default_hook
[INFO] [stdout]    5:     0x6169438f6250 - test[9d35eded1c95d3be]::test_main_inner::<test[9d35eded1c95d3be]::test_main_static::{closure#0}>::{closure#0}
[INFO] [stdout]    6:     0x616943af4842 - std[70759c8f55707aa4]::panicking::panic_with_hook
[INFO] [stdout]    7:     0x616943ad76e2 - std[70759c8f55707aa4]::panicking::panic_handler::{closure#0}
[INFO] [stdout]    8:     0x616943ad0159 - std[70759c8f55707aa4]::sys::backtrace::__rust_end_short_backtrace::<std[70759c8f55707aa4]::panicking::panic_handler::{closure#0}, !>
[INFO] [stdout]    9:     0x616943ad83cd - __rustc[8fa7c3cbc660c2b3]::rust_begin_unwind
[INFO] [stdout]   10:     0x616943b1388c - core[df12db4294e9bfd3]::panicking::panic_fmt
[INFO] [stdout]   11:     0x616943b13662 - core[df12db4294e9bfd3]::result::unwrap_failed
[INFO] [stdout]   12:     0x6169438d6fce - v_queue[f508143645626da8]::test::test_v3_blocks_old_format_reader
[INFO] [stdout]   13:     0x6169438e8e39 - <v_queue[f508143645626da8]::test::test_v3_blocks_old_format_reader::{closure#0} as core[df12db4294e9bfd3]::ops::function::FnOnce<()>>::call_once
[INFO] [stdout]   14:     0x6169438e953b - test[9d35eded1c95d3be]::__rust_begin_short_backtrace::<core[df12db4294e9bfd3]::result::Result<(), alloc[2182bb758b4b3781]::string::String>, fn() -> core[df12db4294e9bfd3]::result::Result<(), alloc[2182bb758b4b3781]::string::String>>
[INFO] [stdout]   15:     0x6169438f6ba5 - test[9d35eded1c95d3be]::run_test::{closure#0}
[INFO] [stdout]   16:     0x6169438f0464 - std[70759c8f55707aa4]::sys::backtrace::__rust_begin_short_backtrace::<test[9d35eded1c95d3be]::run_test::{closure#1}, ()>
[INFO] [stdout]   17:     0x6169438f9d02 - <std[70759c8f55707aa4]::thread::lifecycle::spawn_unchecked<test[9d35eded1c95d3be]::run_test::{closure#1}, ()>::{closure#1} as core[df12db4294e9bfd3]::ops::function::FnOnce<()>>::call_once::{shim:vtable#0}
[INFO] [stdout]   18:     0x616943afc279 - <std[70759c8f55707aa4]::sys::thread::unix::Thread>::new::thread_start
[INFO] [stdout]   19:     0x7cb4d4880dfa - <unknown>
[INFO] [stdout]   20:     0x7cb4d49143d4 - clone
[INFO] [stdout]   21:                0x0 - <unknown>
[INFO] [stdout] 
[INFO] [stdout] ---- test::test_queue_new_fails_on_corrupted_info_queue_crc stdout ----
[INFO] [stdout] 
[INFO] [stdout] thread 'test::test_queue_new_fails_on_corrupted_info_queue_crc' (613) panicked at src/test.rs:382:73:
[INFO] [stdout] called `Result::unwrap()` on an `Err` value: FailWrite
[INFO] [stdout] stack backtrace:
[INFO] [stdout]    0:     0x616943afd221 - <<std[70759c8f55707aa4]::sys::backtrace::BacktraceLock>::print::DisplayBacktrace as core[df12db4294e9bfd3]::fmt::Display>::fmt
[INFO] [stdout]    1:     0x616943b130aa - core[df12db4294e9bfd3]::fmt::write
[INFO] [stdout]    2:     0x616943b01a0c - <alloc[2182bb758b4b3781]::vec::Vec<u8> as core[df12db4294e9bfd3]::io::write::Write>::write_fmt
[INFO] [stdout]    3:     0x616943ad7636 - std[70759c8f55707aa4]::panicking::default_hook::{closure#0}
[INFO] [stdout]    4:     0x616943af4689 - std[70759c8f55707aa4]::panicking::default_hook
[INFO] [stdout]    5:     0x6169438f6250 - test[9d35eded1c95d3be]::test_main_inner::<test[9d35eded1c95d3be]::test_main_static::{closure#0}>::{closure#0}
[INFO] [stdout]    6:     0x616943af4842 - std[70759c8f55707aa4]::panicking::panic_with_hook
[INFO] [stdout]    7:     0x616943ad76e2 - std[70759c8f55707aa4]::panicking::panic_handler::{closure#0}
[INFO] [stdout]    8:     0x616943ad0159 - std[70759c8f55707aa4]::sys::backtrace::__rust_end_short_backtrace::<std[70759c8f55707aa4]::panicking::panic_handler::{closure#0}, !>
[INFO] [stdout]    9:     0x616943ad83cd - __rustc[8fa7c3cbc660c2b3]::rust_begin_unwind
[INFO] [stdout]   10:     0x616943b1388c - core[df12db4294e9bfd3]::panicking::panic_fmt
[INFO] [stdout]   11:     0x616943b13662 - core[df12db4294e9bfd3]::result::unwrap_failed
[INFO] [stdout]   12:     0x6169438d97c1 - v_queue[f508143645626da8]::test::test_queue_new_fails_on_corrupted_info_queue_crc
[INFO] [stdout]   13:     0x6169438e8ed9 - <v_queue[f508143645626da8]::test::test_queue_new_fails_on_corrupted_info_queue_crc::{closure#0} as core[df12db4294e9bfd3]::ops::function::FnOnce<()>>::call_once
[INFO] [stdout]   14:     0x6169438e953b - test[9d35eded1c95d3be]::__rust_begin_short_backtrace::<core[df12db4294e9bfd3]::result::Result<(), alloc[2182bb758b4b3781]::string::String>, fn() -> core[df12db4294e9bfd3]::result::Result<(), alloc[2182bb758b4b3781]::string::String>>
[INFO] [stdout]   15:     0x6169438f6ba5 - test[9d35eded1c95d3be]::run_test::{closure#0}
[INFO] [stdout]   16:     0x6169438f0464 - std[70759c8f55707aa4]::sys::backtrace::__rust_begin_short_backtrace::<test[9d35eded1c95d3be]::run_test::{closure#1}, ()>
[INFO] [stdout]   17:     0x6169438f9d02 - <std[70759c8f55707aa4]::thread::lifecycle::spawn_unchecked<test[9d35eded1c95d3be]::run_test::{closure#1}, ()>::{closure#1} as core[df12db4294e9bfd3]::ops::function::FnOnce<()>>::call_once::{shim:vtable#0}
[INFO] [stdout]   18:     0x616943afc279 - <std[70759c8f55707aa4]::sys::thread::unix::Thread>::new::thread_start
[INFO] [stdout]   19:     0x7cb4d4880dfa - <unknown>
[INFO] [stdout]   20:     0x7cb4d49143d4 - clone
[INFO] [stdout]   21:                0x0 - <unknown>
[INFO] [stdout] 
[INFO] [stdout] ---- test::test_push_rollback_on_write_error stdout ----
[INFO] [stdout] 
[INFO] [stdout] thread 'test::test_push_rollback_on_write_error' (609) panicked at src/test.rs:295:73:
[INFO] [stdout] called `Result::unwrap()` on an `Err` value: FailWrite
[INFO] [stdout] stack backtrace:
[INFO] [stdout]    0:     0x616943afd221 - <<std[70759c8f55707aa4]::sys::backtrace::BacktraceLock>::print::DisplayBacktrace as core[df12db4294e9bfd3]::fmt::Display>::fmt
[INFO] [stdout]    1:     0x616943b130aa - core[df12db4294e9bfd3]::fmt::write
[INFO] [stdout]    2:     0x616943b01a0c - <alloc[2182bb758b4b3781]::vec::Vec<u8> as core[df12db4294e9bfd3]::io::write::Write>::write_fmt
[INFO] [stdout]    3:     0x616943ad7636 - std[70759c8f55707aa4]::panicking::default_hook::{closure#0}
[INFO] [stdout]    4:     0x616943af4689 - std[70759c8f55707aa4]::panicking::default_hook
[INFO] [stdout]    5:     0x6169438f6250 - test[9d35eded1c95d3be]::test_main_inner::<test[9d35eded1c95d3be]::test_main_static::{closure#0}>::{closure#0}
[INFO] [stdout]    6:     0x616943af4842 - std[70759c8f55707aa4]::panicking::panic_with_hook
[INFO] [stdout]    7:     0x616943ad76e2 - std[70759c8f55707aa4]::panicking::panic_handler::{closure#0}
[INFO] [stdout]    8:     0x616943ad0159 - std[70759c8f55707aa4]::sys::backtrace::__rust_end_short_backtrace::<std[70759c8f55707aa4]::panicking::panic_handler::{closure#0}, !>
[INFO] [stdout]    9:     0x616943ad83cd - __rustc[8fa7c3cbc660c2b3]::rust_begin_unwind
[INFO] [stdout]   10:     0x616943b1388c - core[df12db4294e9bfd3]::panicking::panic_fmt
[INFO] [stdout]   11:     0x616943b13662 - core[df12db4294e9bfd3]::result::unwrap_failed
[INFO] [stdout]   12:     0x6169438d7a6d - v_queue[f508143645626da8]::test::test_push_rollback_on_write_error
[INFO] [stdout]   13:     0x6169438e8e59 - <v_queue[f508143645626da8]::test::test_push_rollback_on_write_error::{closure#0} as core[df12db4294e9bfd3]::ops::function::FnOnce<()>>::call_once
[INFO] [stdout]   14:     0x6169438e953b - test[9d35eded1c95d3be]::__rust_begin_short_backtrace::<core[df12db4294e9bfd3]::result::Result<(), alloc[2182bb758b4b3781]::string::String>, fn() -> core[df12db4294e9bfd3]::result::Result<(), alloc[2182bb758b4b3781]::string::String>>
[INFO] [stdout]   15:     0x6169438f6ba5 - test[9d35eded1c95d3be]::run_test::{closure#0}
[INFO] [stdout]   16:     0x6169438f0464 - std[70759c8f55707aa4]::sys::backtrace::__rust_begin_short_backtrace::<test[9d35eded1c95d3be]::run_test::{closure#1}, ()>
[INFO] [stdout]   17:     0x6169438f9d02 - <std[70759c8f55707aa4]::thread::lifecycle::spawn_unchecked<test[9d35eded1c95d3be]::run_test::{closure#1}, ()>::{closure#1} as core[df12db4294e9bfd3]::ops::function::FnOnce<()>>::call_once::{shim:vtable#0}
[INFO] [stdout]   18:     0x616943afc279 - <std[70759c8f55707aa4]::sys::thread::unix::Thread>::new::thread_start
[INFO] [stdout]   19:     0x7cb4d4880dfa - <unknown>
[INFO] [stdout]   20:     0x7cb4d49143d4 - clone
[INFO] [stdout]   21:                0x0 - <unknown>
[INFO] [stdout] 
[INFO] [stdout] ---- test::test_queue_consumer_interaction stdout ----
[INFO] [stdout] 
[INFO] [stdout] thread 'test::test_queue_consumer_interaction' (610) panicked at src/test.rs:71:73:
[INFO] [stdout] called `Result::unwrap()` on an `Err` value: FailWrite
[INFO] [stdout] stack backtrace:
[INFO] [stdout]    0:     0x616943afd221 - <<std[70759c8f55707aa4]::sys::backtrace::BacktraceLock>::print::DisplayBacktrace as core[df12db4294e9bfd3]::fmt::Display>::fmt
[INFO] [stdout]    1:     0x616943b130aa - core[df12db4294e9bfd3]::fmt::write
[INFO] [stdout]    2:     0x616943b01a0c - <alloc[2182bb758b4b3781]::vec::Vec<u8> as core[df12db4294e9bfd3]::io::write::Write>::write_fmt
[INFO] [stdout]    3:     0x616943ad7636 - std[70759c8f55707aa4]::panicking::default_hook::{closure#0}
[INFO] [stdout]    4:     0x616943af4689 - std[70759c8f55707aa4]::panicking::default_hook
[INFO] [stdout]    5:     0x6169438f6250 - test[9d35eded1c95d3be]::test_main_inner::<test[9d35eded1c95d3be]::test_main_static::{closure#0}>::{closure#0}
[INFO] [stdout]    6:     0x616943af4842 - std[70759c8f55707aa4]::panicking::panic_with_hook
[INFO] [stdout]    7:     0x616943ad76e2 - std[70759c8f55707aa4]::panicking::panic_handler::{closure#0}
[INFO] [stdout]    8:     0x616943ad0159 - std[70759c8f55707aa4]::sys::backtrace::__rust_end_short_backtrace::<std[70759c8f55707aa4]::panicking::panic_handler::{closure#0}, !>
[INFO] [stdout]    9:     0x616943ad83cd - __rustc[8fa7c3cbc660c2b3]::rust_begin_unwind
[INFO] [stdout]   10:     0x616943b1388c - core[df12db4294e9bfd3]::panicking::panic_fmt
[INFO] [stdout]   11:     0x616943b13662 - core[df12db4294e9bfd3]::result::unwrap_failed
[INFO] [stdout]   12:     0x6169438d61ab - v_queue[f508143645626da8]::test::test_queue_consumer_interaction
[INFO] [stdout]   13:     0x6169438e8e19 - <v_queue[f508143645626da8]::test::test_queue_consumer_interaction::{closure#0} as core[df12db4294e9bfd3]::ops::function::FnOnce<()>>::call_once
[INFO] [stdout]   14:     0x6169438e953b - test[9d35eded1c95d3be]::__rust_begin_short_backtrace::<core[df12db4294e9bfd3]::result::Result<(), alloc[2182bb758b4b3781]::string::String>, fn() -> core[df12db4294e9bfd3]::result::Result<(), alloc[2182bb758b4b3781]::string::String>>
[INFO] [stdout]   15:     0x6169438f6ba5 - test[9d35eded1c95d3be]::run_test::{closure#0}
[INFO] [stdout]   16:     0x6169438f0464 - std[70759c8f55707aa4]::sys::backtrace::__rust_begin_short_backtrace::<test[9d35eded1c95d3be]::run_test::{closure#1}, ()>
[INFO] [stdout]   17:     0x6169438f9d02 - <std[70759c8f55707aa4]::thread::lifecycle::spawn_unchecked<test[9d35eded1c95d3be]::run_test::{closure#1}, ()>::{closure#1} as core[df12db4294e9bfd3]::ops::function::FnOnce<()>>::call_once::{shim:vtable#0}
[INFO] [stdout]   18:     0x616943afc279 - <std[70759c8f55707aa4]::sys::thread::unix::Thread>::new::thread_start
[INFO] [stdout]   19:     0x7cb4d4880dfa - <unknown>
[INFO] [stdout]   20:     0x7cb4d49143d4 - clone
[INFO] [stdout]   21:                0x0 - <unknown>
[INFO] [stdout] 
[INFO] [stdout] ---- test::test_queue_empty stdout ----
[INFO] [stdout] 
[INFO] [stdout] thread 'test::test_queue_empty' (611) panicked at src/test.rs:209:70:
[INFO] [stdout] called `Result::unwrap()` on an `Err` value: FailWrite
[INFO] [stdout] stack backtrace:
[INFO] [stdout]    0:     0x616943afd221 - <<std[70759c8f55707aa4]::sys::backtrace::BacktraceLock>::print::DisplayBacktrace as core[df12db4294e9bfd3]::fmt::Display>::fmt
[INFO] [stdout]    1:     0x616943b130aa - core[df12db4294e9bfd3]::fmt::write
[INFO] [stdout]    2:     0x616943b01a0c - <alloc[2182bb758b4b3781]::vec::Vec<u8> as core[df12db4294e9bfd3]::io::write::Write>::write_fmt
[INFO] [stdout]    3:     0x616943ad7636 - std[70759c8f55707aa4]::panicking::default_hook::{closure#0}
[INFO] [stdout]    4:     0x616943af4689 - std[70759c8f55707aa4]::panicking::default_hook
[INFO] [stdout]    5:     0x6169438f6250 - test[9d35eded1c95d3be]::test_main_inner::<test[9d35eded1c95d3be]::test_main_static::{closure#0}>::{closure#0}
[INFO] [stdout]    6:     0x616943af4842 - std[70759c8f55707aa4]::panicking::panic_with_hook
[INFO] [stdout]    7:     0x616943ad76e2 - std[70759c8f55707aa4]::panicking::panic_handler::{closure#0}
[INFO] [stdout]    8:     0x616943ad0159 - std[70759c8f55707aa4]::sys::backtrace::__rust_end_short_backtrace::<std[70759c8f55707aa4]::panicking::panic_handler::{closure#0}, !>
[INFO] [stdout]    9:     0x616943ad83cd - __rustc[8fa7c3cbc660c2b3]::rust_begin_unwind
[INFO] [stdout]   10:     0x616943b1388c - core[df12db4294e9bfd3]::panicking::panic_fmt
[INFO] [stdout]   11:     0x616943b13662 - core[df12db4294e9bfd3]::result::unwrap_failed
[INFO] [stdout]   12:     0x6169438cfa24 - v_queue[f508143645626da8]::test::test_queue_empty
[INFO] [stdout]   13:     0x6169438e8d59 - <v_queue[f508143645626da8]::test::test_queue_empty::{closure#0} as core[df12db4294e9bfd3]::ops::function::FnOnce<()>>::call_once
[INFO] [stdout]   14:     0x6169438e953b - test[9d35eded1c95d3be]::__rust_begin_short_backtrace::<core[df12db4294e9bfd3]::result::Result<(), alloc[2182bb758b4b3781]::string::String>, fn() -> core[df12db4294e9bfd3]::result::Result<(), alloc[2182bb758b4b3781]::string::String>>
[INFO] [stdout]   15:     0x6169438f6ba5 - test[9d35eded1c95d3be]::run_test::{closure#0}
[INFO] [stdout]   16:     0x6169438f0464 - std[70759c8f55707aa4]::sys::backtrace::__rust_begin_short_backtrace::<test[9d35eded1c95d3be]::run_test::{closure#1}, ()>
[INFO] [stdout]   17:     0x6169438f9d02 - <std[70759c8f55707aa4]::thread::lifecycle::spawn_unchecked<test[9d35eded1c95d3be]::run_test::{closure#1}, ()>::{closure#1} as core[df12db4294e9bfd3]::ops::function::FnOnce<()>>::call_once::{shim:vtable#0}
[INFO] [stdout]   18:     0x616943afc279 - <std[70759c8f55707aa4]::sys::thread::unix::Thread>::new::thread_start
[INFO] [stdout]   19:     0x7cb4d4880dfa - <unknown>
[INFO] [stdout]   20:     0x7cb4d49143d4 - clone
[INFO] [stdout]   21:                0x0 - <unknown>
[INFO] [stdout] 
[INFO] [stdout] ---- test::test_consumer_reconnect_arbitrary_queue_name stdout ----
[INFO] [stdout] 
[INFO] [stdout] thread 'test::test_consumer_reconnect_arbitrary_queue_name' (606) panicked at src/test.rs:442:73:
[INFO] [stdout] called `Result::unwrap()` on an `Err` value: FailWrite
[INFO] [stdout] stack backtrace:
[INFO] [stdout]    0:     0x616943afd221 - <<std[70759c8f55707aa4]::sys::backtrace::BacktraceLock>::print::DisplayBacktrace as core[df12db4294e9bfd3]::fmt::Display>::fmt
[INFO] [stdout]    1:     0x616943b130aa - core[df12db4294e9bfd3]::fmt::write
[INFO] [stdout]    2:     0x616943b01a0c - <alloc[2182bb758b4b3781]::vec::Vec<u8> as core[df12db4294e9bfd3]::io::write::Write>::write_fmt
[INFO] [stdout]    3:     0x616943ad7636 - std[70759c8f55707aa4]::panicking::default_hook::{closure#0}
[INFO] [stdout]    4:     0x616943af4689 - std[70759c8f55707aa4]::panicking::default_hook
[INFO] [stdout]    5:     0x6169438f6250 - test[9d35eded1c95d3be]::test_main_inner::<test[9d35eded1c95d3be]::test_main_static::{closure#0}>::{closure#0}
[INFO] [stdout]    6:     0x616943af4842 - std[70759c8f55707aa4]::panicking::panic_with_hook
[INFO] [stdout]    7:     0x616943ad76e2 - std[70759c8f55707aa4]::panicking::panic_handler::{closure#0}
[INFO] [stdout]    8:     0x616943ad0159 - std[70759c8f55707aa4]::sys::backtrace::__rust_end_short_backtrace::<std[70759c8f55707aa4]::panicking::panic_handler::{closure#0}, !>
[INFO] [stdout]    9:     0x616943ad83cd - __rustc[8fa7c3cbc660c2b3]::rust_begin_unwind
[INFO] [stdout]   10:     0x616943b1388c - core[df12db4294e9bfd3]::panicking::panic_fmt
[INFO] [stdout]   11:     0x616943b13662 - core[df12db4294e9bfd3]::result::unwrap_failed
[INFO] [stdout]   12:     0x6169438d8bfa - v_queue[f508143645626da8]::test::test_consumer_reconnect_arbitrary_queue_name
[INFO] [stdout]   13:     0x6169438e8e99 - <v_queue[f508143645626da8]::test::test_consumer_reconnect_arbitrary_queue_name::{closure#0} as core[df12db4294e9bfd3]::ops::function::FnOnce<()>>::call_once
[INFO] [stdout]   14:     0x6169438e953b - test[9d35eded1c95d3be]::__rust_begin_short_backtrace::<core[df12db4294e9bfd3]::result::Result<(), alloc[2182bb758b4b3781]::string::String>, fn() -> core[df12db4294e9bfd3]::result::Result<(), alloc[2182bb758b4b3781]::string::String>>
[INFO] [stdout]   15:     0x6169438f6ba5 - test[9d35eded1c95d3be]::run_test::{closure#0}
[INFO] [stdout]   16:     0x6169438f0464 - std[70759c8f55707aa4]::sys::backtrace::__rust_begin_short_backtrace::<test[9d35eded1c95d3be]::run_test::{closure#1}, ()>
[INFO] [stdout]   17:     0x6169438f9d02 - <std[70759c8f55707aa4]::thread::lifecycle::spawn_unchecked<test[9d35eded1c95d3be]::run_test::{closure#1}, ()>::{closure#1} as core[df12db4294e9bfd3]::ops::function::FnOnce<()>>::call_once::{shim:vtable#0}
[INFO] [stdout]   18:     0x616943afc279 - <std[70759c8f55707aa4]::sys::thread::unix::Thread>::new::thread_start
[INFO] [stdout]   19:     0x7cb4d4880dfa - <unknown>
[INFO] [stdout]   20:     0x7cb4d49143d4 - clone
[INFO] [stdout]   21:                0x0 - <unknown>
[INFO] [stdout] 
[INFO] [stdout] ---- test::test_double_open_returns_already_open stdout ----
[INFO] [stdout] 
[INFO] [stdout] thread 'test::test_double_open_returns_already_open' (607) panicked at src/test.rs:410:66:
[INFO] [stdout] called `Result::unwrap()` on an `Err` value: FailWrite
[INFO] [stdout] stack backtrace:
[INFO] [stdout]    0:     0x616943afd221 - <<std[70759c8f55707aa4]::sys::backtrace::BacktraceLock>::print::DisplayBacktrace as core[df12db4294e9bfd3]::fmt::Display>::fmt
[INFO] [stdout]    1:     0x616943b130aa - core[df12db4294e9bfd3]::fmt::write
[INFO] [stdout]    2:     0x616943b01a0c - <alloc[2182bb758b4b3781]::vec::Vec<u8> as core[df12db4294e9bfd3]::io::write::Write>::write_fmt
[INFO] [stdout]    3:     0x616943ad7636 - std[70759c8f55707aa4]::panicking::default_hook::{closure#0}
[INFO] [stdout]    4:     0x616943af4689 - std[70759c8f55707aa4]::panicking::default_hook
[INFO] [stdout]    5:     0x6169438f6250 - test[9d35eded1c95d3be]::test_main_inner::<test[9d35eded1c95d3be]::test_main_static::{closure#0}>::{closure#0}
[INFO] [stdout]    6:     0x616943af4842 - std[70759c8f55707aa4]::panicking::panic_with_hook
[INFO] [stdout]    7:     0x616943ad76e2 - std[70759c8f55707aa4]::panicking::panic_handler::{closure#0}
[INFO] [stdout]    8:     0x616943ad0159 - std[70759c8f55707aa4]::sys::backtrace::__rust_end_short_backtrace::<std[70759c8f55707aa4]::panicking::panic_handler::{closure#0}, !>
[INFO] [stdout]    9:     0x616943ad83cd - __rustc[8fa7c3cbc660c2b3]::rust_begin_unwind
[INFO] [stdout]   10:     0x616943b1388c - core[df12db4294e9bfd3]::panicking::panic_fmt
[INFO] [stdout]   11:     0x616943b13662 - core[df12db4294e9bfd3]::result::unwrap_failed
[INFO] [stdout]   12:     0x6169438d8191 - v_queue[f508143645626da8]::test::test_double_open_returns_already_open
[INFO] [stdout]   13:     0x6169438e8e79 - <v_queue[f508143645626da8]::test::test_double_open_returns_already_open::{closure#0} as core[df12db4294e9bfd3]::ops::function::FnOnce<()>>::call_once
[INFO] [stdout]   14:     0x6169438e953b - test[9d35eded1c95d3be]::__rust_begin_short_backtrace::<core[df12db4294e9bfd3]::result::Result<(), alloc[2182bb758b4b3781]::string::String>, fn() -> core[df12db4294e9bfd3]::result::Result<(), alloc[2182bb758b4b3781]::string::String>>
[INFO] [stdout]   15:     0x6169438f6ba5 - test[9d35eded1c95d3be]::run_test::{closure#0}
[INFO] [stdout]   16:     0x6169438f0464 - std[70759c8f55707aa4]::sys::backtrace::__rust_begin_short_backtrace::<test[9d35eded1c95d3be]::run_test::{closure#1}, ()>
[INFO] [stdout]   17:     0x6169438f9d02 - <std[70759c8f55707aa4]::thread::lifecycle::spawn_unchecked<test[9d35eded1c95d3be]::run_test::{closure#1}, ()>::{closure#1} as core[df12db4294e9bfd3]::ops::function::FnOnce<()>>::call_once::{shim:vtable#0}
[INFO] [stdout]   18:     0x616943afc279 - <std[70759c8f55707aa4]::sys::thread::unix::Thread>::new::thread_start
[INFO] [stdout]   19:     0x7cb4d4880dfa - <unknown>
[INFO] [stdout]   20:     0x7cb4d49143d4 - clone
[INFO] [stdout]   21:                0x0 - <unknown>
[INFO] [stdout] 
[INFO] [stdout] ---- test::test_consumer_reconnect stdout ----
[INFO] [stdout] test_consumer_reconnect
[INFO] [stdout] 
[INFO] [stdout] thread 'test::test_consumer_reconnect' (605) panicked at src/test.rs:151:73:
[INFO] [stdout] called `Result::unwrap()` on an `Err` value: FailWrite
[INFO] [stdout] stack backtrace:
[INFO] [stdout]    0:     0x616943afd221 - <<std[70759c8f55707aa4]::sys::backtrace::BacktraceLock>::print::DisplayBacktrace as core[df12db4294e9bfd3]::fmt::Display>::fmt
[INFO] [stdout]    1:     0x616943b130aa - core[df12db4294e9bfd3]::fmt::write
[INFO] [stdout]    2:     0x616943b01a0c - <alloc[2182bb758b4b3781]::vec::Vec<u8> as core[df12db4294e9bfd3]::io::write::Write>::write_fmt
[INFO] [stdout]    3:     0x616943ad7636 - std[70759c8f55707aa4]::panicking::default_hook::{closure#0}
[INFO] [stdout]    4:     0x616943af4689 - std[70759c8f55707aa4]::panicking::default_hook
[INFO] [stdout]    5:     0x6169438f6250 - test[9d35eded1c95d3be]::test_main_inner::<test[9d35eded1c95d3be]::test_main_static::{closure#0}>::{closure#0}
[INFO] [stdout]    6:     0x616943af4842 - std[70759c8f55707aa4]::panicking::panic_with_hook
[INFO] [stdout]    7:     0x616943ad76e2 - std[70759c8f55707aa4]::panicking::panic_handler::{closure#0}
[INFO] [stdout]    8:     0x616943ad0159 - std[70759c8f55707aa4]::sys::backtrace::__rust_end_short_backtrace::<std[70759c8f55707aa4]::panicking::panic_handler::{closure#0}, !>
[INFO] [stdout]    9:     0x616943ad83cd - __rustc[8fa7c3cbc660c2b3]::rust_begin_unwind
[INFO] [stdout]   10:     0x616943b1388c - core[df12db4294e9bfd3]::panicking::panic_fmt
[INFO] [stdout]   11:     0x616943b13662 - core[df12db4294e9bfd3]::result::unwrap_failed
[INFO] [stdout]   12:     0x6169438d2bb3 - v_queue[f508143645626da8]::test::test_consumer_reconnect
[INFO] [stdout]   13:     0x6169438e8db9 - <v_queue[f508143645626da8]::test::test_consumer_reconnect::{closure#0} as core[df12db4294e9bfd3]::ops::function::FnOnce<()>>::call_once
[INFO] [stdout]   14:     0x6169438e953b - test[9d35eded1c95d3be]::__rust_begin_short_backtrace::<core[df12db4294e9bfd3]::result::Result<(), alloc[2182bb758b4b3781]::string::String>, fn() -> core[df12db4294e9bfd3]::result::Result<(), alloc[2182bb758b4b3781]::string::String>>
[INFO] [stdout]   15:     0x6169438f6ba5 - test[9d35eded1c95d3be]::run_test::{closure#0}
[INFO] [stdout]   16:     0x6169438f0464 - std[70759c8f55707aa4]::sys::backtrace::__rust_begin_short_backtrace::<test[9d35eded1c95d3be]::run_test::{closure#1}, ()>
[INFO] [stdout]   17:     0x6169438f9d02 - <std[70759c8f55707aa4]::thread::lifecycle::spawn_unchecked<test[9d35eded1c95d3be]::run_test::{closure#1}, ()>::{closure#1} as core[df12db4294e9bfd3]::ops::function::FnOnce<()>>::call_once::{shim:vtable#0}
[INFO] [stdout]   18:     0x616943afc279 - <std[70759c8f55707aa4]::sys::thread::unix::Thread>::new::thread_start
[INFO] [stdout]   19:     0x7cb4d4880dfa - <unknown>
[INFO] [stdout]   20:     0x7cb4d49143d4 - clone
[INFO] [stdout]   21:                0x0 - <unknown>
[INFO] [stdout] 
[INFO] [stdout] ---- test::test_read_only_mode stdout ----
[INFO] [stdout] 
[INFO] [stdout] thread 'test::test_read_only_mode' (614) panicked at src/test.rs:22:73:
[INFO] [stdout] called `Result::unwrap()` on an `Err` value: FailWrite
[INFO] [stdout] stack backtrace:
[INFO] [stdout]    0:     0x616943afd221 - <<std[70759c8f55707aa4]::sys::backtrace::BacktraceLock>::print::DisplayBacktrace as core[df12db4294e9bfd3]::fmt::Display>::fmt
[INFO] [stdout]    1:     0x616943b130aa - core[df12db4294e9bfd3]::fmt::write
[INFO] [stdout]    2:     0x616943b01a0c - <alloc[2182bb758b4b3781]::vec::Vec<u8> as core[df12db4294e9bfd3]::io::write::Write>::write_fmt
[INFO] [stdout]    3:     0x616943ad7636 - std[70759c8f55707aa4]::panicking::default_hook::{closure#0}
[INFO] [stdout]    4:     0x616943af4689 - std[70759c8f55707aa4]::panicking::default_hook
[INFO] [stdout]    5:     0x6169438f6250 - test[9d35eded1c95d3be]::test_main_inner::<test[9d35eded1c95d3be]::test_main_static::{closure#0}>::{closure#0}
[INFO] [stdout]    6:     0x616943af4842 - std[70759c8f55707aa4]::panicking::panic_with_hook
[INFO] [stdout]    7:     0x616943ad76e2 - std[70759c8f55707aa4]::panicking::panic_handler::{closure#0}
[INFO] [stdout]    8:     0x616943ad0159 - std[70759c8f55707aa4]::sys::backtrace::__rust_end_short_backtrace::<std[70759c8f55707aa4]::panicking::panic_handler::{closure#0}, !>
[INFO] [stdout]    9:     0x616943ad83cd - __rustc[8fa7c3cbc660c2b3]::rust_begin_unwind
[INFO] [stdout]   10:     0x616943b1388c - core[df12db4294e9bfd3]::panicking::panic_fmt
[INFO] [stdout]   11:     0x616943b13662 - core[df12db4294e9bfd3]::result::unwrap_failed
[INFO] [stdout]   12:     0x6169438d053e - v_queue[f508143645626da8]::test::test_read_only_mode
[INFO] [stdout]   13:     0x6169438e8d79 - <v_queue[f508143645626da8]::test::test_read_only_mode::{closure#0} as core[df12db4294e9bfd3]::ops::function::FnOnce<()>>::call_once
[INFO] [stdout]   14:     0x6169438e953b - test[9d35eded1c95d3be]::__rust_begin_short_backtrace::<core[df12db4294e9bfd3]::result::Result<(), alloc[2182bb758b4b3781]::string::String>, fn() -> core[df12db4294e9bfd3]::result::Result<(), alloc[2182bb758b4b3781]::string::String>>
[INFO] [stdout]   15:     0x6169438f6ba5 - test[9d35eded1c95d3be]::run_test::{closure#0}
[INFO] [stdout]   16:     0x6169438f0464 - std[70759c8f55707aa4]::sys::backtrace::__rust_begin_short_backtrace::<test[9d35eded1c95d3be]::run_test::{closure#1}, ()>
[INFO] [stdout]   17:     0x6169438f9d02 - <std[70759c8f55707aa4]::thread::lifecycle::spawn_unchecked<test[9d35eded1c95d3be]::run_test::{closure#1}, ()>::{closure#1} as core[df12db4294e9bfd3]::ops::function::FnOnce<()>>::call_once::{shim:vtable#0}
[INFO] [stdout]   18:     0x616943afc279 - <std[70759c8f55707aa4]::sys::thread::unix::Thread>::new::thread_start
[INFO] [stdout]   19:     0x7cb4d4880dfa - <unknown>
[INFO] [stdout]   20:     0x7cb4d49143d4 - clone
[INFO] [stdout]   21:                0x0 - <unknown>
[INFO] [stdout] 
[INFO] [stdout] ---- test::test_v3_compression_roundtrip stdout ----
[INFO] [stdout] 
[INFO] [stdout] thread 'test::test_v3_compression_roundtrip' (617) panicked at src/test.rs:530:73:
[INFO] [stdout] called `Result::unwrap()` on an `Err` value: FailWrite
[INFO] [stdout] stack backtrace:
[INFO] [stdout]    0:     0x616943afd221 - <<std[70759c8f55707aa4]::sys::backtrace::BacktraceLock>::print::DisplayBacktrace as core[df12db4294e9bfd3]::fmt::Display>::fmt
[INFO] [stdout]    1:     0x616943b130aa - core[df12db4294e9bfd3]::fmt::write
[INFO] [stdout]    2:     0x616943b01a0c - <alloc[2182bb758b4b3781]::vec::Vec<u8> as core[df12db4294e9bfd3]::io::write::Write>::write_fmt
[INFO] [stdout]    3:     0x616943ad7636 - std[70759c8f55707aa4]::panicking::default_hook::{closure#0}
[INFO] [stdout]    4:     0x616943af4689 - std[70759c8f55707aa4]::panicking::default_hook
[INFO] [stdout]    5:     0x6169438f6250 - test[9d35eded1c95d3be]::test_main_inner::<test[9d35eded1c95d3be]::test_main_static::{closure#0}>::{closure#0}
[INFO] [stdout]    6:     0x616943af4842 - std[70759c8f55707aa4]::panicking::panic_with_hook
[INFO] [stdout]    7:     0x616943ad76e2 - std[70759c8f55707aa4]::panicking::panic_handler::{closure#0}
[INFO] [stdout]    8:     0x616943ad0159 - std[70759c8f55707aa4]::sys::backtrace::__rust_end_short_backtrace::<std[70759c8f55707aa4]::panicking::panic_handler::{closure#0}, !>
[INFO] [stdout]    9:     0x616943ad83cd - __rustc[8fa7c3cbc660c2b3]::rust_begin_unwind
[INFO] [stdout]   10:     0x616943b1388c - core[df12db4294e9bfd3]::panicking::panic_fmt
[INFO] [stdout]   11:     0x616943b13662 - core[df12db4294e9bfd3]::result::unwrap_failed
[INFO] [stdout]   12:     0x6169438d3636 - v_queue[f508143645626da8]::test::test_v3_compression_roundtrip
[INFO] [stdout]   13:     0x6169438e8dd9 - <v_queue[f508143645626da8]::test::test_v3_compression_roundtrip::{closure#0} as core[df12db4294e9bfd3]::ops::function::FnOnce<()>>::call_once
[INFO] [stdout]   14:     0x6169438e953b - test[9d35eded1c95d3be]::__rust_begin_short_backtrace::<core[df12db4294e9bfd3]::result::Result<(), alloc[2182bb758b4b3781]::string::String>, fn() -> core[df12db4294e9bfd3]::result::Result<(), alloc[2182bb758b4b3781]::string::String>>
[INFO] [stdout]   15:     0x6169438f6ba5 - test[9d35eded1c95d3be]::run_test::{closure#0}
[INFO] [stdout]   16:     0x6169438f0464 - std[70759c8f55707aa4]::sys::backtrace::__rust_begin_short_backtrace::<test[9d35eded1c95d3be]::run_test::{closure#1}, ()>
[INFO] [stdout]   17:     0x6169438f9d02 - <std[70759c8f55707aa4]::thread::lifecycle::spawn_unchecked<test[9d35eded1c95d3be]::run_test::{closure#1}, ()>::{closure#1} as core[df12db4294e9bfd3]::ops::function::FnOnce<()>>::call_once::{shim:vtable#0}
[INFO] [stdout]   18:     0x616943afc279 - <std[70759c8f55707aa4]::sys::thread::unix::Thread>::new::thread_start
[INFO] [stdout]   19:     0x7cb4d4880dfa - <unknown>
[INFO] [stdout]   20:     0x7cb4d49143d4 - clone
[INFO] [stdout]   21:                0x0 - <unknown>
[INFO] [stdout] 
[INFO] [stdout] ---- test::test_queue_new_fails_on_corrupted_info_push_crc stdout ----
[INFO] [stdout] 
[INFO] [stdout] thread 'test::test_queue_new_fails_on_corrupted_info_push_crc' (612) panicked at src/test.rs:350:73:
[INFO] [stdout] called `Result::unwrap()` on an `Err` value: FailWrite
[INFO] [stdout] stack backtrace:
[INFO] [stdout]    0:     0x616943afd221 - <<std[70759c8f55707aa4]::sys::backtrace::BacktraceLock>::print::DisplayBacktrace as core[df12db4294e9bfd3]::fmt::Display>::fmt
[INFO] [stdout]    1:     0x616943b130aa - core[df12db4294e9bfd3]::fmt::write
[INFO] [stdout]    2:     0x616943b01a0c - <alloc[2182bb758b4b3781]::vec::Vec<u8> as core[df12db4294e9bfd3]::io::write::Write>::write_fmt
[INFO] [stdout]    3:     0x616943ad7636 - std[70759c8f55707aa4]::panicking::default_hook::{closure#0}
[INFO] [stdout]    4:     0x616943af4689 - std[70759c8f55707aa4]::panicking::default_hook
[INFO] [stdout]    5:     0x6169438f6250 - test[9d35eded1c95d3be]::test_main_inner::<test[9d35eded1c95d3be]::test_main_static::{closure#0}>::{closure#0}
[INFO] [stdout]    6:     0x616943af4842 - std[70759c8f55707aa4]::panicking::panic_with_hook
[INFO] [stdout]    7:     0x616943ad76e2 - std[70759c8f55707aa4]::panicking::panic_handler::{closure#0}
[INFO] [stdout]    8:     0x616943ad0159 - std[70759c8f55707aa4]::sys::backtrace::__rust_end_short_backtrace::<std[70759c8f55707aa4]::panicking::panic_handler::{closure#0}, !>
[INFO] [stdout]    9:     0x616943ad83cd - __rustc[8fa7c3cbc660c2b3]::rust_begin_unwind
[INFO] [stdout]   10:     0x616943b1388c - core[df12db4294e9bfd3]::panicking::panic_fmt
[INFO] [stdout]   11:     0x616943b13662 - core[df12db4294e9bfd3]::result::unwrap_failed
[INFO] [stdout]   12:     0x6169438d92ef - v_queue[f508143645626da8]::test::test_queue_new_fails_on_corrupted_info_push_crc
[INFO] [stdout]   13:     0x6169438e8eb9 - <v_queue[f508143645626da8]::test::test_queue_new_fails_on_corrupted_info_push_crc::{closure#0} as core[df12db4294e9bfd3]::ops::function::FnOnce<()>>::call_once
[INFO] [stdout]   14:     0x6169438e953b - test[9d35eded1c95d3be]::__rust_begin_short_backtrace::<core[df12db4294e9bfd3]::result::Result<(), alloc[2182bb758b4b3781]::string::String>, fn() -> core[df12db4294e9bfd3]::result::Result<(), alloc[2182bb758b4b3781]::string::String>>
[INFO] [stdout]   15:     0x6169438f6ba5 - test[9d35eded1c95d3be]::run_test::{closure#0}
[INFO] [stdout]   16:     0x6169438f0464 - std[70759c8f55707aa4]::sys::backtrace::__rust_begin_short_backtrace::<test[9d35eded1c95d3be]::run_test::{closure#1}, ()>
[INFO] [stdout]   17:     0x6169438f9d02 - <std[70759c8f55707aa4]::thread::lifecycle::spawn_unchecked<test[9d35eded1c95d3be]::run_test::{closure#1}, ()>::{closure#1} as core[df12db4294e9bfd3]::ops::function::FnOnce<()>>::call_once::{shim:vtable#0}
[INFO] [stdout]   18:     0x616943afc279 - <std[70759c8f55707aa4]::sys::thread::unix::Thread>::new::thread_start
[INFO] [stdout]   19:     0x7cb4d4880dfa - <unknown>
[INFO] [stdout]   20:     0x7cb4d49143d4 - clone
[INFO] [stdout]   21:                0x0 - <unknown>
[INFO] [stdout] 
[INFO] [stdout] 
[INFO] [stdout] failures:
[INFO] [stdout]     test::test_consumer_reconnect
[INFO] [stdout]     test::test_consumer_reconnect_arbitrary_queue_name
[INFO] [stdout]     test::test_double_open_returns_already_open
[INFO] [stdout]     test::test_multiple_queues
[INFO] [stdout]     test::test_push_rollback_on_write_error
[INFO] [stdout]     test::test_queue_consumer_interaction
[INFO] [stdout]     test::test_queue_empty
[INFO] [stdout]     test::test_queue_new_fails_on_corrupted_info_push_crc
[INFO] [stdout]     test::test_queue_new_fails_on_corrupted_info_queue_crc
[INFO] [stdout]     test::test_read_only_mode
[INFO] [stdout]     test::test_v2_write_format_roundtrip
[INFO] [stdout]     test::test_v3_blocks_old_format_reader
[INFO] [stdout]     test::test_v3_compression_roundtrip
[INFO] [stdout] 
[INFO] [stdout] test result: FAILED. 0 passed; 13 failed; 0 ignored; 0 measured; 0 filtered out; finished in 0.01s
[INFO] [stdout] 
[INFO] running `Command { std: "docker" "inspect" "1c06b17a8fd476833648ded61db31b90e8477aff49f3ee7b71324c0d112b99c0", kill_on_drop: false }`
[INFO] running `Command { std: "docker" "rm" "-f" "1c06b17a8fd476833648ded61db31b90e8477aff49f3ee7b71324c0d112b99c0", kill_on_drop: false }`
[INFO] [stdout] 1c06b17a8fd476833648ded61db31b90e8477aff49f3ee7b71324c0d112b99c0
