[INFO] fetching crate uzon 0.10.2...
[INFO] testing uzon-0.10.2 against 1.100.0-beta.1+cargoflags=--release for beta-release-1.100-2
[INFO] extracting crate uzon 0.10.2 into /workspace/builds/worker-2-tc2/source
[INFO] started tweaking crates.io crate uzon 0.10.2
[INFO] removed 0 missing examples
[INFO] removed 0 missing tests
[INFO] finished tweaking crates.io crate uzon 0.10.2
[INFO] tweaked toml for crates.io crate uzon 0.10.2 written to /workspace/builds/worker-2-tc2/source/Cargo.toml
[INFO] validating manifest of crates.io crate uzon 0.10.2 on toolchain 1.100.0-beta.1
[INFO] running `Command { std: CARGO_HOME="/workspace/cargo-home" RUSTUP_HOME="/workspace/rustup-home" "/workspace/cargo-home/bin/cargo" "+1.100.0-beta.1" "metadata" "--manifest-path" "Cargo.toml" "--no-deps", kill_on_drop: false }`
[INFO] crate crates.io crate uzon 0.10.2 already has a lockfile, it will not be regenerated
[INFO] running `Command { std: CARGO_HOME="/workspace/cargo-home" RUSTUP_HOME="/workspace/rustup-home" "/workspace/cargo-home/bin/cargo" "+1.100.0-beta.1" "fetch" "--manifest-path" "Cargo.toml", kill_on_drop: false }`
[INFO] running `Command { std: "docker" "create" "-v" "/var/lib/crater-agent-workspace/builds/worker-2-tc2/source:/opt/rustwide/workdir:ro,Z" "-v" "/var/lib/crater-agent-workspace/builds/worker-2-tc2/target:/opt/rustwide/target:rw,Z" "-v" "/var/lib/crater-agent-workspace/cargo-home:/opt/rustwide/cargo-home:ro,Z" "-v" "/var/lib/crater-agent-workspace/rustup-home:/opt/rustwide/rustup-home:ro,Z" "-m" "1610612736" "--network" "none" "ghcr.io/rust-lang/crates-build-env/linux@sha256:77db811e55d90add9212f6832c23229e3de5f1c1f9905e8cb07319ea15df73ac" "sleep" "infinity", kill_on_drop: false }`
[INFO] [stdout] 9068e306b2a89c84db6aaa848057aaf238fc28948ed3ce50182062e62b2bb3f2
[INFO] running `Command { std: "docker" "start" "9068e306b2a89c84db6aaa848057aaf238fc28948ed3ce50182062e62b2bb3f2", kill_on_drop: false }`
[INFO] running `Command { std: "docker" "inspect" "9068e306b2a89c84db6aaa848057aaf238fc28948ed3ce50182062e62b2bb3f2", kill_on_drop: false }`
[INFO] running `Command { std: "docker" "exec" "-e" "SOURCE_DIR=/opt/rustwide/workdir" "-e" "CARGO_HOME=/opt/rustwide/cargo-home" "-e" "RUSTUP_HOME=/opt/rustwide/rustup-home" "-e" "CARGO_TARGET_DIR=/opt/rustwide/target" "-w" "/opt/rustwide/workdir" "--user" "0:0" "9068e306b2a89c84db6aaa848057aaf238fc28948ed3ce50182062e62b2bb3f2" "/opt/rustwide/cargo-home/bin/cargo" "+1.100.0-beta.1" "metadata" "--no-deps" "--format-version=1", kill_on_drop: false }`
[INFO] running `Command { std: "docker" "inspect" "9068e306b2a89c84db6aaa848057aaf238fc28948ed3ce50182062e62b2bb3f2", kill_on_drop: false }`
[INFO] running `Command { std: "docker" "exec" "-e" "SOURCE_DIR=/opt/rustwide/workdir" "-e" "CARGO_HOME=/opt/rustwide/cargo-home" "-e" "RUSTUP_HOME=/opt/rustwide/rustup-home" "-e" "CARGO_TARGET_DIR=/opt/rustwide/target" "-e" "CARGO_INCREMENTAL=0" "-e" "RUST_BACKTRACE=full" "-e" "RUSTFLAGS=--cap-lints=warn" "-e" "RUSTDOCFLAGS=--cap-lints=warn" "-w" "/opt/rustwide/workdir" "--user" "0:0" "9068e306b2a89c84db6aaa848057aaf238fc28948ed3ce50182062e62b2bb3f2" "/opt/rustwide/cargo-home/bin/cargo" "+1.100.0-beta.1" "build" "--frozen" "--message-format=json" "--release", kill_on_drop: false }`
[INFO] [stderr]    Compiling proc-macro2 v1.0.106
[INFO] [stderr]    Compiling quote v1.0.45
[INFO] [stderr]    Compiling num-traits v0.2.19
[INFO] [stderr]    Compiling syn v2.0.117
[INFO] [stderr]    Compiling num-integer v0.1.46
[INFO] [stderr]    Compiling num-bigint v0.4.6
[INFO] [stderr]    Compiling serde_derive v1.0.228
[INFO] [stderr]    Compiling serde v1.0.228
[INFO] [stderr]    Compiling uzon v0.10.2 (/opt/rustwide/workdir)
[INFO] [stderr]     Finished `release` profile [optimized] target(s) in 21.35s
[INFO] running `Command { std: "docker" "inspect" "9068e306b2a89c84db6aaa848057aaf238fc28948ed3ce50182062e62b2bb3f2", kill_on_drop: false }`
[INFO] running `Command { std: "docker" "exec" "-e" "SOURCE_DIR=/opt/rustwide/workdir" "-e" "CARGO_HOME=/opt/rustwide/cargo-home" "-e" "RUSTUP_HOME=/opt/rustwide/rustup-home" "-e" "CARGO_TARGET_DIR=/opt/rustwide/target" "-e" "CARGO_INCREMENTAL=0" "-e" "RUST_BACKTRACE=full" "-e" "RUSTFLAGS=--cap-lints=warn" "-e" "RUSTDOCFLAGS=--cap-lints=warn" "-w" "/opt/rustwide/workdir" "--user" "0:0" "9068e306b2a89c84db6aaa848057aaf238fc28948ed3ce50182062e62b2bb3f2" "/opt/rustwide/cargo-home/bin/cargo" "+1.100.0-beta.1" "test" "--frozen" "--no-run" "--message-format=json" "--release", kill_on_drop: false }`
[INFO] [stderr]    Compiling serde_json v1.0.149
[INFO] [stderr]    Compiling uzon v0.10.2 (/opt/rustwide/workdir)
[INFO] [stderr]     Finished `release` profile [optimized] target(s) in 35.16s
[INFO] running `Command { std: "docker" "inspect" "9068e306b2a89c84db6aaa848057aaf238fc28948ed3ce50182062e62b2bb3f2", kill_on_drop: false }`
[INFO] running `Command { std: "docker" "exec" "-e" "SOURCE_DIR=/opt/rustwide/workdir" "-e" "CARGO_HOME=/opt/rustwide/cargo-home" "-e" "RUSTUP_HOME=/opt/rustwide/rustup-home" "-e" "CARGO_TARGET_DIR=/opt/rustwide/target" "-e" "CARGO_INCREMENTAL=0" "-e" "RUST_BACKTRACE=full" "-e" "RUSTFLAGS=--cap-lints=warn" "-e" "RUSTDOCFLAGS=--cap-lints=warn" "-w" "/opt/rustwide/workdir" "--user" "0:0" "9068e306b2a89c84db6aaa848057aaf238fc28948ed3ce50182062e62b2bb3f2" "/opt/rustwide/cargo-home/bin/cargo" "+1.100.0-beta.1" "test" "--frozen" "--release", kill_on_drop: false }`
[INFO] [stderr]     Finished `release` profile [optimized] target(s) in 0.04s
[INFO] [stderr]      Running unittests src/lib.rs (/opt/rustwide/target/release/build/uzon/01497470c1f0735e/out/uzon-01497470c1f0735e)
[INFO] [stdout] 
[INFO] [stdout] running 289 tests
[INFO] [stdout] test evaluator::tests::test_case_type_dispatch ... ok
[INFO] [stdout] test evaluator::tests::test_case_named_dispatch ... ok
[INFO] [stdout] test evaluator::tests::test_bare_name_resolution ... ok
[INFO] [stdout] test evaluator::tests::test_case_type_branch_narrowing ... ok
[INFO] [stdout] test evaluator::tests::test_comparison ... ok
[INFO] [stdout] test evaluator::tests::test_case_variant_typo_rejected ... ok
[INFO] [stdout] test evaluator::tests::test_case_when_else ... ok
[INFO] [stdout] test evaluator::tests::test_circular_dependency ... ok
[INFO] [stdout] test evaluator::tests::test_direct_recursive_struct_rejected ... ok
[INFO] [stdout] test evaluator::tests::test_duplicate_binding_error ... ok
[INFO] [stdout] test evaluator::tests::test_enum_min_variants ... ok
[INFO] [stdout] test evaluator::tests::test_enum_rule4_binding_wins_over_variant ... ok
[INFO] [stdout] test evaluator::tests::test_empty_list_requires_type ... ok
[INFO] [stdout] test evaluator::tests::test_empty_string_interpolation_rejected ... ok
[INFO] [stdout] test evaluator::tests::test_enum_variant_inference_in_struct_field ... ok
[INFO] [stdout] test evaluator::tests::test_enum_from ... ok
[INFO] [stdout] test evaluator::tests::test_equality ... ok
[INFO] [stdout] test evaluator::tests::test_enum_invalid_variant ... ok
[INFO] [stdout] test evaluator::tests::test_function_default_param ... ok
[INFO] [stdout] test evaluator::tests::test_float_literal ... ok
[INFO] [stdout] test evaluator::tests::test_float_to_int_truncation ... ok
[INFO] [stdout] test evaluator::tests::test_float_type_annotation ... ok
[INFO] [stdout] test evaluator::tests::test_function_default_type_mismatch ... ok
[INFO] [stdout] test evaluator::tests::test_bool_to_string ... ok
[INFO] [stdout] test evaluator::tests::test_inf_nan_literals ... ok
[INFO] [stdout] test evaluator::tests::test_function_default_undefined_rejected ... ok
[INFO] [stdout] test evaluator::tests::test_if_branch_type_mismatch ... ok
[INFO] [stdout] test evaluator::tests::test_if_then_else ... ok
[INFO] [stdout] test evaluator::tests::test_int_to_float ... ok
[INFO] [stdout] test evaluator::tests::test_in_operator ... ok
[INFO] [stdout] test evaluator::tests::test_called_enum ... ok
[INFO] [stdout] test evaluator::tests::test_int_to_string ... ok
[INFO] [stdout] test evaluator::tests::test_invalid_brace_escape_rejected ... ok
[INFO] [stdout] test evaluator::tests::test_integer_arithmetic ... ok
[INFO] [stdout] test evaluator::tests::test_integer_type_annotation ... ok
[INFO] [stdout] test evaluator::tests::test_is_type_basic ... ok
[INFO] [stdout] test evaluator::tests::test_interpolation_undefined_is_terminal ... ok
[INFO] [stdout] test evaluator::tests::test_integer_range_error ... ok
[INFO] [stdout] test evaluator::tests::test_integer_literal ... ok
[INFO] [stdout] test evaluator::tests::test_is_type_null ... ok
[INFO] [stdout] test evaluator::tests::test_list_literal ... ok
[INFO] [stdout] test evaluator::tests::test_literal_undefined_as_binding_rhs_rejected ... ok
[INFO] [stdout] test evaluator::tests::test_is_type_union ... ok
[INFO] [stdout] test evaluator::tests::test_literal_undefined_in_else_branch_rejected ... ok
[INFO] [stdout] test evaluator::tests::test_list_ordinal_access ... ok
[INFO] [stdout] test evaluator::tests::test_list_homogeneity_error ... ok
[INFO] [stdout] test evaluator::tests::test_float_arithmetic ... ok
[INFO] [stdout] test evaluator::tests::test_logical_and_or ... ok
[INFO] [stdout] test evaluator::tests::test_multiple_circular_dependencies ... ok
[INFO] [stdout] test evaluator::tests::test_mutual_recursion_rejected ... ok
[INFO] [stdout] test evaluator::tests::test_null_as_non_nullable_rejected ... ok
[INFO] [stdout] test evaluator::tests::test_null_as_string_rejected ... ok
[INFO] [stdout] test evaluator::tests::test_null_as_union_with_null_member ... ok
[INFO] [stdout] test evaluator::tests::test_null_literal ... ok
[INFO] [stdout] test evaluator::tests::test_basic_function ... ok
[INFO] [stdout] test evaluator::tests::test_or_else_with_defined_value ... ok
[INFO] [stdout] test evaluator::tests::test_plain_mode_strips_enums ... ok
[INFO] [stdout] test evaluator::tests::test_power ... ok
[INFO] [stdout] test evaluator::tests::test_bool_literal ... ok
[INFO] [stdout] test evaluator::tests::test_case_type_fallthrough ... ok
[INFO] [stdout] test evaluator::tests::test_recursive_function_call_site ... ok
[INFO] [stdout] test evaluator::tests::test_function_closure_capture ... ok
[INFO] [stdout] test evaluator::tests::test_standalone_enum_default_is_first_variant ... ok
[INFO] [stdout] test evaluator::tests::test_standalone_union_default_int_first ... ok
[INFO] [stdout] test evaluator::tests::test_standalone_union_default_string_first ... ok
[INFO] [stdout] test evaluator::tests::test_standalone_union_default_tuple_first_v0_11 ... ok
[INFO] [stdout] test evaluator::tests::test_standalone_union_default_tuple_empty_first ... ok
[INFO] [stdout] test evaluator::tests::test_case_type_narrowing_tagged_union ... ok
[INFO] [stdout] test evaluator::tests::test_std_float_predicates ... ok
[INFO] [stdout] test evaluator::tests::test_null_to_string ... ok
[INFO] [stdout] test evaluator::tests::test_std_filter ... ok
[INFO] [stdout] test evaluator::tests::test_std_has ... ok
[INFO] [stdout] test evaluator::tests::test_case_type_invalid_member_type_error ... ok
[INFO] [stdout] test evaluator::tests::test_duplicate_function_param_name ... ok
[INFO] [stdout] test evaluator::tests::test_case_else_fallthrough ... ok
[INFO] [stdout] test evaluator::tests::test_std_len ... ok
[INFO] [stdout] test evaluator::tests::test_case_type_non_union_dispatch ... ok
[INFO] [stdout] test evaluator::tests::test_std_sort_comparator_must_have_2_params ... ok
[INFO] [stdout] test evaluator::tests::test_std_reduce ... ok
[INFO] [stdout] test evaluator::tests::test_std_string_utils ... ok
[INFO] [stdout] test evaluator::tests::test_string_interpolation ... ok
[INFO] [stdout] test evaluator::tests::test_std_sort ... ok
[INFO] [stdout] test evaluator::tests::test_string_infinity_parse_rejected ... ok
[INFO] [stdout] test evaluator::tests::test_struct_literal ... ok
[INFO] [stdout] test evaluator::tests::test_std_keys_values ... ok
[INFO] [stdout] test evaluator::tests::test_struct_member_access ... ok
[INFO] [stdout] test evaluator::tests::test_string_literal ... ok
[INFO] [stdout] test evaluator::tests::test_to_list_string_rejected ... ok
[INFO] [stdout] test evaluator::tests::test_struct_extension ... ok
[INFO] [stdout] test evaluator::tests::test_std_map ... ok
[INFO] [stdout] test evaluator::tests::test_to_struct_string_rejected ... ok
[INFO] [stdout] test evaluator::tests::test_std_split_join ... ok
[INFO] [stdout] test evaluator::tests::test_to_tuple_string_rejected ... ok
[INFO] [stdout] test evaluator::tests::test_string_concat ... ok
[INFO] [stdout] test evaluator::tests::test_to_u32_negative_rejected ... ok
[INFO] [stdout] test evaluator::tests::test_string_to_int ... ok
[INFO] [stdout] test evaluator::tests::test_string_leading_whitespace_rejected ... ok
[INFO] [stdout] test evaluator::tests::test_string_repeat ... ok
[INFO] [stdout] test evaluator::tests::test_tuple_literal ... ok
[INFO] [stdout] test evaluator::tests::test_topological_sort ... ok
[INFO] [stdout] test evaluator::tests::test_struct_override ... ok
[INFO] [stdout] test evaluator::tests::test_to_u8_overflow_rejected ... ok
[INFO] [stdout] test evaluator::tests::test_unary_not ... ok
[INFO] [stdout] test evaluator::tests::test_transitive_recursion_rejected ... ok
[INFO] [stdout] test evaluator::tests::test_unary_negation ... ok
[INFO] [stdout] test evaluator::tests::test_undefined_propagates_through_to ... ok
[INFO] [stdout] test evaluator::tests::test_undefined_comparison_permitted ... ok
[INFO] [stdout] test evaluator::tests::test_undefined_literal_rejected ... ok
[INFO] [stdout] test lexer::tests::test_all_operators ... ok
[INFO] [stdout] test lexer::tests::test_all_delimiters ... ok
[INFO] [stdout] test lexer::tests::test_bom_skipped ... ok
[INFO] [stdout] test evaluator::tests::test_std_get ... ok
[INFO] [stdout] test lexer::tests::test_comment_lines_tracked ... ok
[INFO] [stdout] test lexer::tests::test_comments ... ok
[INFO] [stdout] test lexer::tests::test_escape_sequences ... ok
[INFO] [stdout] test lexer::tests::test_comparison_operators ... ok
[INFO] [stdout] test lexer::tests::test_composite_operators ... ok
[INFO] [stdout] test lexer::tests::test_keyword_escape ... ok
[INFO] [stdout] test lexer::tests::test_identifier_starting_with_digit ... ok
[INFO] [stdout] test lexer::tests::test_inf_nan ... ok
[INFO] [stdout] test lexer::tests::test_consecutive_underscores_rejected ... ok
[INFO] [stdout] test lexer::tests::test_empty_quoted_identifier ... ok
[INFO] [stdout] test lexer::tests::test_leading_underscore_after_prefix_rejected ... ok
[INFO] [stdout] test lexer::tests::test_negative_number ... ok
[INFO] [stdout] test lexer::tests::test_hex_escape ... ok
[INFO] [stdout] test lexer::tests::test_reserved_keyword_escaped ... ok
[INFO] [stdout] test lexer::tests::test_reserved_keyword_rejected ... ok
[INFO] [stdout] test lexer::tests::test_minus_as_operator ... ok
[INFO] [stdout] test lexer::tests::test_number_bases ... ok
[INFO] [stdout] test lexer::tests::test_scientific_notation ... ok
[INFO] [stdout] test lexer::tests::test_string_literal ... ok
[INFO] [stdout] test lexer::tests::test_trailing_underscore_in_fractional_rejected ... ok
[INFO] [stdout] test lexer::tests::test_struct_literal ... ok
[INFO] [stdout] test lexer::tests::test_quoted_identifier ... ok
[INFO] [stdout] test parser::tests::test_case_expr ... ok
[INFO] [stdout] test lexer::tests::test_trailing_underscore_rejected ... ok
[INFO] [stdout] test parser::tests::test_arithmetic_precedence ... ok
[INFO] [stdout] test parser::tests::test_case_requires_when_clause ... ok
[INFO] [stdout] test parser::tests::test_are_trailing_comma_rejected ... ok
[INFO] [stdout] test parser::tests::test_are_multiline_no_trailing_comma ... ok
[INFO] [stdout] test parser::tests::test_chained_with_rejected ... ok
[INFO] [stdout] test parser::tests::test_binding_decomposition_is_not ... ok
[INFO] [stdout] test parser::tests::test_concat_operator ... ok
[INFO] [stdout] test lexer::tests::test_simple_binding ... ok
[INFO] [stdout] test parser::tests::test_empty_tuple ... ok
[INFO] [stdout] test parser::tests::test_expression_continuation_across_newline ... ok
[INFO] [stdout] test parser::tests::test_enum ... ok
[INFO] [stdout] test lexer::tests::test_unicode_escape ... ok
[INFO] [stdout] test parser::tests::test_are_binding ... ok
[INFO] [stdout] test parser::tests::test_conversion ... ok
[INFO] [stdout] test parser::tests::test_enum_called ... ok
[INFO] [stdout] test lexer::tests::test_string_interpolation ... ok
[INFO] [stdout] test parser::tests::test_enum_termination_in_struct ... ok
[INFO] [stdout] test parser::tests::test_field_extraction ... ok
[INFO] [stdout] test parser::tests::test_function_call ... ok
[INFO] [stdout] test parser::tests::test_function_with_defaults ... ok
[INFO] [stdout] test parser::tests::test_membership_in ... ok
[INFO] [stdout] test parser::tests::test_if_expr ... ok
[INFO] [stdout] test parser::tests::test_function_expr ... ok
[INFO] [stdout] test parser::tests::test_list_literal ... ok
[INFO] [stdout] test parser::tests::test_multiline_string_comment_between_parts_rejected ... ok
[INFO] [stdout] test parser::tests::test_logical_operators ... ok
[INFO] [stdout] test parser::tests::test_multiline_string_adjacent_ok ... ok
[INFO] [stdout] test parser::tests::test_power_right_associative ... ok
[INFO] [stdout] test parser::tests::test_member_access ... ok
[INFO] [stdout] test parser::tests::test_string_interpolation ... ok
[INFO] [stdout] test parser::tests::test_or_else ... ok
[INFO] [stdout] test parser::tests::test_multiline_struct ... ok
[INFO] [stdout] test parser::tests::test_function_required_after_default_rejected ... ok
[INFO] [stdout] test parser::tests::test_multiline_string_blank_line_breaks_silently ... ok
[INFO] [stdout] test parser::tests::test_grouping ... ok
[INFO] [stdout] test parser::tests::test_multiple_bindings ... ok
[INFO] [stdout] test parser::tests::test_negative_inf_literal ... ok
[INFO] [stdout] test parser::tests::test_repeat_operator ... ok
[INFO] [stdout] test parser::tests::test_single_element_tuple ... ok
[INFO] [stdout] test parser::tests::test_simple_binding ... ok
[INFO] [stdout] test parser::tests::test_struct_extends ... ok
[INFO] [stdout] test parser::tests::test_struct_override ... ok
[INFO] [stdout] test stringify::tests::test_keyword_identifier_quoting ... ok
[INFO] [stdout] test parser::tests::test_tuple ... ok
[INFO] [stdout] test parser::tests::test_type_annotation ... ok
[INFO] [stdout] test stringify::tests::test_enum ... ok
[INFO] [stdout] test stringify::tests::test_float_values ... ok
[INFO] [stdout] test stringify::tests::test_identifier_quoting ... ok
[INFO] [stdout] test parser::tests::test_struct_literal ... ok
[INFO] [stdout] test parser::tests::test_type_expr_tuple ... ok
[INFO] [stdout] test parser::tests::test_union ... ok
[INFO] [stdout] test stringify::tests::test_empty_tuple ... ok
[INFO] [stdout] test parser::tests::test_tagged_union ... ok
[INFO] [stdout] test stringify::tests::test_empty_struct ... ok
[INFO] [stdout] test stringify::tests::test_roundtrip_list ... ok
[INFO] [stdout] test stringify::tests::test_struct_inline ... ok
[INFO] [stdout] test stringify::tests::test_undefined ... ok
[INFO] [stdout] test stringify::tests::test_empty_list ... ok
[INFO] [stdout] test stringify::tests::test_roundtrip_nested_struct ... ok
[INFO] [stdout] test parser::tests::test_struct_import ... ok
[INFO] [stdout] test stringify::tests::test_list_are_syntax ... ok
[INFO] [stdout] test stringify::tests::test_string_escaping ... ok
[INFO] [stdout] test stringify::tests::test_tuple ... ok
[INFO] [stdout] test parser::tests::test_type_expr_list ... ok
[INFO] [stdout] test value::ops::tests::test_add_primitive ... ok
[INFO] [stdout] test stringify::tests::test_single_element_tuple ... ok
[INFO] [stdout] test stringify::tests::test_roundtrip ... ok
[INFO] [stdout] test stringify::tests::test_roundtrip_enum ... ok
[INFO] [stdout] test stringify::tests::test_neg_inf ... ok
[INFO] [stdout] test value::ops::tests::test_add ... ok
[INFO] [stdout] test stringify::tests::test_roundtrip_struct ... ok
[INFO] [stdout] test parser::tests::test_struct_import_rejects_interpolation ... ok
[INFO] [stdout] test value::ops::tests::test_as_f64 ... ok
[INFO] [stdout] test value::ops::tests::test_checked_add_overflow ... ok
[INFO] [stdout] test stringify::tests::test_simple_values ... ok
[INFO] [stdout] test value::ops::tests::test_as_bool ... ok
[INFO] [stdout] test value::ops::tests::test_as_list ... ok
[INFO] [stdout] test value::ops::tests::test_as_i64 ... ok
[INFO] [stdout] test value::ops::tests::test_as_struct ... ok
[INFO] [stdout] test value::ops::tests::test_as_str ... ok
[INFO] [stdout] test value::ops::tests::test_as_i128 ... ok
[INFO] [stdout] test value::ops::tests::test_checked_add_ok ... ok
[INFO] [stdout] test value::ops::tests::test_checked_neg ... ok
[INFO] [stdout] test value::ops::tests::test_checked_div_zero ... ok
[INFO] [stdout] test value::ops::tests::test_eq_primitive ... ok
[INFO] [stdout] test value::ops::tests::test_from_primitives ... ok
[INFO] [stdout] test value::ops::tests::test_from_vec ... ok
[INFO] [stdout] test value::ops::tests::test_from_tuple ... ok
[INFO] [stdout] test value::ops::tests::test_get_mut ... ok
[INFO] [stdout] test value::ops::tests::test_get_index ... ok
[INFO] [stdout] test value::ops::tests::test_get_path ... ok
[INFO] [stdout] test value::ops::tests::test_get_struct ... ok
[INFO] [stdout] test value::ops::tests::test_index_non_collection ... ok
[INFO] [stdout] test value::ops::tests::test_iter_list ... ok
[INFO] [stdout] test value::ops::tests::test_add_type_mismatch - should panic ... ok
[INFO] [stdout] test value::ops::tests::test_len ... ok
[INFO] [stdout] test value::ops::tests::test_conversion_error_display ... ok
[INFO] [stdout] test value::ops::tests::test_iter_owned ... ok
[INFO] [stdout] test value::ops::tests::test_insert_remove ... ok
[INFO] [stdout] test value::ops::tests::test_checked_type_mismatch ... ok
[INFO] [stdout] test value::ops::tests::test_merge_deep ... ok
[INFO] [stdout] test value::ops::tests::test_index_struct ... ok
[INFO] [stdout] test value::ops::tests::test_iter_list_for_loop ... ok
[INFO] [stdout] test value::ops::tests::test_iter_non_collection ... ok
[INFO] [stdout] test value::ops::tests::test_iter_struct ... ok
[INFO] [stdout] test value::ops::tests::test_iter_fields ... ok
[INFO] [stdout] test value::ops::tests::test_merge_non_struct_noop ... ok
[INFO] [stdout] test value::ops::tests::test_iter_tuple ... ok
[INFO] [stdout] test value::ops::tests::test_div ... ok
[INFO] [stdout] test value::ops::tests::test_ord_primitive ... ok
[INFO] [stdout] test value::ops::tests::test_rem ... ok
[INFO] [stdout] test value::ops::tests::test_rem_primitive ... ok
[INFO] [stdout] test value::ops::tests::test_div_primitive ... ok
[INFO] [stdout] test value::ops::tests::test_index_list ... ok
[INFO] [stdout] test value::ops::tests::test_mul_primitive ... ok
[INFO] [stdout] test value::ops::tests::test_merge_simple ... ok
[INFO] [stdout] test value::ops::tests::test_ordering ... ok
[INFO] [stdout] test value::ops::tests::test_mul ... ok
[INFO] [stdout] test value::ops::tests::test_push_pop ... ok
[INFO] [stdout] test value::ops::tests::test_struct_builder_nested ... ok
[INFO] [stdout] test value::ops::tests::test_sub ... ok
[INFO] [stdout] test value::ops::tests::test_try_into_bool ... ok
[INFO] [stdout] test value::ops::tests::test_sub_primitive ... ok
[INFO] [stdout] test value::ops::tests::test_try_into_string ... ok
[INFO] [stdout] test value::ops::tests::test_try_into_u64 ... ok
[INFO] [stdout] test value::ops::tests::test_try_into_i64 ... ok
[INFO] [stdout] test value::ops::tests::test_try_from_ref ... ok
[INFO] [stdout] test value::ops::tests::test_try_into_i128 ... ok
[INFO] [stdout] test value::ops::tests::test_try_into_f64 ... ok
[INFO] [stdout] test value::ops::tests::test_try_into_map ... ok
[INFO] [stdout] test value::ops::tests::test_neg ... ok
[INFO] [stdout] test value::ops::tests::test_struct_builder ... ok
[INFO] [stdout] test value::ops::tests::test_try_into_vec ... ok
[INFO] [stdout] test value::serde_impl::tests::test_json_to_value_object ... ok
[INFO] [stdout] test value::serde_impl::tests::test_deserialize_vec_of_ints ... ok
[INFO] [stdout] test value::serde_impl::tests::test_deserialize_nested ... ok
[INFO] [stdout] test value::ops::tests::test_uzon_macro_primitives ... ok
[INFO] [stdout] test value::serde_impl::tests::test_deserialize_f64 ... ok
[INFO] [stdout] test value::serde_impl::tests::test_json_to_value_array ... ok
[INFO] [stdout] test value::ops::tests::test_uzon_macro_struct ... ok
[INFO] [stdout] test value::serde_impl::tests::test_json_to_value_nested ... ok
[INFO] [stdout] test value::serde_impl::tests::test_deserialize_into_struct ... ok
[INFO] [stdout] test value::serde_impl::tests::test_json_roundtrip ... ok
[INFO] [stdout] test value::serde_impl::tests::test_deserialize_option ... ok
[INFO] [stdout] test value::serde_impl::tests::test_json_to_value_primitives ... ok
[INFO] [stdout] test value::serde_impl::tests::test_serialize_list ... ok
[INFO] [stdout] test value::serde_impl::tests::test_deserialize_error ... ok
[INFO] [stdout] test value::serde_impl::tests::test_deserialize_enum ... ok
[INFO] [stdout] test value::serde_impl::tests::test_serialize_primitives ... ok
[INFO] [stdout] test value::ops::tests::test_uzon_macro_trailing_comma ... ok
[INFO] [stdout] test value::ops::tests::test_uzon_macro_list ... ok
[INFO] [stdout] test value::ops::tests::test_uzon_macro_nested ... ok
[INFO] [stdout] test value::serde_impl::tests::test_serialize_struct ... ok
[INFO] [stdout] 
[INFO] [stdout] test result: ok. 289 passed; 0 failed; 0 ignored; 0 measured; 0 filtered out; finished in 0.10s
[INFO] [stdout] 
[INFO] [stderr]      Running tests/conformance.rs (/opt/rustwide/target/release/build/uzon/cea31139e90e749d/out/conformance-cea31139e90e749d)
[INFO] [stdout] 
[INFO] [stdout] running 4 tests
[INFO] [stdout] test conformance_roundtrip ... FAILED
[INFO] [stdout] test conformance_parse_invalid ... FAILED
[INFO] [stdout] test conformance_eval ... FAILED
[INFO] [stdout] test conformance_parse_valid ... FAILED
[INFO] [stdout] 
[INFO] [stdout] failures:
[INFO] [stdout] 
[INFO] [stdout] ---- conformance_roundtrip stdout ----
[INFO] [stdout] 
[INFO] [stdout] thread 'conformance_roundtrip' (1347) panicked at tests/conformance.rs:250:5:
[INFO] [stdout] no roundtrip fixtures found
[INFO] [stdout] stack backtrace:
[INFO] [stdout]    0:     0x56082789ab31 - <<std[617be2ca0a6fd877]::sys::backtrace::BacktraceLock>::print::DisplayBacktrace as core[a373ad73a504971]::fmt::Display>::fmt
[INFO] [stdout]    1:     0x5608278b0afa - core[a373ad73a504971]::fmt::write
[INFO] [stdout]    2:     0x56082789f23c - <alloc[2e1b2a31b91974c5]::vec::Vec<u8> as core[a373ad73a504971]::io::write::Write>::write_fmt
[INFO] [stdout]    3:     0x560827875eb6 - std[617be2ca0a6fd877]::panicking::default_hook::{closure#0}
[INFO] [stdout]    4:     0x560827892bb9 - std[617be2ca0a6fd877]::panicking::default_hook
[INFO] [stdout]    5:     0x56082776d690 - test[aada8e7e76ba119b]::test_main_inner::{closure#0}
[INFO] [stdout]    6:     0x560827892d72 - std[617be2ca0a6fd877]::panicking::panic_with_hook
[INFO] [stdout]    7:     0x560827875f94 - std[617be2ca0a6fd877]::panicking::panic_handler::{closure#0}
[INFO] [stdout]    8:     0x56082786ea49 - std[617be2ca0a6fd877]::sys::backtrace::__rust_end_short_backtrace::<std[617be2ca0a6fd877]::panicking::panic_handler::{closure#0}, !>
[INFO] [stdout]    9:     0x560827876b6d - __rustc[ea4f61d10b84890b]::rust_begin_unwind
[INFO] [stdout]   10:     0x5608278b122c - core[a373ad73a504971]::panicking::panic_fmt
[INFO] [stdout]   11:     0x5608277448f7 - <conformance[5c2195f71b749d43]::conformance_roundtrip::{closure#0} as core[a373ad73a504971]::ops::function::FnOnce<()>>::call_once
[INFO] [stdout]   12:     0x560827760adb - test[aada8e7e76ba119b]::__rust_begin_short_backtrace::<core[a373ad73a504971]::result::Result<(), alloc[2e1b2a31b91974c5]::string::String>, fn() -> core[a373ad73a504971]::result::Result<(), alloc[2e1b2a31b91974c5]::string::String>>
[INFO] [stdout]   13:     0x56082776dcb5 - test[aada8e7e76ba119b]::run_test::{closure#0}
[INFO] [stdout]   14:     0x5608277675a4 - std[617be2ca0a6fd877]::sys::backtrace::__rust_begin_short_backtrace::<test[aada8e7e76ba119b]::run_test::{closure#1}, ()>
[INFO] [stdout]   15:     0x560827770d42 - <std[617be2ca0a6fd877]::thread::lifecycle::spawn_unchecked<test[aada8e7e76ba119b]::run_test::{closure#1}, ()>::{closure#1} as core[a373ad73a504971]::ops::function::FnOnce<()>>::call_once::{shim:vtable#0}
[INFO] [stdout]   16:     0x56082789a02f - <std[617be2ca0a6fd877]::sys::thread::unix::Thread>::new::thread_start
[INFO] [stdout]   17:     0x7bf834546dfa - <unknown>
[INFO] [stdout]   18:     0x7bf8345da3d4 - clone
[INFO] [stdout]   19:                0x0 - <unknown>
[INFO] [stdout] 
[INFO] [stdout] ---- conformance_parse_invalid stdout ----
[INFO] [stdout] 
[INFO] [stdout] thread 'conformance_parse_invalid' (1345) panicked at tests/conformance.rs:123:5:
[INFO] [stdout] no parse/invalid fixtures found
[INFO] [stdout] stack backtrace:
[INFO] [stdout]    0:     0x56082789ab31 - <<std[617be2ca0a6fd877]::sys::backtrace::BacktraceLock>::print::DisplayBacktrace as core[a373ad73a504971]::fmt::Display>::fmt
[INFO] [stdout]    1:     0x5608278b0afa - core[a373ad73a504971]::fmt::write
[INFO] [stdout]    2:     0x56082789f23c - <alloc[2e1b2a31b91974c5]::vec::Vec<u8> as core[a373ad73a504971]::io::write::Write>::write_fmt
[INFO] [stdout]    3:     0x560827875eb6 - std[617be2ca0a6fd877]::panicking::default_hook::{closure#0}
[INFO] [stdout]    4:     0x560827892bb9 - std[617be2ca0a6fd877]::panicking::default_hook
[INFO] [stdout]    5:     0x56082776d690 - test[aada8e7e76ba119b]::test_main_inner::{closure#0}
[INFO] [stdout]    6:     0x560827892d72 - std[617be2ca0a6fd877]::panicking::panic_with_hook
[INFO] [stdout]    7:     0x560827875f94 - std[617be2ca0a6fd877]::panicking::panic_handler::{closure#0}
[INFO] [stdout]    8:     0x56082786ea49 - std[617be2ca0a6fd877]::sys::backtrace::__rust_end_short_backtrace::<std[617be2ca0a6fd877]::panicking::panic_handler::{closure#0}, !>
[INFO] [stdout]    9:     0x560827876b6d - __rustc[ea4f61d10b84890b]::rust_begin_unwind
[INFO] [stdout]   10:     0x5608278b122c - core[a373ad73a504971]::panicking::panic_fmt
[INFO] [stdout]   11:     0x560827745cd9 - <conformance[5c2195f71b749d43]::conformance_parse_invalid::{closure#0} as core[a373ad73a504971]::ops::function::FnOnce<()>>::call_once
[INFO] [stdout]   12:     0x560827760adb - test[aada8e7e76ba119b]::__rust_begin_short_backtrace::<core[a373ad73a504971]::result::Result<(), alloc[2e1b2a31b91974c5]::string::String>, fn() -> core[a373ad73a504971]::result::Result<(), alloc[2e1b2a31b91974c5]::string::String>>
[INFO] [stdout]   13:     0x56082776dcb5 - test[aada8e7e76ba119b]::run_test::{closure#0}
[INFO] [stdout]   14:     0x5608277675a4 - std[617be2ca0a6fd877]::sys::backtrace::__rust_begin_short_backtrace::<test[aada8e7e76ba119b]::run_test::{closure#1}, ()>
[INFO] [stdout]   15:     0x560827770d42 - <std[617be2ca0a6fd877]::thread::lifecycle::spawn_unchecked<test[aada8e7e76ba119b]::run_test::{closure#1}, ()>::{closure#1} as core[a373ad73a504971]::ops::function::FnOnce<()>>::call_once::{shim:vtable#0}
[INFO] [stdout]   16:     0x56082789a02f - <std[617be2ca0a6fd877]::sys::thread::unix::Thread>::new::thread_start
[INFO] [stdout]   17:     0x7bf834546dfa - <unknown>
[INFO] [stdout]   18:     0x7bf8345da3d4 - clone
[INFO] [stdout]   19:                0x0 - <unknown>
[INFO] [stdout] 
[INFO] [stdout] ---- conformance_eval stdout ----
[INFO] [stdout] 
[INFO] [stdout] thread 'conformance_eval' (1344) panicked at tests/conformance.rs:166:5:
[INFO] [stdout] no eval fixtures found
[INFO] [stdout] stack backtrace:
[INFO] [stdout]    0:     0x56082789ab31 - <<std[617be2ca0a6fd877]::sys::backtrace::BacktraceLock>::print::DisplayBacktrace as core[a373ad73a504971]::fmt::Display>::fmt
[INFO] [stdout]    1:     0x5608278b0afa - core[a373ad73a504971]::fmt::write
[INFO] [stdout]    2:     0x56082789f23c - <alloc[2e1b2a31b91974c5]::vec::Vec<u8> as core[a373ad73a504971]::io::write::Write>::write_fmt
[INFO] [stdout]    3:     0x560827875eb6 - std[617be2ca0a6fd877]::panicking::default_hook::{closure#0}
[INFO] [stdout]    4:     0x560827892bb9 - std[617be2ca0a6fd877]::panicking::default_hook
[INFO] [stdout]    5:     0x56082776d690 - test[aada8e7e76ba119b]::test_main_inner::{closure#0}
[INFO] [stdout]    6:     0x560827892d72 - std[617be2ca0a6fd877]::panicking::panic_with_hook
[INFO] [stdout]    7:     0x560827875f94 - std[617be2ca0a6fd877]::panicking::panic_handler::{closure#0}
[INFO] [stdout]    8:     0x56082786ea49 - std[617be2ca0a6fd877]::sys::backtrace::__rust_end_short_backtrace::<std[617be2ca0a6fd877]::panicking::panic_handler::{closure#0}, !>
[INFO] [stdout]    9:     0x560827876b6d - __rustc[ea4f61d10b84890b]::rust_begin_unwind
[INFO] [stdout]   10:     0x5608278b122c - core[a373ad73a504971]::panicking::panic_fmt
[INFO] [stdout]   11:     0x560827743739 - <conformance[5c2195f71b749d43]::conformance_eval::{closure#0} as core[a373ad73a504971]::ops::function::FnOnce<()>>::call_once
[INFO] [stdout]   12:     0x560827760adb - test[aada8e7e76ba119b]::__rust_begin_short_backtrace::<core[a373ad73a504971]::result::Result<(), alloc[2e1b2a31b91974c5]::string::String>, fn() -> core[a373ad73a504971]::result::Result<(), alloc[2e1b2a31b91974c5]::string::String>>
[INFO] [stdout]   13:     0x56082776dcb5 - test[aada8e7e76ba119b]::run_test::{closure#0}
[INFO] [stdout]   14:     0x5608277675a4 - std[617be2ca0a6fd877]::sys::backtrace::__rust_begin_short_backtrace::<test[aada8e7e76ba119b]::run_test::{closure#1}, ()>
[INFO] [stdout]   15:     0x560827770d42 - <std[617be2ca0a6fd877]::thread::lifecycle::spawn_unchecked<test[aada8e7e76ba119b]::run_test::{closure#1}, ()>::{closure#1} as core[a373ad73a504971]::ops::function::FnOnce<()>>::call_once::{shim:vtable#0}
[INFO] [stdout]   16:     0x56082789a02f - <std[617be2ca0a6fd877]::sys::thread::unix::Thread>::new::thread_start
[INFO] [stdout]   17:     0x7bf834546dfa - <unknown>
[INFO] [stdout]   18:     0x7bf8345da3d4 - clone
[INFO] [stdout]   19:                0x0 - <unknown>
[INFO] [stdout] 
[INFO] [stdout] ---- conformance_parse_valid stdout ----
[INFO] [stdout] 
[INFO] [stdout] thread 'conformance_parse_valid' (1346) panicked at tests/conformance.rs:88:5:
[INFO] [stdout] no parse/valid fixtures found
[INFO] [stdout] stack backtrace:
[INFO] [stdout]    0:     0x56082789ab31 - <<std[617be2ca0a6fd877]::sys::backtrace::BacktraceLock>::print::DisplayBacktrace as core[a373ad73a504971]::fmt::Display>::fmt
[INFO] [stdout]    1:     0x5608278b0afa - core[a373ad73a504971]::fmt::write
[INFO] [stdout]    2:     0x56082789f23c - <alloc[2e1b2a31b91974c5]::vec::Vec<u8> as core[a373ad73a504971]::io::write::Write>::write_fmt
[INFO] [stdout]    3:     0x560827875eb6 - std[617be2ca0a6fd877]::panicking::default_hook::{closure#0}
[INFO] [stdout]    4:     0x560827892bb9 - std[617be2ca0a6fd877]::panicking::default_hook
[INFO] [stdout]    5:     0x56082776d690 - test[aada8e7e76ba119b]::test_main_inner::{closure#0}
[INFO] [stdout]    6:     0x560827892d72 - std[617be2ca0a6fd877]::panicking::panic_with_hook
[INFO] [stdout]    7:     0x560827875f94 - std[617be2ca0a6fd877]::panicking::panic_handler::{closure#0}
[INFO] [stdout]    8:     0x56082786ea49 - std[617be2ca0a6fd877]::sys::backtrace::__rust_end_short_backtrace::<std[617be2ca0a6fd877]::panicking::panic_handler::{closure#0}, !>
[INFO] [stdout]    9:     0x560827876b6d - __rustc[ea4f61d10b84890b]::rust_begin_unwind
[INFO] [stdout]   10:     0x5608278b122c - core[a373ad73a504971]::panicking::panic_fmt
[INFO] [stdout]   11:     0x560827745594 - <conformance[5c2195f71b749d43]::conformance_parse_valid::{closure#0} as core[a373ad73a504971]::ops::function::FnOnce<()>>::call_once
[INFO] [stdout]   12:     0x560827760adb - test[aada8e7e76ba119b]::__rust_begin_short_backtrace::<core[a373ad73a504971]::result::Result<(), alloc[2e1b2a31b91974c5]::string::String>, fn() -> core[a373ad73a504971]::result::Result<(), alloc[2e1b2a31b91974c5]::string::String>>
[INFO] [stdout]   13:     0x56082776dcb5 - test[aada8e7e76ba119b]::run_test::{closure#0}
[INFO] [stdout]   14:     0x5608277675a4 - std[617be2ca0a6fd877]::sys::backtrace::__rust_begin_short_backtrace::<test[aada8e7e76ba119b]::run_test::{closure#1}, ()>
[INFO] [stdout]   15:     0x560827770d42 - <std[617be2ca0a6fd877]::thread::lifecycle::spawn_unchecked<test[aada8e7e76ba119b]::run_test::{closure#1}, ()>::{closure#1} as core[a373ad73a504971]::ops::function::FnOnce<()>>::call_once::{shim:vtable#0}
[INFO] [stdout]   16:     0x56082789a02f - <std[617be2ca0a6fd877]::sys::thread::unix::Thread>::new::thread_start
[INFO] [stdout]   17:     0x7bf834546dfa - <unknown>
[INFO] [stdout]   18:     0x7bf8345da3d4 - clone
[INFO] [stdout]   19:                0x0 - <unknown>
[INFO] [stdout] 
[INFO] [stdout] 
[INFO] [stdout] failures:
[INFO] [stdout]     conformance_eval
[INFO] [stdout]     conformance_parse_invalid
[INFO] [stdout]     conformance_parse_valid
[INFO] [stdout]     conformance_roundtrip
[INFO] [stdout] 
[INFO] [stdout] test result: FAILED. 0 passed; 4 failed; 0 ignored; 0 measured; 0 filtered out; finished in 0.00s
[INFO] [stdout] 
[INFO] [stderr] error: test failed, to rerun pass `--test conformance`
[INFO] running `Command { std: "docker" "inspect" "9068e306b2a89c84db6aaa848057aaf238fc28948ed3ce50182062e62b2bb3f2", kill_on_drop: false }`
[INFO] running `Command { std: "docker" "rm" "-f" "9068e306b2a89c84db6aaa848057aaf238fc28948ed3ce50182062e62b2bb3f2", kill_on_drop: false }`
[INFO] [stdout] 9068e306b2a89c84db6aaa848057aaf238fc28948ed3ce50182062e62b2bb3f2
