[INFO] fetching crate ux-compiler 0.1.0...
[INFO] testing ux-compiler-0.1.0 against 1.100.0-beta.1+cargoflags=--release for beta-release-1.100-2
[INFO] extracting crate ux-compiler 0.1.0 into /workspace/builds/worker-7-tc2/source
[INFO] started tweaking crates.io crate ux-compiler 0.1.0
[INFO] finished tweaking crates.io crate ux-compiler 0.1.0
[INFO] tweaked toml for crates.io crate ux-compiler 0.1.0 written to /workspace/builds/worker-7-tc2/source/Cargo.toml
[INFO] validating manifest of crates.io crate ux-compiler 0.1.0 on toolchain 1.100.0-beta.1
[INFO] running `Command { std: CARGO_HOME="/workspace/cargo-home" RUSTUP_HOME="/workspace/rustup-home" "/workspace/cargo-home/bin/cargo" "+1.100.0-beta.1" "metadata" "--manifest-path" "Cargo.toml" "--no-deps", kill_on_drop: false }`
[INFO] crate crates.io crate ux-compiler 0.1.0 already has a lockfile, it will not be regenerated
[INFO] running `Command { std: CARGO_HOME="/workspace/cargo-home" RUSTUP_HOME="/workspace/rustup-home" "/workspace/cargo-home/bin/cargo" "+1.100.0-beta.1" "fetch" "--manifest-path" "Cargo.toml", kill_on_drop: false }`
[INFO] running `Command { std: "docker" "create" "-v" "/var/lib/crater-agent-workspace/builds/worker-7-tc2/source:/opt/rustwide/workdir:ro,Z" "-v" "/var/lib/crater-agent-workspace/builds/worker-7-tc2/target:/opt/rustwide/target:rw,Z" "-v" "/var/lib/crater-agent-workspace/cargo-home:/opt/rustwide/cargo-home:ro,Z" "-v" "/var/lib/crater-agent-workspace/rustup-home:/opt/rustwide/rustup-home:ro,Z" "-m" "1610612736" "--network" "none" "ghcr.io/rust-lang/crates-build-env/linux@sha256:77db811e55d90add9212f6832c23229e3de5f1c1f9905e8cb07319ea15df73ac" "sleep" "infinity", kill_on_drop: false }`
[INFO] [stdout] 3f7aaed1fce82b646765168f4affc11aded2536c1f7a43942517fe9234f3f7f4
[INFO] running `Command { std: "docker" "start" "3f7aaed1fce82b646765168f4affc11aded2536c1f7a43942517fe9234f3f7f4", kill_on_drop: false }`
[INFO] running `Command { std: "docker" "inspect" "3f7aaed1fce82b646765168f4affc11aded2536c1f7a43942517fe9234f3f7f4", kill_on_drop: false }`
[INFO] running `Command { std: "docker" "exec" "-e" "SOURCE_DIR=/opt/rustwide/workdir" "-e" "CARGO_HOME=/opt/rustwide/cargo-home" "-e" "RUSTUP_HOME=/opt/rustwide/rustup-home" "-e" "CARGO_TARGET_DIR=/opt/rustwide/target" "-w" "/opt/rustwide/workdir" "--user" "0:0" "3f7aaed1fce82b646765168f4affc11aded2536c1f7a43942517fe9234f3f7f4" "/opt/rustwide/cargo-home/bin/cargo" "+1.100.0-beta.1" "metadata" "--no-deps" "--format-version=1", kill_on_drop: false }`
[INFO] running `Command { std: "docker" "inspect" "3f7aaed1fce82b646765168f4affc11aded2536c1f7a43942517fe9234f3f7f4", kill_on_drop: false }`
[INFO] running `Command { std: "docker" "exec" "-e" "SOURCE_DIR=/opt/rustwide/workdir" "-e" "CARGO_HOME=/opt/rustwide/cargo-home" "-e" "RUSTUP_HOME=/opt/rustwide/rustup-home" "-e" "CARGO_TARGET_DIR=/opt/rustwide/target" "-e" "CARGO_INCREMENTAL=0" "-e" "RUST_BACKTRACE=full" "-e" "RUSTFLAGS=--cap-lints=warn" "-e" "RUSTDOCFLAGS=--cap-lints=warn" "-w" "/opt/rustwide/workdir" "--user" "0:0" "3f7aaed1fce82b646765168f4affc11aded2536c1f7a43942517fe9234f3f7f4" "/opt/rustwide/cargo-home/bin/cargo" "+1.100.0-beta.1" "build" "--frozen" "--message-format=json" "--release", kill_on_drop: false }`
[INFO] [stderr]    Compiling proc-macro2 v1.0.24
[INFO] [stderr]    Compiling unicode-xid v0.2.1
[INFO] [stderr]    Compiling syn v1.0.60
[INFO] [stderr]    Compiling ucd-trie v0.1.3
[INFO] [stderr]    Compiling maplit v1.0.2
[INFO] [stderr]    Compiling pest v2.1.3
[INFO] [stderr]    Compiling quote v1.0.9
[INFO] [stderr]    Compiling pest_meta v2.1.3
[INFO] [stderr]    Compiling pest_generator v2.1.3
[INFO] [stderr]    Compiling pest_derive v2.1.0
[INFO] [stderr]    Compiling ux-compiler v0.1.0 (/opt/rustwide/workdir)
[INFO] [stderr]     Finished `release` profile [optimized] target(s) in 8.01s
[INFO] running `Command { std: "docker" "inspect" "3f7aaed1fce82b646765168f4affc11aded2536c1f7a43942517fe9234f3f7f4", kill_on_drop: false }`
[INFO] running `Command { std: "docker" "exec" "-e" "SOURCE_DIR=/opt/rustwide/workdir" "-e" "CARGO_HOME=/opt/rustwide/cargo-home" "-e" "RUSTUP_HOME=/opt/rustwide/rustup-home" "-e" "CARGO_TARGET_DIR=/opt/rustwide/target" "-e" "CARGO_INCREMENTAL=0" "-e" "RUST_BACKTRACE=full" "-e" "RUSTFLAGS=--cap-lints=warn" "-e" "RUSTDOCFLAGS=--cap-lints=warn" "-w" "/opt/rustwide/workdir" "--user" "0:0" "3f7aaed1fce82b646765168f4affc11aded2536c1f7a43942517fe9234f3f7f4" "/opt/rustwide/cargo-home/bin/cargo" "+1.100.0-beta.1" "test" "--frozen" "--no-run" "--message-format=json" "--release", kill_on_drop: false }`
[INFO] [stderr]    Compiling ux-compiler v0.1.0 (/opt/rustwide/workdir)
[INFO] [stderr]     Finished `release` profile [optimized] target(s) in 0.54s
[INFO] running `Command { std: "docker" "inspect" "3f7aaed1fce82b646765168f4affc11aded2536c1f7a43942517fe9234f3f7f4", kill_on_drop: false }`
[INFO] running `Command { std: "docker" "exec" "-e" "SOURCE_DIR=/opt/rustwide/workdir" "-e" "CARGO_HOME=/opt/rustwide/cargo-home" "-e" "RUSTUP_HOME=/opt/rustwide/rustup-home" "-e" "CARGO_TARGET_DIR=/opt/rustwide/target" "-e" "CARGO_INCREMENTAL=0" "-e" "RUST_BACKTRACE=full" "-e" "RUSTFLAGS=--cap-lints=warn" "-e" "RUSTDOCFLAGS=--cap-lints=warn" "-w" "/opt/rustwide/workdir" "--user" "0:0" "3f7aaed1fce82b646765168f4affc11aded2536c1f7a43942517fe9234f3f7f4" "/opt/rustwide/cargo-home/bin/cargo" "+1.100.0-beta.1" "test" "--frozen" "--release", kill_on_drop: false }`
[INFO] [stderr]     Finished `release` profile [optimized] target(s) in 0.06s
[INFO] [stderr]      Running unittests src/lib.rs (/opt/rustwide/target/release/build/ux-compiler/55ffefa874334c00/out/ux_compiler-55ffefa874334c00)
[INFO] [stdout] 
[INFO] [stdout] running 1 test
[INFO] [stderr]      Running unittests src/main.rs (/opt/rustwide/target/release/build/ux-compiler/d63c0522452fe187/out/ux_compiler-d63c0522452fe187)
[INFO] [stdout] test tests::it_works ... ok
[INFO] [stdout] 
[INFO] [stdout] test result: ok. 1 passed; 0 failed; 0 ignored; 0 measured; 0 filtered out; finished in 0.00s
[INFO] [stdout] 
[INFO] [stdout] 
[INFO] [stdout] running 1 test
[INFO] [stdout] test tests ... ok
[INFO] [stdout] 
[INFO] [stdout] test result: ok. 1 passed; 0 failed; 0 ignored; 0 measured; 0 filtered out; finished in 0.00s
[INFO] [stdout] 
[INFO] [stderr]      Running tests/bunch.rs (/opt/rustwide/target/release/build/ux-compiler/6f086cd0550437a6/out/bunch-6f086cd0550437a6)
[INFO] [stdout] 
[INFO] [stdout] running 19 tests
[INFO] [stdout] test parse_003_antlr_html ... FAILED
[INFO] [stdout] test parse_004_attvalues_html ... FAILED
[INFO] [stdout] test parse_018_style1_html ... ok
[INFO] [stdout] test parse_006_cnn1_html ... FAILED
[INFO] [stdout] test parse_012_html4_html ... FAILED
[INFO] [stdout] test parse_010_gnu_html ... FAILED
[INFO] [stdout] test parse_013_metafilter_html ... FAILED
[INFO] [stdout] test parse_016_reddit2_html ... FAILED
[INFO] [stdout] test parse_002_aljazeera_com_html ... FAILED
[INFO] [stdout] test parse_020_wikipedia_html ... FAILED
[INFO] [stdout] test parse_019_uglylink_html ... ok
[INFO] [stdout] test parse_008_freebsd_html ... FAILED
[INFO] [stdout] test parse_001_abc_com_html ... FAILED
[INFO] [stdout] test parse_014_nbc_com_html ... FAILED
[INFO] [stdout] test parse_005_bbc_html ... FAILED
[INFO] [stdout] test parse_017_script1_html ... ok
[INFO] [stdout] test parse_015_reddit_html ... FAILED
[INFO] [stdout] test parse_011_google_html ... FAILED
[INFO] [stdout] test parse_009_github_html ... FAILED
[INFO] [stdout] 
[INFO] [stdout] failures:
[INFO] [stdout] 
[INFO] [stdout] ---- parse_003_antlr_html stdout ----
[INFO] [stdout] 
[INFO] [stdout] thread 'parse_003_antlr_html' (436) panicked at tests/bunch.rs:21:5:
[INFO] [stdout] assertion failed: UxParser::parse(Rule::file, &input).is_ok()
[INFO] [stdout] stack backtrace:
[INFO] [stdout]    0:     0x5806155fc631 - <<std[617be2ca0a6fd877]::sys::backtrace::BacktraceLock>::print::DisplayBacktrace as core[a373ad73a504971]::fmt::Display>::fmt
[INFO] [stdout]    1:     0x58061561064a - core[a373ad73a504971]::fmt::write
[INFO] [stdout]    2:     0x5806156008fc - <alloc[2e1b2a31b91974c5]::vec::Vec<u8> as core[a373ad73a504971]::io::write::Write>::write_fmt
[INFO] [stdout]    3:     0x5806155d8736 - std[617be2ca0a6fd877]::panicking::default_hook::{closure#0}
[INFO] [stdout]    4:     0x5806155f4969 - std[617be2ca0a6fd877]::panicking::default_hook
[INFO] [stdout]    5:     0x5806155823e0 - test[aada8e7e76ba119b]::test_main_inner::{closure#0}
[INFO] [stdout]    6:     0x5806155f4b22 - std[617be2ca0a6fd877]::panicking::panic_with_hook
[INFO] [stdout]    7:     0x5806155d8814 - std[617be2ca0a6fd877]::panicking::panic_handler::{closure#0}
[INFO] [stdout]    8:     0x5806155d1339 - std[617be2ca0a6fd877]::sys::backtrace::__rust_end_short_backtrace::<std[617be2ca0a6fd877]::panicking::panic_handler::{closure#0}, !>
[INFO] [stdout]    9:     0x5806155d93ed - __rustc[ea4f61d10b84890b]::rust_begin_unwind
[INFO] [stdout]   10:     0x580615610d7c - core[a373ad73a504971]::panicking::panic_fmt
[INFO] [stdout]   11:     0x580615610d42 - core[a373ad73a504971]::panicking::panic
[INFO] [stdout]   12:     0x5806155746aa - <bunch[f90fb19f948c4461]::parse_003_antlr_html::{closure#0} as core[a373ad73a504971]::ops::function::FnOnce<()>>::call_once
[INFO] [stdout]   13:     0x58061557582b - test[aada8e7e76ba119b]::__rust_begin_short_backtrace::<core[a373ad73a504971]::result::Result<(), alloc[2e1b2a31b91974c5]::string::String>, fn() -> core[a373ad73a504971]::result::Result<(), alloc[2e1b2a31b91974c5]::string::String>>
[INFO] [stdout]   14:     0x580615582a05 - test[aada8e7e76ba119b]::run_test::{closure#0}
[INFO] [stdout]   15:     0x58061557c2f4 - std[617be2ca0a6fd877]::sys::backtrace::__rust_begin_short_backtrace::<test[aada8e7e76ba119b]::run_test::{closure#1}, ()>
[INFO] [stdout]   16:     0x580615585a92 - <std[617be2ca0a6fd877]::thread::lifecycle::spawn_unchecked<test[aada8e7e76ba119b]::run_test::{closure#1}, ()>::{closure#1} as core[a373ad73a504971]::ops::function::FnOnce<()>>::call_once::{shim:vtable#0}
[INFO] [stdout]   17:     0x5806155fbb2f - <std[617be2ca0a6fd877]::sys::thread::unix::Thread>::new::thread_start
[INFO] [stdout]   18:     0x7f4ae1772dfa - <unknown>
[INFO] [stdout]   19:     0x7f4ae18063d4 - clone
[INFO] [stdout]   20:                0x0 - <unknown>
[INFO] [stdout] 
[INFO] [stdout] ---- parse_004_attvalues_html stdout ----
[INFO] [stdout] 
[INFO] [stdout] thread 'parse_004_attvalues_html' (437) panicked at tests/bunch.rs:27:5:
[INFO] [stdout] assertion failed: UxParser::parse(Rule::file, &input).is_ok()
[INFO] [stdout] stack backtrace:
[INFO] [stdout]    0:     0x5806155fc631 - <<std[617be2ca0a6fd877]::sys::backtrace::BacktraceLock>::print::DisplayBacktrace as core[a373ad73a504971]::fmt::Display>::fmt
[INFO] [stdout]    1:     0x58061561064a - core[a373ad73a504971]::fmt::write
[INFO] [stdout]    2:     0x5806156008fc - <alloc[2e1b2a31b91974c5]::vec::Vec<u8> as core[a373ad73a504971]::io::write::Write>::write_fmt
[INFO] [stdout]    3:     0x5806155d8736 - std[617be2ca0a6fd877]::panicking::default_hook::{closure#0}
[INFO] [stdout]    4:     0x5806155f4969 - std[617be2ca0a6fd877]::panicking::default_hook
[INFO] [stdout]    5:     0x5806155823e0 - test[aada8e7e76ba119b]::test_main_inner::{closure#0}
[INFO] [stdout]    6:     0x5806155f4b22 - std[617be2ca0a6fd877]::panicking::panic_with_hook
[INFO] [stdout]    7:     0x5806155d8814 - std[617be2ca0a6fd877]::panicking::panic_handler::{closure#0}
[INFO] [stdout]    8:     0x5806155d1339 - std[617be2ca0a6fd877]::sys::backtrace::__rust_end_short_backtrace::<std[617be2ca0a6fd877]::panicking::panic_handler::{closure#0}, !>
[INFO] [stdout]    9:     0x5806155d93ed - __rustc[ea4f61d10b84890b]::rust_begin_unwind
[INFO] [stdout]   10:     0x580615610d7c - core[a373ad73a504971]::panicking::panic_fmt
[INFO] [stdout]   11:     0x580615610d42 - core[a373ad73a504971]::panicking::panic
[INFO] [stdout]   12:     0x58061557542a - <bunch[f90fb19f948c4461]::parse_004_attvalues_html::{closure#0} as core[a373ad73a504971]::ops::function::FnOnce<()>>::call_once
[INFO] [stdout]   13:     0x58061557582b - test[aada8e7e76ba119b]::__rust_begin_short_backtrace::<core[a373ad73a504971]::result::Result<(), alloc[2e1b2a31b91974c5]::string::String>, fn() -> core[a373ad73a504971]::result::Result<(), alloc[2e1b2a31b91974c5]::string::String>>
[INFO] [stdout]   14:     0x580615582a05 - test[aada8e7e76ba119b]::run_test::{closure#0}
[INFO] [stdout]   15:     0x58061557c2f4 - std[617be2ca0a6fd877]::sys::backtrace::__rust_begin_short_backtrace::<test[aada8e7e76ba119b]::run_test::{closure#1}, ()>
[INFO] [stdout]   16:     0x580615585a92 - <std[617be2ca0a6fd877]::thread::lifecycle::spawn_unchecked<test[aada8e7e76ba119b]::run_test::{closure#1}, ()>::{closure#1} as core[a373ad73a504971]::ops::function::FnOnce<()>>::call_once::{shim:vtable#0}
[INFO] [stdout]   17:     0x5806155fbb2f - <std[617be2ca0a6fd877]::sys::thread::unix::Thread>::new::thread_start
[INFO] [stdout]   18:     0x7f4ae1772dfa - <unknown>
[INFO] [stdout]   19:     0x7f4ae18063d4 - clone
[INFO] [stdout]   20:                0x0 - <unknown>
[INFO] [stdout] 
[INFO] [stdout] ---- parse_006_cnn1_html stdout ----
[INFO] [stdout] 
[INFO] [stdout] thread 'parse_006_cnn1_html' (439) panicked at tests/bunch.rs:39:5:
[INFO] [stdout] assertion failed: UxParser::parse(Rule::file, &input).is_ok()
[INFO] [stdout] stack backtrace:
[INFO] [stdout]    0:     0x5806155fc631 - <<std[617be2ca0a6fd877]::sys::backtrace::BacktraceLock>::print::DisplayBacktrace as core[a373ad73a504971]::fmt::Display>::fmt
[INFO] [stdout]    1:     0x58061561064a - core[a373ad73a504971]::fmt::write
[INFO] [stdout]    2:     0x5806156008fc - <alloc[2e1b2a31b91974c5]::vec::Vec<u8> as core[a373ad73a504971]::io::write::Write>::write_fmt
[INFO] [stdout]    3:     0x5806155d8736 - std[617be2ca0a6fd877]::panicking::default_hook::{closure#0}
[INFO] [stdout]    4:     0x5806155f4969 - std[617be2ca0a6fd877]::panicking::default_hook
[INFO] [stdout]    5:     0x5806155823e0 - test[aada8e7e76ba119b]::test_main_inner::{closure#0}
[INFO] [stdout]    6:     0x5806155f4b22 - std[617be2ca0a6fd877]::panicking::panic_with_hook
[INFO] [stdout]    7:     0x5806155d8814 - std[617be2ca0a6fd877]::panicking::panic_handler::{closure#0}
[INFO] [stdout]    8:     0x5806155d1339 - std[617be2ca0a6fd877]::sys::backtrace::__rust_end_short_backtrace::<std[617be2ca0a6fd877]::panicking::panic_handler::{closure#0}, !>
[INFO] [stdout]    9:     0x5806155d93ed - __rustc[ea4f61d10b84890b]::rust_begin_unwind
[INFO] [stdout]   10:     0x580615610d7c - core[a373ad73a504971]::panicking::panic_fmt
[INFO] [stdout]   11:     0x580615610d42 - core[a373ad73a504971]::panicking::panic
[INFO] [stdout]   12:     0x58061557458a - <bunch[f90fb19f948c4461]::parse_006_cnn1_html::{closure#0} as core[a373ad73a504971]::ops::function::FnOnce<()>>::call_once
[INFO] [stdout]   13:     0x58061557582b - test[aada8e7e76ba119b]::__rust_begin_short_backtrace::<core[a373ad73a504971]::result::Result<(), alloc[2e1b2a31b91974c5]::string::String>, fn() -> core[a373ad73a504971]::result::Result<(), alloc[2e1b2a31b91974c5]::string::String>>
[INFO] [stdout]   14:     0x580615582a05 - test[aada8e7e76ba119b]::run_test::{closure#0}
[INFO] [stdout]   15:     0x58061557c2f4 - std[617be2ca0a6fd877]::sys::backtrace::__rust_begin_short_backtrace::<test[aada8e7e76ba119b]::run_test::{closure#1}, ()>
[INFO] [stdout]   16:     0x580615585a92 - <std[617be2ca0a6fd877]::thread::lifecycle::spawn_unchecked<test[aada8e7e76ba119b]::run_test::{closure#1}, ()>::{closure#1} as core[a373ad73a504971]::ops::function::FnOnce<()>>::call_once::{shim:vtable#0}
[INFO] [stdout]   17:     0x5806155fbb2f - <std[617be2ca0a6fd877]::sys::thread::unix::Thread>::new::thread_start
[INFO] [stdout]   18:     0x7f4ae1772dfa - <unknown>
[INFO] [stdout]   19:     0x7f4ae18063d4 - clone
[INFO] [stdout]   20:                0x0 - <unknown>
[INFO] [stdout] 
[INFO] [stdout] ---- parse_012_html4_html stdout ----
[INFO] [stdout] 
[INFO] [stdout] thread 'parse_012_html4_html' (444) panicked at tests/bunch.rs:75:5:
[INFO] [stdout] assertion failed: UxParser::parse(Rule::file, &input).is_ok()
[INFO] [stdout] stack backtrace:
[INFO] [stdout]    0:     0x5806155fc631 - <<std[617be2ca0a6fd877]::sys::backtrace::BacktraceLock>::print::DisplayBacktrace as core[a373ad73a504971]::fmt::Display>::fmt
[INFO] [stdout]    1:     0x58061561064a - core[a373ad73a504971]::fmt::write
[INFO] [stdout]    2:     0x5806156008fc - <alloc[2e1b2a31b91974c5]::vec::Vec<u8> as core[a373ad73a504971]::io::write::Write>::write_fmt
[INFO] [stdout]    3:     0x5806155d8736 - std[617be2ca0a6fd877]::panicking::default_hook::{closure#0}
[INFO] [stdout]    4:     0x5806155f4969 - std[617be2ca0a6fd877]::panicking::default_hook
[INFO] [stdout]    5:     0x5806155823e0 - test[aada8e7e76ba119b]::test_main_inner::{closure#0}
[INFO] [stdout]    6:     0x5806155f4b22 - std[617be2ca0a6fd877]::panicking::panic_with_hook
[INFO] [stdout]    7:     0x5806155d8814 - std[617be2ca0a6fd877]::panicking::panic_handler::{closure#0}
[INFO] [stdout]    8:     0x5806155d1339 - std[617be2ca0a6fd877]::sys::backtrace::__rust_end_short_backtrace::<std[617be2ca0a6fd877]::panicking::panic_handler::{closure#0}, !>
[INFO] [stdout]    9:     0x5806155d93ed - __rustc[ea4f61d10b84890b]::rust_begin_unwind
[INFO] [stdout]   10:     0x580615610d7c - core[a373ad73a504971]::panicking::panic_fmt
[INFO] [stdout]   11:     0x580615610d42 - core[a373ad73a504971]::panicking::panic
[INFO] [stdout]   12:     0x5806155747ca - <bunch[f90fb19f948c4461]::parse_012_html4_html::{closure#0} as core[a373ad73a504971]::ops::function::FnOnce<()>>::call_once
[INFO] [stdout]   13:     0x58061557582b - test[aada8e7e76ba119b]::__rust_begin_short_backtrace::<core[a373ad73a504971]::result::Result<(), alloc[2e1b2a31b91974c5]::string::String>, fn() -> core[a373ad73a504971]::result::Result<(), alloc[2e1b2a31b91974c5]::string::String>>
[INFO] [stdout]   14:     0x580615582a05 - test[aada8e7e76ba119b]::run_test::{closure#0}
[INFO] [stdout]   15:     0x58061557c2f4 - std[617be2ca0a6fd877]::sys::backtrace::__rust_begin_short_backtrace::<test[aada8e7e76ba119b]::run_test::{closure#1}, ()>
[INFO] [stdout]   16:     0x580615585a92 - <std[617be2ca0a6fd877]::thread::lifecycle::spawn_unchecked<test[aada8e7e76ba119b]::run_test::{closure#1}, ()>::{closure#1} as core[a373ad73a504971]::ops::function::FnOnce<()>>::call_once::{shim:vtable#0}
[INFO] [stdout]   17:     0x5806155fbb2f - <std[617be2ca0a6fd877]::sys::thread::unix::Thread>::new::thread_start
[INFO] [stdout]   18:     0x7f4ae1772dfa - <unknown>
[INFO] [stdout]   19:     0x7f4ae18063d4 - clone
[INFO] [stdout]   20:                0x0 - <unknown>
[INFO] [stdout] 
[INFO] [stdout] ---- parse_010_gnu_html stdout ----
[INFO] [stdout] 
[INFO] [stdout] thread 'parse_010_gnu_html' (442) panicked at tests/bunch.rs:63:5:
[INFO] [stdout] assertion failed: UxParser::parse(Rule::file, &input).is_ok()
[INFO] [stdout] stack backtrace:
[INFO] [stdout]    0:     0x5806155fc631 - <<std[617be2ca0a6fd877]::sys::backtrace::BacktraceLock>::print::DisplayBacktrace as core[a373ad73a504971]::fmt::Display>::fmt
[INFO] [stdout]    1:     0x58061561064a - core[a373ad73a504971]::fmt::write
[INFO] [stdout]    2:     0x5806156008fc - <alloc[2e1b2a31b91974c5]::vec::Vec<u8> as core[a373ad73a504971]::io::write::Write>::write_fmt
[INFO] [stdout]    3:     0x5806155d8736 - std[617be2ca0a6fd877]::panicking::default_hook::{closure#0}
[INFO] [stdout]    4:     0x5806155f4969 - std[617be2ca0a6fd877]::panicking::default_hook
[INFO] [stdout]    5:     0x5806155823e0 - test[aada8e7e76ba119b]::test_main_inner::{closure#0}
[INFO] [stdout]    6:     0x5806155f4b22 - std[617be2ca0a6fd877]::panicking::panic_with_hook
[INFO] [stdout]    7:     0x5806155d8814 - std[617be2ca0a6fd877]::panicking::panic_handler::{closure#0}
[INFO] [stdout]    8:     0x5806155d1339 - std[617be2ca0a6fd877]::sys::backtrace::__rust_end_short_backtrace::<std[617be2ca0a6fd877]::panicking::panic_handler::{closure#0}, !>
[INFO] [stdout]    9:     0x5806155d93ed - __rustc[ea4f61d10b84890b]::rust_begin_unwind
[INFO] [stdout]   10:     0x580615610d7c - core[a373ad73a504971]::panicking::panic_fmt
[INFO] [stdout]   11:     0x580615610d42 - core[a373ad73a504971]::panicking::panic
[INFO] [stdout]   12:     0x58061557446a - <bunch[f90fb19f948c4461]::parse_010_gnu_html::{closure#0} as core[a373ad73a504971]::ops::function::FnOnce<()>>::call_once
[INFO] [stdout]   13:     0x58061557582b - test[aada8e7e76ba119b]::__rust_begin_short_backtrace::<core[a373ad73a504971]::result::Result<(), alloc[2e1b2a31b91974c5]::string::String>, fn() -> core[a373ad73a504971]::result::Result<(), alloc[2e1b2a31b91974c5]::string::String>>
[INFO] [stdout]   14:     0x580615582a05 - test[aada8e7e76ba119b]::run_test::{closure#0}
[INFO] [stdout]   15:     0x58061557c2f4 - std[617be2ca0a6fd877]::sys::backtrace::__rust_begin_short_backtrace::<test[aada8e7e76ba119b]::run_test::{closure#1}, ()>
[INFO] [stdout]   16:     0x580615585a92 - <std[617be2ca0a6fd877]::thread::lifecycle::spawn_unchecked<test[aada8e7e76ba119b]::run_test::{closure#1}, ()>::{closure#1} as core[a373ad73a504971]::ops::function::FnOnce<()>>::call_once::{shim:vtable#0}
[INFO] [stdout]   17:     0x5806155fbb2f - <std[617be2ca0a6fd877]::sys::thread::unix::Thread>::new::thread_start
[INFO] [stdout]   18:     0x7f4ae1772dfa - <unknown>
[INFO] [stdout]   19:     0x7f4ae18063d4 - clone
[INFO] [stdout]   20:                0x0 - <unknown>
[INFO] [stdout] 
[INFO] [stdout] ---- parse_013_metafilter_html stdout ----
[INFO] [stdout] 
[INFO] [stdout] thread 'parse_013_metafilter_html' (445) panicked at tests/bunch.rs:81:5:
[INFO] [stdout] assertion failed: UxParser::parse(Rule::file, &input).is_ok()
[INFO] [stdout] stack backtrace:
[INFO] [stdout]    0:     0x5806155fc631 - <<std[617be2ca0a6fd877]::sys::backtrace::BacktraceLock>::print::DisplayBacktrace as core[a373ad73a504971]::fmt::Display>::fmt
[INFO] [stdout]    1:     0x58061561064a - core[a373ad73a504971]::fmt::write
[INFO] [stdout]    2:     0x5806156008fc - <alloc[2e1b2a31b91974c5]::vec::Vec<u8> as core[a373ad73a504971]::io::write::Write>::write_fmt
[INFO] [stdout]    3:     0x5806155d8736 - std[617be2ca0a6fd877]::panicking::default_hook::{closure#0}
[INFO] [stdout]    4:     0x5806155f4969 - std[617be2ca0a6fd877]::panicking::default_hook
[INFO] [stdout]    5:     0x5806155823e0 - test[aada8e7e76ba119b]::test_main_inner::{closure#0}
[INFO] [stdout]    6:     0x5806155f4b22 - std[617be2ca0a6fd877]::panicking::panic_with_hook
[INFO] [stdout]    7:     0x5806155d8814 - std[617be2ca0a6fd877]::panicking::panic_handler::{closure#0}
[INFO] [stdout]    8:     0x5806155d1339 - std[617be2ca0a6fd877]::sys::backtrace::__rust_end_short_backtrace::<std[617be2ca0a6fd877]::panicking::panic_handler::{closure#0}, !>
[INFO] [stdout]    9:     0x5806155d93ed - __rustc[ea4f61d10b84890b]::rust_begin_unwind
[INFO] [stdout]   10:     0x580615610d7c - core[a373ad73a504971]::panicking::panic_fmt
[INFO] [stdout]   11:     0x580615610d42 - core[a373ad73a504971]::panicking::panic
[INFO] [stdout]   12:     0x58061557566a - <bunch[f90fb19f948c4461]::parse_013_metafilter_html::{closure#0} as core[a373ad73a504971]::ops::function::FnOnce<()>>::call_once
[INFO] [stdout]   13:     0x58061557582b - test[aada8e7e76ba119b]::__rust_begin_short_backtrace::<core[a373ad73a504971]::result::Result<(), alloc[2e1b2a31b91974c5]::string::String>, fn() -> core[a373ad73a504971]::result::Result<(), alloc[2e1b2a31b91974c5]::string::String>>
[INFO] [stdout]   14:     0x580615582a05 - test[aada8e7e76ba119b]::run_test::{closure#0}
[INFO] [stdout]   15:     0x58061557c2f4 - std[617be2ca0a6fd877]::sys::backtrace::__rust_begin_short_backtrace::<test[aada8e7e76ba119b]::run_test::{closure#1}, ()>
[INFO] [stdout]   16:     0x580615585a92 - <std[617be2ca0a6fd877]::thread::lifecycle::spawn_unchecked<test[aada8e7e76ba119b]::run_test::{closure#1}, ()>::{closure#1} as core[a373ad73a504971]::ops::function::FnOnce<()>>::call_once::{shim:vtable#0}
[INFO] [stdout]   17:     0x5806155fbb2f - <std[617be2ca0a6fd877]::sys::thread::unix::Thread>::new::thread_start
[INFO] [stdout]   18:     0x7f4ae1772dfa - <unknown>
[INFO] [stdout]   19:     0x7f4ae18063d4 - clone
[INFO] [stdout]   20:                0x0 - <unknown>
[INFO] [stdout] 
[INFO] [stdout] ---- parse_016_reddit2_html stdout ----
[INFO] [stdout] 
[INFO] [stdout] thread 'parse_016_reddit2_html' (448) panicked at tests/bunch.rs:99:5:
[INFO] [stdout] assertion failed: UxParser::parse(Rule::file, &input).is_ok()
[INFO] [stdout] stack backtrace:
[INFO] [stdout]    0:     0x5806155fc631 - <<std[617be2ca0a6fd877]::sys::backtrace::BacktraceLock>::print::DisplayBacktrace as core[a373ad73a504971]::fmt::Display>::fmt
[INFO] [stdout]    1:     0x58061561064a - core[a373ad73a504971]::fmt::write
[INFO] [stdout]    2:     0x5806156008fc - <alloc[2e1b2a31b91974c5]::vec::Vec<u8> as core[a373ad73a504971]::io::write::Write>::write_fmt
[INFO] [stdout]    3:     0x5806155d8736 - std[617be2ca0a6fd877]::panicking::default_hook::{closure#0}
[INFO] [stdout]    4:     0x5806155f4969 - std[617be2ca0a6fd877]::panicking::default_hook
[INFO] [stdout]    5:     0x5806155823e0 - test[aada8e7e76ba119b]::test_main_inner::{closure#0}
[INFO] [stdout]    6:     0x5806155f4b22 - std[617be2ca0a6fd877]::panicking::panic_with_hook
[INFO] [stdout]    7:     0x5806155d8814 - std[617be2ca0a6fd877]::panicking::panic_handler::{closure#0}
[INFO] [stdout]    8:     0x5806155d1339 - std[617be2ca0a6fd877]::sys::backtrace::__rust_end_short_backtrace::<std[617be2ca0a6fd877]::panicking::panic_handler::{closure#0}, !>
[INFO] [stdout]    9:     0x5806155d93ed - __rustc[ea4f61d10b84890b]::rust_begin_unwind
[INFO] [stdout]   10:     0x580615610d7c - core[a373ad73a504971]::panicking::panic_fmt
[INFO] [stdout]   11:     0x580615610d42 - core[a373ad73a504971]::panicking::panic
[INFO] [stdout]   12:     0x5806155750ca - <bunch[f90fb19f948c4461]::parse_016_reddit2_html::{closure#0} as core[a373ad73a504971]::ops::function::FnOnce<()>>::call_once
[INFO] [stdout]   13:     0x58061557582b - test[aada8e7e76ba119b]::__rust_begin_short_backtrace::<core[a373ad73a504971]::result::Result<(), alloc[2e1b2a31b91974c5]::string::String>, fn() -> core[a373ad73a504971]::result::Result<(), alloc[2e1b2a31b91974c5]::string::String>>
[INFO] [stdout]   14:     0x580615582a05 - test[aada8e7e76ba119b]::run_test::{closure#0}
[INFO] [stdout]   15:     0x58061557c2f4 - std[617be2ca0a6fd877]::sys::backtrace::__rust_begin_short_backtrace::<test[aada8e7e76ba119b]::run_test::{closure#1}, ()>
[INFO] [stdout]   16:     0x580615585a92 - <std[617be2ca0a6fd877]::thread::lifecycle::spawn_unchecked<test[aada8e7e76ba119b]::run_test::{closure#1}, ()>::{closure#1} as core[a373ad73a504971]::ops::function::FnOnce<()>>::call_once::{shim:vtable#0}
[INFO] [stdout]   17:     0x5806155fbb2f - <std[617be2ca0a6fd877]::sys::thread::unix::Thread>::new::thread_start
[INFO] [stdout]   18:     0x7f4ae1772dfa - <unknown>
[INFO] [stdout]   19:     0x7f4ae18063d4 - clone
[INFO] [stdout]   20:                0x0 - <unknown>
[INFO] [stdout] 
[INFO] [stdout] ---- parse_002_aljazeera_com_html stdout ----
[INFO] [stdout] 
[INFO] [stdout] thread 'parse_002_aljazeera_com_html' (435) panicked at tests/bunch.rs:15:5:
[INFO] [stdout] assertion failed: UxParser::parse(Rule::file, &input).is_ok()
[INFO] [stdout] stack backtrace:
[INFO] [stdout]    0:     0x5806155fc631 - <<std[617be2ca0a6fd877]::sys::backtrace::BacktraceLock>::print::DisplayBacktrace as core[a373ad73a504971]::fmt::Display>::fmt
[INFO] [stdout]    1:     0x58061561064a - core[a373ad73a504971]::fmt::write
[INFO] [stdout]    2:     0x5806156008fc - <alloc[2e1b2a31b91974c5]::vec::Vec<u8> as core[a373ad73a504971]::io::write::Write>::write_fmt
[INFO] [stdout]    3:     0x5806155d8736 - std[617be2ca0a6fd877]::panicking::default_hook::{closure#0}
[INFO] [stdout]    4:     0x5806155f4969 - std[617be2ca0a6fd877]::panicking::default_hook
[INFO] [stdout]    5:     0x5806155823e0 - test[aada8e7e76ba119b]::test_main_inner::{closure#0}
[INFO] [stdout]    6:     0x5806155f4b22 - std[617be2ca0a6fd877]::panicking::panic_with_hook
[INFO] [stdout]    7:     0x5806155d8814 - std[617be2ca0a6fd877]::panicking::panic_handler::{closure#0}
[INFO] [stdout]    8:     0x5806155d1339 - std[617be2ca0a6fd877]::sys::backtrace::__rust_end_short_backtrace::<std[617be2ca0a6fd877]::panicking::panic_handler::{closure#0}, !>
[INFO] [stdout]    9:     0x5806155d93ed - __rustc[ea4f61d10b84890b]::rust_begin_unwind
[INFO] [stdout]   10:     0x580615610d7c - core[a373ad73a504971]::panicking::panic_fmt
[INFO] [stdout]   11:     0x580615610d42 - core[a373ad73a504971]::panicking::panic
[INFO] [stdout]   12:     0x58061557578a - <bunch[f90fb19f948c4461]::parse_002_aljazeera_com_html::{closure#0} as core[a373ad73a504971]::ops::function::FnOnce<()>>::call_once
[INFO] [stdout]   13:     0x58061557582b - test[aada8e7e76ba119b]::__rust_begin_short_backtrace::<core[a373ad73a504971]::result::Result<(), alloc[2e1b2a31b91974c5]::string::String>, fn() -> core[a373ad73a504971]::result::Result<(), alloc[2e1b2a31b91974c5]::string::String>>
[INFO] [stdout]   14:     0x580615582a05 - test[aada8e7e76ba119b]::run_test::{closure#0}
[INFO] [stdout]   15:     0x58061557c2f4 - std[617be2ca0a6fd877]::sys::backtrace::__rust_begin_short_backtrace::<test[aada8e7e76ba119b]::run_test::{closure#1}, ()>
[INFO] [stdout]   16:     0x580615585a92 - <std[617be2ca0a6fd877]::thread::lifecycle::spawn_unchecked<test[aada8e7e76ba119b]::run_test::{closure#1}, ()>::{closure#1} as core[a373ad73a504971]::ops::function::FnOnce<()>>::call_once::{shim:vtable#0}
[INFO] [stdout]   17:     0x5806155fbb2f - <std[617be2ca0a6fd877]::sys::thread::unix::Thread>::new::thread_start
[INFO] [stdout]   18:     0x7f4ae1772dfa - <unknown>
[INFO] [stdout]   19:     0x7f4ae18063d4 - clone
[INFO] [stdout]   20:                0x0 - <unknown>
[INFO] [stdout] 
[INFO] [stdout] ---- parse_020_wikipedia_html stdout ----
[INFO] [stdout] 
[INFO] [stdout] thread 'parse_020_wikipedia_html' (452) panicked at tests/bunch.rs:123:5:
[INFO] [stdout] assertion failed: UxParser::parse(Rule::file, &input).is_ok()
[INFO] [stdout] stack backtrace:
[INFO] [stdout]    0:     0x5806155fc631 - <<std[617be2ca0a6fd877]::sys::backtrace::BacktraceLock>::print::DisplayBacktrace as core[a373ad73a504971]::fmt::Display>::fmt
[INFO] [stdout]    1:     0x58061561064a - core[a373ad73a504971]::fmt::write
[INFO] [stdout]    2:     0x5806156008fc - <alloc[2e1b2a31b91974c5]::vec::Vec<u8> as core[a373ad73a504971]::io::write::Write>::write_fmt
[INFO] [stdout]    3:     0x5806155d8736 - std[617be2ca0a6fd877]::panicking::default_hook::{closure#0}
[INFO] [stdout]    4:     0x5806155f4969 - std[617be2ca0a6fd877]::panicking::default_hook
[INFO] [stdout]    5:     0x5806155823e0 - test[aada8e7e76ba119b]::test_main_inner::{closure#0}
[INFO] [stdout]    6:     0x5806155f4b22 - std[617be2ca0a6fd877]::panicking::panic_with_hook
[INFO] [stdout]    7:     0x5806155d8814 - std[617be2ca0a6fd877]::panicking::panic_handler::{closure#0}
[INFO] [stdout]    8:     0x5806155d1339 - std[617be2ca0a6fd877]::sys::backtrace::__rust_end_short_backtrace::<std[617be2ca0a6fd877]::panicking::panic_handler::{closure#0}, !>
[INFO] [stdout]    9:     0x5806155d93ed - __rustc[ea4f61d10b84890b]::rust_begin_unwind
[INFO] [stdout]   10:     0x580615610d7c - core[a373ad73a504971]::panicking::panic_fmt
[INFO] [stdout]   11:     0x580615610d42 - core[a373ad73a504971]::panicking::panic
[INFO] [stdout]   12:     0x58061557554a - <bunch[f90fb19f948c4461]::parse_020_wikipedia_html::{closure#0} as core[a373ad73a504971]::ops::function::FnOnce<()>>::call_once
[INFO] [stdout]   13:     0x58061557582b - test[aada8e7e76ba119b]::__rust_begin_short_backtrace::<core[a373ad73a504971]::result::Result<(), alloc[2e1b2a31b91974c5]::string::String>, fn() -> core[a373ad73a504971]::result::Result<(), alloc[2e1b2a31b91974c5]::string::String>>
[INFO] [stdout]   14:     0x580615582a05 - test[aada8e7e76ba119b]::run_test::{closure#0}
[INFO] [stdout]   15:     0x58061557c2f4 - std[617be2ca0a6fd877]::sys::backtrace::__rust_begin_short_backtrace::<test[aada8e7e76ba119b]::run_test::{closure#1}, ()>
[INFO] [stdout]   16:     0x580615585a92 - <std[617be2ca0a6fd877]::thread::lifecycle::spawn_unchecked<test[aada8e7e76ba119b]::run_test::{closure#1}, ()>::{closure#1} as core[a373ad73a504971]::ops::function::FnOnce<()>>::call_once::{shim:vtable#0}
[INFO] [stdout]   17:     0x5806155fbb2f - <std[617be2ca0a6fd877]::sys::thread::unix::Thread>::new::thread_start
[INFO] [stdout]   18:     0x7f4ae1772dfa - <unknown>
[INFO] [stdout]   19:     0x7f4ae18063d4 - clone
[INFO] [stdout]   20:                0x0 - <unknown>
[INFO] [stdout] 
[INFO] [stdout] ---- parse_008_freebsd_html stdout ----
[INFO] [stdout] 
[INFO] [stdout] thread 'parse_008_freebsd_html' (440) panicked at tests/bunch.rs:51:5:
[INFO] [stdout] assertion failed: UxParser::parse(Rule::file, &input).is_ok()
[INFO] [stdout] stack backtrace:
[INFO] [stdout]    0:     0x5806155fc631 - <<std[617be2ca0a6fd877]::sys::backtrace::BacktraceLock>::print::DisplayBacktrace as core[a373ad73a504971]::fmt::Display>::fmt
[INFO] [stdout]    1:     0x58061561064a - core[a373ad73a504971]::fmt::write
[INFO] [stdout]    2:     0x5806156008fc - <alloc[2e1b2a31b91974c5]::vec::Vec<u8> as core[a373ad73a504971]::io::write::Write>::write_fmt
[INFO] [stdout]    3:     0x5806155d8736 - std[617be2ca0a6fd877]::panicking::default_hook::{closure#0}
[INFO] [stdout]    4:     0x5806155f4969 - std[617be2ca0a6fd877]::panicking::default_hook
[INFO] [stdout]    5:     0x5806155823e0 - test[aada8e7e76ba119b]::test_main_inner::{closure#0}
[INFO] [stdout]    6:     0x5806155f4b22 - std[617be2ca0a6fd877]::panicking::panic_with_hook
[INFO] [stdout]    7:     0x5806155d8814 - std[617be2ca0a6fd877]::panicking::panic_handler::{closure#0}
[INFO] [stdout]    8:     0x5806155d1339 - std[617be2ca0a6fd877]::sys::backtrace::__rust_end_short_backtrace::<std[617be2ca0a6fd877]::panicking::panic_handler::{closure#0}, !>
[INFO] [stdout]    9:     0x5806155d93ed - __rustc[ea4f61d10b84890b]::rust_begin_unwind
[INFO] [stdout]   10:     0x580615610d7c - core[a373ad73a504971]::panicking::panic_fmt
[INFO] [stdout]   11:     0x580615610d42 - core[a373ad73a504971]::panicking::panic
[INFO] [stdout]   12:     0x580615574e8a - <bunch[f90fb19f948c4461]::parse_008_freebsd_html::{closure#0} as core[a373ad73a504971]::ops::function::FnOnce<()>>::call_once
[INFO] [stdout]   13:     0x58061557582b - test[aada8e7e76ba119b]::__rust_begin_short_backtrace::<core[a373ad73a504971]::result::Result<(), alloc[2e1b2a31b91974c5]::string::String>, fn() -> core[a373ad73a504971]::result::Result<(), alloc[2e1b2a31b91974c5]::string::String>>
[INFO] [stdout]   14:     0x580615582a05 - test[aada8e7e76ba119b]::run_test::{closure#0}
[INFO] [stdout]   15:     0x58061557c2f4 - std[617be2ca0a6fd877]::sys::backtrace::__rust_begin_short_backtrace::<test[aada8e7e76ba119b]::run_test::{closure#1}, ()>
[INFO] [stdout]   16:     0x580615585a92 - <std[617be2ca0a6fd877]::thread::lifecycle::spawn_unchecked<test[aada8e7e76ba119b]::run_test::{closure#1}, ()>::{closure#1} as core[a373ad73a504971]::ops::function::FnOnce<()>>::call_once::{shim:vtable#0}
[INFO] [stdout]   17:     0x5806155fbb2f - <std[617be2ca0a6fd877]::sys::thread::unix::Thread>::new::thread_start
[INFO] [stdout]   18:     0x7f4ae1772dfa - <unknown>
[INFO] [stdout]   19:     0x7f4ae18063d4 - clone
[INFO] [stdout]   20:                0x0 - <unknown>
[INFO] [stdout] 
[INFO] [stdout] ---- parse_001_abc_com_html stdout ----
[INFO] [stdout] 
[INFO] [stdout] thread 'parse_001_abc_com_html' (434) panicked at tests/bunch.rs:9:5:
[INFO] [stdout] assertion failed: UxParser::parse(Rule::file, &input).is_ok()
[INFO] [stdout] stack backtrace:
[INFO] [stdout]    0:     0x5806155fc631 - <<std[617be2ca0a6fd877]::sys::backtrace::BacktraceLock>::print::DisplayBacktrace as core[a373ad73a504971]::fmt::Display>::fmt
[INFO] [stdout]    1:     0x58061561064a - core[a373ad73a504971]::fmt::write
[INFO] [stdout]    2:     0x5806156008fc - <alloc[2e1b2a31b91974c5]::vec::Vec<u8> as core[a373ad73a504971]::io::write::Write>::write_fmt
[INFO] [stdout]    3:     0x5806155d8736 - std[617be2ca0a6fd877]::panicking::default_hook::{closure#0}
[INFO] [stdout]    4:     0x5806155f4969 - std[617be2ca0a6fd877]::panicking::default_hook
[INFO] [stdout]    5:     0x5806155823e0 - test[aada8e7e76ba119b]::test_main_inner::{closure#0}
[INFO] [stdout]    6:     0x5806155f4b22 - std[617be2ca0a6fd877]::panicking::panic_with_hook
[INFO] [stdout]    7:     0x5806155d8814 - std[617be2ca0a6fd877]::panicking::panic_handler::{closure#0}
[INFO] [stdout]    8:     0x5806155d1339 - std[617be2ca0a6fd877]::sys::backtrace::__rust_end_short_backtrace::<std[617be2ca0a6fd877]::panicking::panic_handler::{closure#0}, !>
[INFO] [stdout]    9:     0x5806155d93ed - __rustc[ea4f61d10b84890b]::rust_begin_unwind
[INFO] [stdout]   10:     0x580615610d7c - core[a373ad73a504971]::panicking::panic_fmt
[INFO] [stdout]   11:     0x580615610d42 - core[a373ad73a504971]::panicking::panic
[INFO] [stdout]   12:     0x580615574d6a - <bunch[f90fb19f948c4461]::parse_001_abc_com_html::{closure#0} as core[a373ad73a504971]::ops::function::FnOnce<()>>::call_once
[INFO] [stdout]   13:     0x58061557582b - test[aada8e7e76ba119b]::__rust_begin_short_backtrace::<core[a373ad73a504971]::result::Result<(), alloc[2e1b2a31b91974c5]::string::String>, fn() -> core[a373ad73a504971]::result::Result<(), alloc[2e1b2a31b91974c5]::string::String>>
[INFO] [stdout]   14:     0x580615582a05 - test[aada8e7e76ba119b]::run_test::{closure#0}
[INFO] [stdout]   15:     0x58061557c2f4 - std[617be2ca0a6fd877]::sys::backtrace::__rust_begin_short_backtrace::<test[aada8e7e76ba119b]::run_test::{closure#1}, ()>
[INFO] [stdout]   16:     0x580615585a92 - <std[617be2ca0a6fd877]::thread::lifecycle::spawn_unchecked<test[aada8e7e76ba119b]::run_test::{closure#1}, ()>::{closure#1} as core[a373ad73a504971]::ops::function::FnOnce<()>>::call_once::{shim:vtable#0}
[INFO] [stdout]   17:     0x5806155fbb2f - <std[617be2ca0a6fd877]::sys::thread::unix::Thread>::new::thread_start
[INFO] [stdout]   18:     0x7f4ae1772dfa - <unknown>
[INFO] [stdout]   19:     0x7f4ae18063d4 - clone
[INFO] [stdout]   20:                0x0 - <unknown>
[INFO] [stdout] 
[INFO] [stdout] ---- parse_014_nbc_com_html stdout ----
[INFO] [stdout] 
[INFO] [stdout] thread 'parse_014_nbc_com_html' (446) panicked at tests/bunch.rs:87:5:
[INFO] [stdout] assertion failed: UxParser::parse(Rule::file, &input).is_ok()
[INFO] [stdout] stack backtrace:
[INFO] [stdout]    0:     0x5806155fc631 - <<std[617be2ca0a6fd877]::sys::backtrace::BacktraceLock>::print::DisplayBacktrace as core[a373ad73a504971]::fmt::Display>::fmt
[INFO] [stdout]    1:     0x58061561064a - core[a373ad73a504971]::fmt::write
[INFO] [stdout]    2:     0x5806156008fc - <alloc[2e1b2a31b91974c5]::vec::Vec<u8> as core[a373ad73a504971]::io::write::Write>::write_fmt
[INFO] [stdout]    3:     0x5806155d8736 - std[617be2ca0a6fd877]::panicking::default_hook::{closure#0}
[INFO] [stdout]    4:     0x5806155f4969 - std[617be2ca0a6fd877]::panicking::default_hook
[INFO] [stdout]    5:     0x5806155823e0 - test[aada8e7e76ba119b]::test_main_inner::{closure#0}
[INFO] [stdout]    6:     0x5806155f4b22 - std[617be2ca0a6fd877]::panicking::panic_with_hook
[INFO] [stdout]    7:     0x5806155d8814 - std[617be2ca0a6fd877]::panicking::panic_handler::{closure#0}
[INFO] [stdout]    8:     0x5806155d1339 - std[617be2ca0a6fd877]::sys::backtrace::__rust_end_short_backtrace::<std[617be2ca0a6fd877]::panicking::panic_handler::{closure#0}, !>
[INFO] [stdout]    9:     0x5806155d93ed - __rustc[ea4f61d10b84890b]::rust_begin_unwind
[INFO] [stdout]   10:     0x580615610d7c - core[a373ad73a504971]::panicking::panic_fmt
[INFO] [stdout]   11:     0x580615610d42 - core[a373ad73a504971]::panicking::panic
[INFO] [stdout]   12:     0x580615574faa - <bunch[f90fb19f948c4461]::parse_014_nbc_com_html::{closure#0} as core[a373ad73a504971]::ops::function::FnOnce<()>>::call_once
[INFO] [stdout]   13:     0x58061557582b - test[aada8e7e76ba119b]::__rust_begin_short_backtrace::<core[a373ad73a504971]::result::Result<(), alloc[2e1b2a31b91974c5]::string::String>, fn() -> core[a373ad73a504971]::result::Result<(), alloc[2e1b2a31b91974c5]::string::String>>
[INFO] [stdout]   14:     0x580615582a05 - test[aada8e7e76ba119b]::run_test::{closure#0}
[INFO] [stdout]   15:     0x58061557c2f4 - std[617be2ca0a6fd877]::sys::backtrace::__rust_begin_short_backtrace::<test[aada8e7e76ba119b]::run_test::{closure#1}, ()>
[INFO] [stdout]   16:     0x580615585a92 - <std[617be2ca0a6fd877]::thread::lifecycle::spawn_unchecked<test[aada8e7e76ba119b]::run_test::{closure#1}, ()>::{closure#1} as core[a373ad73a504971]::ops::function::FnOnce<()>>::call_once::{shim:vtable#0}
[INFO] [stdout]   17:     0x5806155fbb2f - <std[617be2ca0a6fd877]::sys::thread::unix::Thread>::new::thread_start
[INFO] [stdout]   18:     0x7f4ae1772dfa - <unknown>
[INFO] [stdout]   19:     0x7f4ae18063d4 - clone
[INFO] [stdout]   20:                0x0 - <unknown>
[INFO] [stdout] 
[INFO] [stdout] ---- parse_005_bbc_html stdout ----
[INFO] [stdout] 
[INFO] [stdout] thread 'parse_005_bbc_html' (438) panicked at tests/bunch.rs:33:5:
[INFO] [stdout] assertion failed: UxParser::parse(Rule::file, &input).is_ok()
[INFO] [stdout] stack backtrace:
[INFO] [stdout]    0:     0x5806155fc631 - <<std[617be2ca0a6fd877]::sys::backtrace::BacktraceLock>::print::DisplayBacktrace as core[a373ad73a504971]::fmt::Display>::fmt
[INFO] [stdout]    1:     0x58061561064a - core[a373ad73a504971]::fmt::write
[INFO] [stdout]    2:     0x5806156008fc - <alloc[2e1b2a31b91974c5]::vec::Vec<u8> as core[a373ad73a504971]::io::write::Write>::write_fmt
[INFO] [stdout]    3:     0x5806155d8736 - std[617be2ca0a6fd877]::panicking::default_hook::{closure#0}
[INFO] [stdout]    4:     0x5806155f4969 - std[617be2ca0a6fd877]::panicking::default_hook
[INFO] [stdout]    5:     0x5806155823e0 - test[aada8e7e76ba119b]::test_main_inner::{closure#0}
[INFO] [stdout]    6:     0x5806155f4b22 - std[617be2ca0a6fd877]::panicking::panic_with_hook
[INFO] [stdout]    7:     0x5806155d8814 - std[617be2ca0a6fd877]::panicking::panic_handler::{closure#0}
[INFO] [stdout]    8:     0x5806155d1339 - std[617be2ca0a6fd877]::sys::backtrace::__rust_end_short_backtrace::<std[617be2ca0a6fd877]::panicking::panic_handler::{closure#0}, !>
[INFO] [stdout]    9:     0x5806155d93ed - __rustc[ea4f61d10b84890b]::rust_begin_unwind
[INFO] [stdout]   10:     0x580615610d7c - core[a373ad73a504971]::panicking::panic_fmt
[INFO] [stdout]   11:     0x580615610d42 - core[a373ad73a504971]::panicking::panic
[INFO] [stdout]   12:     0x58061557434a - <bunch[f90fb19f948c4461]::parse_005_bbc_html::{closure#0} as core[a373ad73a504971]::ops::function::FnOnce<()>>::call_once
[INFO] [stdout]   13:     0x58061557582b - test[aada8e7e76ba119b]::__rust_begin_short_backtrace::<core[a373ad73a504971]::result::Result<(), alloc[2e1b2a31b91974c5]::string::String>, fn() -> core[a373ad73a504971]::result::Result<(), alloc[2e1b2a31b91974c5]::string::String>>
[INFO] [stdout]   14:     0x580615582a05 - test[aada8e7e76ba119b]::run_test::{closure#0}
[INFO] [stdout]   15:     0x58061557c2f4 - std[617be2ca0a6fd877]::sys::backtrace::__rust_begin_short_backtrace::<test[aada8e7e76ba119b]::run_test::{closure#1}, ()>
[INFO] [stdout]   16:     0x580615585a92 - <std[617be2ca0a6fd877]::thread::lifecycle::spawn_unchecked<test[aada8e7e76ba119b]::run_test::{closure#1}, ()>::{closure#1} as core[a373ad73a504971]::ops::function::FnOnce<()>>::call_once::{shim:vtable#0}
[INFO] [stdout]   17:     0x5806155fbb2f - <std[617be2ca0a6fd877]::sys::thread::unix::Thread>::new::thread_start
[INFO] [stdout]   18:     0x7f4ae1772dfa - <unknown>
[INFO] [stdout]   19:     0x7f4ae18063d4 - clone
[INFO] [stdout]   20:                0x0 - <unknown>
[INFO] [stdout] 
[INFO] [stdout] ---- parse_015_reddit_html stdout ----
[INFO] [stdout] 
[INFO] [stdout] thread 'parse_015_reddit_html' (447) panicked at tests/bunch.rs:93:5:
[INFO] [stdout] assertion failed: UxParser::parse(Rule::file, &input).is_ok()
[INFO] [stdout] stack backtrace:
[INFO] [stdout]    0:     0x5806155fc631 - <<std[617be2ca0a6fd877]::sys::backtrace::BacktraceLock>::print::DisplayBacktrace as core[a373ad73a504971]::fmt::Display>::fmt
[INFO] [stdout]    1:     0x58061561064a - core[a373ad73a504971]::fmt::write
[INFO] [stdout]    2:     0x5806156008fc - <alloc[2e1b2a31b91974c5]::vec::Vec<u8> as core[a373ad73a504971]::io::write::Write>::write_fmt
[INFO] [stdout]    3:     0x5806155d8736 - std[617be2ca0a6fd877]::panicking::default_hook::{closure#0}
[INFO] [stdout]    4:     0x5806155f4969 - std[617be2ca0a6fd877]::panicking::default_hook
[INFO] [stdout]    5:     0x5806155823e0 - test[aada8e7e76ba119b]::test_main_inner::{closure#0}
[INFO] [stdout]    6:     0x5806155f4b22 - std[617be2ca0a6fd877]::panicking::panic_with_hook
[INFO] [stdout]    7:     0x5806155d8814 - std[617be2ca0a6fd877]::panicking::panic_handler::{closure#0}
[INFO] [stdout]    8:     0x5806155d1339 - std[617be2ca0a6fd877]::sys::backtrace::__rust_end_short_backtrace::<std[617be2ca0a6fd877]::panicking::panic_handler::{closure#0}, !>
[INFO] [stdout]    9:     0x5806155d93ed - __rustc[ea4f61d10b84890b]::rust_begin_unwind
[INFO] [stdout]   10:     0x580615610d7c - core[a373ad73a504971]::panicking::panic_fmt
[INFO] [stdout]   11:     0x580615610d42 - core[a373ad73a504971]::panicking::panic
[INFO] [stdout]   12:     0x580615574b2a - <bunch[f90fb19f948c4461]::parse_015_reddit_html::{closure#0} as core[a373ad73a504971]::ops::function::FnOnce<()>>::call_once
[INFO] [stdout]   13:     0x58061557582b - test[aada8e7e76ba119b]::__rust_begin_short_backtrace::<core[a373ad73a504971]::result::Result<(), alloc[2e1b2a31b91974c5]::string::String>, fn() -> core[a373ad73a504971]::result::Result<(), alloc[2e1b2a31b91974c5]::string::String>>
[INFO] [stdout]   14:     0x580615582a05 - test[aada8e7e76ba119b]::run_test::{closure#0}
[INFO] [stdout]   15:     0x58061557c2f4 - std[617be2ca0a6fd877]::sys::backtrace::__rust_begin_short_backtrace::<test[aada8e7e76ba119b]::run_test::{closure#1}, ()>
[INFO] [stdout]   16:     0x580615585a92 - <std[617be2ca0a6fd877]::thread::lifecycle::spawn_unchecked<test[aada8e7e76ba119b]::run_test::{closure#1}, ()>::{closure#1} as core[a373ad73a504971]::ops::function::FnOnce<()>>::call_once::{shim:vtable#0}
[INFO] [stdout]   17:     0x5806155fbb2f - <std[617be2ca0a6fd877]::sys::thread::unix::Thread>::new::thread_start
[INFO] [stdout]   18:     0x7f4ae1772dfa - <unknown>
[INFO] [stdout]   19:     0x7f4ae18063d4 - clone
[INFO] [stdout]   20:                0x0 - <unknown>
[INFO] [stdout] 
[INFO] [stdout] ---- parse_011_google_html stdout ----
[INFO] [stdout] 
[INFO] [stdout] thread 'parse_011_google_html' (443) panicked at tests/bunch.rs:69:5:
[INFO] [stdout] assertion failed: UxParser::parse(Rule::file, &input).is_ok()
[INFO] [stdout] stack backtrace:
[INFO] [stdout]    0:     0x5806155fc631 - <<std[617be2ca0a6fd877]::sys::backtrace::BacktraceLock>::print::DisplayBacktrace as core[a373ad73a504971]::fmt::Display>::fmt
[INFO] [stdout]    1:     0x58061561064a - core[a373ad73a504971]::fmt::write
[INFO] [stdout]    2:     0x5806156008fc - <alloc[2e1b2a31b91974c5]::vec::Vec<u8> as core[a373ad73a504971]::io::write::Write>::write_fmt
[INFO] [stdout]    3:     0x5806155d8736 - std[617be2ca0a6fd877]::panicking::default_hook::{closure#0}
[INFO] [stdout]    4:     0x5806155f4969 - std[617be2ca0a6fd877]::panicking::default_hook
[INFO] [stdout]    5:     0x5806155823e0 - test[aada8e7e76ba119b]::test_main_inner::{closure#0}
[INFO] [stdout]    6:     0x5806155f4b22 - std[617be2ca0a6fd877]::panicking::panic_with_hook
[INFO] [stdout]    7:     0x5806155d8814 - std[617be2ca0a6fd877]::panicking::panic_handler::{closure#0}
[INFO] [stdout]    8:     0x5806155d1339 - std[617be2ca0a6fd877]::sys::backtrace::__rust_end_short_backtrace::<std[617be2ca0a6fd877]::panicking::panic_handler::{closure#0}, !>
[INFO] [stdout]    9:     0x5806155d93ed - __rustc[ea4f61d10b84890b]::rust_begin_unwind
[INFO] [stdout]   10:     0x580615610d7c - core[a373ad73a504971]::panicking::panic_fmt
[INFO] [stdout]   11:     0x580615610d42 - core[a373ad73a504971]::panicking::panic
[INFO] [stdout]   12:     0x580615574a0a - <bunch[f90fb19f948c4461]::parse_011_google_html::{closure#0} as core[a373ad73a504971]::ops::function::FnOnce<()>>::call_once
[INFO] [stdout]   13:     0x58061557582b - test[aada8e7e76ba119b]::__rust_begin_short_backtrace::<core[a373ad73a504971]::result::Result<(), alloc[2e1b2a31b91974c5]::string::String>, fn() -> core[a373ad73a504971]::result::Result<(), alloc[2e1b2a31b91974c5]::string::String>>
[INFO] [stdout]   14:     0x580615582a05 - test[aada8e7e76ba119b]::run_test::{closure#0}
[INFO] [stdout]   15:     0x58061557c2f4 - std[617be2ca0a6fd877]::sys::backtrace::__rust_begin_short_backtrace::<test[aada8e7e76ba119b]::run_test::{closure#1}, ()>
[INFO] [stdout]   16:     0x580615585a92 - <std[617be2ca0a6fd877]::thread::lifecycle::spawn_unchecked<test[aada8e7e76ba119b]::run_test::{closure#1}, ()>::{closure#1} as core[a373ad73a504971]::ops::function::FnOnce<()>>::call_once::{shim:vtable#0}
[INFO] [stdout]   17:     0x5806155fbb2f - <std[617be2ca0a6fd877]::sys::thread::unix::Thread>::new::thread_start
[INFO] [stdout]   18:     0x7f4ae1772dfa - <unknown>
[INFO] [stdout]   19:     0x7f4ae18063d4 - clone
[INFO] [stdout]   20:                0x0 - <unknown>
[INFO] [stdout] 
[INFO] [stdout] ---- parse_009_github_html stdout ----
[INFO] [stdout] 
[INFO] [stdout] thread 'parse_009_github_html' (441) panicked at tests/bunch.rs:57:5:
[INFO] [stdout] assertion failed: UxParser::parse(Rule::file, &input).is_ok()
[INFO] [stdout] stack backtrace:
[INFO] [stdout]    0:     0x5806155fc631 - <<std[617be2ca0a6fd877]::sys::backtrace::BacktraceLock>::print::DisplayBacktrace as core[a373ad73a504971]::fmt::Display>::fmt
[INFO] [stdout]    1:     0x58061561064a - core[a373ad73a504971]::fmt::write
[INFO] [stdout]    2:     0x5806156008fc - <alloc[2e1b2a31b91974c5]::vec::Vec<u8> as core[a373ad73a504971]::io::write::Write>::write_fmt
[INFO] [stdout]    3:     0x5806155d8736 - std[617be2ca0a6fd877]::panicking::default_hook::{closure#0}
[INFO] [stdout]    4:     0x5806155f4969 - std[617be2ca0a6fd877]::panicking::default_hook
[INFO] [stdout]    5:     0x5806155823e0 - test[aada8e7e76ba119b]::test_main_inner::{closure#0}
[INFO] [stdout]    6:     0x5806155f4b22 - std[617be2ca0a6fd877]::panicking::panic_with_hook
[INFO] [stdout]    7:     0x5806155d8814 - std[617be2ca0a6fd877]::panicking::panic_handler::{closure#0}
[INFO] [stdout]    8:     0x5806155d1339 - std[617be2ca0a6fd877]::sys::backtrace::__rust_end_short_backtrace::<std[617be2ca0a6fd877]::panicking::panic_handler::{closure#0}, !>
[INFO] [stdout]    9:     0x5806155d93ed - __rustc[ea4f61d10b84890b]::rust_begin_unwind
[INFO] [stdout]   10:     0x580615610d7c - core[a373ad73a504971]::panicking::panic_fmt
[INFO] [stdout]   11:     0x580615610d42 - core[a373ad73a504971]::panicking::panic
[INFO] [stdout]   12:     0x5806155748ea - <bunch[f90fb19f948c4461]::parse_009_github_html::{closure#0} as core[a373ad73a504971]::ops::function::FnOnce<()>>::call_once
[INFO] [stdout]   13:     0x58061557582b - test[aada8e7e76ba119b]::__rust_begin_short_backtrace::<core[a373ad73a504971]::result::Result<(), alloc[2e1b2a31b91974c5]::string::String>, fn() -> core[a373ad73a504971]::result::Result<(), alloc[2e1b2a31b91974c5]::string::String>>
[INFO] [stdout]   14:     0x580615582a05 - test[aada8e7e76ba119b]::run_test::{closure#0}
[INFO] [stdout]   15:     0x58061557c2f4 - std[617be2ca0a6fd877]::sys::backtrace::__rust_begin_short_backtrace::<test[aada8e7e76ba119b]::run_test::{closure#1}, ()>
[INFO] [stdout]   16:     0x580615585a92 - <std[617be2ca0a6fd877]::thread::lifecycle::spawn_unchecked<test[aada8e7e76ba119b]::run_test::{closure#1}, ()>::{closure#1} as core[a373ad73a504971]::ops::function::FnOnce<()>>::call_once::{shim:vtable#0}
[INFO] [stdout]   17:     0x5806155fbb2f - <std[617be2ca0a6fd877]::sys::thread::unix::Thread>::new::thread_start
[INFO] [stdout]   18:     0x7f4ae1772dfa - <unknown>
[INFO] [stdout]   19:     0x7f4ae18063d4 - clone
[INFO] [stdout]   20:                0x0 - <unknown>
[INFO] [stdout] 
[INFO] [stdout] 
[INFO] [stdout] failures:
[INFO] [stdout]     parse_001_abc_com_html
[INFO] [stdout]     parse_002_aljazeera_com_html
[INFO] [stdout]     parse_003_antlr_html
[INFO] [stdout]     parse_004_attvalues_html
[INFO] [stdout]     parse_005_bbc_html
[INFO] [stdout]     parse_006_cnn1_html
[INFO] [stdout]     parse_008_freebsd_html
[INFO] [stdout]     parse_009_github_html
[INFO] [stdout]     parse_010_gnu_html
[INFO] [stdout]     parse_011_google_html
[INFO] [stdout]     parse_012_html4_html
[INFO] [stdout]     parse_013_metafilter_html
[INFO] [stdout]     parse_014_nbc_com_html
[INFO] [stdout]     parse_015_reddit_html
[INFO] [stdout]     parse_016_reddit2_html
[INFO] [stdout]     parse_020_wikipedia_html
[INFO] [stdout] 
[INFO] [stdout] test result: FAILED. 3 passed; 16 failed; 0 ignored; 0 measured; 0 filtered out; finished in 0.03s
[INFO] [stdout] 
[INFO] [stderr] error: test failed, to rerun pass `--test bunch`
[INFO] running `Command { std: "docker" "inspect" "3f7aaed1fce82b646765168f4affc11aded2536c1f7a43942517fe9234f3f7f4", kill_on_drop: false }`
[INFO] running `Command { std: "docker" "rm" "-f" "3f7aaed1fce82b646765168f4affc11aded2536c1f7a43942517fe9234f3f7f4", kill_on_drop: false }`
[INFO] [stdout] 3f7aaed1fce82b646765168f4affc11aded2536c1f7a43942517fe9234f3f7f4
