[INFO] fetching crate uutests 0.12.0...
[INFO] testing uutests-0.12.0 against 1.99.0-beta.8+cargoflags=--release for beta-release-1.100-2
[INFO] extracting crate uutests 0.12.0 into /workspace/builds/worker-2-tc1/source
[INFO] started tweaking crates.io crate uutests 0.12.0
[INFO] finished tweaking crates.io crate uutests 0.12.0
[INFO] tweaked toml for crates.io crate uutests 0.12.0 written to /workspace/builds/worker-2-tc1/source/Cargo.toml
[INFO] validating manifest of crates.io crate uutests 0.12.0 on toolchain 1.99.0-beta.8
[INFO] running `Command { std: CARGO_HOME="/workspace/cargo-home" RUSTUP_HOME="/workspace/rustup-home" "/workspace/cargo-home/bin/cargo" "+1.99.0-beta.8" "metadata" "--manifest-path" "Cargo.toml" "--no-deps", kill_on_drop: false }`
[INFO] crate crates.io crate uutests 0.12.0 already has a lockfile, it will not be regenerated
[INFO] running `Command { std: CARGO_HOME="/workspace/cargo-home" RUSTUP_HOME="/workspace/rustup-home" "/workspace/cargo-home/bin/cargo" "+1.99.0-beta.8" "fetch" "--manifest-path" "Cargo.toml", kill_on_drop: false }`
[INFO] [stderr]     Updating crates.io index
[INFO] [stderr]  Downloading crates ...
[INFO] [stderr]   Downloaded rlimit v0.11.0
[INFO] [stderr]   Downloaded dns-lookup v4.0.1
[INFO] [stderr]   Downloaded jiff-static v0.2.37
[INFO] [stderr]   Downloaded linktime-proc-macro v0.2.3
[INFO] [stderr]   Downloaded link-section v0.19.3
[INFO] [stderr]   Downloaded ctor v1.0.13
[INFO] [stderr]   Downloaded jiff v0.2.37
[INFO] running `Command { std: "docker" "create" "-v" "/var/lib/crater-agent-workspace/builds/worker-2-tc1/source:/opt/rustwide/workdir:ro,Z" "-v" "/var/lib/crater-agent-workspace/builds/worker-2-tc1/target:/opt/rustwide/target:rw,Z" "-v" "/var/lib/crater-agent-workspace/cargo-home:/opt/rustwide/cargo-home:ro,Z" "-v" "/var/lib/crater-agent-workspace/rustup-home:/opt/rustwide/rustup-home:ro,Z" "-m" "1610612736" "--network" "none" "ghcr.io/rust-lang/crates-build-env/linux@sha256:77db811e55d90add9212f6832c23229e3de5f1c1f9905e8cb07319ea15df73ac" "sleep" "infinity", kill_on_drop: false }`
[INFO] [stdout] 4cb85f9af8b85d1b17fb7258e592b666d1de1fe690686eb5f359cd9b320994d2
[INFO] running `Command { std: "docker" "start" "4cb85f9af8b85d1b17fb7258e592b666d1de1fe690686eb5f359cd9b320994d2", kill_on_drop: false }`
[INFO] running `Command { std: "docker" "inspect" "4cb85f9af8b85d1b17fb7258e592b666d1de1fe690686eb5f359cd9b320994d2", kill_on_drop: false }`
[INFO] running `Command { std: "docker" "exec" "-e" "SOURCE_DIR=/opt/rustwide/workdir" "-e" "CARGO_HOME=/opt/rustwide/cargo-home" "-e" "RUSTUP_HOME=/opt/rustwide/rustup-home" "-e" "CARGO_TARGET_DIR=/opt/rustwide/target" "-w" "/opt/rustwide/workdir" "--user" "0:0" "4cb85f9af8b85d1b17fb7258e592b666d1de1fe690686eb5f359cd9b320994d2" "/opt/rustwide/cargo-home/bin/cargo" "+1.99.0-beta.8" "metadata" "--no-deps" "--format-version=1", kill_on_drop: false }`
[INFO] running `Command { std: "docker" "inspect" "4cb85f9af8b85d1b17fb7258e592b666d1de1fe690686eb5f359cd9b320994d2", kill_on_drop: false }`
[INFO] running `Command { std: "docker" "exec" "-e" "SOURCE_DIR=/opt/rustwide/workdir" "-e" "CARGO_HOME=/opt/rustwide/cargo-home" "-e" "RUSTUP_HOME=/opt/rustwide/rustup-home" "-e" "CARGO_TARGET_DIR=/opt/rustwide/target" "-e" "CARGO_INCREMENTAL=0" "-e" "RUST_BACKTRACE=full" "-e" "RUSTFLAGS=--cap-lints=warn" "-e" "RUSTDOCFLAGS=--cap-lints=warn" "-w" "/opt/rustwide/workdir" "--user" "0:0" "4cb85f9af8b85d1b17fb7258e592b666d1de1fe690686eb5f359cd9b320994d2" "/opt/rustwide/cargo-home/bin/cargo" "+1.99.0-beta.8" "build" "--frozen" "--message-format=json" "--release", kill_on_drop: false }`
[INFO] [stderr]    Compiling libc v0.2.189
[INFO] [stderr]    Compiling rustix v1.1.4
[INFO] [stderr]    Compiling thiserror v2.0.20
[INFO] [stderr]    Compiling getrandom v0.4.3
[INFO] [stderr]    Compiling rand_core v0.10.1
[INFO] [stderr]    Compiling syn v3.0.4
[INFO] [stderr]    Compiling nix v0.31.3
[INFO] [stderr]    Compiling time-core v0.1.9
[INFO] [stderr]    Compiling num-conv v0.2.2
[INFO] [stderr]    Compiling aho-corasick v1.1.5
[INFO] [stderr]    Compiling regex-syntax v0.8.11
[INFO] [stderr]    Compiling rlimit v0.11.0
[INFO] [stderr]    Compiling jiff-core v0.1.0
[INFO] [stderr]    Compiling uucore v0.12.0
[INFO] [stderr]    Compiling cpufeatures v0.3.1
[INFO] [stderr]    Compiling linktime-proc-macro v0.2.3
[INFO] [stderr]    Compiling link-section v0.19.3
[INFO] [stderr]    Compiling chacha20 v0.10.2
[INFO] [stderr]    Compiling time-macros v0.2.32
[INFO] [stderr]    Compiling ctor v1.0.13
[INFO] [stderr]    Compiling jiff v0.2.37
[INFO] [stderr]    Compiling socket2 v0.6.5
[INFO] [stderr]    Compiling time v0.3.55
[INFO] [stderr]    Compiling displaydoc v0.2.7
[INFO] [stderr]    Compiling thiserror-impl v2.0.20
[INFO] [stderr]    Compiling rand v0.10.2
[INFO] [stderr]    Compiling dns-lookup v4.0.1
[INFO] [stderr]    Compiling regex-automata v0.4.18
[INFO] [stderr]    Compiling tinystr v0.8.4
[INFO] [stderr]    Compiling unic-langid-impl v0.9.6
[INFO] [stderr]    Compiling unic-langid v0.9.6
[INFO] [stderr]    Compiling fluent-langneg v0.13.1
[INFO] [stderr]    Compiling intl_pluralrules v7.0.2
[INFO] [stderr]    Compiling intl-memoizer v0.5.3
[INFO] [stderr]    Compiling fluent-syntax v0.12.0
[INFO] [stderr]    Compiling fluent-bundle v0.16.0
[INFO] [stderr]    Compiling terminal_size v0.4.4
[INFO] [stderr]    Compiling xattr v1.6.1
[INFO] [stderr]    Compiling clap_builder v4.6.7
[INFO] [stderr]    Compiling tempfile v3.27.0
[INFO] [stderr]    Compiling fluent v0.17.0
[INFO] [stderr]    Compiling regex v1.13.1
[INFO] [stderr]    Compiling clap v4.6.7
[INFO] [stderr]    Compiling uutests v0.12.0 (/opt/rustwide/workdir)
[INFO] [stderr]     Finished `release` profile [optimized] target(s) in 44.38s
[INFO] running `Command { std: "docker" "inspect" "4cb85f9af8b85d1b17fb7258e592b666d1de1fe690686eb5f359cd9b320994d2", kill_on_drop: false }`
[INFO] running `Command { std: "docker" "exec" "-e" "SOURCE_DIR=/opt/rustwide/workdir" "-e" "CARGO_HOME=/opt/rustwide/cargo-home" "-e" "RUSTUP_HOME=/opt/rustwide/rustup-home" "-e" "CARGO_TARGET_DIR=/opt/rustwide/target" "-e" "CARGO_INCREMENTAL=0" "-e" "RUST_BACKTRACE=full" "-e" "RUSTFLAGS=--cap-lints=warn" "-e" "RUSTDOCFLAGS=--cap-lints=warn" "-w" "/opt/rustwide/workdir" "--user" "0:0" "4cb85f9af8b85d1b17fb7258e592b666d1de1fe690686eb5f359cd9b320994d2" "/opt/rustwide/cargo-home/bin/cargo" "+1.99.0-beta.8" "test" "--frozen" "--no-run" "--message-format=json" "--release", kill_on_drop: false }`
[INFO] [stderr]    Compiling uutests v0.12.0 (/opt/rustwide/workdir)
[INFO] [stderr]     Finished `release` profile [optimized] target(s) in 4.19s
[INFO] running `Command { std: "docker" "inspect" "4cb85f9af8b85d1b17fb7258e592b666d1de1fe690686eb5f359cd9b320994d2", kill_on_drop: false }`
[INFO] running `Command { std: "docker" "exec" "-e" "SOURCE_DIR=/opt/rustwide/workdir" "-e" "CARGO_HOME=/opt/rustwide/cargo-home" "-e" "RUSTUP_HOME=/opt/rustwide/rustup-home" "-e" "CARGO_TARGET_DIR=/opt/rustwide/target" "-e" "CARGO_INCREMENTAL=0" "-e" "RUST_BACKTRACE=full" "-e" "RUSTFLAGS=--cap-lints=warn" "-e" "RUSTDOCFLAGS=--cap-lints=warn" "-w" "/opt/rustwide/workdir" "--user" "0:0" "4cb85f9af8b85d1b17fb7258e592b666d1de1fe690686eb5f359cd9b320994d2" "/opt/rustwide/cargo-home/bin/cargo" "+1.99.0-beta.8" "test" "--frozen" "--release", kill_on_drop: false }`
[INFO] [stderr]     Finished `release` profile [optimized] target(s) in 0.11s
[INFO] [stderr]      Running unittests src/lib/lib.rs (/opt/rustwide/target/release/deps/uutests-9f3b1853b888f6b9)
[INFO] [stdout] 
[INFO] [stdout] running 30 tests
[INFO] [stdout] test random::tests::test_random_string_generate ... ok
[INFO] [stdout] test random::tests::test_generate_random_strings_when_length_is_around_critical_buffer_sizes ... ok
[INFO] [stdout] test random::tests::test_random_string_generate_with_delimiter_should_end_with_delimiter ... ok
[INFO] [stdout] test random::tests::test_generate_with_delimiter_with_greater_length ... ok
[INFO] [stdout] test random::tests::test_random_string_generate_with_delimiter_should_not_end_with_delimiter ... ok
[INFO] [stdout] test util::tests::test_compare_xattrs ... ok
[INFO] [stdout] test util::tests::test_command_result_when_no_output_with_exit_32 ... ok
[INFO] [stdout] test random::tests::test_random_string_generate_with_delimiter_when_num_delimiter_is_greater_than_length ... ok
[INFO] [stdout] test util::tests::test_parse_coreutil_version ... ok
[INFO] [stdout] test util::tests::test_command_result_when_stdout_with_exit_0 ... ok
[INFO] [stdout] test util::tests::test_host_name_for ... ok
[INFO] [stdout] test util::tests::test_application_of_process_resource_limits_limited_file_size ... ok
[INFO] [stdout] test random::tests::test_random_string_generate_with_delimiter_when_length_is_zero ... ok
[INFO] [stdout] test util::tests::test_application_of_process_resource_limits_unlimited_file_size ... ok
[INFO] [stdout] test util::tests::test_command_result_when_exit_32_then_success_panic - should panic ... ok
[INFO] [stdout] test util::tests::test_command_result_when_no_output_with_exit_0 ... ok
[INFO] [stdout] test util::tests::test_stdout_does_not_contain_fail - should panic ... ok
[INFO] [stdout] test util::tests::test_altering_umask ... ok
[INFO] [stdout] test util::tests::test_command_result_when_stderr_with_exit_0 ... ok
[INFO] [stdout] test util::tests::test_stdout_not_matches_fail - should panic ... ok
[INFO] [stdout] test util::tests::test_std_does_not_contain ... ok
[INFO] [stdout] test util::tests::test_command_result_when_exit_0_then_silent_failure_panics - should panic ... ok
[INFO] [stdout] test util::tests::test_stdout_matches_fail - should panic ... ok
[INFO] [stdout] test util::tests::test_stdout_matches ... ok
[INFO] [stdout] test util::tests::test_stderr_does_not_contain_fail - should panic ... ok
[INFO] [stdout] test util::tests::test_command_result_when_exit_0_then_failure_panics - should panic ... ok
[INFO] [stdout] test util::tests::test_check_coreutil_version ... ok
[INFO] [stdout] test util::tests::test_expected_result ... ok
[INFO] [stdout] test util::tests::test_mount_temp_fs ... FAILED
[INFO] [stderr] error: test failed, to rerun pass `--lib`
[INFO] [stdout] test util::tests::test_run_ucmd_as_root ... FAILED
[INFO] [stdout] 
[INFO] [stdout] failures:
[INFO] [stdout] 
[INFO] [stdout] ---- util::tests::test_mount_temp_fs stdout ----
[INFO] [stdout] bin: ""
[INFO] [stdout] run: whoami
[INFO] [stdout] mkdir: /tmp/.tmpGhi89H/mountpoint
[INFO] [stdout] run: mount -t tmpfs -o size=640k tmpfs /tmp/.tmpGhi89H/mountpoint
[INFO] [stdout] 
[INFO] [stdout] thread 'util::tests::test_mount_temp_fs' (1185) panicked at src/lib/util.rs:3707:59:
[INFO] [stdout] called `Result::unwrap()` on an `Err` value: "mount failed: mount: /tmp/.tmpGhi89H/mountpoint: permission denied.\n       dmesg(1) may have more information after failed mount system call.\n"
[INFO] [stdout] stack backtrace:
[INFO] [stdout]    0:     0x5c0a9f8d34f1 - <<std[70759c8f55707aa4]::sys::backtrace::BacktraceLock>::print::DisplayBacktrace as core[df12db4294e9bfd3]::fmt::Display>::fmt
[INFO] [stdout]    1:     0x5c0a9f8ea13a - core[df12db4294e9bfd3]::fmt::write
[INFO] [stdout]    2:     0x5c0a9f8d7e2c - <alloc[2182bb758b4b3781]::vec::Vec<u8> as core[df12db4294e9bfd3]::io::write::Write>::write_fmt
[INFO] [stdout]    3:     0x5c0a9f8ac436 - std[70759c8f55707aa4]::panicking::default_hook::{closure#0}
[INFO] [stdout]    4:     0x5c0a9f8c9ee9 - std[70759c8f55707aa4]::panicking::default_hook
[INFO] [stdout]    5:     0x5c0a9f859a90 - test[9d35eded1c95d3be]::test_main_inner::<test[9d35eded1c95d3be]::test_main_static::{closure#0}>::{closure#0}
[INFO] [stdout]    6:     0x5c0a9f8ca0a2 - std[70759c8f55707aa4]::panicking::panic_with_hook
[INFO] [stdout]    7:     0x5c0a9f8ac4e2 - std[70759c8f55707aa4]::panicking::panic_handler::{closure#0}
[INFO] [stdout]    8:     0x5c0a9f8a4da9 - std[70759c8f55707aa4]::sys::backtrace::__rust_end_short_backtrace::<std[70759c8f55707aa4]::panicking::panic_handler::{closure#0}, !>
[INFO] [stdout]    9:     0x5c0a9f8ad17d - __rustc[8fa7c3cbc660c2b3]::rust_begin_unwind
[INFO] [stdout]   10:     0x5c0a9f8ea91c - core[df12db4294e9bfd3]::panicking::panic_fmt
[INFO] [stdout]   11:     0x5c0a9f8ea6f2 - core[df12db4294e9bfd3]::result::unwrap_failed
[INFO] [stdout]   12:     0x5c0a9f7747ba - uutests[e8d9773c7a24b7ff]::util::tests::test_mount_temp_fs
[INFO] [stdout]   13:     0x5c0a9f77f289 - <uutests[e8d9773c7a24b7ff]::util::tests::test_mount_temp_fs::{closure#0} as core[df12db4294e9bfd3]::ops::function::FnOnce<()>>::call_once
[INFO] [stdout]   14:     0x5c0a9f84cd7b - test[9d35eded1c95d3be]::__rust_begin_short_backtrace::<core[df12db4294e9bfd3]::result::Result<(), alloc[2182bb758b4b3781]::string::String>, fn() -> core[df12db4294e9bfd3]::result::Result<(), alloc[2182bb758b4b3781]::string::String>>
[INFO] [stdout]   15:     0x5c0a9f85a3e5 - test[9d35eded1c95d3be]::run_test::{closure#0}
[INFO] [stdout]   16:     0x5c0a9f853ca4 - std[70759c8f55707aa4]::sys::backtrace::__rust_begin_short_backtrace::<test[9d35eded1c95d3be]::run_test::{closure#1}, ()>
[INFO] [stdout]   17:     0x5c0a9f85d542 - <std[70759c8f55707aa4]::thread::lifecycle::spawn_unchecked<test[9d35eded1c95d3be]::run_test::{closure#1}, ()>::{closure#1} as core[df12db4294e9bfd3]::ops::function::FnOnce<()>>::call_once::{shim:vtable#0}
[INFO] [stdout]   18:     0x5c0a9f8d2d09 - <std[70759c8f55707aa4]::sys::thread::unix::Thread>::new::thread_start
[INFO] [stdout]   19:     0x74aa45a21dfa - <unknown>
[INFO] [stdout]   20:     0x74aa45ab53d4 - clone
[INFO] [stdout]   21:                0x0 - <unknown>
[INFO] [stdout] 
[INFO] [stdout] ---- util::tests::test_run_ucmd_as_root stdout ----
[INFO] [stdout] bin: ""
[INFO] [stdout] run: sudo -E --non-interactive whoami
[INFO] [stdout] run: sudo -E --non-interactive  whoami
[INFO] [stdout] 
[INFO] [stdout] thread 'util::tests::test_run_ucmd_as_root' (1187) panicked at src/lib/util.rs:3604:21:
[INFO] [stdout] assertion `left == right` failed
[INFO] [stdout]   left: ""
[INFO] [stdout]  right: "root"
[INFO] [stdout] stack backtrace:
[INFO] [stdout]    0:     0x5c0a9f8d34f1 - <<std[70759c8f55707aa4]::sys::backtrace::BacktraceLock>::print::DisplayBacktrace as core[df12db4294e9bfd3]::fmt::Display>::fmt
[INFO] [stdout]    1:     0x5c0a9f8ea13a - core[df12db4294e9bfd3]::fmt::write
[INFO] [stdout]    2:     0x5c0a9f8d7e2c - <alloc[2182bb758b4b3781]::vec::Vec<u8> as core[df12db4294e9bfd3]::io::write::Write>::write_fmt
[INFO] [stdout]    3:     0x5c0a9f8ac436 - std[70759c8f55707aa4]::panicking::default_hook::{closure#0}
[INFO] [stdout]    4:     0x5c0a9f8c9ee9 - std[70759c8f55707aa4]::panicking::default_hook
[INFO] [stdout]    5:     0x5c0a9f859a90 - test[9d35eded1c95d3be]::test_main_inner::<test[9d35eded1c95d3be]::test_main_static::{closure#0}>::{closure#0}
[INFO] [stdout]    6:     0x5c0a9f8ca0a2 - std[70759c8f55707aa4]::panicking::panic_with_hook
[INFO] [stdout]    7:     0x5c0a9f8ac4e2 - std[70759c8f55707aa4]::panicking::panic_handler::{closure#0}
[INFO] [stdout]    8:     0x5c0a9f8a4da9 - std[70759c8f55707aa4]::sys::backtrace::__rust_end_short_backtrace::<std[70759c8f55707aa4]::panicking::panic_handler::{closure#0}, !>
[INFO] [stdout]    9:     0x5c0a9f8ad17d - __rustc[8fa7c3cbc660c2b3]::rust_begin_unwind
[INFO] [stdout]   10:     0x5c0a9f8ea91c - core[df12db4294e9bfd3]::panicking::panic_fmt
[INFO] [stdout]   11:     0x5c0a9f8ea833 - core[df12db4294e9bfd3]::panicking::assert_failed_inner
[INFO] [stdout]   12:     0x5c0a9f890989 - core[df12db4294e9bfd3]::panicking::assert_failed::<&str, &str>
[INFO] [stdout]   13:     0x5c0a9f775578 - uutests[e8d9773c7a24b7ff]::util::tests::test_run_ucmd_as_root
[INFO] [stdout]   14:     0x5c0a9f77f329 - <uutests[e8d9773c7a24b7ff]::util::tests::test_run_ucmd_as_root::{closure#0} as core[df12db4294e9bfd3]::ops::function::FnOnce<()>>::call_once
[INFO] [stdout]   15:     0x5c0a9f84cd7b - test[9d35eded1c95d3be]::__rust_begin_short_backtrace::<core[df12db4294e9bfd3]::result::Result<(), alloc[2182bb758b4b3781]::string::String>, fn() -> core[df12db4294e9bfd3]::result::Result<(), alloc[2182bb758b4b3781]::string::String>>
[INFO] [stdout]   16:     0x5c0a9f85a3e5 - test[9d35eded1c95d3be]::run_test::{closure#0}
[INFO] [stdout]   17:     0x5c0a9f853ca4 - std[70759c8f55707aa4]::sys::backtrace::__rust_begin_short_backtrace::<test[9d35eded1c95d3be]::run_test::{closure#1}, ()>
[INFO] [stdout]   18:     0x5c0a9f85d542 - <std[70759c8f55707aa4]::thread::lifecycle::spawn_unchecked<test[9d35eded1c95d3be]::run_test::{closure#1}, ()>::{closure#1} as core[df12db4294e9bfd3]::ops::function::FnOnce<()>>::call_once::{shim:vtable#0}
[INFO] [stdout]   19:     0x5c0a9f8d2d09 - <std[70759c8f55707aa4]::sys::thread::unix::Thread>::new::thread_start
[INFO] [stdout]   20:     0x74aa45a21dfa - <unknown>
[INFO] [stdout]   21:     0x74aa45ab53d4 - clone
[INFO] [stdout]   22:                0x0 - <unknown>
[INFO] [stdout] 
[INFO] [stdout] 
[INFO] [stdout] failures:
[INFO] [stdout]     util::tests::test_mount_temp_fs
[INFO] [stdout]     util::tests::test_run_ucmd_as_root
[INFO] [stdout] 
[INFO] [stdout] test result: FAILED. 28 passed; 2 failed; 0 ignored; 0 measured; 0 filtered out; finished in 0.20s
[INFO] [stdout] 
[INFO] running `Command { std: "docker" "inspect" "4cb85f9af8b85d1b17fb7258e592b666d1de1fe690686eb5f359cd9b320994d2", kill_on_drop: false }`
[INFO] running `Command { std: "docker" "rm" "-f" "4cb85f9af8b85d1b17fb7258e592b666d1de1fe690686eb5f359cd9b320994d2", kill_on_drop: false }`
[INFO] [stdout] 4cb85f9af8b85d1b17fb7258e592b666d1de1fe690686eb5f359cd9b320994d2
