[INFO] fetching crate uuidof 0.1.0...
[INFO] testing uuidof-0.1.0 against 1.99.0-beta.8+cargoflags=--release for beta-release-1.100-2
[INFO] extracting crate uuidof 0.1.0 into /workspace/builds/worker-5-tc1/source
[INFO] started tweaking crates.io crate uuidof 0.1.0
[INFO] finished tweaking crates.io crate uuidof 0.1.0
[INFO] tweaked toml for crates.io crate uuidof 0.1.0 written to /workspace/builds/worker-5-tc1/source/Cargo.toml
[INFO] validating manifest of crates.io crate uuidof 0.1.0 on toolchain 1.99.0-beta.8
[INFO] running `Command { std: CARGO_HOME="/workspace/cargo-home" RUSTUP_HOME="/workspace/rustup-home" "/workspace/cargo-home/bin/cargo" "+1.99.0-beta.8" "metadata" "--manifest-path" "Cargo.toml" "--no-deps", kill_on_drop: false }`
[INFO] crate crates.io crate uuidof 0.1.0 already has a lockfile, it will not be regenerated
[INFO] running `Command { std: CARGO_HOME="/workspace/cargo-home" RUSTUP_HOME="/workspace/rustup-home" "/workspace/cargo-home/bin/cargo" "+1.99.0-beta.8" "fetch" "--manifest-path" "Cargo.toml", kill_on_drop: false }`
[INFO] running `Command { std: "docker" "create" "-v" "/var/lib/crater-agent-workspace/builds/worker-5-tc1/source:/opt/rustwide/workdir:ro,Z" "-v" "/var/lib/crater-agent-workspace/builds/worker-5-tc1/target:/opt/rustwide/target:rw,Z" "-v" "/var/lib/crater-agent-workspace/cargo-home:/opt/rustwide/cargo-home:ro,Z" "-v" "/var/lib/crater-agent-workspace/rustup-home:/opt/rustwide/rustup-home:ro,Z" "-m" "1610612736" "--network" "none" "ghcr.io/rust-lang/crates-build-env/linux@sha256:77db811e55d90add9212f6832c23229e3de5f1c1f9905e8cb07319ea15df73ac" "sleep" "infinity", kill_on_drop: false }`
[INFO] [stdout] 21b4636fe58030b644255d786c4ef30d09492468e0cf2b6558c1e54a92e095f9
[INFO] running `Command { std: "docker" "start" "21b4636fe58030b644255d786c4ef30d09492468e0cf2b6558c1e54a92e095f9", kill_on_drop: false }`
[INFO] running `Command { std: "docker" "inspect" "21b4636fe58030b644255d786c4ef30d09492468e0cf2b6558c1e54a92e095f9", kill_on_drop: false }`
[INFO] running `Command { std: "docker" "exec" "-e" "SOURCE_DIR=/opt/rustwide/workdir" "-e" "CARGO_HOME=/opt/rustwide/cargo-home" "-e" "RUSTUP_HOME=/opt/rustwide/rustup-home" "-e" "CARGO_TARGET_DIR=/opt/rustwide/target" "-w" "/opt/rustwide/workdir" "--user" "0:0" "21b4636fe58030b644255d786c4ef30d09492468e0cf2b6558c1e54a92e095f9" "/opt/rustwide/cargo-home/bin/cargo" "+1.99.0-beta.8" "metadata" "--no-deps" "--format-version=1", kill_on_drop: false }`
[INFO] running `Command { std: "docker" "inspect" "21b4636fe58030b644255d786c4ef30d09492468e0cf2b6558c1e54a92e095f9", kill_on_drop: false }`
[INFO] running `Command { std: "docker" "exec" "-e" "SOURCE_DIR=/opt/rustwide/workdir" "-e" "CARGO_HOME=/opt/rustwide/cargo-home" "-e" "RUSTUP_HOME=/opt/rustwide/rustup-home" "-e" "CARGO_TARGET_DIR=/opt/rustwide/target" "-e" "CARGO_INCREMENTAL=0" "-e" "RUST_BACKTRACE=full" "-e" "RUSTFLAGS=--cap-lints=warn" "-e" "RUSTDOCFLAGS=--cap-lints=warn" "-w" "/opt/rustwide/workdir" "--user" "0:0" "21b4636fe58030b644255d786c4ef30d09492468e0cf2b6558c1e54a92e095f9" "/opt/rustwide/cargo-home/bin/cargo" "+1.99.0-beta.8" "build" "--frozen" "--message-format=json" "--release", kill_on_drop: false }`
[INFO] [stderr]    Compiling memchr v2.7.6
[INFO] [stderr]    Compiling regex-syntax v0.8.6
[INFO] [stderr]    Compiling aho-corasick v1.1.3
[INFO] [stderr]    Compiling regex-automata v0.4.13
[INFO] [stderr]    Compiling regex v1.12.2
[INFO] [stderr]    Compiling uuidof v0.1.0 (/opt/rustwide/workdir)
[INFO] [stderr]     Finished `release` profile [optimized] target(s) in 29.91s
[INFO] running `Command { std: "docker" "inspect" "21b4636fe58030b644255d786c4ef30d09492468e0cf2b6558c1e54a92e095f9", kill_on_drop: false }`
[INFO] running `Command { std: "docker" "exec" "-e" "SOURCE_DIR=/opt/rustwide/workdir" "-e" "CARGO_HOME=/opt/rustwide/cargo-home" "-e" "RUSTUP_HOME=/opt/rustwide/rustup-home" "-e" "CARGO_TARGET_DIR=/opt/rustwide/target" "-e" "CARGO_INCREMENTAL=0" "-e" "RUST_BACKTRACE=full" "-e" "RUSTFLAGS=--cap-lints=warn" "-e" "RUSTDOCFLAGS=--cap-lints=warn" "-w" "/opt/rustwide/workdir" "--user" "0:0" "21b4636fe58030b644255d786c4ef30d09492468e0cf2b6558c1e54a92e095f9" "/opt/rustwide/cargo-home/bin/cargo" "+1.99.0-beta.8" "test" "--frozen" "--no-run" "--message-format=json" "--release", kill_on_drop: false }`
[INFO] [stderr]    Compiling uuidof v0.1.0 (/opt/rustwide/workdir)
[INFO] [stderr]     Finished `release` profile [optimized] target(s) in 0.93s
[INFO] running `Command { std: "docker" "inspect" "21b4636fe58030b644255d786c4ef30d09492468e0cf2b6558c1e54a92e095f9", kill_on_drop: false }`
[INFO] running `Command { std: "docker" "exec" "-e" "SOURCE_DIR=/opt/rustwide/workdir" "-e" "CARGO_HOME=/opt/rustwide/cargo-home" "-e" "RUSTUP_HOME=/opt/rustwide/rustup-home" "-e" "CARGO_TARGET_DIR=/opt/rustwide/target" "-e" "CARGO_INCREMENTAL=0" "-e" "RUST_BACKTRACE=full" "-e" "RUSTFLAGS=--cap-lints=warn" "-e" "RUSTDOCFLAGS=--cap-lints=warn" "-w" "/opt/rustwide/workdir" "--user" "0:0" "21b4636fe58030b644255d786c4ef30d09492468e0cf2b6558c1e54a92e095f9" "/opt/rustwide/cargo-home/bin/cargo" "+1.99.0-beta.8" "test" "--frozen" "--release", kill_on_drop: false }`
[INFO] [stderr]     Finished `release` profile [optimized] target(s) in 0.04s
[INFO] [stderr]      Running unittests src/main.rs (/opt/rustwide/target/release/deps/uuidof-35839c2d372e270f)
[INFO] [stdout] 
[INFO] [stdout] running 4 tests
[INFO] [stdout] test tests::get_uuid_of_test ... ok
[INFO] [stdout] test tests::get_device_data_test ... FAILED
[INFO] [stdout] test tests::get_all_uuids_test ... FAILED
[INFO] [stdout] test tests::data_to_vec_test ... FAILED
[INFO] [stdout] 
[INFO] [stdout] failures:
[INFO] [stdout] 
[INFO] [stdout] ---- tests::get_device_data_test stdout ----
[INFO] [stdout] 
[INFO] [stdout] thread 'tests::get_device_data_test' (301) panicked at src/main.rs:123:9:
[INFO] [stdout] assertion failed: data.contains("total")
[INFO] [stdout] stack backtrace:
[INFO] [stdout]    0:     0x59a7f06d4ad1 - <<std[70759c8f55707aa4]::sys::backtrace::BacktraceLock>::print::DisplayBacktrace as core[df12db4294e9bfd3]::fmt::Display>::fmt
[INFO] [stdout]    1:     0x59a7f06ea40a - core[df12db4294e9bfd3]::fmt::write
[INFO] [stdout]    2:     0x59a7f06d8f6c - <alloc[2182bb758b4b3781]::vec::Vec<u8> as core[df12db4294e9bfd3]::io::write::Write>::write_fmt
[INFO] [stdout]    3:     0x59a7f06b0fc6 - std[70759c8f55707aa4]::panicking::default_hook::{closure#0}
[INFO] [stdout]    4:     0x59a7f06cd239 - std[70759c8f55707aa4]::panicking::default_hook
[INFO] [stdout]    5:     0x59a7f05a7680 - test[9d35eded1c95d3be]::test_main_inner::<test[9d35eded1c95d3be]::test_main_static::{closure#0}>::{closure#0}
[INFO] [stdout]    6:     0x59a7f06cd3f2 - std[70759c8f55707aa4]::panicking::panic_with_hook
[INFO] [stdout]    7:     0x59a7f06b10a4 - std[70759c8f55707aa4]::panicking::panic_handler::{closure#0}
[INFO] [stdout]    8:     0x59a7f06a9df9 - std[70759c8f55707aa4]::sys::backtrace::__rust_end_short_backtrace::<std[70759c8f55707aa4]::panicking::panic_handler::{closure#0}, !>
[INFO] [stdout]    9:     0x59a7f06b1c6d - __rustc[8fa7c3cbc660c2b3]::rust_begin_unwind
[INFO] [stdout]   10:     0x59a7f06eabec - core[df12db4294e9bfd3]::panicking::panic_fmt
[INFO] [stdout]   11:     0x59a7f06eabb2 - core[df12db4294e9bfd3]::panicking::panic
[INFO] [stdout]   12:     0x59a7f0597b09 - uuidof[1bdd5b0cb5732af0]::tests::get_device_data_test
[INFO] [stdout]   13:     0x59a7f059a8f9 - <uuidof[1bdd5b0cb5732af0]::tests::get_device_data_test::{closure#0} as core[df12db4294e9bfd3]::ops::function::FnOnce<()>>::call_once
[INFO] [stdout]   14:     0x59a7f059a96b - test[9d35eded1c95d3be]::__rust_begin_short_backtrace::<core[df12db4294e9bfd3]::result::Result<(), alloc[2182bb758b4b3781]::string::String>, fn() -> core[df12db4294e9bfd3]::result::Result<(), alloc[2182bb758b4b3781]::string::String>>
[INFO] [stdout]   15:     0x59a7f05a7fd5 - test[9d35eded1c95d3be]::run_test::{closure#0}
[INFO] [stdout]   16:     0x59a7f05a1894 - std[70759c8f55707aa4]::sys::backtrace::__rust_begin_short_backtrace::<test[9d35eded1c95d3be]::run_test::{closure#1}, ()>
[INFO] [stdout]   17:     0x59a7f05ab132 - <std[70759c8f55707aa4]::thread::lifecycle::spawn_unchecked<test[9d35eded1c95d3be]::run_test::{closure#1}, ()>::{closure#1} as core[df12db4294e9bfd3]::ops::function::FnOnce<()>>::call_once::{shim:vtable#0}
[INFO] [stdout]   18:     0x59a7f06d43a9 - <std[70759c8f55707aa4]::sys::thread::unix::Thread>::new::thread_start
[INFO] [stdout]   19:     0x78388023edfa - <unknown>
[INFO] [stdout]   20:     0x7838802d23d4 - clone
[INFO] [stdout]   21:                0x0 - <unknown>
[INFO] [stdout] 
[INFO] [stdout] ---- tests::get_all_uuids_test stdout ----
[INFO] [stdout] 
[INFO] [stdout] thread 'tests::get_all_uuids_test' (300) panicked at src/main.rs:22:14:
[INFO] [stdout] removal index (is 0) should be < len (is 0)
[INFO] [stdout] stack backtrace:
[INFO] [stdout]    0:     0x59a7f06d4ad1 - <<std[70759c8f55707aa4]::sys::backtrace::BacktraceLock>::print::DisplayBacktrace as core[df12db4294e9bfd3]::fmt::Display>::fmt
[INFO] [stdout]    1:     0x59a7f06ea40a - core[df12db4294e9bfd3]::fmt::write
[INFO] [stdout]    2:     0x59a7f06d8f6c - <alloc[2182bb758b4b3781]::vec::Vec<u8> as core[df12db4294e9bfd3]::io::write::Write>::write_fmt
[INFO] [stdout]    3:     0x59a7f06b0fc6 - std[70759c8f55707aa4]::panicking::default_hook::{closure#0}
[INFO] [stdout]    4:     0x59a7f06cd239 - std[70759c8f55707aa4]::panicking::default_hook
[INFO] [stdout]    5:     0x59a7f05a7680 - test[9d35eded1c95d3be]::test_main_inner::<test[9d35eded1c95d3be]::test_main_static::{closure#0}>::{closure#0}
[INFO] [stdout]    6:     0x59a7f06cd3f2 - std[70759c8f55707aa4]::panicking::panic_with_hook
[INFO] [stdout]    7:     0x59a7f06b1072 - std[70759c8f55707aa4]::panicking::panic_handler::{closure#0}
[INFO] [stdout]    8:     0x59a7f06a9df9 - std[70759c8f55707aa4]::sys::backtrace::__rust_end_short_backtrace::<std[70759c8f55707aa4]::panicking::panic_handler::{closure#0}, !>
[INFO] [stdout]    9:     0x59a7f06b1c6d - __rustc[8fa7c3cbc660c2b3]::rust_begin_unwind
[INFO] [stdout]   10:     0x59a7f06eabec - core[df12db4294e9bfd3]::panicking::panic_fmt
[INFO] [stdout]   11:     0x59a7f06e5c9f - <alloc[2182bb758b4b3781]::vec::Vec<_, _>>::remove::assert_failed
[INFO] [stdout]   12:     0x59a7f05995db - uuidof[1bdd5b0cb5732af0]::data_to_vec
[INFO] [stdout]   13:     0x59a7f05974b9 - uuidof[1bdd5b0cb5732af0]::tests::get_all_uuids_test
[INFO] [stdout]   14:     0x59a7f059a8d9 - <uuidof[1bdd5b0cb5732af0]::tests::get_all_uuids_test::{closure#0} as core[df12db4294e9bfd3]::ops::function::FnOnce<()>>::call_once
[INFO] [stdout]   15:     0x59a7f059a96b - test[9d35eded1c95d3be]::__rust_begin_short_backtrace::<core[df12db4294e9bfd3]::result::Result<(), alloc[2182bb758b4b3781]::string::String>, fn() -> core[df12db4294e9bfd3]::result::Result<(), alloc[2182bb758b4b3781]::string::String>>
[INFO] [stdout]   16:     0x59a7f05a7fd5 - test[9d35eded1c95d3be]::run_test::{closure#0}
[INFO] [stdout]   17:     0x59a7f05a1894 - std[70759c8f55707aa4]::sys::backtrace::__rust_begin_short_backtrace::<test[9d35eded1c95d3be]::run_test::{closure#1}, ()>
[INFO] [stdout]   18:     0x59a7f05ab132 - <std[70759c8f55707aa4]::thread::lifecycle::spawn_unchecked<test[9d35eded1c95d3be]::run_test::{closure#1}, ()>::{closure#1} as core[df12db4294e9bfd3]::ops::function::FnOnce<()>>::call_once::{shim:vtable#0}
[INFO] [stdout]   19:     0x59a7f06d43a9 - <std[70759c8f55707aa4]::sys::thread::unix::Thread>::new::thread_start
[INFO] [stdout]   20:     0x78388023edfa - <unknown>
[INFO] [stdout]   21:     0x7838802d23d4 - clone
[INFO] [stdout]   22:                0x0 - <unknown>
[INFO] [stdout] 
[INFO] [stdout] ---- tests::data_to_vec_test stdout ----
[INFO] [stdout] 
[INFO] [stdout] thread 'tests::data_to_vec_test' (299) panicked at src/main.rs:22:14:
[INFO] [stdout] removal index (is 0) should be < len (is 0)
[INFO] [stdout] stack backtrace:
[INFO] [stdout]    0:     0x59a7f06d4ad1 - <<std[70759c8f55707aa4]::sys::backtrace::BacktraceLock>::print::DisplayBacktrace as core[df12db4294e9bfd3]::fmt::Display>::fmt
[INFO] [stdout]    1:     0x59a7f06ea40a - core[df12db4294e9bfd3]::fmt::write
[INFO] [stdout]    2:     0x59a7f06d8f6c - <alloc[2182bb758b4b3781]::vec::Vec<u8> as core[df12db4294e9bfd3]::io::write::Write>::write_fmt
[INFO] [stdout]    3:     0x59a7f06b0fc6 - std[70759c8f55707aa4]::panicking::default_hook::{closure#0}
[INFO] [stdout]    4:     0x59a7f06cd239 - std[70759c8f55707aa4]::panicking::default_hook
[INFO] [stdout]    5:     0x59a7f05a7680 - test[9d35eded1c95d3be]::test_main_inner::<test[9d35eded1c95d3be]::test_main_static::{closure#0}>::{closure#0}
[INFO] [stdout]    6:     0x59a7f06cd3f2 - std[70759c8f55707aa4]::panicking::panic_with_hook
[INFO] [stdout]    7:     0x59a7f06b1072 - std[70759c8f55707aa4]::panicking::panic_handler::{closure#0}
[INFO] [stdout]    8:     0x59a7f06a9df9 - std[70759c8f55707aa4]::sys::backtrace::__rust_end_short_backtrace::<std[70759c8f55707aa4]::panicking::panic_handler::{closure#0}, !>
[INFO] [stdout]    9:     0x59a7f06b1c6d - __rustc[8fa7c3cbc660c2b3]::rust_begin_unwind
[INFO] [stdout]   10:     0x59a7f06eabec - core[df12db4294e9bfd3]::panicking::panic_fmt
[INFO] [stdout]   11:     0x59a7f06e5c9f - <alloc[2182bb758b4b3781]::vec::Vec<_, _>>::remove::assert_failed
[INFO] [stdout]   12:     0x59a7f05995db - uuidof[1bdd5b0cb5732af0]::data_to_vec
[INFO] [stdout]   13:     0x59a7f05972b4 - uuidof[1bdd5b0cb5732af0]::tests::data_to_vec_test
[INFO] [stdout]   14:     0x59a7f059a8a9 - <uuidof[1bdd5b0cb5732af0]::tests::data_to_vec_test::{closure#0} as core[df12db4294e9bfd3]::ops::function::FnOnce<()>>::call_once
[INFO] [stdout]   15:     0x59a7f059a96b - test[9d35eded1c95d3be]::__rust_begin_short_backtrace::<core[df12db4294e9bfd3]::result::Result<(), alloc[2182bb758b4b3781]::string::String>, fn() -> core[df12db4294e9bfd3]::result::Result<(), alloc[2182bb758b4b3781]::string::String>>
[INFO] [stdout]   16:     0x59a7f05a7fd5 - test[9d35eded1c95d3be]::run_test::{closure#0}
[INFO] [stdout]   17:     0x59a7f05a1894 - std[70759c8f55707aa4]::sys::backtrace::__rust_begin_short_backtrace::<test[9d35eded1c95d3be]::run_test::{closure#1}, ()>
[INFO] [stdout]   18:     0x59a7f05ab132 - <std[70759c8f55707aa4]::thread::lifecycle::spawn_unchecked<test[9d35eded1c95d3be]::run_test::{closure#1}, ()>::{closure#1} as core[df12db4294e9bfd3]::ops::function::FnOnce<()>>::call_once::{shim:vtable#0}
[INFO] [stdout]   19:     0x59a7f06d43a9 - <std[70759c8f55707aa4]::sys::thread::unix::Thread>::new::thread_start
[INFO] [stdout]   20:     0x78388023edfa - <unknown>
[INFO] [stdout]   21:     0x7838802d23d4 - clone
[INFO] [stdout]   22:                0x0 - <unknown>
[INFO] [stdout] 
[INFO] [stdout] 
[INFO] [stdout] failures:
[INFO] [stdout]     tests::data_to_vec_test
[INFO] [stdout]     tests::get_all_uuids_test
[INFO] [stdout]     tests::get_device_data_test
[INFO] [stdout] 
[INFO] [stdout] test result: FAILED. 1 passed; 3 failed; 0 ignored; 0 measured; 0 filtered out; finished in 0.03s
[INFO] [stdout] 
[INFO] [stderr] error: test failed, to rerun pass `--bin uuidof`
[INFO] running `Command { std: "docker" "inspect" "21b4636fe58030b644255d786c4ef30d09492468e0cf2b6558c1e54a92e095f9", kill_on_drop: false }`
[INFO] running `Command { std: "docker" "rm" "-f" "21b4636fe58030b644255d786c4ef30d09492468e0cf2b6558c1e54a92e095f9", kill_on_drop: false }`
[INFO] [stdout] 21b4636fe58030b644255d786c4ef30d09492468e0cf2b6558c1e54a92e095f9
