[INFO] fetching crate uuencode 0.1.5...
[INFO] testing uuencode-0.1.5 against 1.99.0-beta.8+cargoflags=--release for beta-release-1.100-2
[INFO] extracting crate uuencode 0.1.5 into /workspace/builds/worker-0-tc1/source
[INFO] started tweaking crates.io crate uuencode 0.1.5
[INFO] finished tweaking crates.io crate uuencode 0.1.5
[INFO] tweaked toml for crates.io crate uuencode 0.1.5 written to /workspace/builds/worker-0-tc1/source/Cargo.toml
[INFO] validating manifest of crates.io crate uuencode 0.1.5 on toolchain 1.99.0-beta.8
[INFO] running `Command { std: CARGO_HOME="/workspace/cargo-home" RUSTUP_HOME="/workspace/rustup-home" "/workspace/cargo-home/bin/cargo" "+1.99.0-beta.8" "metadata" "--manifest-path" "Cargo.toml" "--no-deps", kill_on_drop: false }`
[INFO] running `Command { std: CARGO_HOME="/workspace/cargo-home" RUSTUP_HOME="/workspace/rustup-home" "/workspace/cargo-home/bin/cargo" "+1.99.0-beta.8" "generate-lockfile" "--manifest-path" "Cargo.toml", kill_on_drop: false }`
[INFO] running `Command { std: CARGO_HOME="/workspace/cargo-home" RUSTUP_HOME="/workspace/rustup-home" "/workspace/cargo-home/bin/cargo" "+1.99.0-beta.8" "fetch" "--manifest-path" "Cargo.toml", kill_on_drop: false }`
[INFO] running `Command { std: "docker" "create" "-v" "/var/lib/crater-agent-workspace/builds/worker-0-tc1/source:/opt/rustwide/workdir:ro,Z" "-v" "/var/lib/crater-agent-workspace/builds/worker-0-tc1/target:/opt/rustwide/target:rw,Z" "-v" "/var/lib/crater-agent-workspace/cargo-home:/opt/rustwide/cargo-home:ro,Z" "-v" "/var/lib/crater-agent-workspace/rustup-home:/opt/rustwide/rustup-home:ro,Z" "-m" "1610612736" "--network" "none" "ghcr.io/rust-lang/crates-build-env/linux@sha256:77db811e55d90add9212f6832c23229e3de5f1c1f9905e8cb07319ea15df73ac" "sleep" "infinity", kill_on_drop: false }`
[INFO] [stdout] 68c2d8cf1e9165ea0fae505832c0da23445f73a7fed613ecd47ccd5426bd49b0
[INFO] running `Command { std: "docker" "start" "68c2d8cf1e9165ea0fae505832c0da23445f73a7fed613ecd47ccd5426bd49b0", kill_on_drop: false }`
[INFO] running `Command { std: "docker" "inspect" "68c2d8cf1e9165ea0fae505832c0da23445f73a7fed613ecd47ccd5426bd49b0", kill_on_drop: false }`
[INFO] running `Command { std: "docker" "exec" "-e" "SOURCE_DIR=/opt/rustwide/workdir" "-e" "CARGO_HOME=/opt/rustwide/cargo-home" "-e" "RUSTUP_HOME=/opt/rustwide/rustup-home" "-e" "CARGO_TARGET_DIR=/opt/rustwide/target" "-w" "/opt/rustwide/workdir" "--user" "0:0" "68c2d8cf1e9165ea0fae505832c0da23445f73a7fed613ecd47ccd5426bd49b0" "/opt/rustwide/cargo-home/bin/cargo" "+1.99.0-beta.8" "metadata" "--no-deps" "--format-version=1", kill_on_drop: false }`
[INFO] running `Command { std: "docker" "inspect" "68c2d8cf1e9165ea0fae505832c0da23445f73a7fed613ecd47ccd5426bd49b0", kill_on_drop: false }`
[INFO] running `Command { std: "docker" "exec" "-e" "SOURCE_DIR=/opt/rustwide/workdir" "-e" "CARGO_HOME=/opt/rustwide/cargo-home" "-e" "RUSTUP_HOME=/opt/rustwide/rustup-home" "-e" "CARGO_TARGET_DIR=/opt/rustwide/target" "-e" "CARGO_INCREMENTAL=0" "-e" "RUST_BACKTRACE=full" "-e" "RUSTFLAGS=--cap-lints=warn" "-e" "RUSTDOCFLAGS=--cap-lints=warn" "-w" "/opt/rustwide/workdir" "--user" "0:0" "68c2d8cf1e9165ea0fae505832c0da23445f73a7fed613ecd47ccd5426bd49b0" "/opt/rustwide/cargo-home/bin/cargo" "+1.99.0-beta.8" "build" "--frozen" "--message-format=json" "--release", kill_on_drop: false }`
[INFO] [stderr]    Compiling uuencode v0.1.5 (/opt/rustwide/workdir)
[INFO] [stdout] warning: unused import: `crate::*`
[INFO] [stdout]   --> src/lib.rs:91:9
[INFO] [stdout]    |
[INFO] [stdout] 91 |     use crate::*;
[INFO] [stdout]    |         ^^^^^^^^
[INFO] [stdout]    |
[INFO] [stdout] help: if this is a test module, consider adding a `#[cfg(test)]` to the containing module
[INFO] [stdout]   --> src/lib.rs:90:1
[INFO] [stdout]    |
[INFO] [stdout] 90 | mod test {
[INFO] [stdout]    | ^^^^^^^^
[INFO] [stdout]    = note: `#[warn(unused_imports)]` (part of `#[warn(unused)]`) on by default
[INFO] [stdout] 
[INFO] [stdout] 
[INFO] [stdout] warning: unused import: `std::fs::File`
[INFO] [stdout]   --> src/lib.rs:93:9
[INFO] [stdout]    |
[INFO] [stdout] 93 |     use std::fs::File;
[INFO] [stdout]    |         ^^^^^^^^^^^^^
[INFO] [stdout]    |
[INFO] [stdout] help: if this is a test module, consider adding a `#[cfg(test)]` to the containing module
[INFO] [stdout]   --> src/lib.rs:90:1
[INFO] [stdout]    |
[INFO] [stdout] 90 | mod test {
[INFO] [stdout]    | ^^^^^^^^
[INFO] [stdout] 
[INFO] [stdout] 
[INFO] [stdout] warning: function `write_to_file` is never used
[INFO] [stdout]   --> src/lib.rs:95:8
[INFO] [stdout]    |
[INFO] [stdout] 95 |     fn write_to_file(filename: String, data: &[u8]) -> std::io::Result<()> {
[INFO] [stdout]    |        ^^^^^^^^^^^^^
[INFO] [stdout]    |
[INFO] [stdout]    = note: `#[warn(dead_code)]` (part of `#[warn(unused)]`) on by default
[INFO] [stdout] 
[INFO] [stdout] 
[INFO] [stdout] warning: this method call resolves to `<&[T; N] as IntoIterator>::into_iter` (due to backwards compatibility), but will resolve to `<[T; N] as IntoIterator>::into_iter` in Rust 2021
[INFO] [stdout]   --> src/lib.rs:14:45
[INFO] [stdout]    |
[INFO] [stdout] 14 |             output.extend(uuencode_chuck(c).into_iter());
[INFO] [stdout]    |                                             ^^^^^^^^^
[INFO] [stdout]    |
[INFO] [stdout]    = warning: this changes meaning in Rust 2021
[INFO] [stdout]    = note: for more information, see <https://doc.rust-lang.org/edition-guide/rust-2021/IntoIterator-for-arrays.html>
[INFO] [stdout]    = note: `#[warn(array_into_iter)]` (part of `#[warn(rust_2021_compatibility)]`) on by default
[INFO] [stdout] help: use `.iter()` instead of `.into_iter()` to avoid ambiguity
[INFO] [stdout]    |
[INFO] [stdout] 14 -             output.extend(uuencode_chuck(c).into_iter());
[INFO] [stdout] 14 +             output.extend(uuencode_chuck(c).iter());
[INFO] [stdout]    |
[INFO] [stdout] help: or use `IntoIterator::into_iter(..)` instead of `.into_iter()` to explicitly iterate by value
[INFO] [stdout]    |
[INFO] [stdout] 14 -             output.extend(uuencode_chuck(c).into_iter());
[INFO] [stdout] 14 +             output.extend(IntoIterator::into_iter(uuencode_chuck(c)));
[INFO] [stdout]    |
[INFO] [stdout] 
[INFO] [stdout] 
[INFO] [stderr]     Finished `release` profile [optimized] target(s) in 0.43s
[INFO] running `Command { std: "docker" "inspect" "68c2d8cf1e9165ea0fae505832c0da23445f73a7fed613ecd47ccd5426bd49b0", kill_on_drop: false }`
[INFO] running `Command { std: "docker" "exec" "-e" "SOURCE_DIR=/opt/rustwide/workdir" "-e" "CARGO_HOME=/opt/rustwide/cargo-home" "-e" "RUSTUP_HOME=/opt/rustwide/rustup-home" "-e" "CARGO_TARGET_DIR=/opt/rustwide/target" "-e" "CARGO_INCREMENTAL=0" "-e" "RUST_BACKTRACE=full" "-e" "RUSTFLAGS=--cap-lints=warn" "-e" "RUSTDOCFLAGS=--cap-lints=warn" "-w" "/opt/rustwide/workdir" "--user" "0:0" "68c2d8cf1e9165ea0fae505832c0da23445f73a7fed613ecd47ccd5426bd49b0" "/opt/rustwide/cargo-home/bin/cargo" "+1.99.0-beta.8" "test" "--frozen" "--no-run" "--message-format=json" "--release", kill_on_drop: false }`
[INFO] [stdout] warning: unused import: `crate::*`
[INFO] [stdout]   --> src/lib.rs:91:9
[INFO] [stdout]    |
[INFO] [stdout] 91 |     use crate::*;
[INFO] [stdout]    |         ^^^^^^^^
[INFO] [stdout]    |
[INFO] [stdout] help: if this is a test module, consider adding a `#[cfg(test)]` to the containing module
[INFO] [stdout]   --> src/lib.rs:90:1
[INFO] [stdout]    |
[INFO] [stdout] 90 | mod test {
[INFO] [stdout]    | ^^^^^^^^
[INFO] [stdout]    = note: `#[warn(unused_imports)]` (part of `#[warn(unused)]`) on by default
[INFO] [stdout] 
[INFO] [stdout] 
[INFO] [stdout] warning: unused import: `std::fs::File`
[INFO] [stdout]   --> src/lib.rs:93:9
[INFO] [stdout]    |
[INFO] [stdout] 93 |     use std::fs::File;
[INFO] [stdout]    |         ^^^^^^^^^^^^^
[INFO] [stdout]    |
[INFO] [stdout] help: if this is a test module, consider adding a `#[cfg(test)]` to the containing module
[INFO] [stdout]   --> src/lib.rs:90:1
[INFO] [stdout]    |
[INFO] [stdout] 90 | mod test {
[INFO] [stdout]    | ^^^^^^^^
[INFO] [stdout] 
[INFO] [stdout] 
[INFO] [stderr]    Compiling uuencode v0.1.5 (/opt/rustwide/workdir)
[INFO] [stdout] warning: function `write_to_file` is never used
[INFO] [stdout]   --> src/lib.rs:95:8
[INFO] [stdout]    |
[INFO] [stdout] 95 |     fn write_to_file(filename: String, data: &[u8]) -> std::io::Result<()> {
[INFO] [stdout]    |        ^^^^^^^^^^^^^
[INFO] [stdout]    |
[INFO] [stdout]    = note: `#[warn(dead_code)]` (part of `#[warn(unused)]`) on by default
[INFO] [stdout] 
[INFO] [stdout] 
[INFO] [stdout] warning: this method call resolves to `<&[T; N] as IntoIterator>::into_iter` (due to backwards compatibility), but will resolve to `<[T; N] as IntoIterator>::into_iter` in Rust 2021
[INFO] [stdout]   --> src/lib.rs:14:45
[INFO] [stdout]    |
[INFO] [stdout] 14 |             output.extend(uuencode_chuck(c).into_iter());
[INFO] [stdout]    |                                             ^^^^^^^^^
[INFO] [stdout]    |
[INFO] [stdout]    = warning: this changes meaning in Rust 2021
[INFO] [stdout]    = note: for more information, see <https://doc.rust-lang.org/edition-guide/rust-2021/IntoIterator-for-arrays.html>
[INFO] [stdout]    = note: `#[warn(array_into_iter)]` (part of `#[warn(rust_2021_compatibility)]`) on by default
[INFO] [stdout] help: use `.iter()` instead of `.into_iter()` to avoid ambiguity
[INFO] [stdout]    |
[INFO] [stdout] 14 -             output.extend(uuencode_chuck(c).into_iter());
[INFO] [stdout] 14 +             output.extend(uuencode_chuck(c).iter());
[INFO] [stdout]    |
[INFO] [stdout] help: or use `IntoIterator::into_iter(..)` instead of `.into_iter()` to explicitly iterate by value
[INFO] [stdout]    |
[INFO] [stdout] 14 -             output.extend(uuencode_chuck(c).into_iter());
[INFO] [stdout] 14 +             output.extend(IntoIterator::into_iter(uuencode_chuck(c)));
[INFO] [stdout]    |
[INFO] [stdout] 
[INFO] [stdout] 
[INFO] [stdout] warning: unused import: `std::fs::File`
[INFO] [stdout]   --> src/lib.rs:93:9
[INFO] [stdout]    |
[INFO] [stdout] 93 |     use std::fs::File;
[INFO] [stdout]    |         ^^^^^^^^^^^^^
[INFO] [stdout]    |
[INFO] [stdout]    = note: `#[warn(unused_imports)]` (part of `#[warn(unused)]`) on by default
[INFO] [stdout] 
[INFO] [stdout] 
[INFO] [stdout] warning: unused variable: `encoded`
[INFO] [stdout]    --> src/lib.rs:128:13
[INFO] [stdout]     |
[INFO] [stdout] 128 |         let encoded = uuencode(filename, decoded.0.as_slice());
[INFO] [stdout]     |             ^^^^^^^ help: if this is intentional, prefix it with an underscore: `_encoded`
[INFO] [stdout]     |
[INFO] [stdout]     = note: `#[warn(unused_variables)]` (part of `#[warn(unused)]`) on by default
[INFO] [stdout] 
[INFO] [stdout] 
[INFO] [stdout] warning: unused variable: `encoded`
[INFO] [stdout]    --> src/lib.rs:138:13
[INFO] [stdout]     |
[INFO] [stdout] 138 |         let encoded = uuencode(filename, decoded.0.as_slice());
[INFO] [stdout]     |             ^^^^^^^ help: if this is intentional, prefix it with an underscore: `_encoded`
[INFO] [stdout] 
[INFO] [stdout] 
[INFO] [stdout] warning: unused variable: `encoded`
[INFO] [stdout]    --> src/lib.rs:148:13
[INFO] [stdout]     |
[INFO] [stdout] 148 |         let encoded = uuencode(filename, decoded.0.as_slice());
[INFO] [stdout]     |             ^^^^^^^ help: if this is intentional, prefix it with an underscore: `_encoded`
[INFO] [stdout] 
[INFO] [stdout] 
[INFO] [stdout] warning: this method call resolves to `<&[T; N] as IntoIterator>::into_iter` (due to backwards compatibility), but will resolve to `<[T; N] as IntoIterator>::into_iter` in Rust 2021
[INFO] [stdout]   --> src/lib.rs:14:45
[INFO] [stdout]    |
[INFO] [stdout] 14 |             output.extend(uuencode_chuck(c).into_iter());
[INFO] [stdout]    |                                             ^^^^^^^^^
[INFO] [stdout]    |
[INFO] [stdout]    = warning: this changes meaning in Rust 2021
[INFO] [stdout]    = note: for more information, see <https://doc.rust-lang.org/edition-guide/rust-2021/IntoIterator-for-arrays.html>
[INFO] [stdout]    = note: `#[warn(array_into_iter)]` (part of `#[warn(rust_2021_compatibility)]`) on by default
[INFO] [stdout] help: use `.iter()` instead of `.into_iter()` to avoid ambiguity
[INFO] [stdout]    |
[INFO] [stdout] 14 -             output.extend(uuencode_chuck(c).into_iter());
[INFO] [stdout] 14 +             output.extend(uuencode_chuck(c).iter());
[INFO] [stdout]    |
[INFO] [stdout] help: or use `IntoIterator::into_iter(..)` instead of `.into_iter()` to explicitly iterate by value
[INFO] [stdout]    |
[INFO] [stdout] 14 -             output.extend(uuencode_chuck(c).into_iter());
[INFO] [stdout] 14 +             output.extend(IntoIterator::into_iter(uuencode_chuck(c)));
[INFO] [stdout]    |
[INFO] [stdout] 
[INFO] [stdout] 
[INFO] [stdout] warning: unused `Result` that must be used
[INFO] [stdout]    --> src/lib.rs:129:9
[INFO] [stdout]     |
[INFO] [stdout] 129 |         write_to_file(decoded.1, decoded.0.as_slice());
[INFO] [stdout]     |         ^^^^^^^^^^^^^^^^^^^^^^^^^^^^^^^^^^^^^^^^^^^^^^
[INFO] [stdout]     |
[INFO] [stdout]     = note: this `Result` may be an `Err` variant, which should be handled
[INFO] [stdout]     = note: `#[warn(unused_must_use)]` (part of `#[warn(unused)]`) on by default
[INFO] [stdout] help: use `let _ = ...` to ignore the resulting value
[INFO] [stdout]     |
[INFO] [stdout] 129 |         let _ = write_to_file(decoded.1, decoded.0.as_slice());
[INFO] [stdout]     |         +++++++
[INFO] [stdout] 
[INFO] [stdout] 
[INFO] [stdout] warning: unused `Result` that must be used
[INFO] [stdout]    --> src/lib.rs:139:9
[INFO] [stdout]     |
[INFO] [stdout] 139 |         write_to_file(decoded.1, decoded.0.as_slice());
[INFO] [stdout]     |         ^^^^^^^^^^^^^^^^^^^^^^^^^^^^^^^^^^^^^^^^^^^^^^
[INFO] [stdout]     |
[INFO] [stdout]     = note: this `Result` may be an `Err` variant, which should be handled
[INFO] [stdout] help: use `let _ = ...` to ignore the resulting value
[INFO] [stdout]     |
[INFO] [stdout] 139 |         let _ = write_to_file(decoded.1, decoded.0.as_slice());
[INFO] [stdout]     |         +++++++
[INFO] [stdout] 
[INFO] [stdout] 
[INFO] [stdout] warning: unused `Result` that must be used
[INFO] [stdout]    --> src/lib.rs:149:9
[INFO] [stdout]     |
[INFO] [stdout] 149 |         write_to_file(decoded.1, decoded.0.as_slice());
[INFO] [stdout]     |         ^^^^^^^^^^^^^^^^^^^^^^^^^^^^^^^^^^^^^^^^^^^^^^
[INFO] [stdout]     |
[INFO] [stdout]     = note: this `Result` may be an `Err` variant, which should be handled
[INFO] [stdout] help: use `let _ = ...` to ignore the resulting value
[INFO] [stdout]     |
[INFO] [stdout] 149 |         let _ = write_to_file(decoded.1, decoded.0.as_slice());
[INFO] [stdout]     |         +++++++
[INFO] [stdout] 
[INFO] [stdout] 
[INFO] [stderr]     Finished `release` profile [optimized] target(s) in 0.79s
[INFO] running `Command { std: "docker" "inspect" "68c2d8cf1e9165ea0fae505832c0da23445f73a7fed613ecd47ccd5426bd49b0", kill_on_drop: false }`
[INFO] running `Command { std: "docker" "exec" "-e" "SOURCE_DIR=/opt/rustwide/workdir" "-e" "CARGO_HOME=/opt/rustwide/cargo-home" "-e" "RUSTUP_HOME=/opt/rustwide/rustup-home" "-e" "CARGO_TARGET_DIR=/opt/rustwide/target" "-e" "CARGO_INCREMENTAL=0" "-e" "RUST_BACKTRACE=full" "-e" "RUSTFLAGS=--cap-lints=warn" "-e" "RUSTDOCFLAGS=--cap-lints=warn" "-w" "/opt/rustwide/workdir" "--user" "0:0" "68c2d8cf1e9165ea0fae505832c0da23445f73a7fed613ecd47ccd5426bd49b0" "/opt/rustwide/cargo-home/bin/cargo" "+1.99.0-beta.8" "test" "--frozen" "--release", kill_on_drop: false }`
[INFO] [stderr] warning: unused import: `crate::*`
[INFO] [stderr]   --> src/lib.rs:91:9
[INFO] [stderr]    |
[INFO] [stderr] 91 |     use crate::*;
[INFO] [stderr]    |         ^^^^^^^^
[INFO] [stderr]    |
[INFO] [stderr] help: if this is a test module, consider adding a `#[cfg(test)]` to the containing module
[INFO] [stderr]   --> src/lib.rs:90:1
[INFO] [stderr]    |
[INFO] [stderr] 90 | mod test {
[INFO] [stderr]    | ^^^^^^^^
[INFO] [stderr]    = note: `#[warn(unused_imports)]` (part of `#[warn(unused)]`) on by default
[INFO] [stderr] 
[INFO] [stderr] warning: unused import: `std::fs::File`
[INFO] [stderr]   --> src/lib.rs:93:9
[INFO] [stderr]    |
[INFO] [stderr] 93 |     use std::fs::File;
[INFO] [stderr]    |         ^^^^^^^^^^^^^
[INFO] [stderr]    |
[INFO] [stderr] help: if this is a test module, consider adding a `#[cfg(test)]` to the containing module
[INFO] [stderr]   --> src/lib.rs:90:1
[INFO] [stderr]    |
[INFO] [stderr] 90 | mod test {
[INFO] [stderr]    | ^^^^^^^^
[INFO] [stderr] 
[INFO] [stderr] warning: function `write_to_file` is never used
[INFO] [stderr]   --> src/lib.rs:95:8
[INFO] [stderr]    |
[INFO] [stderr] 95 |     fn write_to_file(filename: String, data: &[u8]) -> std::io::Result<()> {
[INFO] [stderr]    |        ^^^^^^^^^^^^^
[INFO] [stderr]    |
[INFO] [stderr]    = note: `#[warn(dead_code)]` (part of `#[warn(unused)]`) on by default
[INFO] [stderr] 
[INFO] [stderr] warning: this method call resolves to `<&[T; N] as IntoIterator>::into_iter` (due to backwards compatibility), but will resolve to `<[T; N] as IntoIterator>::into_iter` in Rust 2021
[INFO] [stderr]   --> src/lib.rs:14:45
[INFO] [stderr]    |
[INFO] [stderr] 14 |             output.extend(uuencode_chuck(c).into_iter());
[INFO] [stderr]    |                                             ^^^^^^^^^
[INFO] [stderr]    |
[INFO] [stderr]    = warning: this changes meaning in Rust 2021
[INFO] [stderr]    = note: for more information, see <https://doc.rust-lang.org/edition-guide/rust-2021/IntoIterator-for-arrays.html>
[INFO] [stderr]    = note: `#[warn(array_into_iter)]` (part of `#[warn(rust_2021_compatibility)]`) on by default
[INFO] [stderr] help: use `.iter()` instead of `.into_iter()` to avoid ambiguity
[INFO] [stderr]    |
[INFO] [stderr] 14 -             output.extend(uuencode_chuck(c).into_iter());
[INFO] [stderr] 14 +             output.extend(uuencode_chuck(c).iter());
[INFO] [stderr]    |
[INFO] [stderr] help: or use `IntoIterator::into_iter(..)` instead of `.into_iter()` to explicitly iterate by value
[INFO] [stderr]    |
[INFO] [stderr] 14 -             output.extend(uuencode_chuck(c).into_iter());
[INFO] [stderr] 14 +             output.extend(IntoIterator::into_iter(uuencode_chuck(c)));
[INFO] [stderr]    |
[INFO] [stderr] 
[INFO] [stderr] warning: `uuencode` (lib) generated 4 warnings (run `cargo fix --lib -p uuencode` to apply 3 suggestions)
[INFO] [stderr] warning: unused import: `std::fs::File`
[INFO] [stderr]   --> src/lib.rs:93:9
[INFO] [stderr]    |
[INFO] [stderr] 93 |     use std::fs::File;
[INFO] [stderr]    |         ^^^^^^^^^^^^^
[INFO] [stderr]    |
[INFO] [stderr]    = note: `#[warn(unused_imports)]` (part of `#[warn(unused)]`) on by default
[INFO] [stderr] 
[INFO] [stderr] warning: unused variable: `encoded`
[INFO] [stderr]    --> src/lib.rs:128:13
[INFO] [stderr]     |
[INFO] [stderr] 128 |         let encoded = uuencode(filename, decoded.0.as_slice());
[INFO] [stderr]     |             ^^^^^^^ help: if this is intentional, prefix it with an underscore: `_encoded`
[INFO] [stderr]     |
[INFO] [stderr]     = note: `#[warn(unused_variables)]` (part of `#[warn(unused)]`) on by default
[INFO] [stderr] 
[INFO] [stderr] warning: unused variable: `encoded`
[INFO] [stderr]    --> src/lib.rs:138:13
[INFO] [stderr]     |
[INFO] [stderr] 138 |         let encoded = uuencode(filename, decoded.0.as_slice());
[INFO] [stderr]     |             ^^^^^^^ help: if this is intentional, prefix it with an underscore: `_encoded`
[INFO] [stderr] 
[INFO] [stderr] warning: unused variable: `encoded`
[INFO] [stderr]    --> src/lib.rs:148:13
[INFO] [stderr]     |
[INFO] [stderr] 148 |         let encoded = uuencode(filename, decoded.0.as_slice());
[INFO] [stderr]     |             ^^^^^^^ help: if this is intentional, prefix it with an underscore: `_encoded`
[INFO] [stderr] 
[INFO] [stderr] warning: unused `Result` that must be used
[INFO] [stderr]    --> src/lib.rs:129:9
[INFO] [stderr]     |
[INFO] [stderr] 129 |         write_to_file(decoded.1, decoded.0.as_slice());
[INFO] [stderr]     |         ^^^^^^^^^^^^^^^^^^^^^^^^^^^^^^^^^^^^^^^^^^^^^^
[INFO] [stderr]     |
[INFO] [stderr]     = note: this `Result` may be an `Err` variant, which should be handled
[INFO] [stderr]     = note: `#[warn(unused_must_use)]` (part of `#[warn(unused)]`) on by default
[INFO] [stderr] help: use `let _ = ...` to ignore the resulting value
[INFO] [stderr]     |
[INFO] [stderr] 129 |         let _ = write_to_file(decoded.1, decoded.0.as_slice());
[INFO] [stderr]     |         +++++++
[INFO] [stderr] 
[INFO] [stderr] warning: unused `Result` that must be used
[INFO] [stderr]    --> src/lib.rs:139:9
[INFO] [stderr]     |
[INFO] [stderr] 139 |         write_to_file(decoded.1, decoded.0.as_slice());
[INFO] [stderr]     |         ^^^^^^^^^^^^^^^^^^^^^^^^^^^^^^^^^^^^^^^^^^^^^^
[INFO] [stderr]     |
[INFO] [stderr]     = note: this `Result` may be an `Err` variant, which should be handled
[INFO] [stderr] help: use `let _ = ...` to ignore the resulting value
[INFO] [stderr]     |
[INFO] [stderr] 139 |         let _ = write_to_file(decoded.1, decoded.0.as_slice());
[INFO] [stderr]     |         +++++++
[INFO] [stderr] 
[INFO] [stderr] warning: unused `Result` that must be used
[INFO] [stderr]    --> src/lib.rs:149:9
[INFO] [stderr]     |
[INFO] [stderr] 149 |         write_to_file(decoded.1, decoded.0.as_slice());
[INFO] [stderr]     |         ^^^^^^^^^^^^^^^^^^^^^^^^^^^^^^^^^^^^^^^^^^^^^^
[INFO] [stderr]     |
[INFO] [stderr]     = note: this `Result` may be an `Err` variant, which should be handled
[INFO] [stderr] help: use `let _ = ...` to ignore the resulting value
[INFO] [stderr]     |
[INFO] [stderr] 149 |         let _ = write_to_file(decoded.1, decoded.0.as_slice());
[INFO] [stderr]     |         +++++++
[INFO] [stderr] 
[INFO] [stderr] warning: `uuencode` (lib test) generated 8 warnings (1 duplicate) (run `cargo fix --lib -p uuencode --tests` to apply 4 suggestions)
[INFO] [stderr]     Finished `release` profile [optimized] target(s) in 0.02s
[INFO] [stderr]      Running unittests src/lib.rs (/opt/rustwide/target/release/deps/uuencode-8d6d17a4de0eb82a)
[INFO] [stdout] 
[INFO] [stdout] running 6 tests
[INFO] [stdout] test test::test_pad_line ... ok
[INFO] [stdout] test test::test_cat_decoded ... FAILED
[INFO] [stdout] test test::test_logo ... FAILED
[INFO] [stdout] test test::test_piechart ... FAILED
[INFO] [stdout] test test::test_spreadsheet_1 ... FAILED
[INFO] [stdout] test test::test_cat ... FAILED
[INFO] [stdout] 
[INFO] [stdout] failures:
[INFO] [stdout] 
[INFO] [stdout] ---- test::test_cat_decoded stdout ----
[INFO] [stdout] 
[INFO] [stdout] thread 'test::test_cat_decoded' (146) panicked at src/lib.rs:120:9:
[INFO] [stdout] assertion `left == right` failed
[INFO] [stdout]   left: "Cat"
[INFO] [stdout]  right: "Cat\0\0\0\0\0\0\0\0\0\0\0\0\0\0\0\0\0\0\0\0\0\0\0\0\0\0\0\0\0\0\0\0\0\0\0\0\0\0\0\0\0\0"
[INFO] [stdout] stack backtrace:
[INFO] [stdout]    0:     0x62509710e991 - <<std[70759c8f55707aa4]::sys::backtrace::BacktraceLock>::print::DisplayBacktrace as core[df12db4294e9bfd3]::fmt::Display>::fmt
[INFO] [stdout]    1:     0x625097122c3a - core[df12db4294e9bfd3]::fmt::write
[INFO] [stdout]    2:     0x625097112e2c - <alloc[2182bb758b4b3781]::vec::Vec<u8> as core[df12db4294e9bfd3]::io::write::Write>::write_fmt
[INFO] [stdout]    3:     0x6250970eaf86 - std[70759c8f55707aa4]::panicking::default_hook::{closure#0}
[INFO] [stdout]    4:     0x6250971070f9 - std[70759c8f55707aa4]::panicking::default_hook
[INFO] [stdout]    5:     0x6250970a3580 - test[9d35eded1c95d3be]::test_main_inner::<test[9d35eded1c95d3be]::test_main_static::{closure#0}>::{closure#0}
[INFO] [stdout]    6:     0x6250971072b2 - std[70759c8f55707aa4]::panicking::panic_with_hook
[INFO] [stdout]    7:     0x6250970eb032 - std[70759c8f55707aa4]::panicking::panic_handler::{closure#0}
[INFO] [stdout]    8:     0x6250970e3db9 - std[70759c8f55707aa4]::sys::backtrace::__rust_end_short_backtrace::<std[70759c8f55707aa4]::panicking::panic_handler::{closure#0}, !>
[INFO] [stdout]    9:     0x6250970ebc2d - __rustc[8fa7c3cbc660c2b3]::rust_begin_unwind
[INFO] [stdout]   10:     0x62509712336c - core[df12db4294e9bfd3]::panicking::panic_fmt
[INFO] [stdout]   11:     0x625097123283 - core[df12db4294e9bfd3]::panicking::assert_failed_inner
[INFO] [stdout]   12:     0x62509709473e - core[df12db4294e9bfd3]::panicking::assert_failed::<&str, &str>
[INFO] [stdout]   13:     0x625097095ab2 - uuencode[51c8cc3f55708194]::test::test_cat_decoded
[INFO] [stdout]   14:     0x625097096799 - <uuencode[51c8cc3f55708194]::test::test_cat_decoded::{closure#0} as core[df12db4294e9bfd3]::ops::function::FnOnce<()>>::call_once
[INFO] [stdout]   15:     0x62509709686b - test[9d35eded1c95d3be]::__rust_begin_short_backtrace::<core[df12db4294e9bfd3]::result::Result<(), alloc[2182bb758b4b3781]::string::String>, fn() -> core[df12db4294e9bfd3]::result::Result<(), alloc[2182bb758b4b3781]::string::String>>
[INFO] [stdout]   16:     0x6250970a3ed5 - test[9d35eded1c95d3be]::run_test::{closure#0}
[INFO] [stdout]   17:     0x62509709d794 - std[70759c8f55707aa4]::sys::backtrace::__rust_begin_short_backtrace::<test[9d35eded1c95d3be]::run_test::{closure#1}, ()>
[INFO] [stdout]   18:     0x6250970a7032 - <std[70759c8f55707aa4]::thread::lifecycle::spawn_unchecked<test[9d35eded1c95d3be]::run_test::{closure#1}, ()>::{closure#1} as core[df12db4294e9bfd3]::ops::function::FnOnce<()>>::call_once::{shim:vtable#0}
[INFO] [stdout]   19:     0x62509710e269 - <std[70759c8f55707aa4]::sys::thread::unix::Thread>::new::thread_start
[INFO] [stdout]   20:     0x7ee634471dfa - <unknown>
[INFO] [stdout]   21:     0x7ee6345053d4 - clone
[INFO] [stdout]   22:                0x0 - <unknown>
[INFO] [stdout] 
[INFO] [stdout] ---- test::test_logo stdout ----
[INFO] [stdout] 
[INFO] [stdout] thread 'test::test_logo' (147) panicked at src/lib.rs:97:99:
[INFO] [stdout] Couldn't make file!: Os { code: 2, kind: NotFound, message: "No such file or directory" }
[INFO] [stdout] stack backtrace:
[INFO] [stdout]    0:     0x62509710e991 - <<std[70759c8f55707aa4]::sys::backtrace::BacktraceLock>::print::DisplayBacktrace as core[df12db4294e9bfd3]::fmt::Display>::fmt
[INFO] [stdout]    1:     0x625097122c3a - core[df12db4294e9bfd3]::fmt::write
[INFO] [stdout]    2:     0x625097112e2c - <alloc[2182bb758b4b3781]::vec::Vec<u8> as core[df12db4294e9bfd3]::io::write::Write>::write_fmt
[INFO] [stdout]    3:     0x6250970eaf86 - std[70759c8f55707aa4]::panicking::default_hook::{closure#0}
[INFO] [stdout]    4:     0x6250971070f9 - std[70759c8f55707aa4]::panicking::default_hook
[INFO] [stdout]    5:     0x6250970a3580 - test[9d35eded1c95d3be]::test_main_inner::<test[9d35eded1c95d3be]::test_main_static::{closure#0}>::{closure#0}
[INFO] [stdout]    6:     0x6250971072b2 - std[70759c8f55707aa4]::panicking::panic_with_hook
[INFO] [stdout]    7:     0x6250970eb032 - std[70759c8f55707aa4]::panicking::panic_handler::{closure#0}
[INFO] [stdout]    8:     0x6250970e3db9 - std[70759c8f55707aa4]::sys::backtrace::__rust_end_short_backtrace::<std[70759c8f55707aa4]::panicking::panic_handler::{closure#0}, !>
[INFO] [stdout]    9:     0x6250970ebc2d - __rustc[8fa7c3cbc660c2b3]::rust_begin_unwind
[INFO] [stdout]   10:     0x62509712336c - core[df12db4294e9bfd3]::panicking::panic_fmt
[INFO] [stdout]   11:     0x625097123142 - core[df12db4294e9bfd3]::result::unwrap_failed
[INFO] [stdout]   12:     0x6250970957b8 - uuencode[51c8cc3f55708194]::test::write_to_file
[INFO] [stdout]   13:     0x625097095e69 - uuencode[51c8cc3f55708194]::test::test_logo
[INFO] [stdout]   14:     0x6250970967f9 - <uuencode[51c8cc3f55708194]::test::test_logo::{closure#0} as core[df12db4294e9bfd3]::ops::function::FnOnce<()>>::call_once
[INFO] [stdout]   15:     0x62509709686b - test[9d35eded1c95d3be]::__rust_begin_short_backtrace::<core[df12db4294e9bfd3]::result::Result<(), alloc[2182bb758b4b3781]::string::String>, fn() -> core[df12db4294e9bfd3]::result::Result<(), alloc[2182bb758b4b3781]::string::String>>
[INFO] [stdout]   16:     0x6250970a3ed5 - test[9d35eded1c95d3be]::run_test::{closure#0}
[INFO] [stdout]   17:     0x62509709d794 - std[70759c8f55707aa4]::sys::backtrace::__rust_begin_short_backtrace::<test[9d35eded1c95d3be]::run_test::{closure#1}, ()>
[INFO] [stdout]   18:     0x6250970a7032 - <std[70759c8f55707aa4]::thread::lifecycle::spawn_unchecked<test[9d35eded1c95d3be]::run_test::{closure#1}, ()>::{closure#1} as core[df12db4294e9bfd3]::ops::function::FnOnce<()>>::call_once::{shim:vtable#0}
[INFO] [stdout]   19:     0x62509710e269 - <std[70759c8f55707aa4]::sys::thread::unix::Thread>::new::thread_start
[INFO] [stdout]   20:     0x7ee634471dfa - <unknown>
[INFO] [stdout]   21:     0x7ee6345053d4 - clone
[INFO] [stdout]   22:                0x0 - <unknown>
[INFO] [stdout] 
[INFO] [stdout] ---- test::test_piechart stdout ----
[INFO] [stdout] 
[INFO] [stdout] thread 'test::test_piechart' (149) panicked at src/lib.rs:97:99:
[INFO] [stdout] Couldn't make file!: Os { code: 2, kind: NotFound, message: "No such file or directory" }
[INFO] [stdout] stack backtrace:
[INFO] [stdout]    0:     0x62509710e991 - <<std[70759c8f55707aa4]::sys::backtrace::BacktraceLock>::print::DisplayBacktrace as core[df12db4294e9bfd3]::fmt::Display>::fmt
[INFO] [stdout]    1:     0x625097122c3a - core[df12db4294e9bfd3]::fmt::write
[INFO] [stdout]    2:     0x625097112e2c - <alloc[2182bb758b4b3781]::vec::Vec<u8> as core[df12db4294e9bfd3]::io::write::Write>::write_fmt
[INFO] [stdout]    3:     0x6250970eaf86 - std[70759c8f55707aa4]::panicking::default_hook::{closure#0}
[INFO] [stdout]    4:     0x6250971070f9 - std[70759c8f55707aa4]::panicking::default_hook
[INFO] [stdout]    5:     0x6250970a3580 - test[9d35eded1c95d3be]::test_main_inner::<test[9d35eded1c95d3be]::test_main_static::{closure#0}>::{closure#0}
[INFO] [stdout]    6:     0x6250971072b2 - std[70759c8f55707aa4]::panicking::panic_with_hook
[INFO] [stdout]    7:     0x6250970eb032 - std[70759c8f55707aa4]::panicking::panic_handler::{closure#0}
[INFO] [stdout]    8:     0x6250970e3db9 - std[70759c8f55707aa4]::sys::backtrace::__rust_end_short_backtrace::<std[70759c8f55707aa4]::panicking::panic_handler::{closure#0}, !>
[INFO] [stdout]    9:     0x6250970ebc2d - __rustc[8fa7c3cbc660c2b3]::rust_begin_unwind
[INFO] [stdout]   10:     0x62509712336c - core[df12db4294e9bfd3]::panicking::panic_fmt
[INFO] [stdout]   11:     0x625097123142 - core[df12db4294e9bfd3]::result::unwrap_failed
[INFO] [stdout]   12:     0x6250970957b8 - uuencode[51c8cc3f55708194]::test::write_to_file
[INFO] [stdout]   13:     0x6250970958c9 - uuencode[51c8cc3f55708194]::test::test_piechart
[INFO] [stdout]   14:     0x625097096779 - <uuencode[51c8cc3f55708194]::test::test_piechart::{closure#0} as core[df12db4294e9bfd3]::ops::function::FnOnce<()>>::call_once
[INFO] [stdout]   15:     0x62509709686b - test[9d35eded1c95d3be]::__rust_begin_short_backtrace::<core[df12db4294e9bfd3]::result::Result<(), alloc[2182bb758b4b3781]::string::String>, fn() -> core[df12db4294e9bfd3]::result::Result<(), alloc[2182bb758b4b3781]::string::String>>
[INFO] [stdout]   16:     0x6250970a3ed5 - test[9d35eded1c95d3be]::run_test::{closure#0}
[INFO] [stdout]   17:     0x62509709d794 - std[70759c8f55707aa4]::sys::backtrace::__rust_begin_short_backtrace::<test[9d35eded1c95d3be]::run_test::{closure#1}, ()>
[INFO] [stdout]   18:     0x6250970a7032 - <std[70759c8f55707aa4]::thread::lifecycle::spawn_unchecked<test[9d35eded1c95d3be]::run_test::{closure#1}, ()>::{closure#1} as core[df12db4294e9bfd3]::ops::function::FnOnce<()>>::call_once::{shim:vtable#0}
[INFO] [stdout]   19:     0x62509710e269 - <std[70759c8f55707aa4]::sys::thread::unix::Thread>::new::thread_start
[INFO] [stdout]   20:     0x7ee634471dfa - <unknown>
[INFO] [stdout]   21:     0x7ee6345053d4 - clone
[INFO] [stdout]   22:                0x0 - <unknown>
[INFO] [stdout] 
[INFO] [stdout] ---- test::test_spreadsheet_1 stdout ----
[INFO] [stdout] 
[INFO] [stdout] thread 'test::test_spreadsheet_1' (150) panicked at src/lib.rs:97:99:
[INFO] [stdout] Couldn't make file!: Os { code: 2, kind: NotFound, message: "No such file or directory" }
[INFO] [stdout] stack backtrace:
[INFO] [stdout]    0:     0x62509710e991 - <<std[70759c8f55707aa4]::sys::backtrace::BacktraceLock>::print::DisplayBacktrace as core[df12db4294e9bfd3]::fmt::Display>::fmt
[INFO] [stdout]    1:     0x625097122c3a - core[df12db4294e9bfd3]::fmt::write
[INFO] [stdout]    2:     0x625097112e2c - <alloc[2182bb758b4b3781]::vec::Vec<u8> as core[df12db4294e9bfd3]::io::write::Write>::write_fmt
[INFO] [stdout]    3:     0x6250970eaf86 - std[70759c8f55707aa4]::panicking::default_hook::{closure#0}
[INFO] [stdout]    4:     0x6250971070f9 - std[70759c8f55707aa4]::panicking::default_hook
[INFO] [stdout]    5:     0x6250970a3580 - test[9d35eded1c95d3be]::test_main_inner::<test[9d35eded1c95d3be]::test_main_static::{closure#0}>::{closure#0}
[INFO] [stdout]    6:     0x6250971072b2 - std[70759c8f55707aa4]::panicking::panic_with_hook
[INFO] [stdout]    7:     0x6250970eb032 - std[70759c8f55707aa4]::panicking::panic_handler::{closure#0}
[INFO] [stdout]    8:     0x6250970e3db9 - std[70759c8f55707aa4]::sys::backtrace::__rust_end_short_backtrace::<std[70759c8f55707aa4]::panicking::panic_handler::{closure#0}, !>
[INFO] [stdout]    9:     0x6250970ebc2d - __rustc[8fa7c3cbc660c2b3]::rust_begin_unwind
[INFO] [stdout]   10:     0x62509712336c - core[df12db4294e9bfd3]::panicking::panic_fmt
[INFO] [stdout]   11:     0x625097123142 - core[df12db4294e9bfd3]::result::unwrap_failed
[INFO] [stdout]   12:     0x6250970957b8 - uuencode[51c8cc3f55708194]::test::write_to_file
[INFO] [stdout]   13:     0x625097095bb9 - uuencode[51c8cc3f55708194]::test::test_spreadsheet_1
[INFO] [stdout]   14:     0x6250970967b9 - <uuencode[51c8cc3f55708194]::test::test_spreadsheet_1::{closure#0} as core[df12db4294e9bfd3]::ops::function::FnOnce<()>>::call_once
[INFO] [stdout]   15:     0x62509709686b - test[9d35eded1c95d3be]::__rust_begin_short_backtrace::<core[df12db4294e9bfd3]::result::Result<(), alloc[2182bb758b4b3781]::string::String>, fn() -> core[df12db4294e9bfd3]::result::Result<(), alloc[2182bb758b4b3781]::string::String>>
[INFO] [stdout]   16:     0x6250970a3ed5 - test[9d35eded1c95d3be]::run_test::{closure#0}
[INFO] [stdout]   17:     0x62509709d794 - std[70759c8f55707aa4]::sys::backtrace::__rust_begin_short_backtrace::<test[9d35eded1c95d3be]::run_test::{closure#1}, ()>
[INFO] [stdout]   18:     0x6250970a7032 - <std[70759c8f55707aa4]::thread::lifecycle::spawn_unchecked<test[9d35eded1c95d3be]::run_test::{closure#1}, ()>::{closure#1} as core[df12db4294e9bfd3]::ops::function::FnOnce<()>>::call_once::{shim:vtable#0}
[INFO] [stdout]   19:     0x62509710e269 - <std[70759c8f55707aa4]::sys::thread::unix::Thread>::new::thread_start
[INFO] [stdout]   20:     0x7ee634471dfa - <unknown>
[INFO] [stdout]   21:     0x7ee6345053d4 - clone
[INFO] [stdout]   22:                0x0 - <unknown>
[INFO] [stdout] 
[INFO] [stdout] ---- test::test_cat stdout ----
[INFO] [stdout] 
[INFO] [stdout] thread 'test::test_cat' (145) panicked at src/lib.rs:111:9:
[INFO] [stdout] assertion `left == right` failed
[INFO] [stdout]   left: "begin 644 wow.jpg\n#0V%T\n`\nend"
[INFO] [stdout]  right: "begin 644 wow.jpg\nM0V%T                                                        \n`\nend"
[INFO] [stdout] stack backtrace:
[INFO] [stdout]    0:     0x62509710e991 - <<std[70759c8f55707aa4]::sys::backtrace::BacktraceLock>::print::DisplayBacktrace as core[df12db4294e9bfd3]::fmt::Display>::fmt
[INFO] [stdout]    1:     0x625097122c3a - core[df12db4294e9bfd3]::fmt::write
[INFO] [stdout]    2:     0x625097112e2c - <alloc[2182bb758b4b3781]::vec::Vec<u8> as core[df12db4294e9bfd3]::io::write::Write>::write_fmt
[INFO] [stdout]    3:     0x6250970eaf86 - std[70759c8f55707aa4]::panicking::default_hook::{closure#0}
[INFO] [stdout]    4:     0x6250971070f9 - std[70759c8f55707aa4]::panicking::default_hook
[INFO] [stdout]    5:     0x6250970a3580 - test[9d35eded1c95d3be]::test_main_inner::<test[9d35eded1c95d3be]::test_main_static::{closure#0}>::{closure#0}
[INFO] [stdout]    6:     0x6250971072b2 - std[70759c8f55707aa4]::panicking::panic_with_hook
[INFO] [stdout]    7:     0x6250970eb032 - std[70759c8f55707aa4]::panicking::panic_handler::{closure#0}
[INFO] [stdout]    8:     0x6250970e3db9 - std[70759c8f55707aa4]::sys::backtrace::__rust_end_short_backtrace::<std[70759c8f55707aa4]::panicking::panic_handler::{closure#0}, !>
[INFO] [stdout]    9:     0x6250970ebc2d - __rustc[8fa7c3cbc660c2b3]::rust_begin_unwind
[INFO] [stdout]   10:     0x62509712336c - core[df12db4294e9bfd3]::panicking::panic_fmt
[INFO] [stdout]   11:     0x625097123283 - core[df12db4294e9bfd3]::panicking::assert_failed_inner
[INFO] [stdout]   12:     0x625097094773 - core[df12db4294e9bfd3]::panicking::assert_failed::<&str, alloc[2182bb758b4b3781]::string::String>
[INFO] [stdout]   13:     0x625097095d8e - uuencode[51c8cc3f55708194]::test::test_cat
[INFO] [stdout]   14:     0x6250970967d9 - <uuencode[51c8cc3f55708194]::test::test_cat::{closure#0} as core[df12db4294e9bfd3]::ops::function::FnOnce<()>>::call_once
[INFO] [stdout]   15:     0x62509709686b - test[9d35eded1c95d3be]::__rust_begin_short_backtrace::<core[df12db4294e9bfd3]::result::Result<(), alloc[2182bb758b4b3781]::string::String>, fn() -> core[df12db4294e9bfd3]::result::Result<(), alloc[2182bb758b4b3781]::string::String>>
[INFO] [stdout]   16:     0x6250970a3ed5 - test[9d35eded1c95d3be]::run_test::{closure#0}
[INFO] [stdout]   17:     0x62509709d794 - std[70759c8f55707aa4]::sys::backtrace::__rust_begin_short_backtrace::<test[9d35eded1c95d3be]::run_test::{closure#1}, ()>
[INFO] [stdout]   18:     0x6250970a7032 - <std[70759c8f55707aa4]::thread::lifecycle::spawn_unchecked<test[9d35eded1c95d3be]::run_test::{closure#1}, ()>::{closure#1} as core[df12db4294e9bfd3]::ops::function::FnOnce<()>>::call_once::{shim:vtable#0}
[INFO] [stdout]   19:     0x62509710e269 - <std[70759c8f55707aa4]::sys::thread::unix::Thread>::new::thread_start
[INFO] [stdout]   20:     0x7ee634471dfa - <unknown>
[INFO] [stdout]   21:     0x7ee6345053d4 - clone
[INFO] [stdout]   22:                0x0 - <unknown>
[INFO] [stdout] 
[INFO] [stdout] 
[INFO] [stdout] failures:
[INFO] [stdout]     test::test_cat
[INFO] [stdout]     test::test_cat_decoded
[INFO] [stdout]     test::test_logo
[INFO] [stdout]     test::test_piechart
[INFO] [stdout]     test::test_spreadsheet_1
[INFO] [stdout] 
[INFO] [stdout] test result: FAILED. 1 passed; 5 failed; 0 ignored; 0 measured; 0 filtered out; finished in 0.09s
[INFO] [stdout] 
[INFO] [stderr] error: test failed, to rerun pass `--lib`
[INFO] running `Command { std: "docker" "inspect" "68c2d8cf1e9165ea0fae505832c0da23445f73a7fed613ecd47ccd5426bd49b0", kill_on_drop: false }`
[INFO] running `Command { std: "docker" "rm" "-f" "68c2d8cf1e9165ea0fae505832c0da23445f73a7fed613ecd47ccd5426bd49b0", kill_on_drop: false }`
[INFO] [stdout] 68c2d8cf1e9165ea0fae505832c0da23445f73a7fed613ecd47ccd5426bd49b0
