[INFO] fetching crate uu_env 0.12.0...
[INFO] testing uu_env-0.12.0 against 1.100.0-beta.1+cargoflags=--release for beta-release-1.100-2
[INFO] extracting crate uu_env 0.12.0 into /workspace/builds/worker-4-tc2/source
[INFO] started tweaking crates.io crate uu_env 0.12.0
[INFO] finished tweaking crates.io crate uu_env 0.12.0
[INFO] tweaked toml for crates.io crate uu_env 0.12.0 written to /workspace/builds/worker-4-tc2/source/Cargo.toml
[INFO] validating manifest of crates.io crate uu_env 0.12.0 on toolchain 1.100.0-beta.1
[INFO] running `Command { std: CARGO_HOME="/workspace/cargo-home" RUSTUP_HOME="/workspace/rustup-home" "/workspace/cargo-home/bin/cargo" "+1.100.0-beta.1" "metadata" "--manifest-path" "Cargo.toml" "--no-deps", kill_on_drop: false }`
[INFO] crate crates.io crate uu_env 0.12.0 already has a lockfile, it will not be regenerated
[INFO] running `Command { std: CARGO_HOME="/workspace/cargo-home" RUSTUP_HOME="/workspace/rustup-home" "/workspace/cargo-home/bin/cargo" "+1.100.0-beta.1" "fetch" "--manifest-path" "Cargo.toml", kill_on_drop: false }`
[INFO] running `Command { std: "docker" "create" "-v" "/var/lib/crater-agent-workspace/builds/worker-4-tc2/source:/opt/rustwide/workdir:ro,Z" "-v" "/var/lib/crater-agent-workspace/builds/worker-4-tc2/target:/opt/rustwide/target:rw,Z" "-v" "/var/lib/crater-agent-workspace/cargo-home:/opt/rustwide/cargo-home:ro,Z" "-v" "/var/lib/crater-agent-workspace/rustup-home:/opt/rustwide/rustup-home:ro,Z" "-m" "1610612736" "--network" "none" "ghcr.io/rust-lang/crates-build-env/linux@sha256:77db811e55d90add9212f6832c23229e3de5f1c1f9905e8cb07319ea15df73ac" "sleep" "infinity", kill_on_drop: false }`
[INFO] [stdout] 21b7dca95a94afd555697a1003e58e00897771112502088a7744e9f2d1017ea1
[INFO] running `Command { std: "docker" "start" "21b7dca95a94afd555697a1003e58e00897771112502088a7744e9f2d1017ea1", kill_on_drop: false }`
[INFO] running `Command { std: "docker" "inspect" "21b7dca95a94afd555697a1003e58e00897771112502088a7744e9f2d1017ea1", kill_on_drop: false }`
[INFO] running `Command { std: "docker" "exec" "-e" "SOURCE_DIR=/opt/rustwide/workdir" "-e" "CARGO_HOME=/opt/rustwide/cargo-home" "-e" "RUSTUP_HOME=/opt/rustwide/rustup-home" "-e" "CARGO_TARGET_DIR=/opt/rustwide/target" "-w" "/opt/rustwide/workdir" "--user" "0:0" "21b7dca95a94afd555697a1003e58e00897771112502088a7744e9f2d1017ea1" "/opt/rustwide/cargo-home/bin/cargo" "+1.100.0-beta.1" "metadata" "--no-deps" "--format-version=1", kill_on_drop: false }`
[INFO] running `Command { std: "docker" "inspect" "21b7dca95a94afd555697a1003e58e00897771112502088a7744e9f2d1017ea1", kill_on_drop: false }`
[INFO] running `Command { std: "docker" "exec" "-e" "SOURCE_DIR=/opt/rustwide/workdir" "-e" "CARGO_HOME=/opt/rustwide/cargo-home" "-e" "RUSTUP_HOME=/opt/rustwide/rustup-home" "-e" "CARGO_TARGET_DIR=/opt/rustwide/target" "-e" "CARGO_INCREMENTAL=0" "-e" "RUST_BACKTRACE=full" "-e" "RUSTFLAGS=--cap-lints=warn" "-e" "RUSTDOCFLAGS=--cap-lints=warn" "-w" "/opt/rustwide/workdir" "--user" "0:0" "21b7dca95a94afd555697a1003e58e00897771112502088a7744e9f2d1017ea1" "/opt/rustwide/cargo-home/bin/cargo" "+1.100.0-beta.1" "build" "--frozen" "--message-format=json" "--release", kill_on_drop: false }`
[INFO] [stderr]    Compiling libc v0.2.189
[INFO] [stderr]    Compiling rustix v1.1.4
[INFO] [stderr]    Compiling rustc-hash v2.1.3
[INFO] [stderr]    Compiling syn v3.0.4
[INFO] [stderr]    Compiling nix v0.31.3
[INFO] [stderr]    Compiling self_cell v1.3.0
[INFO] [stderr]    Compiling uucore v0.12.0
[INFO] [stderr]    Compiling hashbrown v0.14.5
[INFO] [stderr]    Compiling type-map v0.5.1
[INFO] [stderr]    Compiling os_display v0.1.4
[INFO] [stderr]    Compiling uucore_procs v0.12.0
[INFO] [stderr]    Compiling terminal_size v0.4.4
[INFO] [stderr]    Compiling clap_builder v4.6.7
[INFO] [stderr]    Compiling getrandom v0.2.17
[INFO] [stderr]    Compiling const-random-macro v0.1.16
[INFO] [stderr]    Compiling const-random v0.1.18
[INFO] [stderr]    Compiling dlv-list v0.5.2
[INFO] [stderr]    Compiling displaydoc v0.2.7
[INFO] [stderr]    Compiling thiserror-impl v2.0.20
[INFO] [stderr]    Compiling ordered-multimap v0.7.3
[INFO] [stderr]    Compiling rust-ini v0.21.3
[INFO] [stderr]    Compiling tinystr v0.8.4
[INFO] [stderr]    Compiling unic-langid-impl v0.9.6
[INFO] [stderr]    Compiling unic-langid v0.9.6
[INFO] [stderr]    Compiling intl_pluralrules v7.0.2
[INFO] [stderr]    Compiling fluent-langneg v0.13.1
[INFO] [stderr]    Compiling intl-memoizer v0.5.3
[INFO] [stderr]    Compiling thiserror v2.0.20
[INFO] [stderr]    Compiling fluent-syntax v0.12.0
[INFO] [stderr]    Compiling fluent-bundle v0.16.0
[INFO] [stderr]    Compiling fluent v0.17.0
[INFO] [stderr]    Compiling clap v4.6.7
[INFO] [stderr]    Compiling uu_env v0.12.0 (/opt/rustwide/workdir)
[INFO] [stderr]     Finished `release` profile [optimized] target(s) in 45.25s
[INFO] running `Command { std: "docker" "inspect" "21b7dca95a94afd555697a1003e58e00897771112502088a7744e9f2d1017ea1", kill_on_drop: false }`
[INFO] running `Command { std: "docker" "exec" "-e" "SOURCE_DIR=/opt/rustwide/workdir" "-e" "CARGO_HOME=/opt/rustwide/cargo-home" "-e" "RUSTUP_HOME=/opt/rustwide/rustup-home" "-e" "CARGO_TARGET_DIR=/opt/rustwide/target" "-e" "CARGO_INCREMENTAL=0" "-e" "RUST_BACKTRACE=full" "-e" "RUSTFLAGS=--cap-lints=warn" "-e" "RUSTDOCFLAGS=--cap-lints=warn" "-w" "/opt/rustwide/workdir" "--user" "0:0" "21b7dca95a94afd555697a1003e58e00897771112502088a7744e9f2d1017ea1" "/opt/rustwide/cargo-home/bin/cargo" "+1.100.0-beta.1" "test" "--frozen" "--no-run" "--message-format=json" "--release", kill_on_drop: false }`
[INFO] [stderr]    Compiling uu_env v0.12.0 (/opt/rustwide/workdir)
[INFO] [stderr]     Finished `release` profile [optimized] target(s) in 1.83s
[INFO] running `Command { std: "docker" "inspect" "21b7dca95a94afd555697a1003e58e00897771112502088a7744e9f2d1017ea1", kill_on_drop: false }`
[INFO] running `Command { std: "docker" "exec" "-e" "SOURCE_DIR=/opt/rustwide/workdir" "-e" "CARGO_HOME=/opt/rustwide/cargo-home" "-e" "RUSTUP_HOME=/opt/rustwide/rustup-home" "-e" "CARGO_TARGET_DIR=/opt/rustwide/target" "-e" "CARGO_INCREMENTAL=0" "-e" "RUST_BACKTRACE=full" "-e" "RUSTFLAGS=--cap-lints=warn" "-e" "RUSTDOCFLAGS=--cap-lints=warn" "-w" "/opt/rustwide/workdir" "--user" "0:0" "21b7dca95a94afd555697a1003e58e00897771112502088a7744e9f2d1017ea1" "/opt/rustwide/cargo-home/bin/cargo" "+1.100.0-beta.1" "test" "--frozen" "--release", kill_on_drop: false }`
[INFO] [stderr]     Finished `release` profile [optimized] target(s) in 0.10s
[INFO] [stderr]      Running unittests src/env.rs (/opt/rustwide/target/release/build/uu_env/588699c4d350042a/out/uu_env-588699c4d350042a)
[INFO] [stdout] 
[INFO] [stdout] running 3 tests
[INFO] [stdout] test tests::test_split_string_misc ... ok
[INFO] [stdout] test tests::test_split_string_environment_vars_test ... ok
[INFO] [stdout] test tests::test_error_cases ... FAILED
[INFO] [stdout] 
[INFO] [stdout] failures:
[INFO] [stdout] 
[INFO] [stdout] ---- tests::test_error_cases stdout ----
[INFO] [stdout] 
[INFO] [stdout] thread 'tests::test_error_cases' (774) panicked at src/env.rs:1339:9:
[INFO] [stdout] assertion `left == right` failed
[INFO] [stdout]   left: "env-error-backslash-c-not-allowed"
[INFO] [stdout]  right: "'\\c' must not appear in double-quoted -S string at position 13"
[INFO] [stdout] stack backtrace:
[INFO] [stdout]    0:     0x652212329d31 - <<std[617be2ca0a6fd877]::sys::backtrace::BacktraceLock>::print::DisplayBacktrace as core[a373ad73a504971]::fmt::Display>::fmt
[INFO] [stdout]    1:     0x65221233ecca - core[a373ad73a504971]::fmt::write
[INFO] [stdout]    2:     0x65221232df4c - <alloc[2e1b2a31b91974c5]::vec::Vec<u8> as core[a373ad73a504971]::io::write::Write>::write_fmt
[INFO] [stdout]    3:     0x6522123058c6 - std[617be2ca0a6fd877]::panicking::default_hook::{closure#0}
[INFO] [stdout]    4:     0x652212321eb9 - std[617be2ca0a6fd877]::panicking::default_hook
[INFO] [stdout]    5:     0x65221228fd80 - test[aada8e7e76ba119b]::test_main_inner::{closure#0}
[INFO] [stdout]    6:     0x652212322072 - std[617be2ca0a6fd877]::panicking::panic_with_hook
[INFO] [stdout]    7:     0x652212305972 - std[617be2ca0a6fd877]::panicking::panic_handler::{closure#0}
[INFO] [stdout]    8:     0x6522122fe2b9 - std[617be2ca0a6fd877]::sys::backtrace::__rust_end_short_backtrace::<std[617be2ca0a6fd877]::panicking::panic_handler::{closure#0}, !>
[INFO] [stdout]    9:     0x65221230661d - __rustc[ea4f61d10b84890b]::rust_begin_unwind
[INFO] [stdout]   10:     0x65221233f3fc - core[a373ad73a504971]::panicking::panic_fmt
[INFO] [stdout]   11:     0x65221233f313 - core[a373ad73a504971]::panicking::assert_failed_inner
[INFO] [stdout]   12:     0x65221227a769 - core[a373ad73a504971]::panicking::assert_failed::<alloc[2e1b2a31b91974c5]::string::String, &str>
[INFO] [stdout]   13:     0x65221227d20a - <uu_env[5893d4535acc73e6]::tests::test_error_cases::{closure#0} as core[a373ad73a504971]::ops::function::FnOnce<()>>::call_once
[INFO] [stdout]   14:     0x6522122831cb - test[aada8e7e76ba119b]::__rust_begin_short_backtrace::<core[a373ad73a504971]::result::Result<(), alloc[2e1b2a31b91974c5]::string::String>, fn() -> core[a373ad73a504971]::result::Result<(), alloc[2e1b2a31b91974c5]::string::String>>
[INFO] [stdout]   15:     0x6522122903a5 - test[aada8e7e76ba119b]::run_test::{closure#0}
[INFO] [stdout]   16:     0x652212289c94 - std[617be2ca0a6fd877]::sys::backtrace::__rust_begin_short_backtrace::<test[aada8e7e76ba119b]::run_test::{closure#1}, ()>
[INFO] [stdout]   17:     0x652212293432 - <std[617be2ca0a6fd877]::thread::lifecycle::spawn_unchecked<test[aada8e7e76ba119b]::run_test::{closure#1}, ()>::{closure#1} as core[a373ad73a504971]::ops::function::FnOnce<()>>::call_once::{shim:vtable#0}
[INFO] [stdout]   18:     0x65221232922f - <std[617be2ca0a6fd877]::sys::thread::unix::Thread>::new::thread_start
[INFO] [stdout]   19:     0x7f028f690dfa - <unknown>
[INFO] [stdout]   20:     0x7f028f7243d4 - clone
[INFO] [stdout]   21:                0x0 - <unknown>
[INFO] [stdout] 
[INFO] [stdout] 
[INFO] [stdout] failures:
[INFO] [stdout]     tests::test_error_cases
[INFO] [stdout] 
[INFO] [stdout] test result: FAILED. 2 passed; 1 failed; 0 ignored; 0 measured; 0 filtered out; finished in 0.01s
[INFO] [stdout] 
[INFO] [stderr] error: test failed, to rerun pass `--lib`
[INFO] running `Command { std: "docker" "inspect" "21b7dca95a94afd555697a1003e58e00897771112502088a7744e9f2d1017ea1", kill_on_drop: false }`
[INFO] running `Command { std: "docker" "rm" "-f" "21b7dca95a94afd555697a1003e58e00897771112502088a7744e9f2d1017ea1", kill_on_drop: false }`
[INFO] [stdout] 21b7dca95a94afd555697a1003e58e00897771112502088a7744e9f2d1017ea1
