[INFO] fetching crate uu_df 0.12.0...
[INFO] testing uu_df-0.12.0 against 1.100.0-beta.1+cargoflags=--release for beta-release-1.100-2
[INFO] extracting crate uu_df 0.12.0 into /workspace/builds/worker-2-tc2/source
[INFO] started tweaking crates.io crate uu_df 0.12.0
[INFO] finished tweaking crates.io crate uu_df 0.12.0
[INFO] tweaked toml for crates.io crate uu_df 0.12.0 written to /workspace/builds/worker-2-tc2/source/Cargo.toml
[INFO] validating manifest of crates.io crate uu_df 0.12.0 on toolchain 1.100.0-beta.1
[INFO] running `Command { std: CARGO_HOME="/workspace/cargo-home" RUSTUP_HOME="/workspace/rustup-home" "/workspace/cargo-home/bin/cargo" "+1.100.0-beta.1" "metadata" "--manifest-path" "Cargo.toml" "--no-deps", kill_on_drop: false }`
[INFO] crate crates.io crate uu_df 0.12.0 already has a lockfile, it will not be regenerated
[INFO] running `Command { std: CARGO_HOME="/workspace/cargo-home" RUSTUP_HOME="/workspace/rustup-home" "/workspace/cargo-home/bin/cargo" "+1.100.0-beta.1" "fetch" "--manifest-path" "Cargo.toml", kill_on_drop: false }`
[INFO] running `Command { std: "docker" "create" "-v" "/var/lib/crater-agent-workspace/builds/worker-2-tc2/source:/opt/rustwide/workdir:ro,Z" "-v" "/var/lib/crater-agent-workspace/builds/worker-2-tc2/target:/opt/rustwide/target:rw,Z" "-v" "/var/lib/crater-agent-workspace/cargo-home:/opt/rustwide/cargo-home:ro,Z" "-v" "/var/lib/crater-agent-workspace/rustup-home:/opt/rustwide/rustup-home:ro,Z" "-m" "1610612736" "--network" "none" "ghcr.io/rust-lang/crates-build-env/linux@sha256:77db811e55d90add9212f6832c23229e3de5f1c1f9905e8cb07319ea15df73ac" "sleep" "infinity", kill_on_drop: false }`
[INFO] [stdout] 34ed3f77443573b44742fe2151eacaa4d06d2fed7796b6bf82fff98806c4f3ec
[INFO] running `Command { std: "docker" "start" "34ed3f77443573b44742fe2151eacaa4d06d2fed7796b6bf82fff98806c4f3ec", kill_on_drop: false }`
[INFO] running `Command { std: "docker" "inspect" "34ed3f77443573b44742fe2151eacaa4d06d2fed7796b6bf82fff98806c4f3ec", kill_on_drop: false }`
[INFO] running `Command { std: "docker" "exec" "-e" "SOURCE_DIR=/opt/rustwide/workdir" "-e" "CARGO_HOME=/opt/rustwide/cargo-home" "-e" "RUSTUP_HOME=/opt/rustwide/rustup-home" "-e" "CARGO_TARGET_DIR=/opt/rustwide/target" "-w" "/opt/rustwide/workdir" "--user" "0:0" "34ed3f77443573b44742fe2151eacaa4d06d2fed7796b6bf82fff98806c4f3ec" "/opt/rustwide/cargo-home/bin/cargo" "+1.100.0-beta.1" "metadata" "--no-deps" "--format-version=1", kill_on_drop: false }`
[INFO] running `Command { std: "docker" "inspect" "34ed3f77443573b44742fe2151eacaa4d06d2fed7796b6bf82fff98806c4f3ec", kill_on_drop: false }`
[INFO] running `Command { std: "docker" "exec" "-e" "SOURCE_DIR=/opt/rustwide/workdir" "-e" "CARGO_HOME=/opt/rustwide/cargo-home" "-e" "RUSTUP_HOME=/opt/rustwide/rustup-home" "-e" "CARGO_TARGET_DIR=/opt/rustwide/target" "-e" "CARGO_INCREMENTAL=0" "-e" "RUST_BACKTRACE=full" "-e" "RUSTFLAGS=--cap-lints=warn" "-e" "RUSTDOCFLAGS=--cap-lints=warn" "-w" "/opt/rustwide/workdir" "--user" "0:0" "34ed3f77443573b44742fe2151eacaa4d06d2fed7796b6bf82fff98806c4f3ec" "/opt/rustwide/cargo-home/bin/cargo" "+1.100.0-beta.1" "build" "--frozen" "--message-format=json" "--release", kill_on_drop: false }`
[INFO] [stderr]    Compiling rustix v1.1.4
[INFO] [stderr]    Compiling linux-raw-sys v0.12.1
[INFO] [stderr]    Compiling type-map v0.5.1
[INFO] [stderr]    Compiling syn v3.0.4
[INFO] [stderr]    Compiling libc v0.2.189
[INFO] [stderr]    Compiling chrono v0.4.45
[INFO] [stderr]    Compiling nix v0.31.3
[INFO] [stderr]    Compiling self_cell v1.3.0
[INFO] [stderr]    Compiling procfs v0.18.0
[INFO] [stderr]    Compiling smallvec v1.15.2
[INFO] [stderr]    Compiling num-bigint v0.4.8
[INFO] [stderr]    Compiling uucore v0.12.0
[INFO] [stderr]    Compiling unicode-width v0.2.2
[INFO] [stderr]    Compiling uucore_procs v0.12.0
[INFO] [stderr]    Compiling os_display v0.1.4
[INFO] [stderr]    Compiling bstr v1.13.1
[INFO] [stderr]    Compiling dunce v1.0.5
[INFO] [stderr]    Compiling procfs-core v0.18.0
[INFO] [stderr]    Compiling bigdecimal v0.4.10
[INFO] [stderr]    Compiling displaydoc v0.2.7
[INFO] [stderr]    Compiling thiserror-impl v2.0.20
[INFO] [stderr]    Compiling tinystr v0.8.4
[INFO] [stderr]    Compiling unic-langid-impl v0.9.6
[INFO] [stderr]    Compiling unic-langid v0.9.6
[INFO] [stderr]    Compiling intl-memoizer v0.5.3
[INFO] [stderr]    Compiling fluent-langneg v0.13.1
[INFO] [stderr]    Compiling intl_pluralrules v7.0.2
[INFO] [stderr]    Compiling thiserror v2.0.20
[INFO] [stderr]    Compiling fluent-syntax v0.12.0
[INFO] [stderr]    Compiling terminal_size v0.4.4
[INFO] [stderr]    Compiling fluent-bundle v0.16.0
[INFO] [stderr]    Compiling clap_builder v4.6.7
[INFO] [stderr]    Compiling fluent v0.17.0
[INFO] [stderr]    Compiling clap v4.6.7
[INFO] [stderr]    Compiling uu_df v0.12.0 (/opt/rustwide/workdir)
[INFO] [stderr]     Finished `release` profile [optimized] target(s) in 1m 25s
[INFO] running `Command { std: "docker" "inspect" "34ed3f77443573b44742fe2151eacaa4d06d2fed7796b6bf82fff98806c4f3ec", kill_on_drop: false }`
[INFO] running `Command { std: "docker" "exec" "-e" "SOURCE_DIR=/opt/rustwide/workdir" "-e" "CARGO_HOME=/opt/rustwide/cargo-home" "-e" "RUSTUP_HOME=/opt/rustwide/rustup-home" "-e" "CARGO_TARGET_DIR=/opt/rustwide/target" "-e" "CARGO_INCREMENTAL=0" "-e" "RUST_BACKTRACE=full" "-e" "RUSTFLAGS=--cap-lints=warn" "-e" "RUSTDOCFLAGS=--cap-lints=warn" "-w" "/opt/rustwide/workdir" "--user" "0:0" "34ed3f77443573b44742fe2151eacaa4d06d2fed7796b6bf82fff98806c4f3ec" "/opt/rustwide/cargo-home/bin/cargo" "+1.100.0-beta.1" "test" "--frozen" "--no-run" "--message-format=json" "--release", kill_on_drop: false }`
[INFO] [stderr]    Compiling nix v0.31.3
[INFO] [stderr]    Compiling getrandom v0.4.3
[INFO] [stderr]    Compiling find-msvc-tools v0.1.11
[INFO] [stderr]    Compiling clap_builder v4.6.7
[INFO] [stderr]    Compiling winnow v1.0.4
[INFO] [stderr]    Compiling indexmap v2.14.1
[INFO] [stderr]    Compiling approx v0.5.1
[INFO] [stderr]    Compiling serde_derive v1.0.229
[INFO] [stderr]    Compiling cc v1.4.4
[INFO] [stderr]    Compiling syn v2.0.119
[INFO] [stderr]    Compiling toml_datetime v1.1.1+spec-1.1.0
[INFO] [stderr]    Compiling serde_json v1.0.151
[INFO] [stderr]    Compiling statrs v0.18.0
[INFO] [stderr]    Compiling toml_parser v1.1.3+spec-1.1.0
[INFO] [stderr]    Compiling codspeed v5.0.1
[INFO] [stderr]    Compiling toml_edit v0.25.13+spec-1.1.0
[INFO] [stderr]    Compiling clap v4.6.7
[INFO] [stderr]    Compiling anyhow v1.0.104
[INFO] [stderr]    Compiling aho-corasick v1.1.5
[INFO] [stderr]    Compiling serde v1.0.229
[INFO] [stderr]    Compiling colored v3.1.1
[INFO] [stderr]    Compiling either v1.18.0
[INFO] [stderr]    Compiling glob v0.3.4
[INFO] [stderr]    Compiling uucore v0.12.0
[INFO] [stderr]    Compiling tempfile v3.27.0
[INFO] [stderr]    Compiling itertools v0.15.0
[INFO] [stderr]    Compiling itertools v0.14.0
[INFO] [stderr]    Compiling regex-automata v0.4.18
[INFO] [stderr]    Compiling proc-macro-crate v3.5.0
[INFO] [stderr]    Compiling divan-macros v0.1.17
[INFO] [stderr]    Compiling regex-lite v0.1.9
[INFO] [stderr]    Compiling codspeed-divan-compat v5.0.1
[INFO] [stderr]    Compiling condtype v1.3.0
[INFO] [stderr]    Compiling codspeed-divan-compat-macros v5.0.1
[INFO] [stderr]    Compiling regex v1.13.1
[INFO] [stderr]    Compiling codspeed-divan-compat-walltime v5.0.1
[INFO] [stderr]    Compiling uu_df v0.12.0 (/opt/rustwide/workdir)
[INFO] [stderr]     Finished `release` profile [optimized] target(s) in 1m 43s
[INFO] running `Command { std: "docker" "inspect" "34ed3f77443573b44742fe2151eacaa4d06d2fed7796b6bf82fff98806c4f3ec", kill_on_drop: false }`
[INFO] running `Command { std: "docker" "exec" "-e" "SOURCE_DIR=/opt/rustwide/workdir" "-e" "CARGO_HOME=/opt/rustwide/cargo-home" "-e" "RUSTUP_HOME=/opt/rustwide/rustup-home" "-e" "CARGO_TARGET_DIR=/opt/rustwide/target" "-e" "CARGO_INCREMENTAL=0" "-e" "RUST_BACKTRACE=full" "-e" "RUSTFLAGS=--cap-lints=warn" "-e" "RUSTDOCFLAGS=--cap-lints=warn" "-w" "/opt/rustwide/workdir" "--user" "0:0" "34ed3f77443573b44742fe2151eacaa4d06d2fed7796b6bf82fff98806c4f3ec" "/opt/rustwide/cargo-home/bin/cargo" "+1.100.0-beta.1" "test" "--frozen" "--release", kill_on_drop: false }`
[INFO] [stderr]     Finished `release` profile [optimized] target(s) in 0.24s
[INFO] [stderr]      Running unittests src/df.rs (/opt/rustwide/target/release/build/uu_df/af1faf1bee365272/out/uu_df-af1faf1bee365272)
[INFO] [stdout] 
[INFO] [stdout] running 56 tests
[INFO] [stdout] test blocks::tests::test_to_magnitude_and_suffix_powers_of_1024 ... ok
[INFO] [stdout] test filesystem::tests::mount_info_from_path::test_bad_path ... ok
[INFO] [stdout] test blocks::tests::test_to_magnitude_and_suffix_add_tracing_zero ... ok
[INFO] [stdout] test blocks::tests::test_to_magnitude_and_suffix_not_powers_of_1024 ... ok
[INFO] [stdout] test filesystem::tests::mount_info_from_path::test_dev_name_match ... ok
[INFO] [stdout] test blocks::tests::test_block_size_display_multiples_of_1000_and_1024 ... ok
[INFO] [stdout] test filesystem::tests::mount_info_from_path::test_no_match ... ok
[INFO] [stdout] test blocks::tests::test_to_magnitude_and_suffix_rounding ... ok
[INFO] [stdout] test blocks::tests::test_default_block_size ... ok
[INFO] [stdout] test blocks::tests::test_block_size_display ... ok
[INFO] [stdout] test filesystem::tests::mount_info_from_path::test_multiple_matches ... ok
[INFO] [stdout] test filesystem::tests::mount_info_from_path::test_empty_mounts ... ok
[INFO] [stdout] test filesystem::tests::mount_info_from_path::test_exact_match ... ok
[INFO] [stdout] test table::tests::test_default_header ... FAILED
[INFO] [stdout] test table::tests::test_header_with_fs_type ... FAILED
[INFO] [stdout] test table::tests::test_header_with_block_size_1024 ... FAILED
[INFO] [stdout] test filesystem::tests::mount_info_from_path::test_partial_match ... ok
[INFO] [stdout] test filesystem::tests::mount_info_from_path::test_prefix_match ... ok
[INFO] [stdout] test platform::unix::tests::test_from_mount_over_mounted ... ok
[INFO] [stdout] test platform::unix::tests::test_over_mount ... ok
[INFO] [stdout] test platform::unix::tests::test_over_mount_not_over_mounted ... ok
[INFO] [stdout] test table::tests::test_output_header ... FAILED
[INFO] [stdout] test table::tests::test_row_formatter ... ok
[INFO] [stdout] test table::tests::test_human_readable_header ... FAILED
[INFO] [stdout] test table::tests::test_row_converter_with_invalid_numbers ... ok
[INFO] [stdout] test table::tests::test_header_with_inodes ... FAILED
[INFO] [stdout] test table::tests::test_posix_portability_header ... FAILED
[INFO] [stdout] test table::tests::test_row_accumulation_u64_overflow ... ok
[INFO] [stdout] test table::tests::test_row_formatter_with_bytes_and_inodes ... ok
[INFO] [stdout] test table::tests::test_row_formatter_with_fs_type ... ok
[INFO] [stdout] test table::tests::test_row_formatter_with_human_readable_binary ... ok
[INFO] [stdout] test tests::is_best::test_different_dev_id ... ok
[INFO] [stdout] test table::tests::test_row_formatter_with_inodes ... ok
[INFO] [stdout] test table::tests::test_row_formatter_with_round_up_byte_values ... ok
[INFO] [stdout] test table::tests::test_row_formatter_with_human_readable_si ... ok
[INFO] [stdout] test table::tests::test_row_formatter_with_round_up_usage ... ok
[INFO] [stdout] test table::tests::test_table_column_width_non_unicode ... FAILED
[INFO] [stdout] test table::tests::test_table_column_width_computation_include_total_row ... FAILED
[INFO] [stdout] test tests::is_best::test_empty ... ok
[INFO] [stdout] test tests::is_included::test_dummy_excluded ... ok
[INFO] [stdout] test tests::is_included::test_exclude_match ... ok
[INFO] [stdout] test tests::is_included::test_exclude_no_match ... ok
[INFO] [stdout] test tests::is_best::test_same_dev_id ... ok
[INFO] [stdout] test tests::is_included::test_include_and_exclude_match_include ... ok
[INFO] [stdout] test tests::is_included::test_include_and_exclude_match_neither ... ok
[INFO] [stdout] test tests::is_included::test_dummy_included ... ok
[INFO] [stdout] test tests::is_included::test_include_and_exclude_match_exclude ... ok
[INFO] [stdout] test tests::is_included::test_remote_included ... ok
[INFO] [stdout] test tests::mount_info_lt::test_absolute ... ok
[INFO] [stdout] test tests::is_included::test_include_no_match ... ok
[INFO] [stdout] test tests::is_included::test_remote_excluded ... ok
[INFO] [stdout] test tests::mount_info_lt::test_over_mounted ... ok
[INFO] [stdout] test tests::is_included::test_include_match ... ok
[INFO] [stdout] test tests::mount_info_lt::test_shorter ... ok
[INFO] [stdout] test tests::write_table::test_write_table_empty ... ok
[INFO] [stdout] test tests::write_table::test_write_table_to_arbitrary_writer ... ok
[INFO] [stderr] error: test failed, to rerun pass `--lib`
[INFO] [stdout] 
[INFO] [stdout] failures:
[INFO] [stdout] 
[INFO] [stdout] ---- table::tests::test_default_header stdout ----
[INFO] [stdout] 
[INFO] [stdout] thread 'table::tests::test_default_header' (1669) panicked at src/table.rs:640:9:
[INFO] [stdout] assertion `left == right` failed
[INFO] [stdout]   left: ["df-header-filesystem", "1Kdf-blocks-suffix", "df-header-used", "df-header-available", "df-header-use-percent", "df-header-mounted-on"]
[INFO] [stdout]  right: ["Filesystem", "1K-blocks", "Used", "Available", "Use%", "Mounted on"]
[INFO] [stdout] stack backtrace:
[INFO] [stdout]    0:     0x64a21b46cbd1 - <<std[617be2ca0a6fd877]::sys::backtrace::BacktraceLock>::print::DisplayBacktrace as core[a373ad73a504971]::fmt::Display>::fmt
[INFO] [stdout]    1:     0x64a21b48246a - core[a373ad73a504971]::fmt::write
[INFO] [stdout]    2:     0x64a21b47104c - <alloc[2e1b2a31b91974c5]::vec::Vec<u8> as core[a373ad73a504971]::io::write::Write>::write_fmt
[INFO] [stdout]    3:     0x64a21b4473f6 - std[617be2ca0a6fd877]::panicking::default_hook::{closure#0}
[INFO] [stdout]    4:     0x64a21b464599 - std[617be2ca0a6fd877]::panicking::default_hook
[INFO] [stdout]    5:     0x64a21b3ce500 - test[aada8e7e76ba119b]::test_main_inner::{closure#0}
[INFO] [stdout]    6:     0x64a21b464752 - std[617be2ca0a6fd877]::panicking::panic_with_hook
[INFO] [stdout]    7:     0x64a21b4474a2 - std[617be2ca0a6fd877]::panicking::panic_handler::{closure#0}
[INFO] [stdout]    8:     0x64a21b43fd79 - std[617be2ca0a6fd877]::sys::backtrace::__rust_end_short_backtrace::<std[617be2ca0a6fd877]::panicking::panic_handler::{closure#0}, !>
[INFO] [stdout]    9:     0x64a21b4482cd - __rustc[ea4f61d10b84890b]::rust_begin_unwind
[INFO] [stdout]   10:     0x64a21b482b9c - core[a373ad73a504971]::panicking::panic_fmt
[INFO] [stdout]   11:     0x64a21b482ab3 - core[a373ad73a504971]::panicking::assert_failed_inner
[INFO] [stdout]   12:     0x64a21b3c01a0 - core[a373ad73a504971]::panicking::assert_failed::<alloc[2e1b2a31b91974c5]::vec::Vec<alloc[2e1b2a31b91974c5]::string::String>, alloc[2e1b2a31b91974c5]::vec::Vec<&str>>
[INFO] [stdout]   13:     0x64a21b3b1cbd - <uu_df[3f8e7a48c239320b]::table::tests::test_default_header::{closure#0} as core[a373ad73a504971]::ops::function::FnOnce<()>>::call_once
[INFO] [stdout]   14:     0x64a21b3c194b - test[aada8e7e76ba119b]::__rust_begin_short_backtrace::<core[a373ad73a504971]::result::Result<(), alloc[2e1b2a31b91974c5]::string::String>, fn() -> core[a373ad73a504971]::result::Result<(), alloc[2e1b2a31b91974c5]::string::String>>
[INFO] [stdout]   15:     0x64a21b3ceb25 - test[aada8e7e76ba119b]::run_test::{closure#0}
[INFO] [stdout]   16:     0x64a21b3c8414 - std[617be2ca0a6fd877]::sys::backtrace::__rust_begin_short_backtrace::<test[aada8e7e76ba119b]::run_test::{closure#1}, ()>
[INFO] [stdout]   17:     0x64a21b3d1bb2 - <std[617be2ca0a6fd877]::thread::lifecycle::spawn_unchecked<test[aada8e7e76ba119b]::run_test::{closure#1}, ()>::{closure#1} as core[a373ad73a504971]::ops::function::FnOnce<()>>::call_once::{shim:vtable#0}
[INFO] [stdout]   18:     0x64a21b46c0cf - <std[617be2ca0a6fd877]::sys::thread::unix::Thread>::new::thread_start
[INFO] [stdout]   19:     0x74d29146adfa - <unknown>
[INFO] [stdout]   20:     0x74d2914fe3d4 - clone
[INFO] [stdout]   21:                0x0 - <unknown>
[INFO] [stdout] 
[INFO] [stdout] ---- table::tests::test_header_with_fs_type stdout ----
[INFO] [stdout] 
[INFO] [stdout] thread 'table::tests::test_header_with_fs_type' (1671) panicked at src/table.rs:660:9:
[INFO] [stdout] assertion `left == right` failed
[INFO] [stdout]   left: ["df-header-filesystem", "df-header-type", "1Kdf-blocks-suffix", "df-header-used", "df-header-available", "df-header-use-percent", "df-header-mounted-on"]
[INFO] [stdout]  right: ["Filesystem", "Type", "1K-blocks", "Used", "Available", "Use%", "Mounted on"]
[INFO] [stdout] stack backtrace:
[INFO] [stdout]    0:     0x64a21b46cbd1 - <<std[617be2ca0a6fd877]::sys::backtrace::BacktraceLock>::print::DisplayBacktrace as core[a373ad73a504971]::fmt::Display>::fmt
[INFO] [stdout]    1:     0x64a21b48246a - core[a373ad73a504971]::fmt::write
[INFO] [stdout]    2:     0x64a21b47104c - <alloc[2e1b2a31b91974c5]::vec::Vec<u8> as core[a373ad73a504971]::io::write::Write>::write_fmt
[INFO] [stdout]    3:     0x64a21b4473f6 - std[617be2ca0a6fd877]::panicking::default_hook::{closure#0}
[INFO] [stdout]    4:     0x64a21b464599 - std[617be2ca0a6fd877]::panicking::default_hook
[INFO] [stdout]    5:     0x64a21b3ce500 - test[aada8e7e76ba119b]::test_main_inner::{closure#0}
[INFO] [stdout]    6:     0x64a21b464752 - std[617be2ca0a6fd877]::panicking::panic_with_hook
[INFO] [stdout]    7:     0x64a21b4474a2 - std[617be2ca0a6fd877]::panicking::panic_handler::{closure#0}
[INFO] [stdout]    8:     0x64a21b43fd79 - std[617be2ca0a6fd877]::sys::backtrace::__rust_end_short_backtrace::<std[617be2ca0a6fd877]::panicking::panic_handler::{closure#0}, !>
[INFO] [stdout]    9:     0x64a21b4482cd - __rustc[ea4f61d10b84890b]::rust_begin_unwind
[INFO] [stdout]   10:     0x64a21b482b9c - core[a373ad73a504971]::panicking::panic_fmt
[INFO] [stdout]   11:     0x64a21b482ab3 - core[a373ad73a504971]::panicking::assert_failed_inner
[INFO] [stdout]   12:     0x64a21b3c01a0 - core[a373ad73a504971]::panicking::assert_failed::<alloc[2e1b2a31b91974c5]::vec::Vec<alloc[2e1b2a31b91974c5]::string::String>, alloc[2e1b2a31b91974c5]::vec::Vec<&str>>
[INFO] [stdout]   13:     0x64a21b3b2530 - <uu_df[3f8e7a48c239320b]::table::tests::test_header_with_fs_type::{closure#0} as core[a373ad73a504971]::ops::function::FnOnce<()>>::call_once
[INFO] [stdout]   14:     0x64a21b3c194b - test[aada8e7e76ba119b]::__rust_begin_short_backtrace::<core[a373ad73a504971]::result::Result<(), alloc[2e1b2a31b91974c5]::string::String>, fn() -> core[a373ad73a504971]::result::Result<(), alloc[2e1b2a31b91974c5]::string::String>>
[INFO] [stdout]   15:     0x64a21b3ceb25 - test[aada8e7e76ba119b]::run_test::{closure#0}
[INFO] [stdout]   16:     0x64a21b3c8414 - std[617be2ca0a6fd877]::sys::backtrace::__rust_begin_short_backtrace::<test[aada8e7e76ba119b]::run_test::{closure#1}, ()>
[INFO] [stdout]   17:     0x64a21b3d1bb2 - <std[617be2ca0a6fd877]::thread::lifecycle::spawn_unchecked<test[aada8e7e76ba119b]::run_test::{closure#1}, ()>::{closure#1} as core[a373ad73a504971]::ops::function::FnOnce<()>>::call_once::{shim:vtable#0}
[INFO] [stdout]   18:     0x64a21b46c0cf - <std[617be2ca0a6fd877]::sys::thread::unix::Thread>::new::thread_start
[INFO] [stdout]   19:     0x74d29146adfa - <unknown>
[INFO] [stdout]   20:     0x74d2914fe3d4 - clone
[INFO] [stdout]   21:                0x0 - <unknown>
[INFO] [stdout] 
[INFO] [stdout] ---- table::tests::test_header_with_block_size_1024 stdout ----
[INFO] [stdout] 
[INFO] [stdout] thread 'table::tests::test_header_with_block_size_1024' (1670) panicked at src/table.rs:701:9:
[INFO] [stdout] assertion `left == right` failed
[INFO] [stdout]   left: ["df-header-filesystem", "3Kdf-blocks-suffix", "df-header-used", "df-header-available", "df-header-use-percent", "df-header-mounted-on"]
[INFO] [stdout]  right: ["Filesystem", "3K-blocks", "Used", "Available", "Use%", "Mounted on"]
[INFO] [stdout] stack backtrace:
[INFO] [stdout]    0:     0x64a21b46cbd1 - <<std[617be2ca0a6fd877]::sys::backtrace::BacktraceLock>::print::DisplayBacktrace as core[a373ad73a504971]::fmt::Display>::fmt
[INFO] [stdout]    1:     0x64a21b48246a - core[a373ad73a504971]::fmt::write
[INFO] [stdout]    2:     0x64a21b47104c - <alloc[2e1b2a31b91974c5]::vec::Vec<u8> as core[a373ad73a504971]::io::write::Write>::write_fmt
[INFO] [stdout]    3:     0x64a21b4473f6 - std[617be2ca0a6fd877]::panicking::default_hook::{closure#0}
[INFO] [stdout]    4:     0x64a21b464599 - std[617be2ca0a6fd877]::panicking::default_hook
[INFO] [stdout]    5:     0x64a21b3ce500 - test[aada8e7e76ba119b]::test_main_inner::{closure#0}
[INFO] [stdout]    6:     0x64a21b464752 - std[617be2ca0a6fd877]::panicking::panic_with_hook
[INFO] [stdout]    7:     0x64a21b4474a2 - std[617be2ca0a6fd877]::panicking::panic_handler::{closure#0}
[INFO] [stdout]    8:     0x64a21b43fd79 - std[617be2ca0a6fd877]::sys::backtrace::__rust_end_short_backtrace::<std[617be2ca0a6fd877]::panicking::panic_handler::{closure#0}, !>
[INFO] [stdout]    9:     0x64a21b4482cd - __rustc[ea4f61d10b84890b]::rust_begin_unwind
[INFO] [stdout]   10:     0x64a21b482b9c - core[a373ad73a504971]::panicking::panic_fmt
[INFO] [stdout]   11:     0x64a21b482ab3 - core[a373ad73a504971]::panicking::assert_failed_inner
[INFO] [stdout]   12:     0x64a21b3c01a0 - core[a373ad73a504971]::panicking::assert_failed::<alloc[2e1b2a31b91974c5]::vec::Vec<alloc[2e1b2a31b91974c5]::string::String>, alloc[2e1b2a31b91974c5]::vec::Vec<&str>>
[INFO] [stdout]   13:     0x64a21b3b3bb6 - <uu_df[3f8e7a48c239320b]::table::tests::test_header_with_block_size_1024::{closure#0} as core[a373ad73a504971]::ops::function::FnOnce<()>>::call_once
[INFO] [stdout]   14:     0x64a21b3c194b - test[aada8e7e76ba119b]::__rust_begin_short_backtrace::<core[a373ad73a504971]::result::Result<(), alloc[2e1b2a31b91974c5]::string::String>, fn() -> core[a373ad73a504971]::result::Result<(), alloc[2e1b2a31b91974c5]::string::String>>
[INFO] [stdout]   15:     0x64a21b3ceb25 - test[aada8e7e76ba119b]::run_test::{closure#0}
[INFO] [stdout]   16:     0x64a21b3c8414 - std[617be2ca0a6fd877]::sys::backtrace::__rust_begin_short_backtrace::<test[aada8e7e76ba119b]::run_test::{closure#1}, ()>
[INFO] [stdout]   17:     0x64a21b3d1bb2 - <std[617be2ca0a6fd877]::thread::lifecycle::spawn_unchecked<test[aada8e7e76ba119b]::run_test::{closure#1}, ()>::{closure#1} as core[a373ad73a504971]::ops::function::FnOnce<()>>::call_once::{shim:vtable#0}
[INFO] [stdout]   18:     0x64a21b46c0cf - <std[617be2ca0a6fd877]::sys::thread::unix::Thread>::new::thread_start
[INFO] [stdout]   19:     0x74d29146adfa - <unknown>
[INFO] [stdout]   20:     0x74d2914fe3d4 - clone
[INFO] [stdout]   21:                0x0 - <unknown>
[INFO] [stdout] 
[INFO] [stdout] ---- table::tests::test_output_header stdout ----
[INFO] [stdout] 
[INFO] [stdout] thread 'table::tests::test_output_header' (1674) panicked at src/table.rs:754:9:
[INFO] [stdout] assertion `left == right` failed
[INFO] [stdout]   left: ["df-header-filesystem", "1Kdf-blocks-suffix", "df-header-used", "df-header-avail", "df-header-use-percent", "df-header-mounted-on"]
[INFO] [stdout]  right: ["Filesystem", "1K-blocks", "Used", "Avail", "Use%", "Mounted on"]
[INFO] [stdout] stack backtrace:
[INFO] [stdout]    0:     0x64a21b46cbd1 - <<std[617be2ca0a6fd877]::sys::backtrace::BacktraceLock>::print::DisplayBacktrace as core[a373ad73a504971]::fmt::Display>::fmt
[INFO] [stdout]    1:     0x64a21b48246a - core[a373ad73a504971]::fmt::write
[INFO] [stdout]    2:     0x64a21b47104c - <alloc[2e1b2a31b91974c5]::vec::Vec<u8> as core[a373ad73a504971]::io::write::Write>::write_fmt
[INFO] [stdout]    3:     0x64a21b4473f6 - std[617be2ca0a6fd877]::panicking::default_hook::{closure#0}
[INFO] [stdout]    4:     0x64a21b464599 - std[617be2ca0a6fd877]::panicking::default_hook
[INFO] [stdout]    5:     0x64a21b3ce500 - test[aada8e7e76ba119b]::test_main_inner::{closure#0}
[INFO] [stdout]    6:     0x64a21b464752 - std[617be2ca0a6fd877]::panicking::panic_with_hook
[INFO] [stdout]    7:     0x64a21b4474a2 - std[617be2ca0a6fd877]::panicking::panic_handler::{closure#0}
[INFO] [stdout]    8:     0x64a21b43fd79 - std[617be2ca0a6fd877]::sys::backtrace::__rust_end_short_backtrace::<std[617be2ca0a6fd877]::panicking::panic_handler::{closure#0}, !>
[INFO] [stdout]    9:     0x64a21b4482cd - __rustc[ea4f61d10b84890b]::rust_begin_unwind
[INFO] [stdout]   10:     0x64a21b482b9c - core[a373ad73a504971]::panicking::panic_fmt
[INFO] [stdout]   11:     0x64a21b482ab3 - core[a373ad73a504971]::panicking::assert_failed_inner
[INFO] [stdout]   12:     0x64a21b3c01a0 - core[a373ad73a504971]::panicking::assert_failed::<alloc[2e1b2a31b91974c5]::vec::Vec<alloc[2e1b2a31b91974c5]::string::String>, alloc[2e1b2a31b91974c5]::vec::Vec<&str>>
[INFO] [stdout]   13:     0x64a21b3b1479 - <uu_df[3f8e7a48c239320b]::table::tests::test_output_header::{closure#0} as core[a373ad73a504971]::ops::function::FnOnce<()>>::call_once
[INFO] [stdout]   14:     0x64a21b3c194b - test[aada8e7e76ba119b]::__rust_begin_short_backtrace::<core[a373ad73a504971]::result::Result<(), alloc[2e1b2a31b91974c5]::string::String>, fn() -> core[a373ad73a504971]::result::Result<(), alloc[2e1b2a31b91974c5]::string::String>>
[INFO] [stdout]   15:     0x64a21b3ceb25 - test[aada8e7e76ba119b]::run_test::{closure#0}
[INFO] [stdout]   16:     0x64a21b3c8414 - std[617be2ca0a6fd877]::sys::backtrace::__rust_begin_short_backtrace::<test[aada8e7e76ba119b]::run_test::{closure#1}, ()>
[INFO] [stdout]   17:     0x64a21b3d1bb2 - <std[617be2ca0a6fd877]::thread::lifecycle::spawn_unchecked<test[aada8e7e76ba119b]::run_test::{closure#1}, ()>::{closure#1} as core[a373ad73a504971]::ops::function::FnOnce<()>>::call_once::{shim:vtable#0}
[INFO] [stdout]   18:     0x64a21b46c0cf - <std[617be2ca0a6fd877]::sys::thread::unix::Thread>::new::thread_start
[INFO] [stdout]   19:     0x74d29146adfa - <unknown>
[INFO] [stdout]   20:     0x74d2914fe3d4 - clone
[INFO] [stdout]   21:                0x0 - <unknown>
[INFO] [stdout] 
[INFO] [stdout] ---- table::tests::test_human_readable_header stdout ----
[INFO] [stdout] 
[INFO] [stdout] thread 'table::tests::test_human_readable_header' (1673) panicked at src/table.rs:721:9:
[INFO] [stdout] assertion `left == right` failed
[INFO] [stdout]   left: ["df-header-filesystem", "df-header-size", "df-header-used", "df-header-avail", "df-header-use-percent", "df-header-mounted-on"]
[INFO] [stdout]  right: ["Filesystem", "Size", "Used", "Avail", "Use%", "Mounted on"]
[INFO] [stdout] stack backtrace:
[INFO] [stdout]    0:     0x64a21b46cbd1 - <<std[617be2ca0a6fd877]::sys::backtrace::BacktraceLock>::print::DisplayBacktrace as core[a373ad73a504971]::fmt::Display>::fmt
[INFO] [stdout]    1:     0x64a21b48246a - core[a373ad73a504971]::fmt::write
[INFO] [stdout]    2:     0x64a21b47104c - <alloc[2e1b2a31b91974c5]::vec::Vec<u8> as core[a373ad73a504971]::io::write::Write>::write_fmt
[INFO] [stdout]    3:     0x64a21b4473f6 - std[617be2ca0a6fd877]::panicking::default_hook::{closure#0}
[INFO] [stdout]    4:     0x64a21b464599 - std[617be2ca0a6fd877]::panicking::default_hook
[INFO] [stdout]    5:     0x64a21b3ce500 - test[aada8e7e76ba119b]::test_main_inner::{closure#0}
[INFO] [stdout]    6:     0x64a21b464752 - std[617be2ca0a6fd877]::panicking::panic_with_hook
[INFO] [stdout]    7:     0x64a21b4474a2 - std[617be2ca0a6fd877]::panicking::panic_handler::{closure#0}
[INFO] [stdout]    8:     0x64a21b43fd79 - std[617be2ca0a6fd877]::sys::backtrace::__rust_end_short_backtrace::<std[617be2ca0a6fd877]::panicking::panic_handler::{closure#0}, !>
[INFO] [stdout]    9:     0x64a21b4482cd - __rustc[ea4f61d10b84890b]::rust_begin_unwind
[INFO] [stdout]   10:     0x64a21b482b9c - core[a373ad73a504971]::panicking::panic_fmt
[INFO] [stdout]   11:     0x64a21b482ab3 - core[a373ad73a504971]::panicking::assert_failed_inner
[INFO] [stdout]   12:     0x64a21b3c01a0 - core[a373ad73a504971]::panicking::assert_failed::<alloc[2e1b2a31b91974c5]::vec::Vec<alloc[2e1b2a31b91974c5]::string::String>, alloc[2e1b2a31b91974c5]::vec::Vec<&str>>
[INFO] [stdout]   13:     0x64a21b3b28e7 - <uu_df[3f8e7a48c239320b]::table::tests::test_human_readable_header::{closure#0} as core[a373ad73a504971]::ops::function::FnOnce<()>>::call_once
[INFO] [stdout]   14:     0x64a21b3c194b - test[aada8e7e76ba119b]::__rust_begin_short_backtrace::<core[a373ad73a504971]::result::Result<(), alloc[2e1b2a31b91974c5]::string::String>, fn() -> core[a373ad73a504971]::result::Result<(), alloc[2e1b2a31b91974c5]::string::String>>
[INFO] [stdout]   15:     0x64a21b3ceb25 - test[aada8e7e76ba119b]::run_test::{closure#0}
[INFO] [stdout]   16:     0x64a21b3c8414 - std[617be2ca0a6fd877]::sys::backtrace::__rust_begin_short_backtrace::<test[aada8e7e76ba119b]::run_test::{closure#1}, ()>
[INFO] [stdout]   17:     0x64a21b3d1bb2 - <std[617be2ca0a6fd877]::thread::lifecycle::spawn_unchecked<test[aada8e7e76ba119b]::run_test::{closure#1}, ()>::{closure#1} as core[a373ad73a504971]::ops::function::FnOnce<()>>::call_once::{shim:vtable#0}
[INFO] [stdout]   18:     0x64a21b46c0cf - <std[617be2ca0a6fd877]::sys::thread::unix::Thread>::new::thread_start
[INFO] [stdout]   19:     0x74d29146adfa - <unknown>
[INFO] [stdout]   20:     0x74d2914fe3d4 - clone
[INFO] [stdout]   21:                0x0 - <unknown>
[INFO] [stdout] 
[INFO] [stdout] ---- table::tests::test_header_with_inodes stdout ----
[INFO] [stdout] 
[INFO] [stdout] thread 'table::tests::test_header_with_inodes' (1672) panicked at src/table.rs:681:9:
[INFO] [stdout] assertion `left == right` failed
[INFO] [stdout]   left: ["df-header-filesystem", "df-header-inodes", "df-header-iused", "df-header-iavail", "df-header-iuse-percent", "df-header-mounted-on"]
[INFO] [stdout]  right: ["Filesystem", "Inodes", "IUsed", "IFree", "IUse%", "Mounted on"]
[INFO] [stdout] stack backtrace:
[INFO] [stdout]    0:     0x64a21b46cbd1 - <<std[617be2ca0a6fd877]::sys::backtrace::BacktraceLock>::print::DisplayBacktrace as core[a373ad73a504971]::fmt::Display>::fmt
[INFO] [stdout]    1:     0x64a21b48246a - core[a373ad73a504971]::fmt::write
[INFO] [stdout]    2:     0x64a21b47104c - <alloc[2e1b2a31b91974c5]::vec::Vec<u8> as core[a373ad73a504971]::io::write::Write>::write_fmt
[INFO] [stdout]    3:     0x64a21b4473f6 - std[617be2ca0a6fd877]::panicking::default_hook::{closure#0}
[INFO] [stdout]    4:     0x64a21b464599 - std[617be2ca0a6fd877]::panicking::default_hook
[INFO] [stdout]    5:     0x64a21b3ce500 - test[aada8e7e76ba119b]::test_main_inner::{closure#0}
[INFO] [stdout]    6:     0x64a21b464752 - std[617be2ca0a6fd877]::panicking::panic_with_hook
[INFO] [stdout]    7:     0x64a21b4474a2 - std[617be2ca0a6fd877]::panicking::panic_handler::{closure#0}
[INFO] [stdout]    8:     0x64a21b43fd79 - std[617be2ca0a6fd877]::sys::backtrace::__rust_end_short_backtrace::<std[617be2ca0a6fd877]::panicking::panic_handler::{closure#0}, !>
[INFO] [stdout]    9:     0x64a21b4482cd - __rustc[ea4f61d10b84890b]::rust_begin_unwind
[INFO] [stdout]   10:     0x64a21b482b9c - core[a373ad73a504971]::panicking::panic_fmt
[INFO] [stdout]   11:     0x64a21b482ab3 - core[a373ad73a504971]::panicking::assert_failed_inner
[INFO] [stdout]   12:     0x64a21b3c01a0 - core[a373ad73a504971]::panicking::assert_failed::<alloc[2e1b2a31b91974c5]::vec::Vec<alloc[2e1b2a31b91974c5]::string::String>, alloc[2e1b2a31b91974c5]::vec::Vec<&str>>
[INFO] [stdout]   13:     0x64a21b3b20b3 - <uu_df[3f8e7a48c239320b]::table::tests::test_header_with_inodes::{closure#0} as core[a373ad73a504971]::ops::function::FnOnce<()>>::call_once
[INFO] [stdout]   14:     0x64a21b3c194b - test[aada8e7e76ba119b]::__rust_begin_short_backtrace::<core[a373ad73a504971]::result::Result<(), alloc[2e1b2a31b91974c5]::string::String>, fn() -> core[a373ad73a504971]::result::Result<(), alloc[2e1b2a31b91974c5]::string::String>>
[INFO] [stdout]   15:     0x64a21b3ceb25 - test[aada8e7e76ba119b]::run_test::{closure#0}
[INFO] [stdout]   16:     0x64a21b3c8414 - std[617be2ca0a6fd877]::sys::backtrace::__rust_begin_short_backtrace::<test[aada8e7e76ba119b]::run_test::{closure#1}, ()>
[INFO] [stdout]   17:     0x64a21b3d1bb2 - <std[617be2ca0a6fd877]::thread::lifecycle::spawn_unchecked<test[aada8e7e76ba119b]::run_test::{closure#1}, ()>::{closure#1} as core[a373ad73a504971]::ops::function::FnOnce<()>>::call_once::{shim:vtable#0}
[INFO] [stdout]   18:     0x64a21b46c0cf - <std[617be2ca0a6fd877]::sys::thread::unix::Thread>::new::thread_start
[INFO] [stdout]   19:     0x74d29146adfa - <unknown>
[INFO] [stdout]   20:     0x74d2914fe3d4 - clone
[INFO] [stdout]   21:                0x0 - <unknown>
[INFO] [stdout] 
[INFO] [stdout] ---- table::tests::test_posix_portability_header stdout ----
[INFO] [stdout] 
[INFO] [stdout] thread 'table::tests::test_posix_portability_header' (1675) panicked at src/table.rs:734:9:
[INFO] [stdout] assertion `left == right` failed
[INFO] [stdout]   left: ["df-header-filesystem", "1024df-blocks-suffix", "df-header-used", "df-header-available", "df-header-capacity", "df-header-mounted-on"]
[INFO] [stdout]  right: ["Filesystem", "1024-blocks", "Used", "Available", "Capacity", "Mounted on"]
[INFO] [stdout] stack backtrace:
[INFO] [stdout]    0:     0x64a21b46cbd1 - <<std[617be2ca0a6fd877]::sys::backtrace::BacktraceLock>::print::DisplayBacktrace as core[a373ad73a504971]::fmt::Display>::fmt
[INFO] [stdout]    1:     0x64a21b48246a - core[a373ad73a504971]::fmt::write
[INFO] [stdout]    2:     0x64a21b47104c - <alloc[2e1b2a31b91974c5]::vec::Vec<u8> as core[a373ad73a504971]::io::write::Write>::write_fmt
[INFO] [stdout]    3:     0x64a21b4473f6 - std[617be2ca0a6fd877]::panicking::default_hook::{closure#0}
[INFO] [stdout]    4:     0x64a21b464599 - std[617be2ca0a6fd877]::panicking::default_hook
[INFO] [stdout]    5:     0x64a21b3ce500 - test[aada8e7e76ba119b]::test_main_inner::{closure#0}
[INFO] [stdout]    6:     0x64a21b464752 - std[617be2ca0a6fd877]::panicking::panic_with_hook
[INFO] [stdout]    7:     0x64a21b4474a2 - std[617be2ca0a6fd877]::panicking::panic_handler::{closure#0}
[INFO] [stdout]    8:     0x64a21b43fd79 - std[617be2ca0a6fd877]::sys::backtrace::__rust_end_short_backtrace::<std[617be2ca0a6fd877]::panicking::panic_handler::{closure#0}, !>
[INFO] [stdout]    9:     0x64a21b4482cd - __rustc[ea4f61d10b84890b]::rust_begin_unwind
[INFO] [stdout]   10:     0x64a21b482b9c - core[a373ad73a504971]::panicking::panic_fmt
[INFO] [stdout]   11:     0x64a21b482ab3 - core[a373ad73a504971]::panicking::assert_failed_inner
[INFO] [stdout]   12:     0x64a21b3c01a0 - core[a373ad73a504971]::panicking::assert_failed::<alloc[2e1b2a31b91974c5]::vec::Vec<alloc[2e1b2a31b91974c5]::string::String>, alloc[2e1b2a31b91974c5]::vec::Vec<&str>>
[INFO] [stdout]   13:     0x64a21b3b2c9e - <uu_df[3f8e7a48c239320b]::table::tests::test_posix_portability_header::{closure#0} as core[a373ad73a504971]::ops::function::FnOnce<()>>::call_once
[INFO] [stdout]   14:     0x64a21b3c194b - test[aada8e7e76ba119b]::__rust_begin_short_backtrace::<core[a373ad73a504971]::result::Result<(), alloc[2e1b2a31b91974c5]::string::String>, fn() -> core[a373ad73a504971]::result::Result<(), alloc[2e1b2a31b91974c5]::string::String>>
[INFO] [stdout]   15:     0x64a21b3ceb25 - test[aada8e7e76ba119b]::run_test::{closure#0}
[INFO] [stdout]   16:     0x64a21b3c8414 - std[617be2ca0a6fd877]::sys::backtrace::__rust_begin_short_backtrace::<test[aada8e7e76ba119b]::run_test::{closure#1}, ()>
[INFO] [stdout]   17:     0x64a21b3d1bb2 - <std[617be2ca0a6fd877]::thread::lifecycle::spawn_unchecked<test[aada8e7e76ba119b]::run_test::{closure#1}, ()>::{closure#1} as core[a373ad73a504971]::ops::function::FnOnce<()>>::call_once::{shim:vtable#0}
[INFO] [stdout]   18:     0x64a21b46c0cf - <std[617be2ca0a6fd877]::sys::thread::unix::Thread>::new::thread_start
[INFO] [stdout]   19:     0x74d29146adfa - <unknown>
[INFO] [stdout]   20:     0x74d2914fe3d4 - clone
[INFO] [stdout]   21:                0x0 - <unknown>
[INFO] [stdout] 
[INFO] [stdout] ---- table::tests::test_table_column_width_non_unicode stdout ----
[INFO] [stdout] 
[INFO] [stdout] thread 'table::tests::test_table_column_width_non_unicode' (1687) panicked at src/table.rs:1132:9:
[INFO] [stdout] assertion `left == right` failed: Comparison failed, lossy data for reference:
[INFO] [stdout] df-header-filesystem df-header-mounted-on df-header-inodes
[INFO] [stdout] none                 /usr/lib/w�l/drivers      99999999999
[INFO] [stdout] 
[INFO] [stdout] 
[INFO] [stdout]   left: [100, 102, 45, 104, 101, 97, 100, 101, 114, 45, 102, 105, 108, 101, 115, 121, 115, 116, 101, 109, 32, 100, 102, 45, 104, 101, 97, 100, 101, 114, 45, 109, 111, 117, 110, 116, 101, 100, 45, 111, 110, 32, 100, 102, 45, 104, 101, 97, 100, 101, 114, 45, 105, 110, 111, 100, 101, 115, 10, 110, 111, 110, 101, 32, 32, 32, 32, 32, 32, 32, 32, 32, 32, 32, 32, 32, 32, 32, 32, 32, 47, 117, 115, 114, 47, 108, 105, 98, 47, 119, 243, 108, 47, 100, 114, 105, 118, 101, 114, 115, 32, 32, 32, 32, 32, 32, 57, 57, 57, 57, 57, 57, 57, 57, 57, 57, 57, 10]
[INFO] [stdout]  right: [70, 105, 108, 101, 115, 121, 115, 116, 101, 109, 32, 32, 32, 32, 32, 77, 111, 117, 110, 116, 101, 100, 32, 111, 110, 32, 32, 32, 32, 32, 32, 32, 32, 32, 32, 32, 32, 32, 32, 32, 32, 73, 110, 111, 100, 101, 115, 10, 110, 111, 110, 101, 32, 32, 32, 32, 32, 32, 32, 32, 32, 32, 32, 47, 117, 115, 114, 47, 108, 105, 98, 47, 119, 243, 108, 47, 100, 114, 105, 118, 101, 114, 115, 32, 57, 57, 57, 57, 57, 57, 57, 57, 57, 57, 57, 10]
[INFO] [stdout] stack backtrace:
[INFO] [stdout]    0:     0x64a21b46cbd1 - <<std[617be2ca0a6fd877]::sys::backtrace::BacktraceLock>::print::DisplayBacktrace as core[a373ad73a504971]::fmt::Display>::fmt
[INFO] [stdout]    1:     0x64a21b48246a - core[a373ad73a504971]::fmt::write
[INFO] [stdout]    2:     0x64a21b47104c - <alloc[2e1b2a31b91974c5]::vec::Vec<u8> as core[a373ad73a504971]::io::write::Write>::write_fmt
[INFO] [stdout]    3:     0x64a21b4473f6 - std[617be2ca0a6fd877]::panicking::default_hook::{closure#0}
[INFO] [stdout]    4:     0x64a21b464599 - std[617be2ca0a6fd877]::panicking::default_hook
[INFO] [stdout]    5:     0x64a21b3ce500 - test[aada8e7e76ba119b]::test_main_inner::{closure#0}
[INFO] [stdout]    6:     0x64a21b464752 - std[617be2ca0a6fd877]::panicking::panic_with_hook
[INFO] [stdout]    7:     0x64a21b4474a2 - std[617be2ca0a6fd877]::panicking::panic_handler::{closure#0}
[INFO] [stdout]    8:     0x64a21b43fd79 - std[617be2ca0a6fd877]::sys::backtrace::__rust_end_short_backtrace::<std[617be2ca0a6fd877]::panicking::panic_handler::{closure#0}, !>
[INFO] [stdout]    9:     0x64a21b4482cd - __rustc[ea4f61d10b84890b]::rust_begin_unwind
[INFO] [stdout]   10:     0x64a21b482b9c - core[a373ad73a504971]::panicking::panic_fmt
[INFO] [stdout]   11:     0x64a21b482b13 - core[a373ad73a504971]::panicking::assert_failed_inner
[INFO] [stdout]   12:     0x64a21b3c020e - core[a373ad73a504971]::panicking::assert_failed::<alloc[2e1b2a31b91974c5]::vec::Vec<u8>, &[u8; 96usize]>
[INFO] [stdout]   13:     0x64a21b3b4536 - <uu_df[3f8e7a48c239320b]::table::tests::test_table_column_width_non_unicode::{closure#0} as core[a373ad73a504971]::ops::function::FnOnce<()>>::call_once
[INFO] [stdout]   14:     0x64a21b3c194b - test[aada8e7e76ba119b]::__rust_begin_short_backtrace::<core[a373ad73a504971]::result::Result<(), alloc[2e1b2a31b91974c5]::string::String>, fn() -> core[a373ad73a504971]::result::Result<(), alloc[2e1b2a31b91974c5]::string::String>>
[INFO] [stdout]   15:     0x64a21b3ceb25 - test[aada8e7e76ba119b]::run_test::{closure#0}
[INFO] [stdout]   16:     0x64a21b3c8414 - std[617be2ca0a6fd877]::sys::backtrace::__rust_begin_short_backtrace::<test[aada8e7e76ba119b]::run_test::{closure#1}, ()>
[INFO] [stdout]   17:     0x64a21b3d1bb2 - <std[617be2ca0a6fd877]::thread::lifecycle::spawn_unchecked<test[aada8e7e76ba119b]::run_test::{closure#1}, ()>::{closure#1} as core[a373ad73a504971]::ops::function::FnOnce<()>>::call_once::{shim:vtable#0}
[INFO] [stdout]   18:     0x64a21b46c0cf - <std[617be2ca0a6fd877]::sys::thread::unix::Thread>::new::thread_start
[INFO] [stdout]   19:     0x74d29146adfa - <unknown>
[INFO] [stdout]   20:     0x74d2914fe3d4 - clone
[INFO] [stdout]   21:                0x0 - <unknown>
[INFO] [stdout] 
[INFO] [stdout] ---- table::tests::test_table_column_width_computation_include_total_row stdout ----
[INFO] [stdout] 
[INFO] [stdout] thread 'table::tests::test_table_column_width_computation_include_total_row' (1686) panicked at src/table.rs:1068:9:
[INFO] [stdout] assertion `left == right` failed
[INFO] [stdout]   left: "df-header-filesystem df-header-inodes df-header-iused df-header-iavail\nnone                      99999999999     99999000000           999999\nnone                      99999999999     99999000000           999999\ndf-total                 199999999998    199998000000          1999998\n"
[INFO] [stdout]  right: "Filesystem           Inodes        IUsed   IFree\nnone            99999999999  99999000000  999999\nnone            99999999999  99999000000  999999\ntotal          199999999998 199998000000 1999998\n"
[INFO] [stdout] stack backtrace:
[INFO] [stdout]    0:     0x64a21b46cbd1 - <<std[617be2ca0a6fd877]::sys::backtrace::BacktraceLock>::print::DisplayBacktrace as core[a373ad73a504971]::fmt::Display>::fmt
[INFO] [stdout]    1:     0x64a21b48246a - core[a373ad73a504971]::fmt::write
[INFO] [stdout]    2:     0x64a21b47104c - <alloc[2e1b2a31b91974c5]::vec::Vec<u8> as core[a373ad73a504971]::io::write::Write>::write_fmt
[INFO] [stdout]    3:     0x64a21b4473f6 - std[617be2ca0a6fd877]::panicking::default_hook::{closure#0}
[INFO] [stdout]    4:     0x64a21b464599 - std[617be2ca0a6fd877]::panicking::default_hook
[INFO] [stdout]    5:     0x64a21b3ce500 - test[aada8e7e76ba119b]::test_main_inner::{closure#0}
[INFO] [stdout]    6:     0x64a21b464752 - std[617be2ca0a6fd877]::panicking::panic_with_hook
[INFO] [stdout]    7:     0x64a21b4474a2 - std[617be2ca0a6fd877]::panicking::panic_handler::{closure#0}
[INFO] [stdout]    8:     0x64a21b43fd79 - std[617be2ca0a6fd877]::sys::backtrace::__rust_end_short_backtrace::<std[617be2ca0a6fd877]::panicking::panic_handler::{closure#0}, !>
[INFO] [stdout]    9:     0x64a21b4482cd - __rustc[ea4f61d10b84890b]::rust_begin_unwind
[INFO] [stdout]   10:     0x64a21b482b9c - core[a373ad73a504971]::panicking::panic_fmt
[INFO] [stdout]   11:     0x64a21b482ab3 - core[a373ad73a504971]::panicking::assert_failed_inner
[INFO] [stdout]   12:     0x64a21b3c0245 - core[a373ad73a504971]::panicking::assert_failed::<alloc[2e1b2a31b91974c5]::borrow::Cow<str>, &str>
[INFO] [stdout]   13:     0x64a21b3b6d62 - <uu_df[3f8e7a48c239320b]::table::tests::test_table_column_width_computation_include_total_row::{closure#0} as core[a373ad73a504971]::ops::function::FnOnce<()>>::call_once
[INFO] [stdout]   14:     0x64a21b3c194b - test[aada8e7e76ba119b]::__rust_begin_short_backtrace::<core[a373ad73a504971]::result::Result<(), alloc[2e1b2a31b91974c5]::string::String>, fn() -> core[a373ad73a504971]::result::Result<(), alloc[2e1b2a31b91974c5]::string::String>>
[INFO] [stdout]   15:     0x64a21b3ceb25 - test[aada8e7e76ba119b]::run_test::{closure#0}
[INFO] [stdout]   16:     0x64a21b3c8414 - std[617be2ca0a6fd877]::sys::backtrace::__rust_begin_short_backtrace::<test[aada8e7e76ba119b]::run_test::{closure#1}, ()>
[INFO] [stdout]   17:     0x64a21b3d1bb2 - <std[617be2ca0a6fd877]::thread::lifecycle::spawn_unchecked<test[aada8e7e76ba119b]::run_test::{closure#1}, ()>::{closure#1} as core[a373ad73a504971]::ops::function::FnOnce<()>>::call_once::{shim:vtable#0}
[INFO] [stdout]   18:     0x64a21b46c0cf - <std[617be2ca0a6fd877]::sys::thread::unix::Thread>::new::thread_start
[INFO] [stdout]   19:     0x74d29146adfa - <unknown>
[INFO] [stdout]   20:     0x74d2914fe3d4 - clone
[INFO] [stdout]   21:                0x0 - <unknown>
[INFO] [stdout] 
[INFO] [stdout] 
[INFO] [stdout] failures:
[INFO] [stdout]     table::tests::test_default_header
[INFO] [stdout]     table::tests::test_header_with_block_size_1024
[INFO] [stdout]     table::tests::test_header_with_fs_type
[INFO] [stdout]     table::tests::test_header_with_inodes
[INFO] [stdout]     table::tests::test_human_readable_header
[INFO] [stdout]     table::tests::test_output_header
[INFO] [stdout]     table::tests::test_posix_portability_header
[INFO] [stdout]     table::tests::test_table_column_width_computation_include_total_row
[INFO] [stdout]     table::tests::test_table_column_width_non_unicode
[INFO] [stdout] 
[INFO] [stdout] test result: FAILED. 47 passed; 9 failed; 0 ignored; 0 measured; 0 filtered out; finished in 0.05s
[INFO] [stdout] 
[INFO] running `Command { std: "docker" "inspect" "34ed3f77443573b44742fe2151eacaa4d06d2fed7796b6bf82fff98806c4f3ec", kill_on_drop: false }`
[INFO] running `Command { std: "docker" "rm" "-f" "34ed3f77443573b44742fe2151eacaa4d06d2fed7796b6bf82fff98806c4f3ec", kill_on_drop: false }`
[INFO] [stdout] 34ed3f77443573b44742fe2151eacaa4d06d2fed7796b6bf82fff98806c4f3ec
