[INFO] fetching crate utoipa-redoc 7.0.0...
[INFO] testing utoipa-redoc-7.0.0 against 1.100.0-beta.1+cargoflags=--release for beta-release-1.100-2
[INFO] extracting crate utoipa-redoc 7.0.0 into /workspace/builds/worker-3-tc2/source
[INFO] started tweaking crates.io crate utoipa-redoc 7.0.0
[INFO] finished tweaking crates.io crate utoipa-redoc 7.0.0
[INFO] tweaked toml for crates.io crate utoipa-redoc 7.0.0 written to /workspace/builds/worker-3-tc2/source/Cargo.toml
[INFO] validating manifest of crates.io crate utoipa-redoc 7.0.0 on toolchain 1.100.0-beta.1
[INFO] running `Command { std: CARGO_HOME="/workspace/cargo-home" RUSTUP_HOME="/workspace/rustup-home" "/workspace/cargo-home/bin/cargo" "+1.100.0-beta.1" "metadata" "--manifest-path" "Cargo.toml" "--no-deps", kill_on_drop: false }`
[INFO] crate crates.io crate utoipa-redoc 7.0.0 already has a lockfile, it will not be regenerated
[INFO] running `Command { std: CARGO_HOME="/workspace/cargo-home" RUSTUP_HOME="/workspace/rustup-home" "/workspace/cargo-home/bin/cargo" "+1.100.0-beta.1" "fetch" "--manifest-path" "Cargo.toml", kill_on_drop: false }`
[INFO] running `Command { std: "docker" "create" "-v" "/var/lib/crater-agent-workspace/builds/worker-3-tc2/source:/opt/rustwide/workdir:ro,Z" "-v" "/var/lib/crater-agent-workspace/builds/worker-3-tc2/target:/opt/rustwide/target:rw,Z" "-v" "/var/lib/crater-agent-workspace/cargo-home:/opt/rustwide/cargo-home:ro,Z" "-v" "/var/lib/crater-agent-workspace/rustup-home:/opt/rustwide/rustup-home:ro,Z" "-m" "1610612736" "--network" "none" "ghcr.io/rust-lang/crates-build-env/linux@sha256:77db811e55d90add9212f6832c23229e3de5f1c1f9905e8cb07319ea15df73ac" "sleep" "infinity", kill_on_drop: false }`
[INFO] [stdout] cc91450097dce0bf1532fe3ddc5aa000d8474141ca20f0f19483aedfb363ee72
[INFO] running `Command { std: "docker" "start" "cc91450097dce0bf1532fe3ddc5aa000d8474141ca20f0f19483aedfb363ee72", kill_on_drop: false }`
[INFO] running `Command { std: "docker" "inspect" "cc91450097dce0bf1532fe3ddc5aa000d8474141ca20f0f19483aedfb363ee72", kill_on_drop: false }`
[INFO] running `Command { std: "docker" "exec" "-e" "SOURCE_DIR=/opt/rustwide/workdir" "-e" "CARGO_HOME=/opt/rustwide/cargo-home" "-e" "RUSTUP_HOME=/opt/rustwide/rustup-home" "-e" "CARGO_TARGET_DIR=/opt/rustwide/target" "-w" "/opt/rustwide/workdir" "--user" "0:0" "cc91450097dce0bf1532fe3ddc5aa000d8474141ca20f0f19483aedfb363ee72" "/opt/rustwide/cargo-home/bin/cargo" "+1.100.0-beta.1" "metadata" "--no-deps" "--format-version=1", kill_on_drop: false }`
[INFO] running `Command { std: "docker" "inspect" "cc91450097dce0bf1532fe3ddc5aa000d8474141ca20f0f19483aedfb363ee72", kill_on_drop: false }`
[INFO] running `Command { std: "docker" "exec" "-e" "SOURCE_DIR=/opt/rustwide/workdir" "-e" "CARGO_HOME=/opt/rustwide/cargo-home" "-e" "RUSTUP_HOME=/opt/rustwide/rustup-home" "-e" "CARGO_TARGET_DIR=/opt/rustwide/target" "-e" "CARGO_INCREMENTAL=0" "-e" "RUST_BACKTRACE=full" "-e" "RUSTFLAGS=--cap-lints=warn" "-e" "RUSTDOCFLAGS=--cap-lints=warn" "-w" "/opt/rustwide/workdir" "--user" "0:0" "cc91450097dce0bf1532fe3ddc5aa000d8474141ca20f0f19483aedfb363ee72" "/opt/rustwide/cargo-home/bin/cargo" "+1.100.0-beta.1" "build" "--frozen" "--message-format=json" "--release", kill_on_drop: false }`
[INFO] [stderr]    Compiling indexmap v2.14.2
[INFO] [stderr]    Compiling utoipa-gen v6.0.0
[INFO] [stderr]    Compiling utoipa v6.0.0
[INFO] [stderr]    Compiling utoipa-redoc v7.0.0 (/opt/rustwide/workdir)
[INFO] [stderr]     Finished `release` profile [optimized] target(s) in 23.50s
[INFO] running `Command { std: "docker" "inspect" "cc91450097dce0bf1532fe3ddc5aa000d8474141ca20f0f19483aedfb363ee72", kill_on_drop: false }`
[INFO] running `Command { std: "docker" "exec" "-e" "SOURCE_DIR=/opt/rustwide/workdir" "-e" "CARGO_HOME=/opt/rustwide/cargo-home" "-e" "RUSTUP_HOME=/opt/rustwide/rustup-home" "-e" "CARGO_TARGET_DIR=/opt/rustwide/target" "-e" "CARGO_INCREMENTAL=0" "-e" "RUST_BACKTRACE=full" "-e" "RUSTFLAGS=--cap-lints=warn" "-e" "RUSTDOCFLAGS=--cap-lints=warn" "-w" "/opt/rustwide/workdir" "--user" "0:0" "cc91450097dce0bf1532fe3ddc5aa000d8474141ca20f0f19483aedfb363ee72" "/opt/rustwide/cargo-home/bin/cargo" "+1.100.0-beta.1" "test" "--frozen" "--no-run" "--message-format=json" "--release", kill_on_drop: false }`
[INFO] [stderr]    Compiling utoipa-redoc v7.0.0 (/opt/rustwide/workdir)
[INFO] [stderr]     Finished `release` profile [optimized] target(s) in 0.31s
[INFO] running `Command { std: "docker" "inspect" "cc91450097dce0bf1532fe3ddc5aa000d8474141ca20f0f19483aedfb363ee72", kill_on_drop: false }`
[INFO] running `Command { std: "docker" "exec" "-e" "SOURCE_DIR=/opt/rustwide/workdir" "-e" "CARGO_HOME=/opt/rustwide/cargo-home" "-e" "RUSTUP_HOME=/opt/rustwide/rustup-home" "-e" "CARGO_TARGET_DIR=/opt/rustwide/target" "-e" "CARGO_INCREMENTAL=0" "-e" "RUST_BACKTRACE=full" "-e" "RUSTFLAGS=--cap-lints=warn" "-e" "RUSTDOCFLAGS=--cap-lints=warn" "-w" "/opt/rustwide/workdir" "--user" "0:0" "cc91450097dce0bf1532fe3ddc5aa000d8474141ca20f0f19483aedfb363ee72" "/opt/rustwide/cargo-home/bin/cargo" "+1.100.0-beta.1" "test" "--frozen" "--release", kill_on_drop: false }`
[INFO] [stderr]     Finished `release` profile [optimized] target(s) in 0.09s
[INFO] [stderr]      Running unittests src/lib.rs (/opt/rustwide/target/release/build/utoipa-redoc/9d629dc675a6f297/out/utoipa_redoc-9d629dc675a6f297)
[INFO] [stdout] 
[INFO] [stdout] running 0 tests
[INFO] [stdout] 
[INFO] [stdout] test result: ok. 0 passed; 0 failed; 0 ignored; 0 measured; 0 filtered out; finished in 0.00s
[INFO] [stdout] 
[INFO] [stderr]    Doc-tests utoipa_redoc
[INFO] [stdout] 
[INFO] [stdout] running 17 tests
[INFO] [stdout] test src/lib.rs - (line 102) - compile ... ok
[INFO] [stdout] test src/lib.rs - (line 118) - compile ... FAILED
[INFO] [stdout] test src/lib.rs - (line 131) - compile ... FAILED
[INFO] [stdout] test src/lib.rs - (line 166) ... ok
[INFO] [stdout] test src/lib.rs - (line 147) - compile ... FAILED
[INFO] [stdout] test src/lib.rs - Config (line 417) - compile ... ok
[INFO] [stdout] test src/lib.rs - Redoc<S>::with_config (line 290) - compile ... ok
[INFO] [stdout] test src/lib.rs - (line 173) ... ok
[INFO] [stdout] test src/lib.rs - FileConfig (line 456) ... ok
[INFO] [stdout] test src/lib.rs - Spec (line 353) - compile ... ok
[INFO] [stdout] test src/lib.rs - Redoc<S>::new (line 276) ... ok
[INFO] [stdout] test src/lib.rs - Spec (line 361) ... ok
[INFO] [stdout] test src/lib.rs - Spec (line 368) ... ok
[INFO] [stdout] test src/lib.rs - (line 70) ... ok
[INFO] [stdout] test src/lib.rs - (line 40) ... ok
[INFO] [stdout] test src/lib.rs - (line 90) ... ok
[INFO] [stdout] test src/lib.rs - Config (line 405) ... ok
[INFO] [stdout] 
[INFO] [stdout] failures:
[INFO] [stdout] 
[INFO] [stdout] ---- src/lib.rs - (line 118) stdout ----
[INFO] [stdout] error[E0432]: unresolved import `utoipa_redoc::Servable`
[INFO] [stdout]    --> src/lib.rs:121:27
[INFO] [stdout]     |
[INFO] [stdout] 121 | use utoipa_redoc::{Redoc, Servable};
[INFO] [stdout]     |                           ^^^^^^^^ no `Servable` in the root
[INFO] [stdout]     |
[INFO] [stdout] note: found an item that was configured out
[INFO] [stdout]    --> src/lib.rs:209:11
[INFO] [stdout]     |
[INFO] [stdout] 204 | #[cfg(any(feature = "actix-web", feature = "rocket", feature = "axum"))]
[INFO] [stdout]     |          ------------------------------------------------------------- the item is gated here
[INFO] [stdout] ...
[INFO] [stdout] 209 | pub trait Servable<S>
[INFO] [stdout]     |           ^^^^^^^^
[INFO] [stdout] 
[INFO] [stdout] error[E0432]: unresolved import `actix_web`
[INFO] [stdout]    --> src/lib.rs:120:5
[INFO] [stdout]     |
[INFO] [stdout] 120 | use actix_web::App;
[INFO] [stdout]     |     ^^^^^^^^^ use of unresolved module or unlinked crate `actix_web`
[INFO] [stdout]     |
[INFO] [stdout]     = help: if you wanted to use a crate named `actix_web`, use `cargo add actix_web` to add it to your `Cargo.toml`
[INFO] [stdout] 
[INFO] [stdout] error[E0599]: no associated function or constant named `with_url` found for struct `Redoc<S>` in the current scope
[INFO] [stdout]    --> src/lib.rs:128:27
[INFO] [stdout]     |
[INFO] [stdout] 128 | App::new().service(Redoc::with_url("/redoc", ApiDoc::openapi()));
[INFO] [stdout]     |                           ^^^^^^^^ associated function or constant not found in `Redoc<_>`
[INFO] [stdout]     |
[INFO] [stdout] note: if you're trying to build a new `Redoc<_>` consider using one of the following associated functions:
[INFO] [stdout]       Redoc::<S>::new
[INFO] [stdout]       Redoc::<S>::with_config
[INFO] [stdout]    --> src/lib.rs:281:5
[INFO] [stdout]     |
[INFO] [stdout] 281 |     pub fn new(openapi: S) -> Self {
[INFO] [stdout]     |     ^^^^^^^^^^^^^^^^^^^^^^^^^^^^^^
[INFO] [stdout] ...
[INFO] [stdout] 295 |     pub fn with_config<C: Config>(openapi: S, config: C) -> Self {
[INFO] [stdout]     |     ^^^^^^^^^^^^^^^^^^^^^^^^^^^^^^^^^^^^^^^^^^^^^^^^^^^^^^^^^^^^
[INFO] [stdout] 
[INFO] [stdout] error: aborting due to 3 previous errors
[INFO] [stdout] 
[INFO] [stdout] Some errors have detailed explanations: E0432, E0599.
[INFO] [stdout] For more information about an error, try `rustc --explain E0432`.
[INFO] [stdout] Couldn't compile the test.
[INFO] [stdout] ---- src/lib.rs - (line 131) stdout ----
[INFO] [stdout] error[E0432]: unresolved import `utoipa_redoc::Servable`
[INFO] [stdout]    --> src/lib.rs:134:27
[INFO] [stdout]     |
[INFO] [stdout] 134 | use utoipa_redoc::{Redoc, Servable};
[INFO] [stdout]     |                           ^^^^^^^^ no `Servable` in the root
[INFO] [stdout]     |
[INFO] [stdout] note: found an item that was configured out
[INFO] [stdout]    --> src/lib.rs:209:11
[INFO] [stdout]     |
[INFO] [stdout] 204 | #[cfg(any(feature = "actix-web", feature = "rocket", feature = "axum"))]
[INFO] [stdout]     |          ------------------------------------------------------------- the item is gated here
[INFO] [stdout] ...
[INFO] [stdout] 209 | pub trait Servable<S>
[INFO] [stdout]     |           ^^^^^^^^
[INFO] [stdout] 
[INFO] [stdout] error[E0432]: unresolved import `rocket`
[INFO] [stdout]    --> src/lib.rs:133:5
[INFO] [stdout]     |
[INFO] [stdout] 133 | use rocket;
[INFO] [stdout]     |     ^^^^^^ no external crate `rocket`
[INFO] [stdout] 
[INFO] [stdout] error[E0599]: no associated function or constant named `with_url` found for struct `Redoc<S>` in the current scope
[INFO] [stdout]    --> src/lib.rs:143:16
[INFO] [stdout]     |
[INFO] [stdout] 143 |         Redoc::with_url("/redoc", ApiDoc::openapi()),
[INFO] [stdout]     |                ^^^^^^^^ associated function or constant not found in `Redoc<_>`
[INFO] [stdout]     |
[INFO] [stdout] note: if you're trying to build a new `Redoc<_>` consider using one of the following associated functions:
[INFO] [stdout]       Redoc::<S>::new
[INFO] [stdout]       Redoc::<S>::with_config
[INFO] [stdout]    --> src/lib.rs:281:5
[INFO] [stdout]     |
[INFO] [stdout] 281 |     pub fn new(openapi: S) -> Self {
[INFO] [stdout]     |     ^^^^^^^^^^^^^^^^^^^^^^^^^^^^^^
[INFO] [stdout] ...
[INFO] [stdout] 295 |     pub fn with_config<C: Config>(openapi: S, config: C) -> Self {
[INFO] [stdout]     |     ^^^^^^^^^^^^^^^^^^^^^^^^^^^^^^^^^^^^^^^^^^^^^^^^^^^^^^^^^^^^
[INFO] [stdout] 
[INFO] [stdout] error: aborting due to 3 previous errors
[INFO] [stdout] 
[INFO] [stdout] Some errors have detailed explanations: E0432, E0599.
[INFO] [stdout] For more information about an error, try `rustc --explain E0432`.
[INFO] [stdout] Couldn't compile the test.
[INFO] [stdout] ---- src/lib.rs - (line 147) stdout ----
[INFO] [stdout] error[E0432]: unresolved import `utoipa_redoc::Servable`
[INFO] [stdout]    --> src/lib.rs:150:27
[INFO] [stdout]     |
[INFO] [stdout] 150 | use utoipa_redoc::{Redoc, Servable};
[INFO] [stdout]     |                           ^^^^^^^^ no `Servable` in the root
[INFO] [stdout]     |
[INFO] [stdout] note: found an item that was configured out
[INFO] [stdout]    --> src/lib.rs:209:11
[INFO] [stdout]     |
[INFO] [stdout] 204 | #[cfg(any(feature = "actix-web", feature = "rocket", feature = "axum"))]
[INFO] [stdout]     |          ------------------------------------------------------------- the item is gated here
[INFO] [stdout] ...
[INFO] [stdout] 209 | pub trait Servable<S>
[INFO] [stdout]     |           ^^^^^^^^
[INFO] [stdout] 
[INFO] [stdout] error[E0432]: unresolved import `axum`
[INFO] [stdout]    --> src/lib.rs:149:5
[INFO] [stdout]     |
[INFO] [stdout] 149 | use axum::Router;
[INFO] [stdout]     |     ^^^^ use of unresolved module or unlinked crate `axum`
[INFO] [stdout]     |
[INFO] [stdout] help: to make use of source file src/axum.rs, use `mod axum` in this file to declare the module
[INFO] [stdout]     |
[INFO] [stdout] 146 + mod axum;
[INFO] [stdout]     |
[INFO] [stdout] 
[INFO] [stdout] error[E0599]: no associated function or constant named `with_url` found for struct `Redoc<S>` in the current scope
[INFO] [stdout]    --> src/lib.rs:162:19
[INFO] [stdout]     |
[INFO] [stdout] 162 |     .merge(Redoc::with_url("/redoc", ApiDoc::openapi()));
[INFO] [stdout]     |                   ^^^^^^^^ associated function or constant not found in `Redoc<_>`
[INFO] [stdout]     |
[INFO] [stdout] note: if you're trying to build a new `Redoc<_>` consider using one of the following associated functions:
[INFO] [stdout]       Redoc::<S>::new
[INFO] [stdout]       Redoc::<S>::with_config
[INFO] [stdout]    --> src/lib.rs:281:5
[INFO] [stdout]     |
[INFO] [stdout] 281 |     pub fn new(openapi: S) -> Self {
[INFO] [stdout]     |     ^^^^^^^^^^^^^^^^^^^^^^^^^^^^^^
[INFO] [stdout] ...
[INFO] [stdout] 295 |     pub fn with_config<C: Config>(openapi: S, config: C) -> Self {
[INFO] [stdout]     |     ^^^^^^^^^^^^^^^^^^^^^^^^^^^^^^^^^^^^^^^^^^^^^^^^^^^^^^^^^^^^
[INFO] [stdout] 
[INFO] [stdout] error: aborting due to 3 previous errors
[INFO] [stdout] 
[INFO] [stdout] Some errors have detailed explanations: E0432, E0599.
[INFO] [stdout] For more information about an error, try `rustc --explain E0432`.
[INFO] [stdout] Couldn't compile the test.
[INFO] [stdout] 
[INFO] [stdout] failures:
[INFO] [stdout]     src/lib.rs - (line 118)
[INFO] [stdout]     src/lib.rs - (line 131)
[INFO] [stdout]     src/lib.rs - (line 147)
[INFO] [stdout] 
[INFO] [stdout] test result: FAILED. 14 passed; 3 failed; 0 ignored; 0 measured; 0 filtered out; finished in 2.72s
[INFO] [stdout] 
[INFO] [stderr] error: doctest failed, to rerun pass `--doc`
[INFO] running `Command { std: "docker" "inspect" "cc91450097dce0bf1532fe3ddc5aa000d8474141ca20f0f19483aedfb363ee72", kill_on_drop: false }`
[INFO] running `Command { std: "docker" "rm" "-f" "cc91450097dce0bf1532fe3ddc5aa000d8474141ca20f0f19483aedfb363ee72", kill_on_drop: false }`
[INFO] [stdout] cc91450097dce0bf1532fe3ddc5aa000d8474141ca20f0f19483aedfb363ee72
