[INFO] fetching crate utmt 0.14.0...
[INFO] testing utmt-0.14.0 against 1.99.0-beta.8+cargoflags=--release for beta-release-1.100-2
[INFO] extracting crate utmt 0.14.0 into /workspace/builds/worker-6-tc1/source
[INFO] started tweaking crates.io crate utmt 0.14.0
[INFO] finished tweaking crates.io crate utmt 0.14.0
[INFO] tweaked toml for crates.io crate utmt 0.14.0 written to /workspace/builds/worker-6-tc1/source/Cargo.toml
[INFO] validating manifest of crates.io crate utmt 0.14.0 on toolchain 1.99.0-beta.8
[INFO] running `Command { std: CARGO_HOME="/workspace/cargo-home" RUSTUP_HOME="/workspace/rustup-home" "/workspace/cargo-home/bin/cargo" "+1.99.0-beta.8" "metadata" "--manifest-path" "Cargo.toml" "--no-deps", kill_on_drop: false }`
[INFO] crate crates.io crate utmt 0.14.0 already has a lockfile, it will not be regenerated
[INFO] running `Command { std: CARGO_HOME="/workspace/cargo-home" RUSTUP_HOME="/workspace/rustup-home" "/workspace/cargo-home/bin/cargo" "+1.99.0-beta.8" "fetch" "--manifest-path" "Cargo.toml", kill_on_drop: false }`
[INFO] [stderr]     Updating crates.io index
[INFO] [stderr]  Downloading crates ...
[INFO] [stderr]   Downloaded termal_proc v4.2.1
[INFO] [stderr]   Downloaded place_macro_proc v1.1.0
[INFO] [stderr]   Downloaded place_macro_core v1.1.0
[INFO] [stderr]   Downloaded minlin v0.3.1
[INFO] [stderr]   Downloaded place_macro v1.1.0
[INFO] [stderr]   Downloaded litrs v0.5.1
[INFO] [stderr]   Downloaded termal_core v4.2.1
[INFO] [stderr]   Downloaded termint v0.9.1
[INFO] [stderr]   Downloaded syn v3.0.8
[INFO] [stderr]   Downloaded termal v4.2.1
[INFO] running `Command { std: "docker" "create" "-v" "/var/lib/crater-agent-workspace/builds/worker-6-tc1/source:/opt/rustwide/workdir:ro,Z" "-v" "/var/lib/crater-agent-workspace/builds/worker-6-tc1/target:/opt/rustwide/target:rw,Z" "-v" "/var/lib/crater-agent-workspace/cargo-home:/opt/rustwide/cargo-home:ro,Z" "-v" "/var/lib/crater-agent-workspace/rustup-home:/opt/rustwide/rustup-home:ro,Z" "-m" "1610612736" "--network" "none" "ghcr.io/rust-lang/crates-build-env/linux@sha256:77db811e55d90add9212f6832c23229e3de5f1c1f9905e8cb07319ea15df73ac" "sleep" "infinity", kill_on_drop: false }`
[INFO] [stdout] 3b5ae32b7c1f869f7c745a89eedaa152e166b728ebb14c02ef2b9ab5e6295d7e
[INFO] running `Command { std: "docker" "start" "3b5ae32b7c1f869f7c745a89eedaa152e166b728ebb14c02ef2b9ab5e6295d7e", kill_on_drop: false }`
[INFO] running `Command { std: "docker" "inspect" "3b5ae32b7c1f869f7c745a89eedaa152e166b728ebb14c02ef2b9ab5e6295d7e", kill_on_drop: false }`
[INFO] running `Command { std: "docker" "exec" "-e" "SOURCE_DIR=/opt/rustwide/workdir" "-e" "CARGO_HOME=/opt/rustwide/cargo-home" "-e" "RUSTUP_HOME=/opt/rustwide/rustup-home" "-e" "CARGO_TARGET_DIR=/opt/rustwide/target" "-w" "/opt/rustwide/workdir" "--user" "0:0" "3b5ae32b7c1f869f7c745a89eedaa152e166b728ebb14c02ef2b9ab5e6295d7e" "/opt/rustwide/cargo-home/bin/cargo" "+1.99.0-beta.8" "metadata" "--no-deps" "--format-version=1", kill_on_drop: false }`
[INFO] running `Command { std: "docker" "inspect" "3b5ae32b7c1f869f7c745a89eedaa152e166b728ebb14c02ef2b9ab5e6295d7e", kill_on_drop: false }`
[INFO] running `Command { std: "docker" "exec" "-e" "SOURCE_DIR=/opt/rustwide/workdir" "-e" "CARGO_HOME=/opt/rustwide/cargo-home" "-e" "RUSTUP_HOME=/opt/rustwide/rustup-home" "-e" "CARGO_TARGET_DIR=/opt/rustwide/target" "-e" "CARGO_INCREMENTAL=0" "-e" "RUST_BACKTRACE=full" "-e" "RUSTFLAGS=--cap-lints=warn" "-e" "RUSTDOCFLAGS=--cap-lints=warn" "-w" "/opt/rustwide/workdir" "--user" "0:0" "3b5ae32b7c1f869f7c745a89eedaa152e166b728ebb14c02ef2b9ab5e6295d7e" "/opt/rustwide/cargo-home/bin/cargo" "+1.99.0-beta.8" "build" "--frozen" "--message-format=json" "--release", kill_on_drop: false }`
[INFO] [stderr]    Compiling unicode-segmentation v1.13.3
[INFO] [stderr]    Compiling litrs v0.5.1
[INFO] [stderr]    Compiling thiserror v2.0.21
[INFO] [stderr]    Compiling litrs v1.0.0
[INFO] [stderr]    Compiling syn v3.0.8
[INFO] [stderr]    Compiling signal-hook v0.3.18
[INFO] [stderr]    Compiling errno v0.3.14
[INFO] [stderr]    Compiling minlin v0.3.1
[INFO] [stderr]    Compiling rustix v1.1.5
[INFO] [stderr]    Compiling signal-hook-registry v1.4.8
[INFO] [stderr]    Compiling parking_lot_core v0.9.12
[INFO] [stderr]    Compiling mio v1.2.4
[INFO] [stderr]    Compiling convert_case v0.8.0
[INFO] [stderr]    Compiling convert_case v0.10.0
[INFO] [stderr]    Compiling getrandom v0.4.3
[INFO] [stderr]    Compiling rand_core v0.10.1
[INFO] [stderr]    Compiling place_macro_core v1.1.0
[INFO] [stderr]    Compiling signal-hook-mio v0.2.5
[INFO] [stderr]    Compiling document-features v0.2.12
[INFO] [stderr]    Compiling castaway v0.2.4
[INFO] [stderr]    Compiling derive_more-impl v2.1.1
[INFO] [stderr]    Compiling parking_lot v0.12.5
[INFO] [stderr]    Compiling place_macro_proc v1.1.0
[INFO] [stderr]    Compiling compact_str v0.9.1
[INFO] [stderr]    Compiling chacha20 v0.10.2
[INFO] [stderr]    Compiling place_macro v1.1.0
[INFO] [stderr]    Compiling rand v0.10.3
[INFO] [stderr]    Compiling derive_more v2.1.1
[INFO] [stderr]    Compiling crossterm v0.29.0
[INFO] [stderr]    Compiling thiserror-impl v2.0.21
[INFO] [stderr]    Compiling termal_core v4.2.1
[INFO] [stderr]    Compiling termal_proc v4.2.1
[INFO] [stderr]    Compiling termal v4.2.1
[INFO] [stderr]    Compiling termint v0.9.1
[INFO] [stderr]    Compiling utmt v0.14.0 (/opt/rustwide/workdir)
[INFO] [stderr]     Finished `release` profile [optimized] target(s) in 25.95s
[INFO] running `Command { std: "docker" "inspect" "3b5ae32b7c1f869f7c745a89eedaa152e166b728ebb14c02ef2b9ab5e6295d7e", kill_on_drop: false }`
[INFO] running `Command { std: "docker" "exec" "-e" "SOURCE_DIR=/opt/rustwide/workdir" "-e" "CARGO_HOME=/opt/rustwide/cargo-home" "-e" "RUSTUP_HOME=/opt/rustwide/rustup-home" "-e" "CARGO_TARGET_DIR=/opt/rustwide/target" "-e" "CARGO_INCREMENTAL=0" "-e" "RUST_BACKTRACE=full" "-e" "RUSTFLAGS=--cap-lints=warn" "-e" "RUSTDOCFLAGS=--cap-lints=warn" "-w" "/opt/rustwide/workdir" "--user" "0:0" "3b5ae32b7c1f869f7c745a89eedaa152e166b728ebb14c02ef2b9ab5e6295d7e" "/opt/rustwide/cargo-home/bin/cargo" "+1.99.0-beta.8" "test" "--frozen" "--no-run" "--message-format=json" "--release", kill_on_drop: false }`
[INFO] [stderr]    Compiling utmt v0.14.0 (/opt/rustwide/workdir)
[INFO] [stdout] warning: unused import: `facility_match_values`
[INFO] [stdout]   --> src/lib.rs:19:84
[INFO] [stdout]    |
[INFO] [stdout] 19 |   use crate::{assert_not_match_values, assert_not_same_slices, assert_same_slices, facility_match_values, repeat};
[INFO] [stdout]    |                                                                                    ^^^^^^^^^^^^^^^^^^^^^
[INFO] [stdout]    |
[INFO] [stdout]    = note: `#[warn(unused_imports)]` (part of `#[warn(unused)]`) on by default
[INFO] [stdout] 
[INFO] [stdout] 
[INFO] [stderr]     Finished `release` profile [optimized] target(s) in 1.00s
[INFO] running `Command { std: "docker" "inspect" "3b5ae32b7c1f869f7c745a89eedaa152e166b728ebb14c02ef2b9ab5e6295d7e", kill_on_drop: false }`
[INFO] running `Command { std: "docker" "exec" "-e" "SOURCE_DIR=/opt/rustwide/workdir" "-e" "CARGO_HOME=/opt/rustwide/cargo-home" "-e" "RUSTUP_HOME=/opt/rustwide/rustup-home" "-e" "CARGO_TARGET_DIR=/opt/rustwide/target" "-e" "CARGO_INCREMENTAL=0" "-e" "RUST_BACKTRACE=full" "-e" "RUSTFLAGS=--cap-lints=warn" "-e" "RUSTDOCFLAGS=--cap-lints=warn" "-w" "/opt/rustwide/workdir" "--user" "0:0" "3b5ae32b7c1f869f7c745a89eedaa152e166b728ebb14c02ef2b9ab5e6295d7e" "/opt/rustwide/cargo-home/bin/cargo" "+1.99.0-beta.8" "test" "--frozen" "--release", kill_on_drop: false }`
[INFO] [stderr] warning: unused import: `facility_match_values`
[INFO] [stderr]   --> src/lib.rs:19:84
[INFO] [stderr]    |
[INFO] [stderr] 19 |   use crate::{assert_not_match_values, assert_not_same_slices, assert_same_slices, facility_match_values, repeat};
[INFO] [stderr]    |                                                                                    ^^^^^^^^^^^^^^^^^^^^^
[INFO] [stderr]    |
[INFO] [stderr]    = note: `#[warn(unused_imports)]` (part of `#[warn(unused)]`) on by default
[INFO] [stderr] 
[INFO] [stderr] warning: `utmt` (lib test) generated 1 warning (run `cargo fix --lib -p utmt --tests` to apply 1 suggestion)
[INFO] [stderr]     Finished `release` profile [optimized] target(s) in 0.11s
[INFO] [stdout] 
[INFO] [stderr]      Running unittests src/lib.rs (/opt/rustwide/target/release/deps/utmt-41cd9afd4b77e29b)
[INFO] [stdout] running 66 tests
[INFO] [stdout] test test::test_assert_all_match_result_fail - should panic ... ok
[INFO] [stdout] test test::test_assert_all_match_result ... ok
[INFO] [stdout] test test::test_assert_all_false_true_panic - should panic ... ok
[INFO] [stdout] test test::test_assert_all_multi ... ok
[INFO] [stdout] test test::test_assert_all_compute_panic - should panic ... ok
[INFO] [stdout] test test::test_assert_all_match_result_with_invalid_arguments - should panic ... ok
[INFO] [stdout] test test::test_assert_all_false_panic - should panic ... ok
[INFO] [stdout] test test::test_assert_all_true ... ok
[INFO] [stdout] test test::test_assert_all_true_false_panic - should panic ... ok
[INFO] [stdout] test test::test_assert_match_natural_result ... ok
[INFO] [stdout] test test::test_assert_match_natural_result_other_type ... ok
[INFO] [stdout] test test::test_assert_match_natural_result_other_type_failed ... ok
[INFO] [stdout] test test::test_assert_match_natural_result_with_failed ... ok
[INFO] [stdout] test test::test_assert_match_option ... ok
[INFO] [stdout] test test::test_assert_match_none ... ok
[INFO] [stdout] test test::test_assert_match_result ... ok
[INFO] [stdout] test test::test_assert_match_result_with_message ... ok
[INFO] [stdout] test test::test_assert_match_values ... ok
[INFO] [stdout] test test::test_assert_match_values_with_chars ... ok
[INFO] [stdout] test test::test_assert_match_values_not_match - should panic ... ok
[INFO] [stdout] test test::test_assert_match_with_specific_error_message ... ok
[INFO] [stdout] test test::test_assert_multi_long_panic - should panic ... ok
[INFO] [stdout] test test::test_assert_none_with_none - should panic ... ok
[INFO] [stdout] test test::test_assert_not_match_none_with_message ... ok
[INFO] [stdout] test test::test_assert_not_match_option ... ok
[INFO] [stdout] test test::test_assert_not_match_result ... ok
[INFO] [stdout] test test::test_assert_not_match_values ... ok
[INFO] [stdout] test test::test_assert_not_match_not_none ... ok
[INFO] [stdout] test test::test_assert_not_match_values_not_match - should panic ... ok
[INFO] [stdout] test test::test_assert_not_match_values_with_chars ... ok
[INFO] [stdout] test test::test_assert_not_none_from_method - should panic ... ok
[INFO] [stdout] test test::test_assert_not_none_valid ... ok
[INFO] [stdout] test test::test_assert_not_same_slices_not_same_size ... ok
[INFO] [stdout] test test::test_assert_none_with_method ... ok
[INFO] [stdout] test test::test_assert_all_match_result_with_arguments ... ok
[INFO] [stdout] test test::test_assert_not_same_slices_same_size ... ok
[INFO] [stdout] test test::test_assert_all_multi_panic - should panic ... ok
[INFO] [stdout] test test::test_assert_same_slices_same_vector ... ok
[INFO] [stdout] test test::test_assert_same_slices_same_reverse_order ... ok
[INFO] [stdout] test test::test_assert_same_slices_same_reverse_order_and_size - should panic ... ok
[INFO] [stdout] test test::test_assert_slices_eq ... ok
[INFO] [stdout] test test::test_assert_slices_eq_direct ... ok
[INFO] [stdout] test test::test_assert_not_same_slices_same_size_not_same_content ... ok
[INFO] [stdout] test test::test_assert_same_slices_same_order_and_size ... ok
[INFO] [stdout] test test::test_assert_slices_eq_with_vector ... ok
[INFO] [stdout] test test::test_assert_not_same_slices_with_same_slices - should panic ... ok
[INFO] [stdout] test test::test_assert_slices_eq_with_string ... ok
[INFO] [stdout] test test::test_assert_slices_eq_with_message - should panic ... ok
[INFO] [stdout] test test::test_assert_slices_eq_not_same_size - should panic ... ok
[INFO] [stdout] test test::test_assert_same_slices_same_message - should panic ... ok
[INFO] [stdout] test test::test_assert_slices_eq_not_equal - should panic ... ok
[INFO] [stdout] test test::test_assert_slices_ne_not_same_content ... ok
[INFO] [stdout] test test::test_assert_slices_ne_not_same_size_reversed ... ok
[INFO] [stdout] test test::test_assert_slices_ne_not_same_size ... ok
[INFO] [stdout] test test::test_random_string ... ok
[INFO] [stdout] test test::test_assert_slices_ne_same_slices - should panic ... ok
[INFO] [stdout] test test::test_assert_same_slices_same_order_not_size - should panic ... ok
[INFO] [stdout] test test::test_random_string_twice_differents ... ok
[INFO] [stdout] test test::test_random_string_length0 ... ok
[INFO] [stdout] test test::test_random_string_verify_length ... ok
[INFO] [stdout] test test::test_repeat_10_repeats ... ok
[INFO] [stdout] test test::test_repeat_zero_repeat ... ok
[INFO] [stdout] test test::test_assert_slices_ne_with_message - should panic ... ok
[INFO] [stdout] test test::test_fail - should panic ... ok
[INFO] [stdout] test test::test_setup_teardown ... FAILED
[INFO] [stdout] test test::test_setup_teardown_file_is_not_exist ... ok
[INFO] [stdout] 
[INFO] [stdout] failures:
[INFO] [stdout] 
[INFO] [stdout] ---- test::test_setup_teardown stdout ----
[INFO] [stdout] 
[INFO] [stdout] thread '<unnamed>' (764) panicked at src/lib.rs:141:43:
[INFO] [stdout] called `Result::unwrap()` on an `Err` value: Os { code: 30, kind: ReadOnlyFilesystem, message: "Read-only file system" }
[INFO] [stdout] stack backtrace:
[INFO] [stdout]    0:     0x57557bc2a881 - <<std[70759c8f55707aa4]::sys::backtrace::BacktraceLock>::print::DisplayBacktrace as core[df12db4294e9bfd3]::fmt::Display>::fmt
[INFO] [stdout]    1:     0x57557bc3ebda - core[df12db4294e9bfd3]::fmt::write
[INFO] [stdout]    2:     0x57557bc2ed1c - <alloc[2182bb758b4b3781]::vec::Vec<u8> as core[df12db4294e9bfd3]::io::write::Write>::write_fmt
[INFO] [stdout]    3:     0x57557bc06c66 - std[70759c8f55707aa4]::panicking::default_hook::{closure#0}
[INFO] [stdout]    4:     0x57557bc22dd9 - std[70759c8f55707aa4]::panicking::default_hook
[INFO] [stdout]    5:     0x57557bbb7840 - test[9d35eded1c95d3be]::test_main_inner::<test[9d35eded1c95d3be]::test_main_static::{closure#0}>::{closure#0}
[INFO] [stdout]    6:     0x57557bc22f92 - std[70759c8f55707aa4]::panicking::panic_with_hook
[INFO] [stdout]    7:     0x57557bc06d12 - std[70759c8f55707aa4]::panicking::panic_handler::{closure#0}
[INFO] [stdout]    8:     0x57557bbff9e9 - std[70759c8f55707aa4]::sys::backtrace::__rust_end_short_backtrace::<std[70759c8f55707aa4]::panicking::panic_handler::{closure#0}, !>
[INFO] [stdout]    9:     0x57557bc0790d - __rustc[8fa7c3cbc660c2b3]::rust_begin_unwind
[INFO] [stdout]   10:     0x57557bc3f30c - core[df12db4294e9bfd3]::panicking::panic_fmt
[INFO] [stdout]   11:     0x57557bc3f0e2 - core[df12db4294e9bfd3]::result::unwrap_failed
[INFO] [stdout]   12:     0x57557bba7b6f - std[70759c8f55707aa4]::sys::backtrace::__rust_begin_short_backtrace::<utmt[2e8ca555b6786bd]::test::test_setup_teardown::{closure#0}, ()>
[INFO] [stdout]   13:     0x57557bbaa171 - <std[70759c8f55707aa4]::thread::lifecycle::spawn_unchecked<utmt[2e8ca555b6786bd]::test::test_setup_teardown::{closure#0}, ()>::{closure#1} as core[df12db4294e9bfd3]::ops::function::FnOnce<()>>::call_once::{shim:vtable#0}
[INFO] [stdout]   14:     0x57557bc2a159 - <std[70759c8f55707aa4]::sys::thread::unix::Thread>::new::thread_start
[INFO] [stdout]   15:     0x7ce9ba482dfa - <unknown>
[INFO] [stdout]   16:     0x7ce9ba5163d4 - clone
[INFO] [stdout]   17:                0x0 - <unknown>
[INFO] [stdout] 
[INFO] [stdout] thread 'test::test_setup_teardown' (763) panicked at src/lib.rs:140:5:
[INFO] [stdout] called `Result::unwrap()` on an `Err` value: Any { .. }
[INFO] [stdout] stack backtrace:
[INFO] [stdout]    0:     0x57557bc2a881 - <<std[70759c8f55707aa4]::sys::backtrace::BacktraceLock>::print::DisplayBacktrace as core[df12db4294e9bfd3]::fmt::Display>::fmt
[INFO] [stdout]    1:     0x57557bc3ebda - core[df12db4294e9bfd3]::fmt::write
[INFO] [stdout]    2:     0x57557bc2ed1c - <alloc[2182bb758b4b3781]::vec::Vec<u8> as core[df12db4294e9bfd3]::io::write::Write>::write_fmt
[INFO] [stdout]    3:     0x57557bc06c66 - std[70759c8f55707aa4]::panicking::default_hook::{closure#0}
[INFO] [stdout]    4:     0x57557bc22dd9 - std[70759c8f55707aa4]::panicking::default_hook
[INFO] [stdout]    5:     0x57557bbb7840 - test[9d35eded1c95d3be]::test_main_inner::<test[9d35eded1c95d3be]::test_main_static::{closure#0}>::{closure#0}
[INFO] [stdout]    6:     0x57557bc22f92 - std[70759c8f55707aa4]::panicking::panic_with_hook
[INFO] [stdout]    7:     0x57557bc06d12 - std[70759c8f55707aa4]::panicking::panic_handler::{closure#0}
[INFO] [stdout]    8:     0x57557bbff9e9 - std[70759c8f55707aa4]::sys::backtrace::__rust_end_short_backtrace::<std[70759c8f55707aa4]::panicking::panic_handler::{closure#0}, !>
[INFO] [stdout]    9:     0x57557bc0790d - __rustc[8fa7c3cbc660c2b3]::rust_begin_unwind
[INFO] [stdout]   10:     0x57557bc3f30c - core[df12db4294e9bfd3]::panicking::panic_fmt
[INFO] [stdout]   11:     0x57557bc3f0e2 - core[df12db4294e9bfd3]::result::unwrap_failed
[INFO] [stdout]   12:     0x57557bba52c5 - utmt[2e8ca555b6786bd]::test::test_setup_teardown
[INFO] [stdout]   13:     0x57557bba8a09 - <utmt[2e8ca555b6786bd]::test::test_setup_teardown::{closure#0} as core[df12db4294e9bfd3]::ops::function::FnOnce<()>>::call_once
[INFO] [stdout]   14:     0x57557bbaab2b - test[9d35eded1c95d3be]::__rust_begin_short_backtrace::<core[df12db4294e9bfd3]::result::Result<(), alloc[2182bb758b4b3781]::string::String>, fn() -> core[df12db4294e9bfd3]::result::Result<(), alloc[2182bb758b4b3781]::string::String>>
[INFO] [stdout]   15:     0x57557bbb8195 - test[9d35eded1c95d3be]::run_test::{closure#0}
[INFO] [stdout]   16:     0x57557bbb1a54 - std[70759c8f55707aa4]::sys::backtrace::__rust_begin_short_backtrace::<test[9d35eded1c95d3be]::run_test::{closure#1}, ()>
[INFO] [stdout]   17:     0x57557bbbb2f2 - <std[70759c8f55707aa4]::thread::lifecycle::spawn_unchecked<test[9d35eded1c95d3be]::run_test::{closure#1}, ()>::{closure#1} as core[df12db4294e9bfd3]::ops::function::FnOnce<()>>::call_once::{shim:vtable#0}
[INFO] [stdout]   18:     0x57557bc2a159 - <std[70759c8f55707aa4]::sys::thread::unix::Thread>::new::thread_start
[INFO] [stdout]   19:     0x7ce9ba482dfa - <unknown>
[INFO] [stdout]   20:     0x7ce9ba5163d4 - clone
[INFO] [stdout]   21:                0x0 - <unknown>
[INFO] [stdout] 
[INFO] [stdout] 
[INFO] [stdout] failures:
[INFO] [stdout]     test::test_setup_teardown
[INFO] [stdout] 
[INFO] [stdout] test result: FAILED. 65 passed; 1 failed; 0 ignored; 0 measured; 0 filtered out; finished in 0.02s
[INFO] [stdout] 
[INFO] [stderr] error: test failed, to rerun pass `--lib`
[INFO] running `Command { std: "docker" "inspect" "3b5ae32b7c1f869f7c745a89eedaa152e166b728ebb14c02ef2b9ab5e6295d7e", kill_on_drop: false }`
[INFO] running `Command { std: "docker" "rm" "-f" "3b5ae32b7c1f869f7c745a89eedaa152e166b728ebb14c02ef2b9ab5e6295d7e", kill_on_drop: false }`
[INFO] [stdout] 3b5ae32b7c1f869f7c745a89eedaa152e166b728ebb14c02ef2b9ab5e6295d7e
