[INFO] fetching crate usnjrnl-forensic 0.8.1...
[INFO] testing usnjrnl-forensic-0.8.1 against 1.99.0-beta.8+cargoflags=--release for beta-release-1.100-2
[INFO] extracting crate usnjrnl-forensic 0.8.1 into /workspace/builds/worker-5-tc1/source
[INFO] removed /workspace/builds/worker-5-tc1/source/rust-toolchain.toml
[INFO] started tweaking crates.io crate usnjrnl-forensic 0.8.1
[INFO] removed 0 missing examples
[INFO] removed 0 missing tests
[INFO] finished tweaking crates.io crate usnjrnl-forensic 0.8.1
[INFO] tweaked toml for crates.io crate usnjrnl-forensic 0.8.1 written to /workspace/builds/worker-5-tc1/source/Cargo.toml
[INFO] validating manifest of crates.io crate usnjrnl-forensic 0.8.1 on toolchain 1.99.0-beta.8
[INFO] running `Command { std: CARGO_HOME="/workspace/cargo-home" RUSTUP_HOME="/workspace/rustup-home" "/workspace/cargo-home/bin/cargo" "+1.99.0-beta.8" "metadata" "--manifest-path" "Cargo.toml" "--no-deps", kill_on_drop: false }`
[INFO] crate crates.io crate usnjrnl-forensic 0.8.1 already has a lockfile, it will not be regenerated
[INFO] running `Command { std: CARGO_HOME="/workspace/cargo-home" RUSTUP_HOME="/workspace/rustup-home" "/workspace/cargo-home/bin/cargo" "+1.99.0-beta.8" "fetch" "--manifest-path" "Cargo.toml", kill_on_drop: false }`
[INFO] [stderr]     Updating crates.io index
[INFO] [stderr]  Downloading crates ...
[INFO] [stderr]   Downloaded shrinkpath v0.1.1
[INFO] [stderr]   Downloaded lznt1 v0.1.3
[INFO] [stderr]   Downloaded ntfs-forensic v0.8.0
[INFO] [stderr]   Downloaded ntfs-core v0.9.0
[INFO] [stderr]   Downloaded sha-1 v0.10.1
[INFO] [stderr]   Downloaded forensicnomicon-core v1.0.0
[INFO] [stderr]   Downloaded ewf v0.3.0
[INFO] [stderr]   Downloaded jiff-static v0.2.29
[INFO] [stderr]   Downloaded forensicnomicon-data v1.0.0
[INFO] [stderr]   Downloaded jiff v0.2.29
[INFO] [stderr]   Downloaded forensicnomicon v1.0.0
[INFO] running `Command { std: "docker" "create" "-v" "/var/lib/crater-agent-workspace/builds/worker-5-tc1/source:/opt/rustwide/workdir:ro,Z" "-v" "/var/lib/crater-agent-workspace/builds/worker-5-tc1/target:/opt/rustwide/target:rw,Z" "-v" "/var/lib/crater-agent-workspace/cargo-home:/opt/rustwide/cargo-home:ro,Z" "-v" "/var/lib/crater-agent-workspace/rustup-home:/opt/rustwide/rustup-home:ro,Z" "-m" "1610612736" "--network" "none" "ghcr.io/rust-lang/crates-build-env/linux@sha256:77db811e55d90add9212f6832c23229e3de5f1c1f9905e8cb07319ea15df73ac" "sleep" "infinity", kill_on_drop: false }`
[INFO] [stdout] bb694015e55a75b141ea7b6c460c725ea79ad5d671cc3abc0bea1c17fb3668f1
[INFO] running `Command { std: "docker" "start" "bb694015e55a75b141ea7b6c460c725ea79ad5d671cc3abc0bea1c17fb3668f1", kill_on_drop: false }`
[INFO] running `Command { std: "docker" "inspect" "bb694015e55a75b141ea7b6c460c725ea79ad5d671cc3abc0bea1c17fb3668f1", kill_on_drop: false }`
[INFO] running `Command { std: "docker" "exec" "-e" "SOURCE_DIR=/opt/rustwide/workdir" "-e" "CARGO_HOME=/opt/rustwide/cargo-home" "-e" "RUSTUP_HOME=/opt/rustwide/rustup-home" "-e" "CARGO_TARGET_DIR=/opt/rustwide/target" "-w" "/opt/rustwide/workdir" "--user" "0:0" "bb694015e55a75b141ea7b6c460c725ea79ad5d671cc3abc0bea1c17fb3668f1" "/opt/rustwide/cargo-home/bin/cargo" "+1.99.0-beta.8" "metadata" "--no-deps" "--format-version=1", kill_on_drop: false }`
[INFO] running `Command { std: "docker" "inspect" "bb694015e55a75b141ea7b6c460c725ea79ad5d671cc3abc0bea1c17fb3668f1", kill_on_drop: false }`
[INFO] running `Command { std: "docker" "exec" "-e" "SOURCE_DIR=/opt/rustwide/workdir" "-e" "CARGO_HOME=/opt/rustwide/cargo-home" "-e" "RUSTUP_HOME=/opt/rustwide/rustup-home" "-e" "CARGO_TARGET_DIR=/opt/rustwide/target" "-e" "CARGO_INCREMENTAL=0" "-e" "RUST_BACKTRACE=full" "-e" "RUSTFLAGS=--cap-lints=warn" "-e" "RUSTDOCFLAGS=--cap-lints=warn" "-w" "/opt/rustwide/workdir" "--user" "0:0" "bb694015e55a75b141ea7b6c460c725ea79ad5d671cc3abc0bea1c17fb3668f1" "/opt/rustwide/cargo-home/bin/cargo" "+1.99.0-beta.8" "build" "--frozen" "--message-format=json" "--release", kill_on_drop: false }`
[INFO] [stderr]    Compiling memchr v2.8.2
[INFO] [stderr]    Compiling serde_derive v1.0.228
[INFO] [stderr]    Compiling zerocopy v0.8.52
[INFO] [stderr]    Compiling once_cell v1.21.4
[INFO] [stderr]    Compiling bitflags v2.13.0
[INFO] [stderr]    Compiling cc v1.2.65
[INFO] [stderr]    Compiling thiserror-impl v2.0.18
[INFO] [stderr]    Compiling pkg-config v0.3.33
[INFO] [stderr]    Compiling rustix v1.1.4
[INFO] [stderr]    Compiling getrandom v0.4.3
[INFO] [stderr]    Compiling anyhow v1.0.103
[INFO] [stderr]    Compiling linux-raw-sys v0.12.1
[INFO] [stderr]    Compiling serde_json v1.0.150
[INFO] [stderr]    Compiling clap_derive v4.6.1
[INFO] [stderr]    Compiling clap_builder v4.6.0
[INFO] [stderr]    Compiling jiff v0.2.29
[INFO] [stderr]    Compiling fastrand v2.4.1
[INFO] [stderr]    Compiling smallvec v1.15.2
[INFO] [stderr]    Compiling fallible-streaming-iterator v0.1.9
[INFO] [stderr]    Compiling fallible-iterator v0.3.0
[INFO] [stderr]    Compiling either v1.16.0
[INFO] [stderr]    Compiling shrinkpath v0.1.1
[INFO] [stderr]    Compiling rayon v1.12.0
[INFO] [stderr]    Compiling libsqlite3-sys v0.30.1
[INFO] [stderr]    Compiling aho-corasick v1.1.4
[INFO] [stderr]    Compiling csv-core v0.1.13
[INFO] [stderr]    Compiling csv v1.4.0
[INFO] [stderr]    Compiling thiserror v2.0.18
[INFO] [stderr]    Compiling lznt1 v0.1.3
[INFO] [stderr]    Compiling regex-automata v0.4.14
[INFO] [stderr]    Compiling tempfile v3.27.0
[INFO] [stderr]    Compiling serde v1.0.228
[INFO] [stderr]    Compiling clap v4.6.1
[INFO] [stderr]    Compiling forensicnomicon-core v1.0.0
[INFO] [stderr]    Compiling chrono v0.4.45
[INFO] [stderr]    Compiling forensicnomicon-data v1.0.0
[INFO] [stderr]    Compiling regex v1.12.4
[INFO] [stderr]    Compiling env_filter v2.0.0
[INFO] [stderr]    Compiling ahash v0.8.12
[INFO] [stderr]    Compiling env_logger v0.11.11
[INFO] [stderr]    Compiling hashbrown v0.14.5
[INFO] [stderr]    Compiling hashlink v0.9.1
[INFO] [stderr]    Compiling forensicnomicon v1.0.0
[INFO] [stderr]    Compiling ntfs-core v0.9.0
[INFO] [stderr]    Compiling ntfs-forensic v0.8.0
[INFO] [stderr]    Compiling rusqlite v0.32.1
[INFO] [stderr]    Compiling usnjrnl-forensic v0.8.1 (/opt/rustwide/workdir)
[INFO] [stderr]     Finished `release` profile [optimized] target(s) in 2m 18s
[INFO] running `Command { std: "docker" "inspect" "bb694015e55a75b141ea7b6c460c725ea79ad5d671cc3abc0bea1c17fb3668f1", kill_on_drop: false }`
[INFO] running `Command { std: "docker" "exec" "-e" "SOURCE_DIR=/opt/rustwide/workdir" "-e" "CARGO_HOME=/opt/rustwide/cargo-home" "-e" "RUSTUP_HOME=/opt/rustwide/rustup-home" "-e" "CARGO_TARGET_DIR=/opt/rustwide/target" "-e" "CARGO_INCREMENTAL=0" "-e" "RUST_BACKTRACE=full" "-e" "RUSTFLAGS=--cap-lints=warn" "-e" "RUSTDOCFLAGS=--cap-lints=warn" "-w" "/opt/rustwide/workdir" "--user" "0:0" "bb694015e55a75b141ea7b6c460c725ea79ad5d671cc3abc0bea1c17fb3668f1" "/opt/rustwide/cargo-home/bin/cargo" "+1.99.0-beta.8" "test" "--frozen" "--no-run" "--message-format=json" "--release", kill_on_drop: false }`
[INFO] [stderr]    Compiling ctor v0.2.9
[INFO] [stderr]    Compiling usnjrnl-forensic v0.8.1 (/opt/rustwide/workdir)
[INFO] [stderr]     Finished `release` profile [optimized] target(s) in 7.97s
[INFO] running `Command { std: "docker" "inspect" "bb694015e55a75b141ea7b6c460c725ea79ad5d671cc3abc0bea1c17fb3668f1", kill_on_drop: false }`
[INFO] running `Command { std: "docker" "exec" "-e" "SOURCE_DIR=/opt/rustwide/workdir" "-e" "CARGO_HOME=/opt/rustwide/cargo-home" "-e" "RUSTUP_HOME=/opt/rustwide/rustup-home" "-e" "CARGO_TARGET_DIR=/opt/rustwide/target" "-e" "CARGO_INCREMENTAL=0" "-e" "RUST_BACKTRACE=full" "-e" "RUSTFLAGS=--cap-lints=warn" "-e" "RUSTDOCFLAGS=--cap-lints=warn" "-w" "/opt/rustwide/workdir" "--user" "0:0" "bb694015e55a75b141ea7b6c460c725ea79ad5d671cc3abc0bea1c17fb3668f1" "/opt/rustwide/cargo-home/bin/cargo" "+1.99.0-beta.8" "test" "--frozen" "--release", kill_on_drop: false }`
[INFO] [stderr]     Finished `release` profile [optimized] target(s) in 0.15s
[INFO] [stderr]      Running unittests src/lib.rs (/opt/rustwide/target/release/deps/usnjrnl_forensic-733e5c74c543e020)
[INFO] [stdout] 
[INFO] [stdout] running 141 tests
[INFO] [stdout] test image::tests::find_ntfs_gpt_protective_but_invalid_gpt_bails ... ok
[INFO] [stdout] test image::tests::find_ntfs_gpt_no_ntfs_partition_bails ... ok
[INFO] [stdout] test image::tests::find_ntfs_partition_direct_ntfs_image ... ok
[INFO] [stdout] test image::tests::find_ntfs_partition_fails_when_no_ntfs ... ok
[INFO] [stdout] test image::tests::detect_format_returns_error_for_nonexistent_file ... ok
[INFO] [stdout] test image::tests::detect_ewf_format_from_magic_bytes ... ok
[INFO] [stdout] test image::tests::detect_raw_format_for_non_ewf_files ... ok
[INFO] [stdout] test image::tests::is_ntfs_at_rejects_non_ntfs ... ok
[INFO] [stdout] test image::tests::parse_gpt_finds_basic_data_partition ... ok
[INFO] [stdout] test image::tests::parse_gpt_rejects_invalid_signature ... ok
[INFO] [stdout] test image::tests::parse_gpt_skips_empty_and_invalid_entries ... ok
[INFO] [stdout] test image::tests::parse_mbr_finds_multiple_partitions ... ok
[INFO] [stdout] test image::tests::parse_mbr_finds_ntfs_partition ... ok
[INFO] [stdout] test image::tests::parse_mbr_skips_empty_entries ... ok
[INFO] [stdout] test image::tests::is_ntfs_at_checks_correct_offset ... ok
[INFO] [stdout] test image::tests::is_ntfs_at_detects_ntfs_boot_sector ... ok
[INFO] [stdout] test image::tests::parse_gpt_rejects_bad_entry_params ... ok
[INFO] [stdout] test image::tests::parse_mbr_rejects_invalid_signature ... ok
[INFO] [stdout] test image::tests::find_ntfs_via_mbr_fallback_non_07_type ... ok
[INFO] [stdout] test image::tests::find_ntfs_partition_via_gpt ... ok
[INFO] [stdout] test monitor::tests::test_monitor_config_accessor ... ok
[INFO] [stdout] test monitor::tests::test_monitor_config_defaults ... ok
[INFO] [stdout] test monitor::tests::test_monitor_detects_journal_wrap ... ok
[INFO] [stdout] test monitor::tests::test_monitor_event_callback ... ok
[INFO] [stdout] test monitor::tests::test_monitor_config_custom ... ok
[INFO] [stdout] test image::unallocated::tests::test_scan_stats_tracking ... ok
[INFO] [stdout] test image::unallocated::tests::test_scan_finds_mft_entries ... ok
[INFO] [stdout] test image::unallocated::tests::test_scan_keeps_different_sequence_mft_entries ... ok
[INFO] [stdout] test image::unallocated::tests::test_scan_chunk_size_zero_uses_default ... ok
[INFO] [stdout] test monitor::tests::test_monitor_handles_corrupt_data ... ok
[INFO] [stdout] test image::tests::find_ntfs_partition_via_mbr ... ok
[INFO] [stdout] test image::tests::find_ntfs_pure_mbr_no_ntfs_bails ... ok
[INFO] [stdout] test image::unallocated::tests::test_scan_chunked_finds_all_records ... ok
[INFO] [stdout] test image::unallocated::tests::test_scan_deduplicates_usn_by_usn_offset ... ok
[INFO] [stdout] test image::unallocated::tests::test_scan_deduplicates_mft_by_entry_and_sequence ... ok
[INFO] [stdout] test image::unallocated::tests::test_scan_empty_partition ... ok
[INFO] [stdout] test monitor::tests::test_monitor_handles_all_garbage_data ... ok
[INFO] [stdout] test image::unallocated::tests::test_scan_finds_usn_records ... ok
[INFO] [stdout] test monitor::tests::test_monitor_handles_empty_read ... ok
[INFO] [stdout] test monitor::tests::test_monitor_handles_read_error ... ok
[INFO] [stdout] test image::tests::find_ntfs_via_mbr_type_07 ... ok
[INFO] [stdout] test image::unallocated::tests::test_scan_partition_larger_than_data_stops_at_eof ... ok
[INFO] [stdout] test monitor::tests::test_monitor_parse_returns_no_records_from_garbage ... ok
[INFO] [stdout] test monitor::tests::test_monitor_last_usn_not_updated_on_wrap ... ok
[INFO] [stdout] test output::csv_output::tests::test_csv_export_record ... ok
[INFO] [stdout] test output::body_output::tests::test_body_flush_on_success ... ok
[INFO] [stdout] test output::body_output::tests::test_body_multiple_records ... ok
[INFO] [stdout] test output::body_output::tests::test_body_empty_input ... ok
[INFO] [stdout] test image::unallocated::tests::test_scan_with_partition_offset ... ok
[INFO] [stdout] test output::body_output::tests::test_body_verifies_all_timestamp_fields ... ok
[INFO] [stdout] test output::body_output::tests::test_body_write_error_immediate_fail ... ok
[INFO] [stdout] test output::body_output::tests::test_body_writeln_format_exact_line ... ok
[INFO] [stdout] test output::report::tests::test_build_report_data_basic ... ok
[INFO] [stdout] test output::body_output::tests::test_body_write_error_propagated ... ok
[INFO] [stdout] test output::json_output::tests::test_jsonl_export ... ok
[INFO] [stdout] test output::report::tests::test_build_report_data_with_mft_timestamps ... ok
[INFO] [stdout] test output::report::tests::test_build_report_data_with_journal_clearing ... ok
[INFO] [stdout] test output::report::tests::test_export_report_error_on_write_failure ... ok
[INFO] [stdout] test monitor::tests::test_monitor_processes_new_data ... ok
[INFO] [stdout] test output::report::tests::test_export_report_produces_html ... ok
[INFO] [stdout] test monitor::tests::test_monitor_tracks_last_usn ... ok
[INFO] [stdout] test output::report::tests::test_extract_extension_edge_cases ... ok
[INFO] [stdout] test output::body_output::tests::test_body_single_record ... ok
[INFO] [stdout] test output::csv_output::tests::test_csv_export_header ... ok
[INFO] [stdout] test output::report::tests::test_build_report_data_with_ghost_records ... ok
[INFO] [stdout] test output::report::tests::test_reason_flags_to_strings_multiple ... ok
[INFO] [stdout] test output::report::tests::test_build_report_data_with_carving_stats ... ok
[INFO] [stdout] test output::report::tests::test_short_path_shortens_deep_windows_path ... ok
[INFO] [stdout] test output::report::tests::test_html_contains_triage_questions ... ok
[INFO] [stdout] test output::report::tests::test_reason_flags_to_strings_empty ... ok
[INFO] [stdout] test output::report::tests::test_export_report_with_mft_data_produces_html ... ok
[INFO] [stdout] test output::report::tests::test_report_empty_records_has_no_time_range ... ok
[INFO] [stdout] test output::report::tests::test_extract_extension ... ok
[INFO] [stdout] test output::report::tests::test_report_source_field_reflects_record_source ... ok
[INFO] [stdout] test output::stats::tests::test_format_reason_stats_mixed_versions ... ok
[INFO] [stdout] test output::stats::tests::test_format_reason_stats_unknown_version ... ok
[INFO] [stdout] test output::report::tests::test_html_contains_story_tab ... ok
[INFO] [stdout] test output::stats::tests::test_format_reason_stats_v3_records ... ok
[INFO] [stdout] test output::stats::tests::test_write_reason_stats ... ok
[INFO] [stdout] test output::report::tests::test_reason_flags_to_strings_single ... ok
[INFO] [stdout] test output::stats::tests::test_write_reason_stats_write_error ... ok
[INFO] [stdout] test output::report::tests::test_report_populates_all_detections ... ok
[INFO] [stdout] test output::report::tests::test_report_triage_recovered_evidence_with_carved_records ... ok
[INFO] [stdout] test output::stats::tests::test_format_reason_stats_sorted_by_count ... ok
[INFO] [stdout] test output::stats::tests::test_format_reason_stats_v2_records ... ok
[INFO] [stdout] test output::report::tests::test_report_record_contains_short_path ... ok
[INFO] [stdout] test output::tln_output::tests::test_tln_write_error_immediate_fail ... ok
[INFO] [stdout] test output::tln_output::tests::test_tln_flush_on_success ... ok
[INFO] [stdout] test output::xml_output::tests::test_xml_dot_first_filename_bashrc ... ok
[INFO] [stdout] test output::tln_output::tests::test_tln_multiple_records ... ok
[INFO] [stdout] test output::tln_output::tests::test_tln_single_record ... ok
[INFO] [stdout] test output::tln_output::tests::test_tln_empty_input ... ok
[INFO] [stdout] test output::tln_output::tests::test_tln_verifies_reason_in_description ... ok
[INFO] [stdout] test output::tln_output::tests::test_tln_writeln_format_exact_line ... ok
[INFO] [stdout] test output::xml_output::tests::test_xml_dot_only_filename ... ok
[INFO] [stdout] test output::xml_output::tests::test_xml_double_extension ... ok
[INFO] [stdout] test output::xml_output::tests::test_xml_empty_input ... ok
[INFO] [stdout] test output::xml_output::tests::test_xml_fail_at_major_version_line65 ... ok
[INFO] [stdout] test output::xml_output::tests::test_xml_fail_at_parent_entry_number_line39 ... ok
[INFO] [stdout] test output::xml_output::tests::test_xml_fail_at_timestamp_line28 ... ok
[INFO] [stdout] test output::xml_output::tests::test_xml_no_extension_filename ... ok
[INFO] [stdout] test output::xml_output::tests::test_xml_filename_ending_with_dot ... ok
[INFO] [stdout] test output::stats::tests::test_format_reason_stats_all_reasons ... ok
[INFO] [stdout] test output::stats::tests::test_format_reason_stats_empty ... ok
[INFO] [stdout] test output::xml_output::tests::test_xml_nonzero_source_and_security ... ok
[INFO] [stdout] test output::xml_output::tests::test_xml_fail_at_sequence_number_line34 ... ok
[INFO] [stdout] test output::xml_output::tests::test_xml_fail_at_file_attributes_line57 ... ok
[INFO] [stdout] test output::xml_output::tests::test_xml_file_without_extension ... ok
[INFO] [stdout] test output::xml_output::tests::test_xml_special_characters_in_filename ... ok
[INFO] [stdout] test output::xml_output::tests::test_xml_multiple_records ... ok
[INFO] [stdout] test output::xml_output::tests::test_xml_single_record ... ok
[INFO] [stdout] test test_log_setup::sink_logger_implements_all_trait_methods ... ok
[INFO] [stdout] test usn::parallel::tests::test_find_first_record_boundary_finds_valid_record ... ok
[INFO] [stdout] test usn::parallel::tests::test_find_first_record_boundary_returns_none_for_all_zeros ... ok
[INFO] [stdout] test usn::parallel::tests::test_find_first_record_boundary_returns_none_for_garbage ... ok
[INFO] [stdout] test usn::parallel::tests::test_is_valid_record_start_invalid_version ... ok
[INFO] [stdout] test usn::parallel::tests::test_is_valid_record_start_nonzero_minor_version ... ok
[INFO] [stdout] test output::xml_output::tests::test_xml_write_error_propagated ... ok
[INFO] [stdout] test usn::parallel::tests::test_is_valid_record_start_too_large_length ... ok
[INFO] [stdout] test usn::parallel::tests::test_is_valid_record_start_too_small_length ... ok
[INFO] [stdout] test usn::parallel::tests::test_find_first_record_boundary_returns_none_for_short_data ... ok
[INFO] [stdout] test usn::parallel::tests::test_is_valid_record_start_insufficient_data ... ok
[INFO] [stdout] test usn::parallel::tests::test_is_valid_record_start_v2 ... ok
[INFO] [stdout] test usn::parallel::tests::test_parallel_parse_handles_zero_filled_regions ... ok
[INFO] [stdout] test usn::parallel::tests::test_parallel_parse_includes_close_only_records ... ok
[INFO] [stdout] test usn::parallel::tests::test_parallel_parse_preserves_sort_order ... ok
[INFO] [stdout] test output::xml_output::tests::test_xml_fail_at_parent_path_line49 ... ok
[INFO] [stdout] test usn::parallel::tests::test_parallel_parse_single_record ... ok
[INFO] [stdout] test output::xml_output::tests::test_xml_fail_at_parent_sequence_number_line44 ... ok
[INFO] [stdout] test output::xml_output::tests::test_xml_writeln_all_fields_via_bufwriter ... ok
[INFO] [stdout] test usn::parallel::tests::test_is_valid_record_start_v3 ... ok
[INFO] [stdout] test usn::parallel::tests::test_parallel_parse_empty_data ... ok
[INFO] [stdout] test usn::parallel::tests::test_parallel_parse_produces_same_results_as_sequential ... ok
[INFO] [stdout] test output::xml_output::tests::test_xml_all_fields_written ... ok
[INFO] [stdout] test output::tln_output::tests::test_tln_write_error_propagated ... ok
[INFO] [stdout] test usn::parallel::tests::test_parallel_parse_chunk_with_no_valid_records_after_boundary ... ok
[INFO] [stdout] test output::sqlite_output::tests::test_sqlite_export ... ok
[INFO] [stdout] test output::sqlite_output::tests::test_sqlite_export_with_mft_entries ... ok
[INFO] [stdout] test output::sqlite_output::tests::test_sqlite_export_empty_records ... ok
[INFO] [stdout] test output::sqlite_output::tests::test_sqlite_extension_extraction ... ok
[INFO] [stdout] test usn::parallel::tests::test_parallel_parse_large_dataset_spans_chunks ... ok
[INFO] [stdout] 
[INFO] [stdout] test result: ok. 141 passed; 0 failed; 0 ignored; 0 measured; 0 filtered out; finished in 0.11s
[INFO] [stdout] 
[INFO] [stderr]      Running unittests src/main.rs (/opt/rustwide/target/release/deps/usnjrnl_forensic-da3ec1ccc41b812f)
[INFO] [stdout] 
[INFO] [stdout] running 36 tests
[INFO] [stdout] test tests::test_cli_accepts_body_flag ... ok
[INFO] [stdout] test tests::test_cli_accepts_image_flag ... ok
[INFO] [stdout] test tests::test_cli_report_alongside_other_outputs ... ok
[INFO] [stdout] test tests::test_cli_report_with_image_and_carve ... ok
[INFO] [stdout] test tests::test_cli_requires_journal_or_image ... ok
[INFO] [stderr] [*] Record versions: V2=5, V3=0
[INFO] [stderr] [*] Reason breakdown:
[INFO] [stderr]     RENAME: 1
[INFO] [stderr]     SECURITY_CHANGE: 1
[INFO] [stderr]     BASIC_INFO_CHANGE: 1
[INFO] [stderr]     DATA_EXTEND: 1
[INFO] [stderr]     FILE_DELETE: 1
[INFO] [stderr]     FILE_CREATE: 1
[INFO] [stderr] [*] Record versions: V2=5, V3=0
[INFO] [stderr] [*] Reason breakdown:
[INFO] [stderr]     FILE_CREATE: 1
[INFO] [stderr]     DATA_EXTEND: 1
[INFO] [stderr]     FILE_DELETE: 1
[INFO] [stderr]     BASIC_INFO_CHANGE: 1
[INFO] [stderr]     RENAME: 1
[INFO] [stderr]     SECURITY_CHANGE: 1
[INFO] [stderr] [*] Record versions: V2=5, V3=0
[INFO] [stderr] [*] Reason breakdown:
[INFO] [stderr]     DATA_EXTEND: 1
[INFO] [stderr]     FILE_CREATE: 1
[INFO] [stderr]     RENAME: 1
[INFO] [stderr]     SECURITY_CHANGE: 1
[INFO] [stderr]     BASIC_INFO_CHANGE: 1
[INFO] [stderr]     FILE_DELETE: 1
[INFO] [stdout] test tests::test_cli_accepts_carve_unallocated_with_image ... ok
[INFO] [stdout] test tests::test_cli_no_output_formats_is_valid ... ok
[INFO] [stdout] test tests::test_cli_carve_unallocated_defaults_false ... ok
[INFO] [stdout] test tests::test_cli_image_with_output_dir ... ok
[INFO] [stdout] test tests::test_cli_all_output_formats_simultaneously ... ok
[INFO] [stdout] test tests::test_cli_image_conflicts_with_journal ... ok
[INFO] [stdout] test tests::test_cli_output_dir_parses_with_journal ... ok
[INFO] [stdout] test tests::test_cli_accepts_tln_flag ... ok
[INFO] [stdout] test tests::test_cli_image_conflicts_with_mft ... ok
[INFO] [stdout] test tests::test_run_validation_carve_without_image ... ok
[INFO] [stdout] test tests::test_run_validation_output_dir_without_image ... ok
[INFO] [stdout] test tests::test_run_body_output ... ok
[INFO] [stderr] [*] Record versions: V2=5, V3=0
[INFO] [stderr] [*] Reason breakdown:
[INFO] [stderr]     DATA_EXTEND: 1
[INFO] [stderr]     RENAME: 1
[INFO] [stderr]     FILE_DELETE: 1
[INFO] [stderr]     FILE_CREATE: 1
[INFO] [stderr]     BASIC_INFO_CHANGE: 1
[INFO] [stderr]     SECURITY_CHANGE: 1
[INFO] [stderr] [*] Record versions: V2=5, V3=0
[INFO] [stderr] [*] Reason breakdown:
[INFO] [stderr]     RENAME: 1
[INFO] [stderr]     BASIC_INFO_CHANGE: 1
[INFO] [stderr]     SECURITY_CHANGE: 1
[INFO] [stderr]     DATA_EXTEND: 1
[INFO] [stderr]     FILE_CREATE: 1
[INFO] [stderr]     FILE_DELETE: 1
[INFO] [stderr] [*] Record versions: V2=5, V3=0
[INFO] [stderr] [*] Reason breakdown:
[INFO] [stderr]     RENAME: 1
[INFO] [stderr]     FILE_CREATE: 1
[INFO] [stderr]     DATA_EXTEND: 1
[INFO] [stderr]     FILE_DELETE: 1
[INFO] [stderr]     SECURITY_CHANGE: 1
[INFO] [stderr]     BASIC_INFO_CHANGE: 1
[INFO] [stderr] [*] Record versions: V2=5, V3=0
[INFO] [stderr] [*] Reason breakdown:
[INFO] [stderr]     RENAME: 1
[INFO] [stderr]     FILE_DELETE: 1
[INFO] [stderr]     SECURITY_CHANGE: 1
[INFO] [stderr]     FILE_CREATE: 1
[INFO] [stderr]     DATA_EXTEND: 1
[INFO] [stderr]     BASIC_INFO_CHANGE: 1
[INFO] [stderr] [*] Record versions: V2=5, V3=0
[INFO] [stderr] [*] Reason breakdown:
[INFO] [stderr]     FILE_CREATE: 1
[INFO] [stderr]     DATA_EXTEND: 1
[INFO] [stderr]     RENAME: 1
[INFO] [stderr]     SECURITY_CHANGE: 1
[INFO] [stderr]     BASIC_INFO_CHANGE: 1
[INFO] [stderr]     FILE_DELETE: 1
[INFO] [stdout] test tests::test_run_invalid_journal_path ... ok
[INFO] [stdout] test tests::test_cli_accepts_report_flag ... ok
[INFO] [stdout] test tests::test_run_csv_output ... ok
[INFO] [stdout] test tests::test_run_no_output_format ... ok
[INFO] [stdout] test tests::test_run_with_mft ... ok
[INFO] [stdout] test tests::test_run_tln_output ... ok
[INFO] [stderr] [*] Record versions: V2=5, V3=0
[INFO] [stderr] [*] Reason breakdown:
[INFO] [stderr]     FILE_CREATE: 1
[INFO] [stderr]     DATA_EXTEND: 1
[INFO] [stderr]     RENAME: 1
[INFO] [stderr]     FILE_DELETE: 1
[INFO] [stderr]     SECURITY_CHANGE: 1
[INFO] [stderr]     BASIC_INFO_CHANGE: 1
[INFO] [stderr] [*] Record versions: V2=5, V3=0
[INFO] [stderr] [*] Reason breakdown:
[INFO] [stderr]     FILE_DELETE: 1
[INFO] [stderr]     DATA_EXTEND: 1
[INFO] [stderr]     BASIC_INFO_CHANGE: 1
[INFO] [stderr]     SECURITY_CHANGE: 1
[INFO] [stderr]     FILE_CREATE: 1
[INFO] [stderr]     RENAME: 1
[INFO] [stderr] [*] Record versions: V2=5, V3=0
[INFO] [stderr] [*] Reason breakdown:
[INFO] [stderr]     FILE_CREATE: 1
[INFO] [stderr]     FILE_DELETE: 1
[INFO] [stderr]     DATA_EXTEND: 1
[INFO] [stderr]     SECURITY_CHANGE: 1
[INFO] [stderr]     RENAME: 1
[INFO] [stderr]     BASIC_INFO_CHANGE: 1
[INFO] [stderr] [*] Record versions: V2=5, V3=0
[INFO] [stderr] [*] Reason breakdown:
[INFO] [stderr]     BASIC_INFO_CHANGE: 1
[INFO] [stderr]     DATA_EXTEND: 1
[INFO] [stderr]     FILE_DELETE: 1
[INFO] [stderr]     RENAME: 1
[INFO] [stderr]     SECURITY_CHANGE: 1
[INFO] [stderr]     FILE_CREATE: 1
[INFO] [stderr] [*] Record versions: V2=5, V3=0
[INFO] [stderr] [*] Reason breakdown:
[INFO] [stderr]     SECURITY_CHANGE: 1
[INFO] [stderr]     BASIC_INFO_CHANGE: 1
[INFO] [stderr]     FILE_DELETE: 1
[INFO] [stderr]     DATA_EXTEND: 1
[INFO] [stderr]     RENAME: 1
[INFO] [stderr]     FILE_CREATE: 1
[INFO] [stdout] test tests::test_run_with_mft_and_timestomping ... ok
[INFO] [stdout] test tests::test_run_jsonl_output ... ok
[INFO] [stderr] [*] Record versions: V2=5, V3=0
[INFO] [stderr] [*] Reason breakdown:
[INFO] [stderr]     RENAME: 1
[INFO] [stderr]     DATA_EXTEND: 1
[INFO] [stderr]     FILE_CREATE: 1
[INFO] [stderr]     SECURITY_CHANGE: 1
[INFO] [stderr]     BASIC_INFO_CHANGE: 1
[INFO] [stderr]     FILE_DELETE: 1
[INFO] [stdout] test tests::test_run_with_mftmirr_consistent ... ok
[INFO] [stderr] [*] Record versions: V2=5, V3=0
[INFO] [stderr] [*] Reason breakdown:
[INFO] [stderr]     BASIC_INFO_CHANGE: 1
[INFO] [stderr]     RENAME: 1
[INFO] [stderr]     FILE_DELETE: 1
[INFO] [stderr]     SECURITY_CHANGE: 1
[INFO] [stderr]     FILE_CREATE: 1
[INFO] [stderr]     DATA_EXTEND: 1
[INFO] [stderr] [*] Record versions: V2=5, V3=0
[INFO] [stderr] [*] Reason breakdown:
[INFO] [stderr]     BASIC_INFO_CHANGE: 1
[INFO] [stderr]     FILE_DELETE: 1
[INFO] [stderr]     DATA_EXTEND: 1
[INFO] [stderr]     FILE_CREATE: 1
[INFO] [stderr]     SECURITY_CHANGE: 1
[INFO] [stderr]     RENAME: 1
[INFO] [stdout] test tests::test_run_report_output ... ok
[INFO] [stdout] test tests::test_run_xml_output ... ok
[INFO] [stdout] test tests::test_run_with_mftmirr_inconsistent ... ok
[INFO] [stdout] test tests::test_run_with_report_and_mft ... ok
[INFO] [stdout] test tests::test_run_with_logfile_ghost_records ... ok
[INFO] [stdout] test tests::test_run_with_logfile ... ok
[INFO] [stdout] test tests::test_cli_accepts_xml_flag ... ok
[INFO] [stdout] test tests::test_cli_image_short_flag ... ok
[INFO] [stdout] test tests::test_run_all_outputs_simultaneously ... ok
[INFO] [stdout] test tests::test_run_sqlite_output ... ok
[INFO] [stdout] 
[INFO] [stdout] test result: ok. 36 passed; 0 failed; 0 ignored; 0 measured; 0 filtered out; finished in 0.06s
[INFO] [stdout] 
[INFO] [stderr]      Running tests/extract_parity.rs (/opt/rustwide/target/release/deps/extract_parity-b3f1c766cae610ad)
[INFO] [stderr]      Running tests/image_integration.rs (/opt/rustwide/target/release/deps/image_integration-811081777cfe2f9d)
[INFO] [stdout] 
[INFO] [stdout] running 0 tests
[INFO] [stdout] 
[INFO] [stdout] test result: ok. 0 passed; 0 failed; 0 ignored; 0 measured; 0 filtered out; finished in 0.00s
[INFO] [stdout] 
[INFO] [stdout] 
[INFO] [stdout] running 0 tests
[INFO] [stdout] 
[INFO] [stdout] test result: ok. 0 passed; 0 failed; 0 ignored; 0 measured; 0 filtered out; finished in 0.00s
[INFO] [stdout] 
[INFO] [stderr]      Running tests/mft_parse_real.rs (/opt/rustwide/target/release/deps/mft_parse_real-713120b9918e2fb0)
[INFO] [stdout] 
[INFO] [stdout] running 1 test
[INFO] [stdout] test parse_real_mft_sanity ... ignored, requires NTFS_FORENSIC_MFT (raw $MFT bytes)
[INFO] [stdout] 
[INFO] [stdout] test result: ok. 0 passed; 0 failed; 1 ignored; 0 measured; 0 filtered out; finished in 0.00s
[INFO] [stdout] 
[INFO] [stderr]      Running tests/precision_recall.rs (/opt/rustwide/target/release/deps/precision_recall-d0ed6d1dd2f355dc)
[INFO] [stderr]      Running tests/report_integration.rs (/opt/rustwide/target/release/deps/report_integration-846b0562b96c1c6b)
[INFO] [stdout] 
[INFO] [stdout] running 0 tests
[INFO] [stdout] 
[INFO] [stdout] test result: ok. 0 passed; 0 failed; 0 ignored; 0 measured; 0 filtered out; finished in 0.00s
[INFO] [stdout] 
[INFO] [stdout] 
[INFO] [stdout] running 4 tests
[INFO] [stdout] test e2e_empty_report ... ok
[INFO] [stdout] test e2e_triage_all_12_questions_evaluated ... ok
[INFO] [stdout] test e2e_report_with_mixed_sources ... ok
[INFO] [stdout] test generate_time_filter_test_report ... FAILED
[INFO] [stdout] 
[INFO] [stdout] failures:
[INFO] [stdout] 
[INFO] [stdout] ---- generate_time_filter_test_report stdout ----
[INFO] [stdout] 
[INFO] [stdout] thread 'generate_time_filter_test_report' (1706) panicked at tests/report_integration.rs:480:48:
[INFO] [stdout] called `Result::unwrap()` on an `Err` value: Os { code: 30, kind: ReadOnlyFilesystem, message: "Read-only file system" }
[INFO] [stdout] stack backtrace:
[INFO] [stdout]    0:     0x6160d4f10fa1 - <<std[70759c8f55707aa4]::sys::backtrace::BacktraceLock>::print::DisplayBacktrace as core[df12db4294e9bfd3]::fmt::Display>::fmt
[INFO] [stdout]    1:     0x6160d4f279ea - core[df12db4294e9bfd3]::fmt::write
[INFO] [stdout]    2:     0x6160d4f1595c - <alloc[2182bb758b4b3781]::vec::Vec<u8> as core[df12db4294e9bfd3]::io::write::Write>::write_fmt
[INFO] [stdout]    3:     0x6160d4eec5d6 - std[70759c8f55707aa4]::panicking::default_hook::{closure#0}
[INFO] [stdout]    4:     0x6160d4f096e9 - std[70759c8f55707aa4]::panicking::default_hook
[INFO] [stdout]    5:     0x6160d4dcbbf0 - test[9d35eded1c95d3be]::test_main_inner::<test[9d35eded1c95d3be]::test_main_static::{closure#0}>::{closure#0}
[INFO] [stdout]    6:     0x6160d4f098a2 - std[70759c8f55707aa4]::panicking::panic_with_hook
[INFO] [stdout]    7:     0x6160d4eec682 - std[70759c8f55707aa4]::panicking::panic_handler::{closure#0}
[INFO] [stdout]    8:     0x6160d4ee4d59 - std[70759c8f55707aa4]::sys::backtrace::__rust_end_short_backtrace::<std[70759c8f55707aa4]::panicking::panic_handler::{closure#0}, !>
[INFO] [stdout]    9:     0x6160d4eed38d - __rustc[8fa7c3cbc660c2b3]::rust_begin_unwind
[INFO] [stdout]   10:     0x6160d4f281cc - core[df12db4294e9bfd3]::panicking::panic_fmt
[INFO] [stdout]   11:     0x6160d4f27fa2 - core[df12db4294e9bfd3]::result::unwrap_failed
[INFO] [stdout]   12:     0x6160d4db963d - <report_integration[71d3fc270283dcd4]::generate_time_filter_test_report::{closure#0} as core[df12db4294e9bfd3]::ops::function::FnOnce<()>>::call_once
[INFO] [stdout]   13:     0x6160d4dbeedb - test[9d35eded1c95d3be]::__rust_begin_short_backtrace::<core[df12db4294e9bfd3]::result::Result<(), alloc[2182bb758b4b3781]::string::String>, fn() -> core[df12db4294e9bfd3]::result::Result<(), alloc[2182bb758b4b3781]::string::String>>
[INFO] [stdout]   14:     0x6160d4dcc545 - test[9d35eded1c95d3be]::run_test::{closure#0}
[INFO] [stdout]   15:     0x6160d4dc5e04 - std[70759c8f55707aa4]::sys::backtrace::__rust_begin_short_backtrace::<test[9d35eded1c95d3be]::run_test::{closure#1}, ()>
[INFO] [stdout]   16:     0x6160d4dcf6a2 - <std[70759c8f55707aa4]::thread::lifecycle::spawn_unchecked<test[9d35eded1c95d3be]::run_test::{closure#1}, ()>::{closure#1} as core[df12db4294e9bfd3]::ops::function::FnOnce<()>>::call_once::{shim:vtable#0}
[INFO] [stdout]   17:     0x6160d4f10879 - <std[70759c8f55707aa4]::sys::thread::unix::Thread>::new::thread_start
[INFO] [stdout]   18:     0x7d7939c8adfa - <unknown>
[INFO] [stdout]   19:     0x7d7939d1e3d4 - clone
[INFO] [stdout]   20:                0x0 - <unknown>
[INFO] [stdout] 
[INFO] [stdout] 
[INFO] [stdout] failures:
[INFO] [stdout]     generate_time_filter_test_report
[INFO] [stdout] 
[INFO] [stdout] test result: FAILED. 3 passed; 1 failed; 0 ignored; 0 measured; 0 filtered out; finished in 0.03s
[INFO] [stdout] 
[INFO] [stderr] error: test failed, to rerun pass `--test report_integration`
[INFO] running `Command { std: "docker" "inspect" "bb694015e55a75b141ea7b6c460c725ea79ad5d671cc3abc0bea1c17fb3668f1", kill_on_drop: false }`
[INFO] running `Command { std: "docker" "rm" "-f" "bb694015e55a75b141ea7b6c460c725ea79ad5d671cc3abc0bea1c17fb3668f1", kill_on_drop: false }`
[INFO] [stdout] bb694015e55a75b141ea7b6c460c725ea79ad5d671cc3abc0bea1c17fb3668f1
