[INFO] fetching crate usage-cli 7.0.1...
[INFO] testing usage-cli-7.0.1 against 1.99.0-beta.8+cargoflags=--release for beta-release-1.100-2
[INFO] extracting crate usage-cli 7.0.1 into /workspace/builds/worker-7-tc1/source
[INFO] started tweaking crates.io crate usage-cli 7.0.1
[INFO] finished tweaking crates.io crate usage-cli 7.0.1
[INFO] tweaked toml for crates.io crate usage-cli 7.0.1 written to /workspace/builds/worker-7-tc1/source/Cargo.toml
[INFO] validating manifest of crates.io crate usage-cli 7.0.1 on toolchain 1.99.0-beta.8
[INFO] running `Command { std: CARGO_HOME="/workspace/cargo-home" RUSTUP_HOME="/workspace/rustup-home" "/workspace/cargo-home/bin/cargo" "+1.99.0-beta.8" "metadata" "--manifest-path" "Cargo.toml" "--no-deps", kill_on_drop: false }`
[INFO] crate crates.io crate usage-cli 7.0.1 already has a lockfile, it will not be regenerated
[INFO] running `Command { std: CARGO_HOME="/workspace/cargo-home" RUSTUP_HOME="/workspace/rustup-home" "/workspace/cargo-home/bin/cargo" "+1.99.0-beta.8" "fetch" "--manifest-path" "Cargo.toml", kill_on_drop: false }`
[INFO] [stderr]     Updating crates.io index
[INFO] [stderr]  Downloading crates ...
[INFO] [stderr]   Downloaded usage-test v7.0.1
[INFO] [stderr]   Downloaded expr-lang v2.1.0
[INFO] [stderr]   Downloaded exec v0.3.1
[INFO] [stderr]   Downloaded usage-rs v7.0.1
[INFO] [stderr]   Downloaded linktime-proc-macro v0.2.3
[INFO] [stderr]   Downloaded usage-validation v7.0.1
[INFO] [stderr]   Downloaded roff v1.1.1
[INFO] [stderr]   Downloaded link-section v0.19.3
[INFO] [stderr]   Downloaded usage-argv v7.0.1
[INFO] [stderr]   Downloaded tera v2.4.0
[INFO] [stderr]   Downloaded usage-derive v7.0.1
[INFO] [stderr]   Downloaded pulldown-cmark v0.13.4
[INFO] [stderr]   Downloaded usage-lib v7.0.1
[INFO] running `Command { std: "docker" "create" "-v" "/var/lib/crater-agent-workspace/builds/worker-7-tc1/source:/opt/rustwide/workdir:ro,Z" "-v" "/var/lib/crater-agent-workspace/builds/worker-7-tc1/target:/opt/rustwide/target:rw,Z" "-v" "/var/lib/crater-agent-workspace/cargo-home:/opt/rustwide/cargo-home:ro,Z" "-v" "/var/lib/crater-agent-workspace/rustup-home:/opt/rustwide/rustup-home:ro,Z" "-m" "1610612736" "--network" "none" "ghcr.io/rust-lang/crates-build-env/linux@sha256:77db811e55d90add9212f6832c23229e3de5f1c1f9905e8cb07319ea15df73ac" "sleep" "infinity", kill_on_drop: false }`
[INFO] [stdout] 6d7a6e673bf9d6cf2aec64583e17fdbe68ab55a95d39bb32f66458d892d45ff0
[INFO] running `Command { std: "docker" "start" "6d7a6e673bf9d6cf2aec64583e17fdbe68ab55a95d39bb32f66458d892d45ff0", kill_on_drop: false }`
[INFO] running `Command { std: "docker" "inspect" "6d7a6e673bf9d6cf2aec64583e17fdbe68ab55a95d39bb32f66458d892d45ff0", kill_on_drop: false }`
[INFO] running `Command { std: "docker" "exec" "-e" "SOURCE_DIR=/opt/rustwide/workdir" "-e" "CARGO_HOME=/opt/rustwide/cargo-home" "-e" "RUSTUP_HOME=/opt/rustwide/rustup-home" "-e" "CARGO_TARGET_DIR=/opt/rustwide/target" "-w" "/opt/rustwide/workdir" "--user" "0:0" "6d7a6e673bf9d6cf2aec64583e17fdbe68ab55a95d39bb32f66458d892d45ff0" "/opt/rustwide/cargo-home/bin/cargo" "+1.99.0-beta.8" "metadata" "--no-deps" "--format-version=1", kill_on_drop: false }`
[INFO] running `Command { std: "docker" "inspect" "6d7a6e673bf9d6cf2aec64583e17fdbe68ab55a95d39bb32f66458d892d45ff0", kill_on_drop: false }`
[INFO] running `Command { std: "docker" "exec" "-e" "SOURCE_DIR=/opt/rustwide/workdir" "-e" "CARGO_HOME=/opt/rustwide/cargo-home" "-e" "RUSTUP_HOME=/opt/rustwide/rustup-home" "-e" "CARGO_TARGET_DIR=/opt/rustwide/target" "-e" "CARGO_INCREMENTAL=0" "-e" "RUST_BACKTRACE=full" "-e" "RUSTFLAGS=--cap-lints=warn" "-e" "RUSTDOCFLAGS=--cap-lints=warn" "-w" "/opt/rustwide/workdir" "--user" "0:0" "6d7a6e673bf9d6cf2aec64583e17fdbe68ab55a95d39bb32f66458d892d45ff0" "/opt/rustwide/cargo-home/bin/cargo" "+1.99.0-beta.8" "build" "--frozen" "--message-format=json" "--release", kill_on_drop: false }`
[INFO] [stderr]    Compiling ucd-trie v0.1.7
[INFO] [stderr]    Compiling libc v0.2.190
[INFO] [stderr]    Compiling num-traits v0.2.19
[INFO] [stderr]    Compiling psm v0.1.24
[INFO] [stderr]    Compiling stacker v0.1.25
[INFO] [stderr]    Compiling serde_core v1.0.229
[INFO] [stderr]    Compiling futures-channel v0.3.34
[INFO] [stderr]    Compiling serde_json v1.0.154
[INFO] [stderr]    Compiling syn v3.0.9
[INFO] [stderr]    Compiling indexmap v2.14.2
[INFO] [stderr]    Compiling ref-cast v1.0.27
[INFO] [stderr]    Compiling pulldown-cmark v0.13.4
[INFO] [stderr]    Compiling anstyle-parse v1.0.0
[INFO] [stderr]    Compiling either v1.19.0
[INFO] [stderr]    Compiling usage-argv v7.0.1
[INFO] [stderr]    Compiling colorchoice v1.0.5
[INFO] [stderr]    Compiling anstyle v1.0.14
[INFO] [stderr]    Compiling rmcp v3.5.1
[INFO] [stderr]    Compiling jiff-core v0.1.1
[INFO] [stderr]    Compiling dyn-clone v1.0.20
[INFO] [stderr]    Compiling is_terminal_polyfill v1.70.2
[INFO] [stderr]    Compiling anstyle-query v1.1.5
[INFO] [stderr]    Compiling itertools v0.15.0
[INFO] [stderr]    Compiling uuid v1.28.0
[INFO] [stderr]    Compiling tracing v0.1.44
[INFO] [stderr]    Compiling anstream v1.0.0
[INFO] [stderr]    Compiling pest v2.9.3
[INFO] [stderr]    Compiling env_filter v2.0.0
[INFO] [stderr]    Compiling errno v0.2.8
[INFO] [stderr]    Compiling winnow v1.0.4
[INFO] [stderr]    Compiling pastey v0.2.3
[INFO] [stderr]    Compiling roff v1.1.1
[INFO] [stderr]    Compiling semver v1.0.28
[INFO] [stderr]    Compiling exec v0.3.1
[INFO] [stderr]    Compiling shell-words v1.1.1
[INFO] [stderr]    Compiling jiff v0.2.38
[INFO] [stderr]    Compiling pest_meta v2.9.3
[INFO] [stderr]    Compiling darling_core v0.24.1
[INFO] [stderr]    Compiling serde_derive_internals v0.30.0
[INFO] [stderr]    Compiling pest_generator v2.9.3
[INFO] [stderr]    Compiling serde_derive v1.0.229
[INFO] [stderr]    Compiling futures-macro v0.3.34
[INFO] [stderr]    Compiling thiserror-impl v2.0.21
[INFO] [stderr]    Compiling tokio-macros v2.7.2
[INFO] [stderr]    Compiling ref-cast-impl v1.0.27
[INFO] [stderr]    Compiling usage-derive v7.0.1
[INFO] [stderr]    Compiling schemars_derive v1.2.3
[INFO] [stderr]    Compiling pest_derive v2.9.3
[INFO] [stderr]    Compiling tokio v1.53.3
[INFO] [stderr]    Compiling expr-lang v2.1.0
[INFO] [stderr]    Compiling futures-util v0.3.34
[INFO] [stderr]    Compiling thiserror v2.0.21
[INFO] [stderr]    Compiling env_logger v0.11.11
[INFO] [stderr]    Compiling darling_macro v0.24.1
[INFO] [stderr]    Compiling darling v0.24.1
[INFO] [stderr]    Compiling serde_with_macros v3.24.0
[INFO] [stderr]    Compiling rmcp-macros v3.5.1
[INFO] [stderr]    Compiling serde v1.0.229
[INFO] [stderr]    Compiling usage-validation v7.0.1
[INFO] [stderr]    Compiling serde_with v3.24.0
[INFO] [stderr]    Compiling chrono v0.4.45
[INFO] [stderr]    Compiling tera v2.4.0
[INFO] [stderr]    Compiling futures-executor v0.3.34
[INFO] [stderr]    Compiling futures v0.3.34
[INFO] [stderr]    Compiling schemars v1.2.3
[INFO] [stderr]    Compiling tokio-util v0.7.20
[INFO] [stderr]    Compiling usage-lib v7.0.1
[INFO] [stderr]    Compiling usage-rs v7.0.1
[INFO] [stderr]    Compiling usage-cli v7.0.1 (/opt/rustwide/workdir)
[INFO] [stderr]     Finished `release` profile [optimized] target(s) in 1m 14s
[INFO] running `Command { std: "docker" "inspect" "6d7a6e673bf9d6cf2aec64583e17fdbe68ab55a95d39bb32f66458d892d45ff0", kill_on_drop: false }`
[INFO] running `Command { std: "docker" "exec" "-e" "SOURCE_DIR=/opt/rustwide/workdir" "-e" "CARGO_HOME=/opt/rustwide/cargo-home" "-e" "RUSTUP_HOME=/opt/rustwide/rustup-home" "-e" "CARGO_TARGET_DIR=/opt/rustwide/target" "-e" "CARGO_INCREMENTAL=0" "-e" "RUST_BACKTRACE=full" "-e" "RUSTFLAGS=--cap-lints=warn" "-e" "RUSTDOCFLAGS=--cap-lints=warn" "-w" "/opt/rustwide/workdir" "--user" "0:0" "6d7a6e673bf9d6cf2aec64583e17fdbe68ab55a95d39bb32f66458d892d45ff0" "/opt/rustwide/cargo-home/bin/cargo" "+1.99.0-beta.8" "test" "--frozen" "--no-run" "--message-format=json" "--release", kill_on_drop: false }`
[INFO] [stderr]    Compiling regex-automata v0.4.18
[INFO] [stderr]    Compiling anstream v1.0.0
[INFO] [stderr]    Compiling predicates-core v1.0.10
[INFO] [stderr]    Compiling usage-test v7.0.1
[INFO] [stderr]    Compiling pulldown-cmark v0.13.4
[INFO] [stderr]    Compiling float-cmp v0.10.0
[INFO] [stderr]    Compiling difflib v0.4.0
[INFO] [stderr]    Compiling assert_cmd v2.2.2
[INFO] [stderr]    Compiling normalize-line-endings v0.3.0
[INFO] [stderr]    Compiling termtree v0.5.1
[INFO] [stderr]    Compiling tempfile v3.27.0
[INFO] [stderr]    Compiling console v0.16.6
[INFO] [stderr]    Compiling wait-timeout v0.2.1
[INFO] [stderr]    Compiling similar v2.7.0
[INFO] [stderr]    Compiling linktime-proc-macro v0.2.3
[INFO] [stderr]    Compiling link-section v0.19.3
[INFO] [stderr]    Compiling predicates-tree v1.0.13
[INFO] [stderr]    Compiling usage-rs v7.0.1
[INFO] [stderr]    Compiling ctor v1.0.13
[INFO] [stderr]    Compiling insta v1.49.0
[INFO] [stderr]    Compiling regex v1.13.1
[INFO] [stderr]    Compiling bstr v1.13.1
[INFO] [stderr]    Compiling expr-lang v2.1.0
[INFO] [stderr]    Compiling env_filter v2.0.0
[INFO] [stderr]    Compiling predicates v3.1.4
[INFO] [stderr]    Compiling env_logger v0.11.11
[INFO] [stderr]    Compiling usage-validation v7.0.1
[INFO] [stderr]    Compiling usage-lib v7.0.1
[INFO] [stderr]    Compiling usage-cli v7.0.1 (/opt/rustwide/workdir)
[INFO] [stderr]     Finished `release` profile [optimized] target(s) in 2m 11s
[INFO] running `Command { std: "docker" "inspect" "6d7a6e673bf9d6cf2aec64583e17fdbe68ab55a95d39bb32f66458d892d45ff0", kill_on_drop: false }`
[INFO] running `Command { std: "docker" "exec" "-e" "SOURCE_DIR=/opt/rustwide/workdir" "-e" "CARGO_HOME=/opt/rustwide/cargo-home" "-e" "RUSTUP_HOME=/opt/rustwide/rustup-home" "-e" "CARGO_TARGET_DIR=/opt/rustwide/target" "-e" "CARGO_INCREMENTAL=0" "-e" "RUST_BACKTRACE=full" "-e" "RUSTFLAGS=--cap-lints=warn" "-e" "RUSTDOCFLAGS=--cap-lints=warn" "-w" "/opt/rustwide/workdir" "--user" "0:0" "6d7a6e673bf9d6cf2aec64583e17fdbe68ab55a95d39bb32f66458d892d45ff0" "/opt/rustwide/cargo-home/bin/cargo" "+1.99.0-beta.8" "test" "--frozen" "--release", kill_on_drop: false }`
[INFO] [stderr]     Finished `release` profile [optimized] target(s) in 0.25s
[INFO] [stderr]      Running unittests src/lib.rs (/opt/rustwide/target/release/deps/usage_cli-14b3c7ce03104175)
[INFO] [stdout] 
[INFO] [stdout] running 184 tests
[INFO] [stdout] test cli::complete_word::tests::a_token_with_no_separator_yet_gets_a_slash ... ok
[INFO] [stdout] test cli::complete_word::tests::a_backslash_is_a_separator_only_on_windows ... ok
[INFO] [stdout] test cli::complete_word::tests::shell_quote_rejects_non_strings ... ok
[INFO] [stdout] test cli::complete_word::tests::a_mixed_token_settles_on_the_slash ... ok
[INFO] [stdout] test cli::diff::tests::a_command_capturing_a_word_an_argument_took_is_breaking ... ok
[INFO] [stdout] test cli::diff::tests::a_command_capturing_a_word_the_old_spec_forwarded_is_breaking ... ok
[INFO] [stdout] test cli::diff::tests::a_conditional_default_reads_like_an_unconditional_one ... ok
[INFO] [stdout] test cli::diff::tests::a_config_rename_pointing_nowhere_is_a_removal ... ok
[INFO] [stdout] test cli::complete_word::tests::windows_command_prefixes_ignore_ascii_case ... ok
[INFO] [stdout] test cli::diff::tests::a_default_is_free_to_gain_and_costly_to_move ... ok
[INFO] [stdout] test cli::diff::tests::a_command_added_where_nothing_took_the_word_is_compatible ... ok
[INFO] [stdout] test cli::diff::tests::a_flag_that_kept_every_spelling_was_renamed_not_removed ... ok
[INFO] [stdout] test cli::diff::tests::a_command_taking_over_a_siblings_alias_changes_what_the_word_selects ... ok
[INFO] [stdout] test cli::complete_word::tests::completer_templates_can_shell_quote_typed_words ... ok
[INFO] [stdout] test cli::diff::tests::a_gained_conflict_restricts_and_a_gained_override_relaxes ... ok
[INFO] [stdout] test cli::diff::tests::a_property_with_no_default_is_already_optional ... ok
[INFO] [stdout] test cli::diff::tests::a_narrowed_strict_choice_set_is_breaking_and_a_widened_one_is_not ... ok
[INFO] [stdout] test cli::complete_word::tests::shell_join_preserves_the_argv_vector_when_forwarded_as_one_argument ... ok
[INFO] [stdout] test cli::diff::tests::a_new_required_flag_is_breaking_and_an_optional_one_is_not ... ok
[INFO] [stdout] test cli::diff::tests::a_config_property_is_interface_too ... ok
[INFO] [stdout] test cli::diff::tests::a_lost_environment_variable_is_breaking ... ok
[INFO] [stdout] test cli::diff::tests::a_removed_flag_is_breaking_and_a_lost_short_is_too ... ok
[INFO] [stdout] test cli::diff::tests::a_renamed_command_is_still_compared_to_what_it_became ... ok
[INFO] [stdout] test cli::diff::tests::a_spec_against_itself_reports_nothing ... ok
[INFO] [stdout] test cli::diff::tests::a_rename_is_one_finding_rather_than_a_rename_and_an_addition ... ok
[INFO] [stdout] test cli::diff::tests::a_name_match_claims_its_flag_before_a_moved_spelling_can ... ok
[INFO] [stdout] test cli::diff::tests::a_new_exclusive_group_constrains_and_a_multiple_one_does_not ... ok
[INFO] [stdout] test cli::diff::tests::another_way_out_of_required_unless_is_still_a_relaxation ... ok
[INFO] [stdout] test cli::diff::tests::choices_from_a_command_are_judged_by_the_command_without_running_it ... ok
[INFO] [stdout] test cli::diff::tests::display_order_is_compared_because_the_docs_say_it_is ... ok
[INFO] [stdout] test cli::diff::tests::a_positional_appended_after_the_last_one_is_only_breaking_when_required ... ok
[INFO] [stdout] test cli::diff::tests::clause_shape_changes_are_breaking ... ok
[INFO] [stdout] test cli::diff::tests::findings_are_located_by_command_path ... ok
[INFO] [stdout] test cli::diff::tests::letting_arguments_and_subcommands_share_a_line_is_compatible ... ok
[INFO] [stdout] test cli::diff::tests::losing_subcommand_precedence_changes_what_a_word_binds_to ... ok
[INFO] [stdout] test cli::diff::tests::breaking_findings_sort_first ... ok
[INFO] [stdout] test cli::diff::tests::declaring_required_unless_is_the_requirement_appearing ... ok
[INFO] [stdout] test cli::diff::tests::a_flag_that_needs_more_values_than_it_did_is_breaking ... ok
[INFO] [stdout] test cli::diff::tests::dropping_a_value_from_a_non_strict_set_only_stops_offering_it ... ok
[INFO] [stdout] test cli::diff::tests::listing_a_value_a_non_strict_set_already_accepted_is_metadata ... ok
[INFO] [stdout] test cli::complete_word::tests::a_slash_in_the_token_is_kept ... ok
[INFO] [stdout] test cli::exec::tests::windows_split_handles_backslashes_before_quotes ... ok
[INFO] [stdout] test cli::diff::tests::strict_unknown_flags_reject_what_used_to_bind ... ok
[INFO] [stdout] test cli::diff::tests::reordering_conditional_defaults_changes_what_they_resolve_to ... ok
[INFO] [stdout] test cli::diff::tests::a_renamed_config_property_is_compared_to_what_it_became ... ok
[INFO] [stdout] test cli::diff::tests::renaming_a_positional_leaves_the_slot_alone ... ok
[INFO] [stdout] test cli::diff::tests::a_renamed_config_property_says_where_it_went ... ok
[INFO] [stdout] test cli::diff::tests::help_text_and_effect_are_metadata ... ok
[INFO] [stdout] test cli::diff::tests::a_removed_command_is_breaking_unless_something_still_answers_to_it ... ok
[INFO] [stdout] test cli::exec::tests::windows_split_only_breaks_on_space_and_tab ... ok
[INFO] [stdout] test cli::exec::tests::windows_split_keeps_path_separators ... ok
[INFO] [stdout] test cli::diff::tests::reordering_environment_names_changes_which_one_wins ... ok
[INFO] [stdout] test cli::explain::tests::a_multicall_applet_name_is_marked_read_rather_than_written ... ok
[INFO] [stdout] test cli::diff::tests::the_alias_that_covers_a_rename_is_not_also_an_addition ... ok
[INFO] [stdout] test cli::explain::tests::a_parse_the_binding_phase_gave_up_on_still_reports_its_tokens ... ok
[INFO] [stdout] test cli::diff::tests::version_is_never_reported ... ok
[INFO] [stdout] test cli::explain::tests::a_choices_command_is_never_run_to_answer_a_report ... ok
[INFO] [stdout] test cli::complete_word::tests::shell_quoted_template_values_remain_one_literal_argument ... ok
[INFO] [stdout] test cli::explain::tests::a_default_if_says_which_condition_fired ... FAILED
[INFO] [stdout] test cli::explain::tests::a_bare_invocation_explains_the_fallbacks_alone ... FAILED
[INFO] [stdout] test cli::explain::tests::a_short_bundle_reads_as_one_token ... FAILED
[INFO] [stdout] test cli::lint::tests::test_lint_allows_an_alias_that_collides_with_nothing ... ok
[INFO] [stdout] test cli::explain::tests::an_env_value_names_the_variable ... FAILED
[INFO] [stdout] test cli::explain::tests::a_command_line_that_fails_still_gets_a_report ... FAILED
[INFO] [stdout] test cli::explain::tests::a_mount_is_never_run_to_answer_a_report ... ok
[INFO] [stdout] test cli::explain::tests::the_json_shape_carries_the_same_facts ... FAILED
[INFO] [stdout] test cli::lint::tests::test_lint_allows_missing_name_and_bin ... ok
[INFO] [stdout] test cli::explain::tests::a_separator_is_not_a_value_and_what_follows_it_is ... FAILED
[INFO] [stdout] test cli::lint::tests::test_lint_ambiguous_executable_view_dispatch ... ok
[INFO] [stdout] test cli::lint::tests::test_lint_clean_spec ... ok
[INFO] [stdout] test cli::lint::tests::test_lint_count_flag_with_arg ... ok
[INFO] [stdout] test cli::lint::tests::test_lint_default_subcommand_may_name_an_alias ... ok
[INFO] [stdout] test cli::lint::tests::test_lint_duplicate_subcommand ... ok
[INFO] [stdout] test cli::lint::tests::test_lint_default_subcommand_on_empty_requires_default ... ok
[INFO] [stdout] test cli::explain::tests::an_override_row_spells_the_flag_the_way_every_other_row_does ... ok
[INFO] [stdout] test cli::explain::tests::an_unknown_flag_says_what_took_it ... FAILED
[INFO] [stdout] test cli::explain::tests::the_attached_form_binds_and_the_report_says_where ... FAILED
[INFO] [stdout] test cli::lint::tests::test_lint_example_checks_only_up_to_a_shell_operator ... ok
[INFO] [stdout] test cli::lint::tests::test_lint_duplicate_flags ... ok
[INFO] [stdout] test cli::lint::tests::test_lint_example_in_a_language_that_is_not_a_shell ... ok
[INFO] [stdout] test cli::lint::tests::test_lint_example_naming_a_flag_the_spec_dropped ... ok
[INFO] [stdout] test cli::lint::tests::test_lint_example_declared_at_the_top_level ... ok
[INFO] [stdout] test cli::lint::tests::a_malformed_validate_expression_is_refused_when_a_spec_is_read ... ok
[INFO] [stdout] test cli::lint::tests::test_lint_example_keeps_a_placeholder_and_a_quoted_hash ... ok
[INFO] [stdout] test cli::lint::tests::test_lint_example_reaching_a_mount_never_runs_it ... ok
[INFO] [stdout] test cli::lint::tests::test_lint_example_lang_is_matched_without_case ... ok
[INFO] [stdout] test cli::lint::tests::test_lint_example_lines_that_are_not_this_program ... ok
[INFO] [stdout] test cli::lint::tests::test_lint_example_invoking_a_view_or_an_applet ... ok
[INFO] [stdout] test cli::lint::tests::test_lint_example_keeps_a_quoted_operator_as_a_value ... ok
[INFO] [stdout] test cli::lint::tests::test_lint_missing_help ... ok
[INFO] [stdout] test cli::lint::tests::test_lint_invalid_default_subcommand ... ok
[INFO] [stdout] test cli::lint::tests::test_lint_invalid_executable_view ... ok
[INFO] [stdout] test cli::lint::tests::test_lint_multicall_no_subcommands ... ok
[INFO] [stdout] test cli::lint::tests::test_lint_no_option_flag ... ok
[INFO] [stdout] test cli::lint::tests::test_lint_required_after_optional ... ok
[INFO] [stdout] test cli::explain::tests::a_help_request_is_a_role_rather_than_an_error ... ok
[INFO] [stdout] test cli::lint::tests::test_lint_example_with_a_leading_assignment_and_a_continuation ... ok
[INFO] [stdout] test cli::lint::tests::test_lint_example_with_an_attached_redirection ... ok
[INFO] [stdout] test cli::lint::tests::test_lint_executable_view_cannot_capture_host ... ok
[INFO] [stdout] test cli::lint::tests::test_lint_invalid_default_subcommand_shows_valid ... ok
[INFO] [stdout] test cli::lint::tests::test_lint_multicall_external_only_has_no_named_target ... ok
[INFO] [stdout] test cli::lint::tests::test_lint_example_asking_for_help_or_version ... ok
[INFO] [stdout] test cli::lint::tests::test_lint_sorted_accepts_a_sorted_spec ... ok
[INFO] [stdout] test cli::lint::tests::test_lint_sorted_keeps_the_two_flag_groups_apart ... ok
[INFO] [stdout] test cli::lint::tests::test_lint_sorted_puts_lowercase_before_its_capital ... ok
[INFO] [stdout] test cli::explain::tests::a_shadowed_default_says_what_beat_it ... FAILED
[INFO] [stdout] test cli::lint::tests::test_lint_sorted_ignores_a_flag_with_no_option ... ok
[INFO] [stdout] test cli::lint::tests::test_lint_sorted_is_off_by_default ... ok
[INFO] [stdout] test cli::explain::tests::a_word_offered_to_an_argument_that_refused_it_says_so ... FAILED
[INFO] [stdout] test cli::lint::tests::test_lint_uses_about_as_root_command_help ... ok
[INFO] [stdout] test cli::lint::tests::test_lint_example_under_a_mount_is_still_checked_where_it_can_be ... ok
[INFO] [stdout] test cli::lint::tests::test_lint_unsorted_short_flags ... ok
[INFO] [stdout] test cli::lint::tests::test_lint_sorted_reaches_into_subcommands ... ok
[INFO] [stdout] test cli::mcp::tests::a_hidden_command_can_still_be_described ... ok
[INFO] [stdout] test cli::lint::tests::test_lint_unsorted_long_only_flags ... ok
[INFO] [stdout] test cli::lint::tests::test_lint_variadic_arg_not_last ... ok
[INFO] [stdout] test cli::lint::tests::test_lint_subcommand_required_no_subcommands ... ok
[INFO] [stdout] test cli::lint::tests::test_lint_unsorted_subcommands ... ok
[INFO] [stdout] test cli::lint::tests::test_lint_sorted_reports_one_pair_per_group ... ok
[INFO] [stdout] test cli::mcp::tests::a_subcommand_sharing_the_binarys_name_still_resolves ... ok
[INFO] [stdout] test cli::mcp::tests::a_leading_binary_name_is_tolerated ... ok
[INFO] [stdout] test cli::mcp::tests::a_local_only_flag_is_reported_as_local ... ok
[INFO] [stdout] test cli::mcp::tests::hidden_can_be_included ... ok
[INFO] [stdout] test cli::mcp::tests::describe_reports_flag_effects ... ok
[INFO] [stdout] test cli::mcp::tests::a_path_from_one_tool_is_accepted_by_the_other ... ok
[INFO] [stdout] test cli::mcp::tests::hidden_subtrees_are_excluded_by_default ... ok
[INFO] [stdout] test cli::mcp::tests::inherited_global_flags_are_included ... ok
[INFO] [stdout] test cli::mcp::tests::describe_reports_output_schemas_selectors_and_exit_codes ... ok
[INFO] [stdout] test cli::mcp::tests::nested_paths_and_aliases_resolve ... ok
[INFO] [stdout] test cli::mcp::tests::commands_carry_their_effect ... ok
[INFO] [stdout] test cli::mcp::tests::the_instructions_explain_what_effect_means ... ok
[INFO] [stdout] test cli::lint::tests::test_lint_example_that_parses ... ok
[INFO] [stdout] test cli::shell::tests::windows_paths_are_recognized ... ok
[INFO] [stdout] test cli::shell::tests::the_hint_stays_quiet_when_it_would_be_guessing ... ok
[INFO] [stdout] test env::tests::a_blank_value_means_no_override ... ok
[INFO] [stdout] test cli::mcp::tests::server_info_declares_tools_and_instructions ... ok
[INFO] [stdout] test env::tests::a_blanked_current_name_falls_through_to_the_legacy_one ... ok
[INFO] [stdout] test cli::mcp::tests::tools_are_registered_with_schemas ... ok
[INFO] [stdout] test env::tests::a_failed_lookup_reports_the_name_that_answered ... ok
[INFO] [stdout] test cli::shell::tests::the_hint_names_the_script_and_the_override ... ok
[INFO] [stdout] test command_effects::tests::every_generator_that_can_redirect_its_output_says_so ... ok
[INFO] [stdout] test command_effects::tests::nothing_is_unclassified_by_accident ... ok
[INFO] [stdout] test command_effects::tests::installing_a_completion_script_is_a_write ... ok
[INFO] [stdout] test command_effects::tests::an_output_flag_raises_a_read_command_to_write ... ok
[INFO] [stdout] test cli::mcp::tests::describing_a_missing_command_is_a_tool_error ... ok
[INFO] [stdout] test cli::shell::tests::paths_a_posix_shell_can_open_are_not_windows_paths ... ok
[INFO] [stdout] test cli::mcp::tests::a_re_declared_global_keeps_the_globals_effect ... ok
[INFO] [stdout] test cli::shell::tests::a_drive_relative_path_counts_too ... ok
[INFO] [stdout] test command_effects::tests::a_required_output_flag_makes_the_command_write ... ok
[INFO] [stdout] test command_effects::tests::nothing_names_a_command_that_does_not_exist ... ok
[INFO] [stdout] test env::tests::surrounding_whitespace_is_trimmed ... ok
[INFO] [stdout] test env::tests::the_prefix_is_one_mise_does_not_clear ... ok
[INFO] [stdout] test env::tests::wslenv_adds_no_flags ... ok
[INFO] [stdout] test env::tests::wslenv_appends_after_existing_entries ... ok
[INFO] [stdout] test env::tests::wslenv_dedups_within_the_new_keys ... ok
[INFO] [stdout] test env::tests::unset_means_no_override ... ok
[INFO] [stdout] test env::tests::shell_var_names_cover_every_shell_subcommand ... ok
[INFO] [stdout] test env::tests::wslenv_adds_keys_in_order ... ok
[INFO] [stdout] test env::tests::wslenv_does_not_repeat_an_existing_name ... ok
[INFO] [stdout] test env::tests::wslenv_drops_empty_segments ... ok
[INFO] [stdout] test env::tests::wslenv_leaves_existing_flags_untouched ... ok
[INFO] [stdout] test env::tests::wslenv_skips_keys_that_would_corrupt_the_list ... ok
[INFO] [stdout] test env::tests::wslenv_treats_a_direction_only_entry_as_covering_the_name ... ok
[INFO] [stdout] test schema::tests::a_group_that_is_also_a_map_keeps_what_makes_it_one ... ok
[INFO] [stdout] test schema::tests::a_key_that_is_both_a_value_and_a_group_stays_valid_json_schema ... ok
[INFO] [stdout] test schema::tests::a_schema_lists_what_a_file_can_actually_hold ... ok
[INFO] [stdout] test env::tests::the_current_name_wins_over_the_legacy_one ... ok
[INFO] [stdout] test env::tests::the_log_filter_falls_back_through_both_spellings ... ok
[INFO] [stdout] test env::tests::the_log_filter_keeps_trace_over_debug_over_a_level ... ok
[INFO] [stdout] test schema::tests::a_union_with_choices_is_described_by_its_choices ... ok
[INFO] [stdout] test env::tests::the_current_name_is_read ... ok
[INFO] [stdout] test env::tests::a_path_with_spaces_survives_intact ... ok
[INFO] [stdout] test env::tests::carries_value_verbatim_only_for_bare_names_and_u ... ok
[INFO] [stdout] test env::tests::parsed_env_keys_are_safe_for_wslenv ... ok
[INFO] [stdout] test schema::tests::dotted_keys_become_the_shape_a_file_has ... ok
[INFO] [stdout] test env::tests::settings_are_not_limited_to_shells ... ok
[INFO] [stdout] test schema::tests::what_an_editor_shows_comes_from_the_spec ... ok
[INFO] [stdout] test test::shell_commands_keep_their_verbatim_long_help ... ok
[INFO] [stdout] test schema::tests::the_envelope_says_what_it_is ... ok
[INFO] [stdout] test env::tests::another_shells_variable_is_not_picked_up ... ok
[INFO] [stdout] test schema::tests::every_type_becomes_something_a_validator_understands ... ok
[INFO] [stdout] test schema::tests::choices_constrain_the_values_not_the_container ... ok
[INFO] [stdout] test env::tests::wslenv_with_no_keys_returns_existing ... ok
[INFO] [stdout] test env::tests::wslenv_adds_its_own_entry_beside_one_that_would_lose_the_value ... ok
[INFO] [stdout] 
[INFO] [stdout] failures:
[INFO] [stdout] 
[INFO] [stdout] ---- cli::explain::tests::a_default_if_says_which_condition_fired stdout ----
[INFO] [stdout] 
[INFO] [stdout] thread 'cli::explain::tests::a_default_if_says_which_condition_fired' (2446) panicked at src/cli/explain.rs:778:10:
[INFO] [stdout] called `Result::unwrap()` on an `Err` value: Os { code: 2, kind: NotFound, message: "No such file or directory" }
[INFO] [stdout] stack backtrace:
[INFO] [stdout]    0:     0x58e3eb02f9a1 - <<std[70759c8f55707aa4]::sys::backtrace::BacktraceLock>::print::DisplayBacktrace as core[df12db4294e9bfd3]::fmt::Display>::fmt
[INFO] [stdout]    1:     0x58e3eb0479aa - core[df12db4294e9bfd3]::fmt::write
[INFO] [stdout]    2:     0x58e3eb033e5c - <alloc[2182bb758b4b3781]::vec::Vec<u8> as core[df12db4294e9bfd3]::io::write::Write>::write_fmt
[INFO] [stdout]    3:     0x58e3eb00ae76 - std[70759c8f55707aa4]::panicking::default_hook::{closure#0}
[INFO] [stdout]    4:     0x58e3eb0278b9 - std[70759c8f55707aa4]::panicking::default_hook
[INFO] [stdout]    5:     0x58e3eab91fe0 - test[9d35eded1c95d3be]::test_main_inner::<test[9d35eded1c95d3be]::test_main_static::{closure#0}>::{closure#0}
[INFO] [stdout]    6:     0x58e3eb027a72 - std[70759c8f55707aa4]::panicking::panic_with_hook
[INFO] [stdout]    7:     0x58e3eb00af22 - std[70759c8f55707aa4]::panicking::panic_handler::{closure#0}
[INFO] [stdout]    8:     0x58e3eb0038d9 - std[70759c8f55707aa4]::sys::backtrace::__rust_end_short_backtrace::<std[70759c8f55707aa4]::panicking::panic_handler::{closure#0}, !>
[INFO] [stdout]    9:     0x58e3eb00bbbd - __rustc[8fa7c3cbc660c2b3]::rust_begin_unwind
[INFO] [stdout]   10:     0x58e3eb0481cc - core[df12db4294e9bfd3]::panicking::panic_fmt
[INFO] [stdout]   11:     0x58e3eb047fa2 - core[df12db4294e9bfd3]::result::unwrap_failed
[INFO] [stdout]   12:     0x58e3eab01192 - usage_cli[b8cfddaf972946d1]::cli::explain::tests::fixture
[INFO] [stdout]   13:     0x58e3eab0259b - usage_cli[b8cfddaf972946d1]::cli::explain::tests::a_default_if_says_which_condition_fired
[INFO] [stdout]   14:     0x58e3eab3be29 - <usage_cli[b8cfddaf972946d1]::cli::explain::tests::a_default_if_says_which_condition_fired::{closure#0} as core[df12db4294e9bfd3]::ops::function::FnOnce<()>>::call_once
[INFO] [stdout]   15:     0x58e3eab852cb - test[9d35eded1c95d3be]::__rust_begin_short_backtrace::<core[df12db4294e9bfd3]::result::Result<(), alloc[2182bb758b4b3781]::string::String>, fn() -> core[df12db4294e9bfd3]::result::Result<(), alloc[2182bb758b4b3781]::string::String>>
[INFO] [stdout]   16:     0x58e3eab92935 - test[9d35eded1c95d3be]::run_test::{closure#0}
[INFO] [stdout]   17:     0x58e3eab8c1f4 - std[70759c8f55707aa4]::sys::backtrace::__rust_begin_short_backtrace::<test[9d35eded1c95d3be]::run_test::{closure#1}, ()>
[INFO] [stdout]   18:     0x58e3eab95a92 - <std[70759c8f55707aa4]::thread::lifecycle::spawn_unchecked<test[9d35eded1c95d3be]::run_test::{closure#1}, ()>::{closure#1} as core[df12db4294e9bfd3]::ops::function::FnOnce<()>>::call_once::{shim:vtable#0}
[INFO] [stdout]   19:     0x58e3eb02eed9 - <std[70759c8f55707aa4]::sys::thread::unix::Thread>::new::thread_start
[INFO] [stdout]   20:     0x7b4d49742dfa - <unknown>
[INFO] [stdout]   21:     0x7b4d497d63d4 - clone
[INFO] [stdout]   22:                0x0 - <unknown>
[INFO] [stdout] 
[INFO] [stdout] ---- cli::explain::tests::a_bare_invocation_explains_the_fallbacks_alone stdout ----
[INFO] [stdout] 
[INFO] [stdout] thread 'cli::explain::tests::a_bare_invocation_explains_the_fallbacks_alone' (2443) panicked at src/cli/explain.rs:778:10:
[INFO] [stdout] called `Result::unwrap()` on an `Err` value: Os { code: 2, kind: NotFound, message: "No such file or directory" }
[INFO] [stdout] stack backtrace:
[INFO] [stdout]    0:     0x58e3eb02f9a1 - <<std[70759c8f55707aa4]::sys::backtrace::BacktraceLock>::print::DisplayBacktrace as core[df12db4294e9bfd3]::fmt::Display>::fmt
[INFO] [stdout]    1:     0x58e3eb0479aa - core[df12db4294e9bfd3]::fmt::write
[INFO] [stdout]    2:     0x58e3eb033e5c - <alloc[2182bb758b4b3781]::vec::Vec<u8> as core[df12db4294e9bfd3]::io::write::Write>::write_fmt
[INFO] [stdout]    3:     0x58e3eb00ae76 - std[70759c8f55707aa4]::panicking::default_hook::{closure#0}
[INFO] [stdout]    4:     0x58e3eb0278b9 - std[70759c8f55707aa4]::panicking::default_hook
[INFO] [stdout]    5:     0x58e3eab91fe0 - test[9d35eded1c95d3be]::test_main_inner::<test[9d35eded1c95d3be]::test_main_static::{closure#0}>::{closure#0}
[INFO] [stdout]    6:     0x58e3eb027a72 - std[70759c8f55707aa4]::panicking::panic_with_hook
[INFO] [stdout]    7:     0x58e3eb00af22 - std[70759c8f55707aa4]::panicking::panic_handler::{closure#0}
[INFO] [stdout]    8:     0x58e3eb0038d9 - std[70759c8f55707aa4]::sys::backtrace::__rust_end_short_backtrace::<std[70759c8f55707aa4]::panicking::panic_handler::{closure#0}, !>
[INFO] [stdout]    9:     0x58e3eb00bbbd - __rustc[8fa7c3cbc660c2b3]::rust_begin_unwind
[INFO] [stdout]   10:     0x58e3eb0481cc - core[df12db4294e9bfd3]::panicking::panic_fmt
[INFO] [stdout]   11:     0x58e3eb047fa2 - core[df12db4294e9bfd3]::result::unwrap_failed
[INFO] [stdout]   12:     0x58e3eab01192 - usage_cli[b8cfddaf972946d1]::cli::explain::tests::fixture
[INFO] [stdout]   13:     0x58e3eab033fd - usage_cli[b8cfddaf972946d1]::cli::explain::tests::a_bare_invocation_explains_the_fallbacks_alone
[INFO] [stdout]   14:     0x58e3eab3bea9 - <usage_cli[b8cfddaf972946d1]::cli::explain::tests::a_bare_invocation_explains_the_fallbacks_alone::{closure#0} as core[df12db4294e9bfd3]::ops::function::FnOnce<()>>::call_once
[INFO] [stdout]   15:     0x58e3eab852cb - test[9d35eded1c95d3be]::__rust_begin_short_backtrace::<core[df12db4294e9bfd3]::result::Result<(), alloc[2182bb758b4b3781]::string::String>, fn() -> core[df12db4294e9bfd3]::result::Result<(), alloc[2182bb758b4b3781]::string::String>>
[INFO] [stdout]   16:     0x58e3eab92935 - test[9d35eded1c95d3be]::run_test::{closure#0}
[INFO] [stdout]   17:     0x58e3eab8c1f4 - std[70759c8f55707aa4]::sys::backtrace::__rust_begin_short_backtrace::<test[9d35eded1c95d3be]::run_test::{closure#1}, ()>
[INFO] [stdout]   18:     0x58e3eab95a92 - <std[70759c8f55707aa4]::thread::lifecycle::spawn_unchecked<test[9d35eded1c95d3be]::run_test::{closure#1}, ()>::{closure#1} as core[df12db4294e9bfd3]::ops::function::FnOnce<()>>::call_once::{shim:vtable#0}
[INFO] [stdout]   19:     0x58e3eb02eed9 - <std[70759c8f55707aa4]::sys::thread::unix::Thread>::new::thread_start
[INFO] [stdout]   20:     0x7b4d49742dfa - <unknown>
[INFO] [stdout]   21:     0x7b4d497d63d4 - clone
[INFO] [stdout]   22:                0x0 - <unknown>
[INFO] [stdout] 
[INFO] [stdout] ---- cli::explain::tests::a_short_bundle_reads_as_one_token stdout ----
[INFO] [stdout] 
[INFO] [stdout] thread 'cli::explain::tests::a_short_bundle_reads_as_one_token' (2453) panicked at src/cli/explain.rs:778:10:
[INFO] [stdout] called `Result::unwrap()` on an `Err` value: Os { code: 2, kind: NotFound, message: "No such file or directory" }
[INFO] [stdout] stack backtrace:
[INFO] [stdout]    0:     0x58e3eb02f9a1 - <<std[70759c8f55707aa4]::sys::backtrace::BacktraceLock>::print::DisplayBacktrace as core[df12db4294e9bfd3]::fmt::Display>::fmt
[INFO] [stdout]    1:     0x58e3eb0479aa - core[df12db4294e9bfd3]::fmt::write
[INFO] [stdout]    2:     0x58e3eb033e5c - <alloc[2182bb758b4b3781]::vec::Vec<u8> as core[df12db4294e9bfd3]::io::write::Write>::write_fmt
[INFO] [stdout]    3:     0x58e3eb00ae76 - std[70759c8f55707aa4]::panicking::default_hook::{closure#0}
[INFO] [stdout]    4:     0x58e3eb0278b9 - std[70759c8f55707aa4]::panicking::default_hook
[INFO] [stdout]    5:     0x58e3eab91fe0 - test[9d35eded1c95d3be]::test_main_inner::<test[9d35eded1c95d3be]::test_main_static::{closure#0}>::{closure#0}
[INFO] [stdout]    6:     0x58e3eb027a72 - std[70759c8f55707aa4]::panicking::panic_with_hook
[INFO] [stdout]    7:     0x58e3eb00af22 - std[70759c8f55707aa4]::panicking::panic_handler::{closure#0}
[INFO] [stdout]    8:     0x58e3eb0038d9 - std[70759c8f55707aa4]::sys::backtrace::__rust_end_short_backtrace::<std[70759c8f55707aa4]::panicking::panic_handler::{closure#0}, !>
[INFO] [stdout]    9:     0x58e3eb00bbbd - __rustc[8fa7c3cbc660c2b3]::rust_begin_unwind
[INFO] [stdout]   10:     0x58e3eb0481cc - core[df12db4294e9bfd3]::panicking::panic_fmt
[INFO] [stdout]   11:     0x58e3eb047fa2 - core[df12db4294e9bfd3]::result::unwrap_failed
[INFO] [stdout]   12:     0x58e3eab01192 - usage_cli[b8cfddaf972946d1]::cli::explain::tests::fixture
[INFO] [stdout]   13:     0x58e3eab0144d - usage_cli[b8cfddaf972946d1]::cli::explain::tests::a_short_bundle_reads_as_one_token
[INFO] [stdout]   14:     0x58e3eab3bda9 - <usage_cli[b8cfddaf972946d1]::cli::explain::tests::a_short_bundle_reads_as_one_token::{closure#0} as core[df12db4294e9bfd3]::ops::function::FnOnce<()>>::call_once
[INFO] [stdout]   15:     0x58e3eab852cb - test[9d35eded1c95d3be]::__rust_begin_short_backtrace::<core[df12db4294e9bfd3]::result::Result<(), alloc[2182bb758b4b3781]::string::String>, fn() -> core[df12db4294e9bfd3]::result::Result<(), alloc[2182bb758b4b3781]::string::String>>
[INFO] [stdout]   16:     0x58e3eab92935 - test[9d35eded1c95d3be]::run_test::{closure#0}
[INFO] [stdout]   17:     0x58e3eab8c1f4 - std[70759c8f55707aa4]::sys::backtrace::__rust_begin_short_backtrace::<test[9d35eded1c95d3be]::run_test::{closure#1}, ()>
[INFO] [stdout]   18:     0x58e3eab95a92 - <std[70759c8f55707aa4]::thread::lifecycle::spawn_unchecked<test[9d35eded1c95d3be]::run_test::{closure#1}, ()>::{closure#1} as core[df12db4294e9bfd3]::ops::function::FnOnce<()>>::call_once::{shim:vtable#0}
[INFO] [stdout]   19:     0x58e3eb02eed9 - <std[70759c8f55707aa4]::sys::thread::unix::Thread>::new::thread_start
[INFO] [stdout]   20:     0x7b4d49742dfa - <unknown>
[INFO] [stdout]   21:     0x7b4d497d63d4 - clone
[INFO] [stdout]   22:                0x0 - <unknown>
[INFO] [stdout] 
[INFO] [stdout] ---- cli::explain::tests::an_env_value_names_the_variable stdout ----
[INFO] [stdout] 
[INFO] [stdout] thread 'cli::explain::tests::an_env_value_names_the_variable' (2455) panicked at src/cli/explain.rs:778:10:
[INFO] [stdout] called `Result::unwrap()` on an `Err` value: Os { code: 2, kind: NotFound, message: "No such file or directory" }
[INFO] [stdout] stack backtrace:
[INFO] [stdout]    0:     0x58e3eb02f9a1 - <<std[70759c8f55707aa4]::sys::backtrace::BacktraceLock>::print::DisplayBacktrace as core[df12db4294e9bfd3]::fmt::Display>::fmt
[INFO] [stdout]    1:     0x58e3eb0479aa - core[df12db4294e9bfd3]::fmt::write
[INFO] [stdout]    2:     0x58e3eb033e5c - <alloc[2182bb758b4b3781]::vec::Vec<u8> as core[df12db4294e9bfd3]::io::write::Write>::write_fmt
[INFO] [stdout]    3:     0x58e3eb00ae76 - std[70759c8f55707aa4]::panicking::default_hook::{closure#0}
[INFO] [stdout]    4:     0x58e3eb0278b9 - std[70759c8f55707aa4]::panicking::default_hook
[INFO] [stdout]    5:     0x58e3eab91fe0 - test[9d35eded1c95d3be]::test_main_inner::<test[9d35eded1c95d3be]::test_main_static::{closure#0}>::{closure#0}
[INFO] [stdout]    6:     0x58e3eb027a72 - std[70759c8f55707aa4]::panicking::panic_with_hook
[INFO] [stdout]    7:     0x58e3eb00af22 - std[70759c8f55707aa4]::panicking::panic_handler::{closure#0}
[INFO] [stdout]    8:     0x58e3eb0038d9 - std[70759c8f55707aa4]::sys::backtrace::__rust_end_short_backtrace::<std[70759c8f55707aa4]::panicking::panic_handler::{closure#0}, !>
[INFO] [stdout]    9:     0x58e3eb00bbbd - __rustc[8fa7c3cbc660c2b3]::rust_begin_unwind
[INFO] [stdout]   10:     0x58e3eb0481cc - core[df12db4294e9bfd3]::panicking::panic_fmt
[INFO] [stdout]   11:     0x58e3eb047fa2 - core[df12db4294e9bfd3]::result::unwrap_failed
[INFO] [stdout]   12:     0x58e3eab01192 - usage_cli[b8cfddaf972946d1]::cli::explain::tests::fixture
[INFO] [stdout]   13:     0x58e3eab0126b - usage_cli[b8cfddaf972946d1]::cli::explain::tests::an_env_value_names_the_variable
[INFO] [stdout]   14:     0x58e3eab3bd89 - <usage_cli[b8cfddaf972946d1]::cli::explain::tests::an_env_value_names_the_variable::{closure#0} as core[df12db4294e9bfd3]::ops::function::FnOnce<()>>::call_once
[INFO] [stdout]   15:     0x58e3eab852cb - test[9d35eded1c95d3be]::__rust_begin_short_backtrace::<core[df12db4294e9bfd3]::result::Result<(), alloc[2182bb758b4b3781]::string::String>, fn() -> core[df12db4294e9bfd3]::result::Result<(), alloc[2182bb758b4b3781]::string::String>>
[INFO] [stdout]   16:     0x58e3eab92935 - test[9d35eded1c95d3be]::run_test::{closure#0}
[INFO] [stdout]   17:     0x58e3eab8c1f4 - std[70759c8f55707aa4]::sys::backtrace::__rust_begin_short_backtrace::<test[9d35eded1c95d3be]::run_test::{closure#1}, ()>
[INFO] [stdout]   18:     0x58e3eab95a92 - <std[70759c8f55707aa4]::thread::lifecycle::spawn_unchecked<test[9d35eded1c95d3be]::run_test::{closure#1}, ()>::{closure#1} as core[df12db4294e9bfd3]::ops::function::FnOnce<()>>::call_once::{shim:vtable#0}
[INFO] [stdout]   19:     0x58e3eb02eed9 - <std[70759c8f55707aa4]::sys::thread::unix::Thread>::new::thread_start
[INFO] [stdout]   20:     0x7b4d49742dfa - <unknown>
[INFO] [stdout]   21:     0x7b4d497d63d4 - clone
[INFO] [stdout]   22:                0x0 - <unknown>
[INFO] [stdout] 
[INFO] [stdout] ---- cli::explain::tests::a_command_line_that_fails_still_gets_a_report stdout ----
[INFO] [stdout] 
[INFO] [stdout] thread 'cli::explain::tests::a_command_line_that_fails_still_gets_a_report' (2445) panicked at src/cli/explain.rs:778:10:
[INFO] [stdout] called `Result::unwrap()` on an `Err` value: Os { code: 2, kind: NotFound, message: "No such file or directory" }
[INFO] [stdout] stack backtrace:
[INFO] [stdout]    0:     0x58e3eb02f9a1 - <<std[70759c8f55707aa4]::sys::backtrace::BacktraceLock>::print::DisplayBacktrace as core[df12db4294e9bfd3]::fmt::Display>::fmt
[INFO] [stdout]    1:     0x58e3eb0479aa - core[df12db4294e9bfd3]::fmt::write
[INFO] [stdout]    2:     0x58e3eb033e5c - <alloc[2182bb758b4b3781]::vec::Vec<u8> as core[df12db4294e9bfd3]::io::write::Write>::write_fmt
[INFO] [stdout]    3:     0x58e3eb00ae76 - std[70759c8f55707aa4]::panicking::default_hook::{closure#0}
[INFO] [stdout]    4:     0x58e3eb0278b9 - std[70759c8f55707aa4]::panicking::default_hook
[INFO] [stdout]    5:     0x58e3eab91fe0 - test[9d35eded1c95d3be]::test_main_inner::<test[9d35eded1c95d3be]::test_main_static::{closure#0}>::{closure#0}
[INFO] [stdout]    6:     0x58e3eb027a72 - std[70759c8f55707aa4]::panicking::panic_with_hook
[INFO] [stdout]    7:     0x58e3eb00af22 - std[70759c8f55707aa4]::panicking::panic_handler::{closure#0}
[INFO] [stdout]    8:     0x58e3eb0038d9 - std[70759c8f55707aa4]::sys::backtrace::__rust_end_short_backtrace::<std[70759c8f55707aa4]::panicking::panic_handler::{closure#0}, !>
[INFO] [stdout]    9:     0x58e3eb00bbbd - __rustc[8fa7c3cbc660c2b3]::rust_begin_unwind
[INFO] [stdout]   10:     0x58e3eb0481cc - core[df12db4294e9bfd3]::panicking::panic_fmt
[INFO] [stdout]   11:     0x58e3eb047fa2 - core[df12db4294e9bfd3]::result::unwrap_failed
[INFO] [stdout]   12:     0x58e3eab01192 - usage_cli[b8cfddaf972946d1]::cli::explain::tests::fixture
[INFO] [stdout]   13:     0x58e3eab02d0b - usage_cli[b8cfddaf972946d1]::cli::explain::tests::a_command_line_that_fails_still_gets_a_report
[INFO] [stdout]   14:     0x58e3eab3be69 - <usage_cli[b8cfddaf972946d1]::cli::explain::tests::a_command_line_that_fails_still_gets_a_report::{closure#0} as core[df12db4294e9bfd3]::ops::function::FnOnce<()>>::call_once
[INFO] [stdout]   15:     0x58e3eab852cb - test[9d35eded1c95d3be]::__rust_begin_short_backtrace::<core[df12db4294e9bfd3]::result::Result<(), alloc[2182bb758b4b3781]::string::String>, fn() -> core[df12db4294e9bfd3]::result::Result<(), alloc[2182bb758b4b3781]::string::String>>
[INFO] [stdout]   16:     0x58e3eab92935 - test[9d35eded1c95d3be]::run_test::{closure#0}
[INFO] [stdout]   17:     0x58e3eab8c1f4 - std[70759c8f55707aa4]::sys::backtrace::__rust_begin_short_backtrace::<test[9d35eded1c95d3be]::run_test::{closure#1}, ()>
[INFO] [stdout]   18:     0x58e3eab95a92 - <std[70759c8f55707aa4]::thread::lifecycle::spawn_unchecked<test[9d35eded1c95d3be]::run_test::{closure#1}, ()>::{closure#1} as core[df12db4294e9bfd3]::ops::function::FnOnce<()>>::call_once::{shim:vtable#0}
[INFO] [stdout]   19:     0x58e3eb02eed9 - <std[70759c8f55707aa4]::sys::thread::unix::Thread>::new::thread_start
[INFO] [stdout]   20:     0x7b4d49742dfa - <unknown>
[INFO] [stdout]   21:     0x7b4d497d63d4 - clone
[INFO] [stdout]   22:                0x0 - <unknown>
[INFO] [stdout] 
[INFO] [stdout] ---- cli::explain::tests::the_json_shape_carries_the_same_facts stdout ----
[INFO] [stdout] 
[INFO] [stdout] thread 'cli::explain::tests::the_json_shape_carries_the_same_facts' (2459) panicked at src/cli/explain.rs:778:10:
[INFO] [stdout] called `Result::unwrap()` on an `Err` value: Os { code: 2, kind: NotFound, message: "No such file or directory" }
[INFO] [stdout] stack backtrace:
[INFO] [stdout]    0:     0x58e3eb02f9a1 - <<std[70759c8f55707aa4]::sys::backtrace::BacktraceLock>::print::DisplayBacktrace as core[df12db4294e9bfd3]::fmt::Display>::fmt
[INFO] [stdout]    1:     0x58e3eb0479aa - core[df12db4294e9bfd3]::fmt::write
[INFO] [stdout]    2:     0x58e3eb033e5c - <alloc[2182bb758b4b3781]::vec::Vec<u8> as core[df12db4294e9bfd3]::io::write::Write>::write_fmt
[INFO] [stdout]    3:     0x58e3eb00ae76 - std[70759c8f55707aa4]::panicking::default_hook::{closure#0}
[INFO] [stdout]    4:     0x58e3eb0278b9 - std[70759c8f55707aa4]::panicking::default_hook
[INFO] [stdout]    5:     0x58e3eab91fe0 - test[9d35eded1c95d3be]::test_main_inner::<test[9d35eded1c95d3be]::test_main_static::{closure#0}>::{closure#0}
[INFO] [stdout]    6:     0x58e3eb027a72 - std[70759c8f55707aa4]::panicking::panic_with_hook
[INFO] [stdout]    7:     0x58e3eb00af22 - std[70759c8f55707aa4]::panicking::panic_handler::{closure#0}
[INFO] [stdout]    8:     0x58e3eb0038d9 - std[70759c8f55707aa4]::sys::backtrace::__rust_end_short_backtrace::<std[70759c8f55707aa4]::panicking::panic_handler::{closure#0}, !>
[INFO] [stdout]    9:     0x58e3eb00bbbd - __rustc[8fa7c3cbc660c2b3]::rust_begin_unwind
[INFO] [stdout]   10:     0x58e3eb0481cc - core[df12db4294e9bfd3]::panicking::panic_fmt
[INFO] [stdout]   11:     0x58e3eb047fa2 - core[df12db4294e9bfd3]::result::unwrap_failed
[INFO] [stdout]   12:     0x58e3eab01192 - usage_cli[b8cfddaf972946d1]::cli::explain::tests::fixture
[INFO] [stdout]   13:     0x58e3eab01e5e - usage_cli[b8cfddaf972946d1]::cli::explain::tests::the_json_shape_carries_the_same_facts
[INFO] [stdout]   14:     0x58e3eab3be09 - <usage_cli[b8cfddaf972946d1]::cli::explain::tests::the_json_shape_carries_the_same_facts::{closure#0} as core[df12db4294e9bfd3]::ops::function::FnOnce<()>>::call_once
[INFO] [stdout]   15:     0x58e3eab852cb - test[9d35eded1c95d3be]::__rust_begin_short_backtrace::<core[df12db4294e9bfd3]::result::Result<(), alloc[2182bb758b4b3781]::string::String>, fn() -> core[df12db4294e9bfd3]::result::Result<(), alloc[2182bb758b4b3781]::string::String>>
[INFO] [stdout]   16:     0x58e3eab92935 - test[9d35eded1c95d3be]::run_test::{closure#0}
[INFO] [stdout]   17:     0x58e3eab8c1f4 - std[70759c8f55707aa4]::sys::backtrace::__rust_begin_short_backtrace::<test[9d35eded1c95d3be]::run_test::{closure#1}, ()>
[INFO] [stdout]   18:     0x58e3eab95a92 - <std[70759c8f55707aa4]::thread::lifecycle::spawn_unchecked<test[9d35eded1c95d3be]::run_test::{closure#1}, ()>::{closure#1} as core[df12db4294e9bfd3]::ops::function::FnOnce<()>>::call_once::{shim:vtable#0}
[INFO] [stdout]   19:     0x58e3eb02eed9 - <std[70759c8f55707aa4]::sys::thread::unix::Thread>::new::thread_start
[INFO] [stdout]   20:     0x7b4d49742dfa - <unknown>
[INFO] [stdout]   21:     0x7b4d497d63d4 - clone
[INFO] [stdout]   22:                0x0 - <unknown>
[INFO] [stdout] 
[INFO] [stdout] ---- cli::explain::tests::a_separator_is_not_a_value_and_what_follows_it_is stdout ----
[INFO] [stdout] 
[INFO] [stdout] thread 'cli::explain::tests::a_separator_is_not_a_value_and_what_follows_it_is' (2451) panicked at src/cli/explain.rs:778:10:
[INFO] [stdout] called `Result::unwrap()` on an `Err` value: Os { code: 2, kind: NotFound, message: "No such file or directory" }
[INFO] [stdout] stack backtrace:
[INFO] [stdout]    0:     0x58e3eb02f9a1 - <<std[70759c8f55707aa4]::sys::backtrace::BacktraceLock>::print::DisplayBacktrace as core[df12db4294e9bfd3]::fmt::Display>::fmt
[INFO] [stdout]    1:     0x58e3eb0479aa - core[df12db4294e9bfd3]::fmt::write
[INFO] [stdout]    2:     0x58e3eb033e5c - <alloc[2182bb758b4b3781]::vec::Vec<u8> as core[df12db4294e9bfd3]::io::write::Write>::write_fmt
[INFO] [stdout]    3:     0x58e3eb00ae76 - std[70759c8f55707aa4]::panicking::default_hook::{closure#0}
[INFO] [stdout]    4:     0x58e3eb0278b9 - std[70759c8f55707aa4]::panicking::default_hook
[INFO] [stdout]    5:     0x58e3eab91fe0 - test[9d35eded1c95d3be]::test_main_inner::<test[9d35eded1c95d3be]::test_main_static::{closure#0}>::{closure#0}
[INFO] [stdout]    6:     0x58e3eb027a72 - std[70759c8f55707aa4]::panicking::panic_with_hook
[INFO] [stdout]    7:     0x58e3eb00af22 - std[70759c8f55707aa4]::panicking::panic_handler::{closure#0}
[INFO] [stdout]    8:     0x58e3eb0038d9 - std[70759c8f55707aa4]::sys::backtrace::__rust_end_short_backtrace::<std[70759c8f55707aa4]::panicking::panic_handler::{closure#0}, !>
[INFO] [stdout]    9:     0x58e3eb00bbbd - __rustc[8fa7c3cbc660c2b3]::rust_begin_unwind
[INFO] [stdout]   10:     0x58e3eb0481cc - core[df12db4294e9bfd3]::panicking::panic_fmt
[INFO] [stdout]   11:     0x58e3eb047fa2 - core[df12db4294e9bfd3]::result::unwrap_failed
[INFO] [stdout]   12:     0x58e3eab01192 - usage_cli[b8cfddaf972946d1]::cli::explain::tests::fixture
[INFO] [stdout]   13:     0x58e3eab03dae - usage_cli[b8cfddaf972946d1]::cli::explain::tests::a_separator_is_not_a_value_and_what_follows_it_is
[INFO] [stdout]   14:     0x58e3eab3bee9 - <usage_cli[b8cfddaf972946d1]::cli::explain::tests::a_separator_is_not_a_value_and_what_follows_it_is::{closure#0} as core[df12db4294e9bfd3]::ops::function::FnOnce<()>>::call_once
[INFO] [stdout]   15:     0x58e3eab852cb - test[9d35eded1c95d3be]::__rust_begin_short_backtrace::<core[df12db4294e9bfd3]::result::Result<(), alloc[2182bb758b4b3781]::string::String>, fn() -> core[df12db4294e9bfd3]::result::Result<(), alloc[2182bb758b4b3781]::string::String>>
[INFO] [stdout]   16:     0x58e3eab92935 - test[9d35eded1c95d3be]::run_test::{closure#0}
[INFO] [stdout]   17:     0x58e3eab8c1f4 - std[70759c8f55707aa4]::sys::backtrace::__rust_begin_short_backtrace::<test[9d35eded1c95d3be]::run_test::{closure#1}, ()>
[INFO] [stdout]   18:     0x58e3eab95a92 - <std[70759c8f55707aa4]::thread::lifecycle::spawn_unchecked<test[9d35eded1c95d3be]::run_test::{closure#1}, ()>::{closure#1} as core[df12db4294e9bfd3]::ops::function::FnOnce<()>>::call_once::{shim:vtable#0}
[INFO] [stdout]   19:     0x58e3eb02eed9 - <std[70759c8f55707aa4]::sys::thread::unix::Thread>::new::thread_start
[INFO] [stdout]   20:     0x7b4d49742dfa - <unknown>
[INFO] [stdout]   21:     0x7b4d497d63d4 - clone
[INFO] [stdout]   22:                0x0 - <unknown>
[INFO] [stdout] 
[INFO] [stdout] ---- cli::explain::tests::an_unknown_flag_says_what_took_it stdout ----
[INFO] [stdout] 
[INFO] [stdout] thread 'cli::explain::tests::an_unknown_flag_says_what_took_it' (2457) panicked at src/cli/explain.rs:778:10:
[INFO] [stdout] called `Result::unwrap()` on an `Err` value: Os { code: 2, kind: NotFound, message: "No such file or directory" }
[INFO] [stdout] stack backtrace:
[INFO] [stdout]    0:     0x58e3eb02f9a1 - <<std[70759c8f55707aa4]::sys::backtrace::BacktraceLock>::print::DisplayBacktrace as core[df12db4294e9bfd3]::fmt::Display>::fmt
[INFO] [stdout]    1:     0x58e3eb0479aa - core[df12db4294e9bfd3]::fmt::write
[INFO] [stdout]    2:     0x58e3eb033e5c - <alloc[2182bb758b4b3781]::vec::Vec<u8> as core[df12db4294e9bfd3]::io::write::Write>::write_fmt
[INFO] [stdout]    3:     0x58e3eb00ae76 - std[70759c8f55707aa4]::panicking::default_hook::{closure#0}
[INFO] [stdout]    4:     0x58e3eb0278b9 - std[70759c8f55707aa4]::panicking::default_hook
[INFO] [stdout]    5:     0x58e3eab91fe0 - test[9d35eded1c95d3be]::test_main_inner::<test[9d35eded1c95d3be]::test_main_static::{closure#0}>::{closure#0}
[INFO] [stdout]    6:     0x58e3eb027a72 - std[70759c8f55707aa4]::panicking::panic_with_hook
[INFO] [stdout]    7:     0x58e3eb00af22 - std[70759c8f55707aa4]::panicking::panic_handler::{closure#0}
[INFO] [stdout]    8:     0x58e3eb0038d9 - std[70759c8f55707aa4]::sys::backtrace::__rust_end_short_backtrace::<std[70759c8f55707aa4]::panicking::panic_handler::{closure#0}, !>
[INFO] [stdout]    9:     0x58e3eb00bbbd - __rustc[8fa7c3cbc660c2b3]::rust_begin_unwind
[INFO] [stdout]   10:     0x58e3eb0481cc - core[df12db4294e9bfd3]::panicking::panic_fmt
[INFO] [stdout]   11:     0x58e3eb047fa2 - core[df12db4294e9bfd3]::result::unwrap_failed
[INFO] [stdout]   12:     0x58e3eab01192 - usage_cli[b8cfddaf972946d1]::cli::explain::tests::fixture
[INFO] [stdout]   13:     0x58e3eab0180d - usage_cli[b8cfddaf972946d1]::cli::explain::tests::an_unknown_flag_says_what_took_it
[INFO] [stdout]   14:     0x58e3eab3bdc9 - <usage_cli[b8cfddaf972946d1]::cli::explain::tests::an_unknown_flag_says_what_took_it::{closure#0} as core[df12db4294e9bfd3]::ops::function::FnOnce<()>>::call_once
[INFO] [stdout]   15:     0x58e3eab852cb - test[9d35eded1c95d3be]::__rust_begin_short_backtrace::<core[df12db4294e9bfd3]::result::Result<(), alloc[2182bb758b4b3781]::string::String>, fn() -> core[df12db4294e9bfd3]::result::Result<(), alloc[2182bb758b4b3781]::string::String>>
[INFO] [stdout]   16:     0x58e3eab92935 - test[9d35eded1c95d3be]::run_test::{closure#0}
[INFO] [stdout]   17:     0x58e3eab8c1f4 - std[70759c8f55707aa4]::sys::backtrace::__rust_begin_short_backtrace::<test[9d35eded1c95d3be]::run_test::{closure#1}, ()>
[INFO] [stdout]   18:     0x58e3eab95a92 - <std[70759c8f55707aa4]::thread::lifecycle::spawn_unchecked<test[9d35eded1c95d3be]::run_test::{closure#1}, ()>::{closure#1} as core[df12db4294e9bfd3]::ops::function::FnOnce<()>>::call_once::{shim:vtable#0}
[INFO] [stdout]   19:     0x58e3eb02eed9 - <std[70759c8f55707aa4]::sys::thread::unix::Thread>::new::thread_start
[INFO] [stdout]   20:     0x7b4d49742dfa - <unknown>
[INFO] [stdout]   21:     0x7b4d497d63d4 - clone
[INFO] [stdout]   22:                0x0 - <unknown>
[INFO] [stdout] 
[INFO] [stdout] ---- cli::explain::tests::the_attached_form_binds_and_the_report_says_where stdout ----
[INFO] [stdout] 
[INFO] [stdout] thread 'cli::explain::tests::the_attached_form_binds_and_the_report_says_where' (2458) panicked at src/cli/explain.rs:778:10:
[INFO] [stdout] called `Result::unwrap()` on an `Err` value: Os { code: 2, kind: NotFound, message: "No such file or directory" }
[INFO] [stdout] stack backtrace:
[INFO] [stdout]    0:     0x58e3eb02f9a1 - <<std[70759c8f55707aa4]::sys::backtrace::BacktraceLock>::print::DisplayBacktrace as core[df12db4294e9bfd3]::fmt::Display>::fmt
[INFO] [stdout]    1:     0x58e3eb0479aa - core[df12db4294e9bfd3]::fmt::write
[INFO] [stdout]    2:     0x58e3eb033e5c - <alloc[2182bb758b4b3781]::vec::Vec<u8> as core[df12db4294e9bfd3]::io::write::Write>::write_fmt
[INFO] [stdout]    3:     0x58e3eb00ae76 - std[70759c8f55707aa4]::panicking::default_hook::{closure#0}
[INFO] [stdout]    4:     0x58e3eb0278b9 - std[70759c8f55707aa4]::panicking::default_hook
[INFO] [stdout]    5:     0x58e3eab91fe0 - test[9d35eded1c95d3be]::test_main_inner::<test[9d35eded1c95d3be]::test_main_static::{closure#0}>::{closure#0}
[INFO] [stdout]    6:     0x58e3eb027a72 - std[70759c8f55707aa4]::panicking::panic_with_hook
[INFO] [stdout]    7:     0x58e3eb00af22 - std[70759c8f55707aa4]::panicking::panic_handler::{closure#0}
[INFO] [stdout]    8:     0x58e3eb0038d9 - std[70759c8f55707aa4]::sys::backtrace::__rust_end_short_backtrace::<std[70759c8f55707aa4]::panicking::panic_handler::{closure#0}, !>
[INFO] [stdout]    9:     0x58e3eb00bbbd - __rustc[8fa7c3cbc660c2b3]::rust_begin_unwind
[INFO] [stdout]   10:     0x58e3eb0481cc - core[df12db4294e9bfd3]::panicking::panic_fmt
[INFO] [stdout]   11:     0x58e3eb047fa2 - core[df12db4294e9bfd3]::result::unwrap_failed
[INFO] [stdout]   12:     0x58e3eab01192 - usage_cli[b8cfddaf972946d1]::cli::explain::tests::fixture
[INFO] [stdout]   13:     0x58e3eab0414d - usage_cli[b8cfddaf972946d1]::cli::explain::tests::the_attached_form_binds_and_the_report_says_where
[INFO] [stdout]   14:     0x58e3eab3bf09 - <usage_cli[b8cfddaf972946d1]::cli::explain::tests::the_attached_form_binds_and_the_report_says_where::{closure#0} as core[df12db4294e9bfd3]::ops::function::FnOnce<()>>::call_once
[INFO] [stdout]   15:     0x58e3eab852cb - test[9d35eded1c95d3be]::__rust_begin_short_backtrace::<core[df12db4294e9bfd3]::result::Result<(), alloc[2182bb758b4b3781]::string::String>, fn() -> core[df12db4294e9bfd3]::result::Result<(), alloc[2182bb758b4b3781]::string::String>>
[INFO] [stdout]   16:     0x58e3eab92935 - test[9d35eded1c95d3be]::run_test::{closure#0}
[INFO] [stdout]   17:     0x58e3eab8c1f4 - std[70759c8f55707aa4]::sys::backtrace::__rust_begin_short_backtrace::<test[9d35eded1c95d3be]::run_test::{closure#1}, ()>
[INFO] [stdout]   18:     0x58e3eab95a92 - <std[70759c8f55707aa4]::thread::lifecycle::spawn_unchecked<test[9d35eded1c95d3be]::run_test::{closure#1}, ()>::{closure#1} as core[df12db4294e9bfd3]::ops::function::FnOnce<()>>::call_once::{shim:vtable#0}
[INFO] [stdout]   19:     0x58e3eb02eed9 - <std[70759c8f55707aa4]::sys::thread::unix::Thread>::new::thread_start
[INFO] [stdout]   20:     0x7b4d49742dfa - <unknown>
[INFO] [stdout]   21:     0x7b4d497d63d4 - clone
[INFO] [stdout]   22:                0x0 - <unknown>
[INFO] [stdout] 
[INFO] [stdout] ---- cli::explain::tests::a_shadowed_default_says_what_beat_it stdout ----
[INFO] [stdout] 
[INFO] [stdout] thread 'cli::explain::tests::a_shadowed_default_says_what_beat_it' (2452) panicked at src/cli/explain.rs:778:10:
[INFO] [stdout] called `Result::unwrap()` on an `Err` value: Os { code: 2, kind: NotFound, message: "No such file or directory" }
[INFO] [stdout] stack backtrace:
[INFO] [stdout]    0:     0x58e3eb02f9a1 - <<std[70759c8f55707aa4]::sys::backtrace::BacktraceLock>::print::DisplayBacktrace as core[df12db4294e9bfd3]::fmt::Display>::fmt
[INFO] [stdout]    1:     0x58e3eb0479aa - core[df12db4294e9bfd3]::fmt::write
[INFO] [stdout]    2:     0x58e3eb033e5c - <alloc[2182bb758b4b3781]::vec::Vec<u8> as core[df12db4294e9bfd3]::io::write::Write>::write_fmt
[INFO] [stdout]    3:     0x58e3eb00ae76 - std[70759c8f55707aa4]::panicking::default_hook::{closure#0}
[INFO] [stdout]    4:     0x58e3eb0278b9 - std[70759c8f55707aa4]::panicking::default_hook
[INFO] [stdout]    5:     0x58e3eab91fe0 - test[9d35eded1c95d3be]::test_main_inner::<test[9d35eded1c95d3be]::test_main_static::{closure#0}>::{closure#0}
[INFO] [stdout]    6:     0x58e3eb027a72 - std[70759c8f55707aa4]::panicking::panic_with_hook
[INFO] [stdout]    7:     0x58e3eb00af22 - std[70759c8f55707aa4]::panicking::panic_handler::{closure#0}
[INFO] [stdout]    8:     0x58e3eb0038d9 - std[70759c8f55707aa4]::sys::backtrace::__rust_end_short_backtrace::<std[70759c8f55707aa4]::panicking::panic_handler::{closure#0}, !>
[INFO] [stdout]    9:     0x58e3eb00bbbd - __rustc[8fa7c3cbc660c2b3]::rust_begin_unwind
[INFO] [stdout]   10:     0x58e3eb0481cc - core[df12db4294e9bfd3]::panicking::panic_fmt
[INFO] [stdout]   11:     0x58e3eb047fa2 - core[df12db4294e9bfd3]::result::unwrap_failed
[INFO] [stdout]   12:     0x58e3eab01192 - usage_cli[b8cfddaf972946d1]::cli::explain::tests::fixture
[INFO] [stdout]   13:     0x58e3eab01ade - usage_cli[b8cfddaf972946d1]::cli::explain::tests::a_shadowed_default_says_what_beat_it
[INFO] [stdout]   14:     0x58e3eab3bde9 - <usage_cli[b8cfddaf972946d1]::cli::explain::tests::a_shadowed_default_says_what_beat_it::{closure#0} as core[df12db4294e9bfd3]::ops::function::FnOnce<()>>::call_once
[INFO] [stdout]   15:     0x58e3eab852cb - test[9d35eded1c95d3be]::__rust_begin_short_backtrace::<core[df12db4294e9bfd3]::result::Result<(), alloc[2182bb758b4b3781]::string::String>, fn() -> core[df12db4294e9bfd3]::result::Result<(), alloc[2182bb758b4b3781]::string::String>>
[INFO] [stdout]   16:     0x58e3eab92935 - test[9d35eded1c95d3be]::run_test::{closure#0}
[INFO] [stdout]   17:     0x58e3eab8c1f4 - std[70759c8f55707aa4]::sys::backtrace::__rust_begin_short_backtrace::<test[9d35eded1c95d3be]::run_test::{closure#1}, ()>
[INFO] [stdout]   18:     0x58e3eab95a92 - <std[70759c8f55707aa4]::thread::lifecycle::spawn_unchecked<test[9d35eded1c95d3be]::run_test::{closure#1}, ()>::{closure#1} as core[df12db4294e9bfd3]::ops::function::FnOnce<()>>::call_once::{shim:vtable#0}
[INFO] [stdout]   19:     0x58e3eb02eed9 - <std[70759c8f55707aa4]::sys::thread::unix::Thread>::new::thread_start
[INFO] [stdout]   20:     0x7b4d49742dfa - <unknown>
[INFO] [stdout]   21:     0x7b4d497d63d4 - clone
[INFO] [stdout]   22:                0x0 - <unknown>
[INFO] [stdout] 
[INFO] [stdout] ---- cli::explain::tests::a_word_offered_to_an_argument_that_refused_it_says_so stdout ----
[INFO] [stdout] 
[INFO] [stdout] thread 'cli::explain::tests::a_word_offered_to_an_argument_that_refused_it_says_so' (2454) panicked at src/cli/explain.rs:778:10:
[INFO] [stdout] called `Result::unwrap()` on an `Err` value: Os { code: 2, kind: NotFound, message: "No such file or directory" }
[INFO] [stdout] stack backtrace:
[INFO] [stdout]    0:     0x58e3eb02f9a1 - <<std[70759c8f55707aa4]::sys::backtrace::BacktraceLock>::print::DisplayBacktrace as core[df12db4294e9bfd3]::fmt::Display>::fmt
[INFO] [stdout]    1:     0x58e3eb0479aa - core[df12db4294e9bfd3]::fmt::write
[INFO] [stdout]    2:     0x58e3eb033e5c - <alloc[2182bb758b4b3781]::vec::Vec<u8> as core[df12db4294e9bfd3]::io::write::Write>::write_fmt
[INFO] [stdout]    3:     0x58e3eb00ae76 - std[70759c8f55707aa4]::panicking::default_hook::{closure#0}
[INFO] [stdout]    4:     0x58e3eb0278b9 - std[70759c8f55707aa4]::panicking::default_hook
[INFO] [stdout]    5:     0x58e3eab91fe0 - test[9d35eded1c95d3be]::test_main_inner::<test[9d35eded1c95d3be]::test_main_static::{closure#0}>::{closure#0}
[INFO] [stdout]    6:     0x58e3eb027a72 - std[70759c8f55707aa4]::panicking::panic_with_hook
[INFO] [stdout]    7:     0x58e3eb00af22 - std[70759c8f55707aa4]::panicking::panic_handler::{closure#0}
[INFO] [stdout]    8:     0x58e3eb0038d9 - std[70759c8f55707aa4]::sys::backtrace::__rust_end_short_backtrace::<std[70759c8f55707aa4]::panicking::panic_handler::{closure#0}, !>
[INFO] [stdout]    9:     0x58e3eb00bbbd - __rustc[8fa7c3cbc660c2b3]::rust_begin_unwind
[INFO] [stdout]   10:     0x58e3eb0481cc - core[df12db4294e9bfd3]::panicking::panic_fmt
[INFO] [stdout]   11:     0x58e3eb047fa2 - core[df12db4294e9bfd3]::result::unwrap_failed
[INFO] [stdout]   12:     0x58e3eab01192 - usage_cli[b8cfddaf972946d1]::cli::explain::tests::fixture
[INFO] [stdout]   13:     0x58e3eab0450d - usage_cli[b8cfddaf972946d1]::cli::explain::tests::a_word_offered_to_an_argument_that_refused_it_says_so
[INFO] [stdout]   14:     0x58e3eab3bf29 - <usage_cli[b8cfddaf972946d1]::cli::explain::tests::a_word_offered_to_an_argument_that_refused_it_says_so::{closure#0} as core[df12db4294e9bfd3]::ops::function::FnOnce<()>>::call_once
[INFO] [stdout]   15:     0x58e3eab852cb - test[9d35eded1c95d3be]::__rust_begin_short_backtrace::<core[df12db4294e9bfd3]::result::Result<(), alloc[2182bb758b4b3781]::string::String>, fn() -> core[df12db4294e9bfd3]::result::Result<(), alloc[2182bb758b4b3781]::string::String>>
[INFO] [stdout]   16:     0x58e3eab92935 - test[9d35eded1c95d3be]::run_test::{closure#0}
[INFO] [stdout]   17:     0x58e3eab8c1f4 - std[70759c8f55707aa4]::sys::backtrace::__rust_begin_short_backtrace::<test[9d35eded1c95d3be]::run_test::{closure#1}, ()>
[INFO] [stdout]   18:     0x58e3eab95a92 - <std[70759c8f55707aa4]::thread::lifecycle::spawn_unchecked<test[9d35eded1c95d3be]::run_test::{closure#1}, ()>::{closure#1} as core[df12db4294e9bfd3]::ops::function::FnOnce<()>>::call_once::{shim:vtable#0}
[INFO] [stdout]   19:     0x58e3eb02eed9 - <std[70759c8f55707aa4]::sys::thread::unix::Thread>::new::thread_start
[INFO] [stdout]   20:     0x7b4d49742dfa - <unknown>
[INFO] [stdout]   21:     0x7b4d497d63d4 - clone
[INFO] [stdout]   22:                0x0 - <unknown>
[INFO] [stdout] 
[INFO] [stdout] 
[INFO] [stdout] failures:
[INFO] [stdout]     cli::explain::tests::a_bare_invocation_explains_the_fallbacks_alone
[INFO] [stdout]     cli::explain::tests::a_command_line_that_fails_still_gets_a_report
[INFO] [stdout]     cli::explain::tests::a_default_if_says_which_condition_fired
[INFO] [stdout]     cli::explain::tests::a_separator_is_not_a_value_and_what_follows_it_is
[INFO] [stdout]     cli::explain::tests::a_shadowed_default_says_what_beat_it
[INFO] [stdout]     cli::explain::tests::a_short_bundle_reads_as_one_token
[INFO] [stdout]     cli::explain::tests::a_word_offered_to_an_argument_that_refused_it_says_so
[INFO] [stdout]     cli::explain::tests::an_env_value_names_the_variable
[INFO] [stdout]     cli::explain::tests::an_unknown_flag_says_what_took_it
[INFO] [stdout]     cli::explain::tests::the_attached_form_binds_and_the_report_says_where
[INFO] [stdout]     cli::explain::tests::the_json_shape_carries_the_same_facts
[INFO] [stdout] 
[INFO] [stdout] test result: FAILED. 173 passed; 11 failed; 0 ignored; 0 measured; 0 filtered out; finished in 0.05s
[INFO] [stdout] 
[INFO] [stderr] error: test failed, to rerun pass `--lib`
[INFO] running `Command { std: "docker" "inspect" "6d7a6e673bf9d6cf2aec64583e17fdbe68ab55a95d39bb32f66458d892d45ff0", kill_on_drop: false }`
[INFO] running `Command { std: "docker" "rm" "-f" "6d7a6e673bf9d6cf2aec64583e17fdbe68ab55a95d39bb32f66458d892d45ff0", kill_on_drop: false }`
[INFO] [stdout] 6d7a6e673bf9d6cf2aec64583e17fdbe68ab55a95d39bb32f66458d892d45ff0
